82.145.216.59 - - [03/Mar/2012:19:59:45 +0100] "GET /pioneros/ HTTP/1.1" 200 3990 "-" "Opera/9.80 (Android; Opera Mini/6.5.27452/27.1287; U; es) Presto/2.8.119 Version/11.10"
82.145.216.59 - - [03/Mar/2012:20:00:18 +0100] "GET /pioneros/ HTTP/1.1" 200 3990 "-" "Opera/9.80 (Android; Opera Mini/6.5.27452/27.1287; U; es) Presto/2.8.119 Version/11.10"
66.249.72.247 - - [03/Mar/2012:20:07:00 +0100] "GET /pioneros/index-sepulveda.php?ruti=ruti2 HTTP/1.1" 200 2036 "-" "Mozilla/5.0 (compatible; Googlebot/2.1; +http://www.google.com/bot.html)"
65.52.109.146 - - [03/Mar/2012:20:48:44 +0100] "GET /pioneros/index.php?ruti=ruti6 HTTP/1.1" 200 3085 "-" "Mozilla/5.0 (compatible; bingbot/2.0; +http://www.bing.com/bingbot.htm)"
213.186.127.9 - - [03/Mar/2012:21:39:38 +0100] "GET /pioneros/index.php?ruti=ruti11 HTTP/1.1" 200 4094 "-" "Mozilla/5.0 (compatible; AhrefsBot/2.0; +http://ahrefs.com/robot/)"
66.249.72.247 - - [04/Mar/2012:05:09:58 +0100] "GET /robots.txt HTTP/1.1" 404 262 "-" "Mozilla/5.0 (compatible; Googlebot/2.1; +http://www.google.com/bot.html)"
66.249.72.247 - - [04/Mar/2012:05:09:58 +0100] "GET /pioneros/ HTTP/1.1" 200 3990 "-" "Mozilla/5.0 (compatible; Googlebot/2.1; +http://www.google.com/bot.html)"
213.186.127.9 - - [04/Mar/2012:08:11:26 +0100] "GET /pioneros/index.php?ruti=ruti9 HTTP/1.1" 200 5161 "-" "Mozilla/5.0 (compatible; AhrefsBot/2.0; +http://ahrefs.com/robot/)"
66.249.72.247 - - [04/Mar/2012:10:52:33 +0100] "GET /robots.txt HTTP/1.1" 404 262 "-" "Mozilla/5.0 (compatible; Googlebot/2.1; +http://www.google.com/bot.html)"
66.249.72.247 - - [04/Mar/2012:10:52:33 +0100] "GET /pioneros/index.php?ruti=ruti3 HTTP/1.1" 200 3858 "-" "Mozilla/5.0 (compatible; Googlebot/2.1; +http://www.google.com/bot.html)"
208.80.194.37 - - [04/Mar/2012:17:20:28 +0100] "GET / HTTP/1.0" 200 44 "-" "Mozilla/4.0 (compatible; MSIE 6.0; Windows NT 5.1; {41FA60AD-CE58-437A-8094-A5768E34E0F7}; .NET CLR 1.1.4322; MSN 6.1; MSNbMSFT; MSNmen-us; MSNc22; v5m)"
66.249.71.113 - - [04/Mar/2012:17:21:07 +0100] "GET /robots.txt HTTP/1.1" 404 262 "-" "Mozilla/5.0 (compatible; Googlebot/2.1; +http://www.google.com/bot.html)"
66.249.71.113 - - [04/Mar/2012:17:21:07 +0100] "GET /pioneros/index-sepulveda.php?ruti=ruti4 HTTP/1.1" 200 2325 "-" "Mozilla/5.0 (compatible; Googlebot/2.1; +http://www.google.com/bot.html)"
213.186.127.9 - - [04/Mar/2012:18:41:26 +0100] "GET /pioneros/index.php?ruti=ruti17 HTTP/1.1" 200 2635 "-" "Mozilla/5.0 (compatible; AhrefsBot/2.0; +http://ahrefs.com/robot/)"
123.125.71.57 - - [04/Mar/2012:20:28:53 +0100] "GET /robots.txt HTTP/1.1" 404 262 "-" "Baiduspider+(+http://www.baidu.com/search/spider.htm)"
178.154.160.30 - - [05/Mar/2012:06:36:22 +0100] "GET /robots.txt HTTP/1.1" 404 320 "-" "Mozilla/5.0 (compatible; YandexBot/3.0; +http://yandex.com/bots)"
178.154.160.30 - - [05/Mar/2012:06:48:51 +0100] "GET /pioneros/index-sepulveda.php HTTP/1.1" 200 12750 "-" "Mozilla/5.0 (compatible; YandexBot/3.0; +http://yandex.com/bots)"
77.75.77.11 - - [05/Mar/2012:14:59:26 +0100] "GET /robots.txt HTTP/1.1" 404 262 "-" "SeznamBot/3.0 (+http://fulltext.sblog.cz/)"
77.75.77.11 - - [05/Mar/2012:14:59:27 +0100] "GET /pioneros/index.php?ruti=ruti2 HTTP/1.1" 200 5065 "-" "SeznamBot/3.0 (+http://fulltext.sblog.cz/)"
77.75.77.11 - - [05/Mar/2012:14:59:27 +0100] "GET /pioneros/index.php?ruti=ruti12 HTTP/1.1" 200 5364 "-" "SeznamBot/3.0 (+http://fulltext.sblog.cz/)"
213.186.127.9 - - [05/Mar/2012:15:41:23 +0100] "GET /pioneros/index.php?ruti=ruti1 HTTP/1.1" 200 3990 "-" "Mozilla/5.0 (compatible; AhrefsBot/2.0; +http://ahrefs.com/robot/)"
213.186.127.9 - - [06/Mar/2012:12:41:26 +0100] "GET /pioneros/index.php?ruti=ruti18 HTTP/1.1" 200 3941 "-" "Mozilla/5.0 (compatible; AhrefsBot/2.0; +http://ahrefs.com/robot/)"
77.75.77.11 - - [06/Mar/2012:14:27:58 +0100] "GET /robots.txt HTTP/1.1" 404 262 "-" "SeznamBot/3.0 (+http://fulltext.sblog.cz/)"
77.75.77.11 - - [06/Mar/2012:14:28:00 +0100] "GET /pioneros/index.php?ruti=ruti17 HTTP/1.1" 200 2635 "-" "SeznamBot/3.0 (+http://fulltext.sblog.cz/)"
77.75.77.11 - - [06/Mar/2012:14:28:00 +0100] "GET /pioneros/index.php?ruti=ruti11 HTTP/1.1" 200 4094 "-" "SeznamBot/3.0 (+http://fulltext.sblog.cz/)"
2.137.60.77 - - [06/Mar/2012:18:12:46 +0100] "GET /pioneros/ HTTP/1.1" 200 3990 "http://blogs.rallyamali.com/" "Mozilla/4.0 (compatible; MSIE 8.0; Windows NT 5.1; Trident/4.0; .NET4.0C; .NET CLR 2.0.50727; .NET CLR 3.0.4506.2152; .NET CLR 3.5.30729; msn OptimizedIE8;ESES)"
2.137.60.77 - - [06/Mar/2012:18:12:47 +0100] "GET /imagenes/maquetacion/imagen_cabecera-3.jpg HTTP/1.1" 200 14086 "http://mapas.rallyamali.com/pioneros/" "Mozilla/4.0 (compatible; MSIE 8.0; Windows NT 5.1; Trident/4.0; .NET4.0C; .NET CLR 2.0.50727; .NET CLR 3.0.4506.2152; .NET CLR 3.5.30729; msn OptimizedIE8;ESES)"
2.137.60.77 - - [06/Mar/2012:18:12:47 +0100] "GET /imagenes/iconos/marca_cruz_roja-rally_a_mali-8x8.png HTTP/1.1" 200 281 "http://mapas.rallyamali.com/pioneros/" "Mozilla/4.0 (compatible; MSIE 8.0; Windows NT 5.1; Trident/4.0; .NET4.0C; .NET CLR 2.0.50727; .NET CLR 3.0.4506.2152; .NET CLR 3.5.30729; msn OptimizedIE8;ESES)"
2.137.60.77 - - [06/Mar/2012:18:12:47 +0100] "GET /favicon.ico HTTP/1.1" 404 261 "-" "Mozilla/4.0 (compatible; MSIE 8.0; Windows NT 5.1; Trident/4.0; .NET4.0C; .NET CLR 2.0.50727; .NET CLR 3.0.4506.2152; .NET CLR 3.5.30729; msn OptimizedIE8;ESES)"
2.137.60.77 - - [06/Mar/2012:18:12:48 +0100] "GET /favicon.ico HTTP/1.1" 404 261 "-" "Mozilla/5.0 (compatible; Google Desktop/5.9.1005.12335; http://desktop.google.com/)"
2.137.60.77 - - [06/Mar/2012:18:13:27 +0100] "GET /pioneros/ HTTP/1.1" 200 3990 "http://www.google.es/url?sa=t&rct=j&q=rally%20a%20mali%202009&source=web&cd=4&sqi=2&ved=0CFcQFjAD&url=http%3A%2F%2Fmapas.rallyamali.com%2Fpioneros%2F&ei=a0VWT8PxDImlgweezNC-Cg&usg=AFQjCNEhVzElPBoYjBywG46V3hz1N_6B9Q" "Mozilla/4.0 (compatible; MSIE 8.0; Windows NT 5.1; Trident/4.0; .NET4.0C; .NET CLR 2.0.50727; .NET CLR 3.0.4506.2152; .NET CLR 3.5.30729; msn OptimizedIE8;ESES)"
2.137.60.77 - - [06/Mar/2012:18:13:28 +0100] "GET /favicon.ico HTTP/1.1" 404 261 "-" "Mozilla/4.0 (compatible; MSIE 8.0; Windows NT 5.1; Trident/4.0; .NET4.0C; .NET CLR 2.0.50727; .NET CLR 3.0.4506.2152; .NET CLR 3.5.30729; msn OptimizedIE8;ESES)"
2.137.60.77 - - [06/Mar/2012:18:22:16 +0100] "GET /pioneros/ HTTP/1.1" 200 3990 "http://www.google.es/url?sa=t&rct=j&q=%20site%3Arallyamali.com%20rally%20a%20mali&source=web&cd=5&ved=0CGEQFjAE&url=http%3A%2F%2Fmapas.rallyamali.com%2Fpioneros%2F&ei=kUdWT5PWNsiK0QHO6rSxCg&usg=AFQjCNEhVzElPBoYjBywG46V3hz1N_6B9Q" "Mozilla/4.0 (compatible; MSIE 8.0; Windows NT 5.1; Trident/4.0; .NET4.0C; .NET CLR 2.0.50727; .NET CLR 3.0.4506.2152; .NET CLR 3.5.30729; msn OptimizedIE8;ESES)"
2.137.60.77 - - [06/Mar/2012:18:22:17 +0100] "GET /imagenes/iconos/marca_cruz_roja-rally_a_mali-8x8.png HTTP/1.1" 304 - "http://mapas.rallyamali.com/pioneros/" "Mozilla/4.0 (compatible; MSIE 8.0; Windows NT 5.1; Trident/4.0; .NET4.0C; .NET CLR 2.0.50727; .NET CLR 3.0.4506.2152; .NET CLR 3.5.30729; msn OptimizedIE8;ESES)"
2.137.60.77 - - [06/Mar/2012:18:22:17 +0100] "GET /imagenes/maquetacion/imagen_cabecera-3.jpg HTTP/1.1" 304 - "http://mapas.rallyamali.com/pioneros/" "Mozilla/4.0 (compatible; MSIE 8.0; Windows NT 5.1; Trident/4.0; .NET4.0C; .NET CLR 2.0.50727; .NET CLR 3.0.4506.2152; .NET CLR 3.5.30729; msn OptimizedIE8;ESES)"
2.137.60.77 - - [06/Mar/2012:18:32:05 +0100] "GET /pioneros HTTP/1.1" 301 270 "http://www.rallyamali.com/www.rallyamali.com/index.html" "Mozilla/4.0 (compatible; MSIE 8.0; Windows NT 5.1; Trident/4.0; .NET4.0C; .NET CLR 2.0.50727; .NET CLR 3.0.4506.2152; .NET CLR 3.5.30729; msn OptimizedIE8;ESES)"
2.137.60.77 - - [06/Mar/2012:18:32:05 +0100] "GET /pioneros/ HTTP/1.1" 200 3990 "http://www.rallyamali.com/www.rallyamali.com/index.html" "Mozilla/4.0 (compatible; MSIE 8.0; Windows NT 5.1; Trident/4.0; .NET4.0C; .NET CLR 2.0.50727; .NET CLR 3.0.4506.2152; .NET CLR 3.5.30729; msn OptimizedIE8;ESES)"
2.137.60.77 - - [06/Mar/2012:18:32:11 +0100] "GET /pioneros/index.php?ruti=ruti7 HTTP/1.1" 200 4506 "http://mapas.rallyamali.com/pioneros/" "Mozilla/4.0 (compatible; MSIE 8.0; Windows NT 5.1; Trident/4.0; .NET4.0C; .NET CLR 2.0.50727; .NET CLR 3.0.4506.2152; .NET CLR 3.5.30729; msn OptimizedIE8;ESES)"
2.137.60.77 - - [06/Mar/2012:18:32:22 +0100] "GET /pioneros/index.php?ruti=ruti7 HTTP/1.1" 200 4506 "http://mapas.rallyamali.com/pioneros/index.php?ruti=ruti7" "Mozilla/4.0 (compatible; MSIE 8.0; Windows NT 5.1; Trident/4.0; .NET4.0C; .NET CLR 2.0.50727; .NET CLR 3.0.4506.2152; .NET CLR 3.5.30729; msn OptimizedIE8;ESES)"
208.80.194.28 - - [06/Mar/2012:21:53:15 +0100] "GET / HTTP/1.0" 200 44 "-" "Mozilla/4.0 (compatible; MSIE 6.0; Windows NT 5.1; SV1; .NET CLR 1.0.3705; .NET CLR 1.1.4322; yplus 5.1.02b)"
130.83.167.153 - - [07/Mar/2012:05:20:53 +0100] "GET /pioneros HTTP/1.1" 301 357 "-" "findlinks/2.1.5 (+http://wortschatz.uni-leipzig.de/findlinks/)"
130.83.167.153 - - [07/Mar/2012:05:20:53 +0100] "GET /pioneros/ HTTP/1.1" 200 22907 "-" "findlinks/2.1.5 (+http://wortschatz.uni-leipzig.de/findlinks/)"
213.186.127.9 - - [07/Mar/2012:09:41:19 +0100] "GET /pioneros/index.php?ruti=ruti12 HTTP/1.1" 200 5364 "-" "Mozilla/5.0 (compatible; AhrefsBot/2.0; +http://ahrefs.com/robot/)"
178.154.160.30 - - [07/Mar/2012:12:12:04 +0100] "GET /robots.txt HTTP/1.1" 404 320 "-" "Mozilla/5.0 (compatible; YandexBot/3.0; +http://yandex.com/bots)"
178.154.160.30 - - [07/Mar/2012:12:12:06 +0100] "GET /pioneros/index.php?ruti=ruti14 HTTP/1.1" 200 3112 "-" "Mozilla/5.0 (compatible; YandexBot/3.0; +http://yandex.com/bots)"
178.154.160.30 - - [08/Mar/2012:00:21:28 +0100] "GET /pioneros/index.php?ruti=ruti6 HTTP/1.1" 200 3085 "-" "Mozilla/5.0 (compatible; YandexBot/3.0; +http://yandex.com/bots)"
213.186.127.9 - - [08/Mar/2012:06:41:25 +0100] "GET /pioneros/index.php?ruti=ruti2 HTTP/1.1" 200 5065 "-" "Mozilla/5.0 (compatible; AhrefsBot/2.0; +http://ahrefs.com/robot/)"
66.249.71.113 - - [08/Mar/2012:10:39:53 +0100] "GET /robots.txt HTTP/1.1" 404 262 "-" "Mozilla/5.0 (compatible; Googlebot/2.1; +http://www.google.com/bot.html)"
66.249.71.113 - - [08/Mar/2012:10:39:53 +0100] "GET /pioneros/index-sepulveda.php HTTP/1.1" 200 12750 "-" "Mozilla/5.0 (compatible; Googlebot/2.1; +http://www.google.com/bot.html)"
66.249.71.113 - - [08/Mar/2012:14:44:23 +0100] "GET /robots.txt HTTP/1.1" 404 262 "-" "Mozilla/5.0 (compatible; Googlebot/2.1; +http://www.google.com/bot.html)"
66.249.71.113 - - [08/Mar/2012:14:44:23 +0100] "GET /pioneros/index.php?ruti=ruti8 HTTP/1.1" 200 5091 "-" "Mozilla/5.0 (compatible; Googlebot/2.1; +http://www.google.com/bot.html)"
69.171.229.244 - - [08/Mar/2012:19:27:12 +0100] "GET /pioneros/ HTTP/1.1" 206 3990 "-" "facebookexternalhit/1.1 (+http://www.facebook.com/externalhit_uatext.php)"
123.125.71.49 - - [08/Mar/2012:19:42:03 +0100] "GET /robots.txt HTTP/1.1" 404 262 "-" "Baiduspider+(+http://www.baidu.com/search/spider.htm)"
208.80.194.27 - - [09/Mar/2012:02:42:26 +0100] "GET / HTTP/1.0" 200 44 "-" "Mozilla/4.0 (compatible; MSIE 7.0; Windows NT 5.1; FunWebProducts; .NET CLR 1.0.3705; .NET CLR 1.1.4322; HbTools 4.7.1)"
213.186.127.9 - - [09/Mar/2012:03:41:27 +0100] "GET /pioneros/index.php?ruti=ruti0 HTTP/1.1" 200 3004 "-" "Mozilla/5.0 (compatible; AhrefsBot/2.0; +http://ahrefs.com/robot/)"
157.55.16.87 - - [09/Mar/2012:06:37:44 +0100] "GET /robots.txt HTTP/1.1" 404 320 "-" "Mozilla/5.0 (compatible; bingbot/2.0; +http://www.bing.com/bingbot.htm)"
157.55.16.87 - - [09/Mar/2012:06:38:33 +0100] "GET /pioneros/index.php?ruti=ruti2 HTTP/1.1" 200 5065 "-" "Mozilla/5.0 (compatible; bingbot/2.0; +http://www.bing.com/bingbot.htm)"
77.75.77.11 - - [09/Mar/2012:06:53:48 +0100] "GET /robots.txt HTTP/1.1" 404 262 "-" "SeznamBot/3.0 (+http://fulltext.sblog.cz/)"
77.75.77.11 - - [09/Mar/2012:06:53:48 +0100] "GET /pioneros/index.php?ruti=ruti4 HTTP/1.1" 200 3033 "-" "SeznamBot/3.0 (+http://fulltext.sblog.cz/)"
77.75.77.11 - - [09/Mar/2012:06:53:49 +0100] "GET /pioneros/index.php?ruti=ruti8 HTTP/1.1" 200 5091 "-" "SeznamBot/3.0 (+http://fulltext.sblog.cz/)"
77.75.77.11 - - [09/Mar/2012:06:53:49 +0100] "GET /pioneros/index.php?ruti=ruti10 HTTP/1.1" 200 3623 "-" "SeznamBot/3.0 (+http://fulltext.sblog.cz/)"
77.75.77.11 - - [09/Mar/2012:06:53:49 +0100] "GET /pioneros/index.php?ruti=ruti6 HTTP/1.1" 200 3085 "-" "SeznamBot/3.0 (+http://fulltext.sblog.cz/)"
69.71.222.186 - - [09/Mar/2012:11:14:21 +0100] "GET / HTTP/1.0" 200 44 "http://www.sitedossier.com/site/mapas.rallyamali.com" "-"
123.125.71.47 - - [09/Mar/2012:12:16:29 +0100] "GET /robots.txt HTTP/1.1" 404 262 "-" "Baiduspider+(+http://www.baidu.com/search/spider.htm)"
213.186.127.9 - - [10/Mar/2012:00:41:27 +0100] "GET /pioneros/index.php?ruti=ruti3 HTTP/1.1" 200 3858 "-" "Mozilla/5.0 (compatible; AhrefsBot/2.0; +http://ahrefs.com/robot/)"
62.212.76.39 - - [10/Mar/2012:01:03:32 +0100] "GET / HTTP/1.0" 200 44 "-" "Content Crawler"
178.154.160.30 - - [10/Mar/2012:03:54:54 +0100] "GET /robots.txt HTTP/1.1" 404 320 "-" "Mozilla/5.0 (compatible; YandexBot/3.0; +http://yandex.com/bots)"
178.154.160.30 - - [10/Mar/2012:03:54:56 +0100] "GET / HTTP/1.1" 200 49 "-" "Mozilla/5.0 (compatible; YandexBot/3.0; +http://yandex.com/bots)"
65.52.104.21 - - [10/Mar/2012:04:39:46 +0100] "GET /robots.txt HTTP/1.1" 404 320 "-" "Mozilla/5.0 (compatible; bingbot/2.0; +http://www.bing.com/bingbot.htm)"
66.249.71.113 - - [10/Mar/2012:09:01:39 +0100] "GET /robots.txt HTTP/1.1" 404 262 "-" "Mozilla/5.0 (compatible; Googlebot/2.1; +http://www.google.com/bot.html)"
66.249.71.113 - - [10/Mar/2012:09:01:39 +0100] "GET /pioneros/index.php?ruti=ruti15 HTTP/1.1" 200 5093 "-" "Mozilla/5.0 (compatible; Googlebot/2.1; +http://www.google.com/bot.html)"
66.249.71.113 - - [10/Mar/2012:09:09:56 +0100] "GET /pioneros/index.php?ruti=ruti10 HTTP/1.1" 200 3623 "-" "Mozilla/5.0 (compatible; Googlebot/2.1; +http://www.google.com/bot.html)"
123.125.71.43 - - [10/Mar/2012:19:13:16 +0100] "GET /robots.txt HTTP/1.1" 404 262 "-" "Baiduspider+(+http://www.baidu.com/search/spider.htm)"
213.186.127.9 - - [10/Mar/2012:21:41:27 +0100] "GET /pioneros/index.php?ruti=ruti14 HTTP/1.1" 200 3112 "-" "Mozilla/5.0 (compatible; AhrefsBot/2.0; +http://ahrefs.com/robot/)"
66.249.66.231 - - [11/Mar/2012:03:22:57 +0100] "GET /robots.txt HTTP/1.1" 404 262 "-" "Mozilla/5.0 (compatible; Googlebot/2.1; +http://www.google.com/bot.html)"
66.249.66.231 - - [11/Mar/2012:03:22:57 +0100] "GET /pioneros/index.php?ruti=ruti12 HTTP/1.1" 200 5364 "-" "Mozilla/5.0 (compatible; Googlebot/2.1; +http://www.google.com/bot.html)"
77.21.147.173 - - [11/Mar/2012:03:43:05 +0100] "GET /pioneros HTTP/1.1" 301 357 "-" "findlinks/2.0.2 (+http://wortschatz.uni-leipzig.de/findlinks/)"
77.21.147.173 - - [11/Mar/2012:03:43:06 +0100] "GET /pioneros/ HTTP/1.1" 200 22907 "-" "findlinks/2.0.2 (+http://wortschatz.uni-leipzig.de/findlinks/)"
207.46.13.148 - - [11/Mar/2012:06:47:00 +0100] "GET /robots.txt HTTP/1.1" 404 320 "-" "Mozilla/5.0 (compatible; bingbot/2.0; +http://www.bing.com/bingbot.htm)"
208.80.194.34 - - [11/Mar/2012:12:28:32 +0100] "GET / HTTP/1.0" 200 44 "-" "Mozilla/4.0 (compatible; MSIE 6.0; Windows NT 5.1; SV1; FunWebProducts; .NET CLR 1.1.4322; Hotbar 4.6.1; FDM; .NET CLR 2.0.50727)"
204.11.219.71 - - [11/Mar/2012:13:13:19 +0100] "GET / HTTP/1.1" 200 49 "-" "Mozilla/5.0 (X11; U; Linux; en-US) AppleWebKit/532.4 (KHTML, like Gecko) Qt/4.6.3 Safari/532.4"
204.11.219.71 - - [11/Mar/2012:13:14:38 +0100] "GET /pioneros HTTP/1.1" 301 270 "-" "Mozilla/5.0 (X11; U; Linux; en-US) AppleWebKit/532.4 (KHTML, like Gecko) Qt/4.6.3 Safari/532.4"
204.11.219.71 - - [11/Mar/2012:13:14:39 +0100] "GET /pioneros/ HTTP/1.1" 200 3990 "-" "Mozilla/5.0 (X11; U; Linux; en-US) AppleWebKit/532.4 (KHTML, like Gecko) Qt/4.6.3 Safari/532.4"
204.11.219.71 - - [11/Mar/2012:13:14:39 +0100] "GET /imagenes/maquetacion/imagen_cabecera-3.jpg HTTP/1.1" 200 14086 "http://mapas.rallyamali.com/pioneros/" "Mozilla/5.0 (X11; U; Linux; en-US) AppleWebKit/532.4 (KHTML, like Gecko) Qt/4.6.3 Safari/532.4"
204.11.219.71 - - [11/Mar/2012:13:14:39 +0100] "GET /imagenes/iconos/marca_cruz_roja-rally_a_mali-8x8.png HTTP/1.1" 200 281 "http://mapas.rallyamali.com/pioneros/" "Mozilla/5.0 (X11; U; Linux; en-US) AppleWebKit/532.4 (KHTML, like Gecko) Qt/4.6.3 Safari/532.4"
204.11.219.71 - - [11/Mar/2012:13:15:45 +0100] "GET /pioneros/index.php?ruti=ruti10 HTTP/1.1" 200 3623 "-" "Mozilla/5.0 (X11; U; Linux; en-US) AppleWebKit/532.4 (KHTML, like Gecko) Qt/4.6.3 Safari/532.4"
204.11.219.71 - - [11/Mar/2012:13:15:45 +0100] "GET /pioneros/index.php?ruti=ruti9 HTTP/1.1" 200 5161 "-" "Mozilla/5.0 (X11; U; Linux; en-US) AppleWebKit/532.4 (KHTML, like Gecko) Qt/4.6.3 Safari/532.4"
204.11.219.71 - - [11/Mar/2012:13:15:45 +0100] "GET /pioneros/index.php?ruti=ruti14 HTTP/1.1" 200 3112 "-" "Mozilla/5.0 (X11; U; Linux; en-US) AppleWebKit/532.4 (KHTML, like Gecko) Qt/4.6.3 Safari/532.4"
204.11.219.71 - - [11/Mar/2012:13:15:45 +0100] "GET /pioneros/index.php?ruti=ruti12 HTTP/1.1" 200 5364 "-" "Mozilla/5.0 (X11; U; Linux; en-US) AppleWebKit/532.4 (KHTML, like Gecko) Qt/4.6.3 Safari/532.4"
204.11.219.71 - - [11/Mar/2012:13:15:45 +0100] "GET /pioneros/index.php?ruti=ruti18 HTTP/1.1" 200 3941 "-" "Mozilla/5.0 (X11; U; Linux; en-US) AppleWebKit/532.4 (KHTML, like Gecko) Qt/4.6.3 Safari/532.4"
204.11.219.71 - - [11/Mar/2012:13:15:45 +0100] "GET /pioneros/index.php?ruti=ruti15 HTTP/1.1" 200 5093 "-" "Mozilla/5.0 (X11; U; Linux; en-US) AppleWebKit/532.4 (KHTML, like Gecko) Qt/4.6.3 Safari/532.4"
204.11.219.71 - - [11/Mar/2012:13:15:45 +0100] "GET /pioneros/index.php?ruti=ruti8 HTTP/1.1" 200 5091 "-" "Mozilla/5.0 (X11; U; Linux; en-US) AppleWebKit/532.4 (KHTML, like Gecko) Qt/4.6.3 Safari/532.4"
204.11.219.71 - - [11/Mar/2012:13:15:45 +0100] "GET /pioneros/index.php?ruti=ruti5 HTTP/1.1" 200 3780 "-" "Mozilla/5.0 (X11; U; Linux; en-US) AppleWebKit/532.4 (KHTML, like Gecko) Qt/4.6.3 Safari/532.4"
204.11.219.71 - - [11/Mar/2012:13:15:45 +0100] "GET /pioneros/index.php?ruti=ruti16 HTTP/1.1" 200 2986 "-" "Mozilla/5.0 (X11; U; Linux; en-US) AppleWebKit/532.4 (KHTML, like Gecko) Qt/4.6.3 Safari/532.4"
204.11.219.71 - - [11/Mar/2012:13:15:45 +0100] "GET /pioneros/index.php?ruti=ruti17 HTTP/1.1" 200 2635 "-" "Mozilla/5.0 (X11; U; Linux; en-US) AppleWebKit/532.4 (KHTML, like Gecko) Qt/4.6.3 Safari/532.4"
204.11.219.71 - - [11/Mar/2012:13:15:46 +0100] "GET /imagenes/maquetacion/imagen_cabecera-3.jpg HTTP/1.1" 200 14086 "http://mapas.rallyamali.com/pioneros/index.php?ruti=ruti18" "Mozilla/5.0 (X11; U; Linux; en-US) AppleWebKit/532.4 (KHTML, like Gecko) Qt/4.6.3 Safari/532.4"
66.249.66.231 - - [11/Mar/2012:13:20:04 +0100] "GET /robots.txt HTTP/1.1" 404 262 "-" "Mozilla/5.0 (compatible; Googlebot/2.1; +http://www.google.com/bot.html)"
66.249.66.231 - - [11/Mar/2012:13:20:04 +0100] "GET /pioneros/index.php?ruti=ruti10 HTTP/1.1" 200 3623 "-" "Mozilla/5.0 (compatible; Googlebot/2.1; +http://www.google.com/bot.html)"
65.52.109.62 - - [11/Mar/2012:13:42:48 +0100] "GET / HTTP/1.1" 200 49 "-" "Mozilla/5.0 (compatible; bingbot/2.0; +http://www.bing.com/bingbot.htm)"
65.52.109.62 - - [11/Mar/2012:13:42:54 +0100] "GET /robots.txt HTTP/1.1" 404 320 "-" "Mozilla/5.0 (compatible; bingbot/2.0; +http://www.bing.com/bingbot.htm)"
157.55.112.208 - - [11/Mar/2012:14:25:50 +0100] "GET / HTTP/1.1" 200 49 "-" "Mozilla/5.0 (Windows NT 6.1; WOW64) AppleWebKit/534+ (KHTML, like Gecko) BingPreview/1.0b"
77.75.77.17 - - [11/Mar/2012:21:38:56 +0100] "GET /robots.txt HTTP/1.1" 404 262 "-" "SeznamBot/3.0 (+http://fulltext.sblog.cz/)"
77.75.77.17 - - [11/Mar/2012:21:38:56 +0100] "GET /pioneros/index.php?ruti=ruti2 HTTP/1.1" 200 5065 "-" "SeznamBot/3.0 (+http://fulltext.sblog.cz/)"
77.75.77.17 - - [11/Mar/2012:21:38:57 +0100] "GET /pioneros/index.php?ruti=ruti12 HTTP/1.1" 200 5364 "-" "SeznamBot/3.0 (+http://fulltext.sblog.cz/)"
69.171.229.250 - - [11/Mar/2012:22:38:00 +0100] "GET /pioneros/index.php?ruti=ruti7 HTTP/1.1" 206 4506 "-" "facebookexternalhit/1.1 (+http://www.facebook.com/externalhit_uatext.php)"
46.4.100.231 - - [11/Mar/2012:23:38:25 +0100] "GET /robots.txt HTTP/1.1" 404 262 "-" "BacklinkCrawler (http://www.backlinktest.com/crawler.html)"
46.4.100.231 - - [11/Mar/2012:23:38:25 +0100] "GET /sitemap.xml HTTP/1.1" 404 263 "-" "BacklinkCrawler (http://www.backlinktest.com/crawler.html)"
46.4.100.231 - - [11/Mar/2012:23:38:27 +0100] "GET / HTTP/1.1" 200 49 "-" "BacklinkCrawler (http://www.backlinktest.com/crawler.html)"
178.154.160.30 - - [12/Mar/2012:01:36:48 +0100] "GET /robots.txt HTTP/1.1" 404 320 "-" "Mozilla/5.0 (compatible; YandexBot/3.0; +http://yandex.com/bots)"
178.154.160.30 - - [12/Mar/2012:01:36:50 +0100] "GET /pioneros/index.php?ruti=ruti7 HTTP/1.1" 200 4506 "-" "Mozilla/5.0 (compatible; YandexBot/3.0; +http://yandex.com/bots)"
178.154.160.30 - - [12/Mar/2012:07:13:04 +0100] "GET /pioneros/index.php?ruti=ruti11 HTTP/1.1" 200 4094 "-" "Mozilla/5.0 (compatible; YandexBot/3.0; +http://yandex.com/bots)"
123.125.71.60 - - [12/Mar/2012:09:39:52 +0100] "GET /robots.txt HTTP/1.1" 404 262 "-" "Baiduspider+(+http://www.baidu.com/search/spider.htm)"
77.75.77.17 - - [12/Mar/2012:14:10:16 +0100] "GET /robots.txt HTTP/1.1" 404 262 "-" "SeznamBot/3.0 (+http://fulltext.sblog.cz/)"
77.75.77.17 - - [12/Mar/2012:14:10:16 +0100] "GET /pioneros/index.php?ruti=ruti17 HTTP/1.1" 200 2635 "-" "SeznamBot/3.0 (+http://fulltext.sblog.cz/)"
77.75.77.17 - - [12/Mar/2012:14:10:16 +0100] "GET /pioneros/index.php?ruti=ruti11 HTTP/1.1" 200 4094 "-" "SeznamBot/3.0 (+http://fulltext.sblog.cz/)"
95.18.87.36 - - [12/Mar/2012:17:27:27 +0100] "GET /pioneros/index.php?ruti=ruti7 HTTP/1.1" 200 4506 "http://blogs.rallyamali.com/" "Mozilla/5.0 (Windows NT 6.1; WOW64; rv:10.0.2) Gecko/20100101 Firefox/10.0.2"
95.18.87.36 - - [12/Mar/2012:17:27:27 +0100] "GET /imagenes/maquetacion/imagen_cabecera-3.jpg HTTP/1.1" 200 14086 "http://mapas.rallyamali.com/pioneros/index.php?ruti=ruti7" "Mozilla/5.0 (Windows NT 6.1; WOW64; rv:10.0.2) Gecko/20100101 Firefox/10.0.2"
95.18.87.36 - - [12/Mar/2012:17:27:27 +0100] "GET /imagenes/iconos/marca_cruz_roja-rally_a_mali-8x8.png HTTP/1.1" 200 281 "http://mapas.rallyamali.com/pioneros/index.php?ruti=ruti7" "Mozilla/5.0 (Windows NT 6.1; WOW64; rv:10.0.2) Gecko/20100101 Firefox/10.0.2"
95.18.87.36 - - [12/Mar/2012:17:27:28 +0100] "GET /favicon.ico HTTP/1.1" 404 261 "-" "Mozilla/5.0 (Windows NT 6.1; WOW64; rv:10.0.2) Gecko/20100101 Firefox/10.0.2"
95.18.87.36 - - [12/Mar/2012:17:27:38 +0100] "GET /pioneros/index.php?ruti=ruti1 HTTP/1.1" 200 3990 "http://blogs.rallyamali.com/" "Mozilla/5.0 (Windows NT 6.1; WOW64; rv:10.0.2) Gecko/20100101 Firefox/10.0.2"
95.18.87.36 - - [12/Mar/2012:17:27:42 +0100] "GET /pioneros/index.php?ruti=ruti16 HTTP/1.1" 200 2986 "http://blogs.rallyamali.com/" "Mozilla/5.0 (Windows NT 6.1; WOW64; rv:10.0.2) Gecko/20100101 Firefox/10.0.2"
95.18.87.36 - - [12/Mar/2012:17:27:58 +0100] "GET /pioneros/index.php?ruti=ruti14 HTTP/1.1" 200 3112 "http://mapas.rallyamali.com/pioneros/index.php?ruti=ruti16" "Mozilla/5.0 (Windows NT 6.1; WOW64; rv:10.0.2) Gecko/20100101 Firefox/10.0.2"
65.52.108.25 - - [12/Mar/2012:23:28:57 +0100] "GET /robots.txt HTTP/1.1" 404 320 "-" "Mozilla/5.0 (compatible; bingbot/2.0; +http://www.bing.com/bingbot.htm)"
65.52.108.25 - - [12/Mar/2012:23:30:13 +0100] "GET /pioneros/index.php?ruti=ruti12 HTTP/1.1" 200 5364 "-" "Mozilla/5.0 (compatible; bingbot/2.0; +http://www.bing.com/bingbot.htm)"
213.186.127.9 - - [13/Mar/2012:00:05:20 +0100] "GET /robots.txt HTTP/1.1" 404 262 "-" "Mozilla/5.0 (compatible; AhrefsBot/2.0; +http://ahrefs.com/robot/)"
208.80.194.30 - - [13/Mar/2012:10:53:59 +0100] "GET / HTTP/1.0" 200 44 "-" "Mozilla/4.0 (compatible; MSIE 7.0; Windows NT 5.1; FunWebProducts; .NET CLR 1.0.3705; .NET CLR 1.1.4322; Media Center PC 2.8; IEMB3; Windows-Media-Player/10.00.00.3990; Zango 10.0.314.0; IEMB3)"
207.46.13.209 - - [13/Mar/2012:17:53:31 +0100] "GET /robots.txt HTTP/1.1" 404 320 "-" "Mozilla/5.0 (compatible; bingbot/2.0; +http://www.bing.com/bingbot.htm)"
207.46.13.209 - - [13/Mar/2012:17:53:48 +0100] "GET / HTTP/1.1" 200 49 "-" "Mozilla/5.0 (compatible; bingbot/2.0; +http://www.bing.com/bingbot.htm)"
88.131.106.2 - - [13/Mar/2012:20:10:18 +0100] "GET /robots.txt HTTP/1.0" 404 262 "-" "Mozilla/5.0 (Windows; U; Windows NT 5.1; en-US) Speedy Spider (http://www.entireweb.com/about/search_tech/speedy_spider/)"
88.131.106.1 - - [13/Mar/2012:20:10:18 +0100] "GET /pioneros/index.php?ruti=ruti9 HTTP/1.0" 200 5161 "-" "Mozilla/5.0 (Windows; U; Windows NT 5.1; en-US) Speedy Spider (http://www.entireweb.com/about/search_tech/speedy_spider/)"
123.125.71.56 - - [13/Mar/2012:20:31:05 +0100] "GET /robots.txt HTTP/1.1" 404 262 "-" "Baiduspider+(+http://www.baidu.com/search/spider.htm)"
178.154.160.30 - - [13/Mar/2012:21:23:28 +0100] "GET /robots.txt HTTP/1.1" 404 320 "-" "Mozilla/5.0 (compatible; YandexBot/3.0; +http://yandex.com/bots)"
178.154.160.30 - - [14/Mar/2012:01:03:29 +0100] "GET /pioneros/index-sepulveda.php HTTP/1.1" 200 12750 "-" "Mozilla/5.0 (compatible; YandexBot/3.0; +http://yandex.com/bots)"
213.186.127.9 - - [14/Mar/2012:04:27:57 +0100] "GET /robots.txt HTTP/1.1" 404 262 "-" "Mozilla/5.0 (compatible; AhrefsBot/2.0; +http://ahrefs.com/robot/)"
123.125.71.53 - - [14/Mar/2012:13:32:02 +0100] "GET /robots.txt HTTP/1.1" 404 262 "-" "Baiduspider+(+http://www.baidu.com/search/spider.htm)"
77.75.77.17 - - [14/Mar/2012:15:49:23 +0100] "GET /robots.txt HTTP/1.1" 404 262 "-" "SeznamBot/3.0 (+http://fulltext.sblog.cz/)"
77.75.77.17 - - [14/Mar/2012:15:49:23 +0100] "GET /pioneros/index.php?ruti=ruti8 HTTP/1.1" 200 5091 "-" "SeznamBot/3.0 (+http://fulltext.sblog.cz/)"
77.75.77.17 - - [14/Mar/2012:15:49:23 +0100] "GET /pioneros/index.php?ruti=ruti6 HTTP/1.1" 200 3085 "-" "SeznamBot/3.0 (+http://fulltext.sblog.cz/)"
77.75.77.17 - - [14/Mar/2012:15:49:24 +0100] "GET /pioneros/index.php?ruti=ruti4 HTTP/1.1" 200 3033 "-" "SeznamBot/3.0 (+http://fulltext.sblog.cz/)"
77.75.77.17 - - [14/Mar/2012:15:49:24 +0100] "GET /pioneros/index.php?ruti=ruti10 HTTP/1.1" 200 3623 "-" "SeznamBot/3.0 (+http://fulltext.sblog.cz/)"
178.154.160.30 - - [15/Mar/2012:01:43:55 +0100] "GET /robots.txt HTTP/1.1" 404 320 "-" "Mozilla/5.0 (compatible; YandexBot/3.0; +http://yandex.com/bots)"
178.154.160.30 - - [15/Mar/2012:01:43:57 +0100] "GET /pioneros/index.php?ruti=ruti2 HTTP/1.1" 200 5065 "-" "Mozilla/5.0 (compatible; YandexBot/3.0; +http://yandex.com/bots)"
123.125.71.56 - - [15/Mar/2012:04:29:37 +0100] "GET /robots.txt HTTP/1.1" 404 262 "-" "Baiduspider+(+http://www.baidu.com/search/spider.htm)"
64.34.171.91 - - [15/Mar/2012:07:38:19 +0100] "GET /muieblackcat HTTP/1.1" 404 264 "-" "-"
64.34.171.91 - - [15/Mar/2012:07:38:19 +0100] "GET //index.php HTTP/1.1" 200 49 "-" "-"
64.34.171.91 - - [15/Mar/2012:07:38:19 +0100] "GET //admin/index.php HTTP/1.1" 404 265 "-" "-"
64.34.171.91 - - [15/Mar/2012:07:38:20 +0100] "GET //admin/pma/index.php HTTP/1.1" 404 268 "-" "-"
64.34.171.91 - - [15/Mar/2012:07:38:21 +0100] "GET //admin/phpmyadmin/index.php HTTP/1.1" 404 271 "-" "-"
64.34.171.91 - - [15/Mar/2012:07:38:21 +0100] "GET //db/index.php HTTP/1.1" 404 263 "-" "-"
64.34.171.91 - - [15/Mar/2012:07:38:21 +0100] "GET //dbadmin/index.php HTTP/1.1" 404 267 "-" "-"
64.34.171.91 - - [15/Mar/2012:07:38:21 +0100] "GET //myadmin/index.php HTTP/1.1" 404 267 "-" "-"
64.34.171.91 - - [15/Mar/2012:07:38:22 +0100] "GET //mysql/index.php HTTP/1.1" 404 265 "-" "-"
64.34.171.91 - - [15/Mar/2012:07:38:22 +0100] "GET //mysqladmin/index.php HTTP/1.1" 404 269 "-" "-"
64.34.171.91 - - [15/Mar/2012:07:38:22 +0100] "GET //typo3/phpmyadmin/index.php HTTP/1.1" 404 273 "-" "-"
64.34.171.91 - - [15/Mar/2012:07:38:22 +0100] "GET //phpadmin/index.php HTTP/1.1" 404 266 "-" "-"
64.34.171.91 - - [15/Mar/2012:07:38:23 +0100] "GET //phpMyAdmin/index.php HTTP/1.1" 404 269 "-" "-"
64.34.171.91 - - [15/Mar/2012:07:38:23 +0100] "GET //phpmyadmin/index.php HTTP/1.1" 200 2374 "-" "-"
64.34.171.91 - - [15/Mar/2012:07:38:23 +0100] "GET //phpmyadmin1/index.php HTTP/1.1" 404 270 "-" "-"
64.34.171.91 - - [15/Mar/2012:07:38:23 +0100] "GET //phpmyadmin2/index.php HTTP/1.1" 404 269 "-" "-"
64.34.171.91 - - [15/Mar/2012:07:38:24 +0100] "GET //pma/index.php HTTP/1.1" 404 264 "-" "-"
64.34.171.91 - - [15/Mar/2012:07:38:24 +0100] "GET //web/phpMyAdmin/index.php HTTP/1.1" 404 272 "-" "-"
64.34.171.91 - - [15/Mar/2012:07:38:24 +0100] "GET //xampp/phpmyadmin/index.php HTTP/1.1" 404 273 "-" "-"
64.34.171.91 - - [15/Mar/2012:07:38:24 +0100] "GET //web/index.php HTTP/1.1" 404 264 "-" "-"
64.34.171.91 - - [15/Mar/2012:07:38:24 +0100] "GET //php-my-admin/index.php HTTP/1.1" 404 270 "-" "-"
64.34.171.91 - - [15/Mar/2012:07:38:25 +0100] "GET //websql/index.php HTTP/1.1" 404 267 "-" "-"
64.34.171.91 - - [15/Mar/2012:07:38:25 +0100] "GET //phpmyadmin/index.php HTTP/1.1" 200 2372 "-" "-"
64.34.171.91 - - [15/Mar/2012:07:38:25 +0100] "GET //phpMyAdmin/index.php HTTP/1.1" 404 269 "-" "-"
64.34.171.91 - - [15/Mar/2012:07:38:25 +0100] "GET //phpMyAdmin-2/index.php HTTP/1.1" 404 271 "-" "-"
64.34.171.91 - - [15/Mar/2012:07:38:26 +0100] "GET //php-my-admin/index.php HTTP/1.1" 404 270 "-" "-"
64.34.171.91 - - [15/Mar/2012:07:38:26 +0100] "GET //phpMyAdmin-2.2.3/index.php HTTP/1.1" 404 273 "-" "-"
64.34.171.91 - - [15/Mar/2012:07:38:26 +0100] "GET //phpMyAdmin-2.2.6/index.php HTTP/1.1" 404 273 "-" "-"
64.34.171.91 - - [15/Mar/2012:07:38:26 +0100] "GET //phpMyAdmin-2.5.1/index.php HTTP/1.1" 404 274 "-" "-"
64.34.171.91 - - [15/Mar/2012:07:38:27 +0100] "GET //phpMyAdmin-2.5.4/index.php HTTP/1.1" 404 274 "-" "-"
64.34.171.91 - - [15/Mar/2012:07:38:27 +0100] "GET //phpMyAdmin-2.5.5-rc1/index.php HTTP/1.1" 404 276 "-" "-"
64.34.171.91 - - [15/Mar/2012:07:38:27 +0100] "GET //phpMyAdmin-2.5.5-rc2/index.php HTTP/1.1" 404 276 "-" "-"
64.34.171.91 - - [15/Mar/2012:07:38:27 +0100] "GET //phpMyAdmin-2.5.5/index.php HTTP/1.1" 404 274 "-" "-"
64.34.171.91 - - [15/Mar/2012:07:38:27 +0100] "GET //phpMyAdmin-2.5.5-pl1/index.php HTTP/1.1" 404 276 "-" "-"
64.34.171.91 - - [15/Mar/2012:07:38:28 +0100] "GET //phpMyAdmin-2.5.6-rc1/index.php HTTP/1.1" 404 276 "-" "-"
64.34.171.91 - - [15/Mar/2012:07:38:28 +0100] "GET //phpMyAdmin-2.5.6-rc2/index.php HTTP/1.1" 404 277 "-" "-"
64.34.171.91 - - [15/Mar/2012:07:38:28 +0100] "GET //phpMyAdmin-2.5.6/index.php HTTP/1.1" 404 274 "-" "-"
64.34.171.91 - - [15/Mar/2012:07:38:28 +0100] "GET //phpMyAdmin-2.5.7/index.php HTTP/1.1" 404 274 "-" "-"
64.34.171.91 - - [15/Mar/2012:07:38:29 +0100] "GET //phpMyAdmin-2.5.7-pl1/index.php HTTP/1.1" 404 277 "-" "-"
178.154.160.30 - - [15/Mar/2012:10:36:15 +0100] "GET /pioneros/index.php?ruti=ruti1 HTTP/1.1" 200 3990 "-" "Mozilla/5.0 (compatible; YandexBot/3.0; +http://yandex.com/bots)"
208.80.194.30 - - [15/Mar/2012:15:36:19 +0100] "GET / HTTP/1.0" 200 44 "-" "Mozilla/4.0 (compatible; MSIE 6.0; Windows NT 5.0; NN5.1.2.1; .NET CLR 1.1.4322)"
213.186.127.9 - - [15/Mar/2012:16:06:30 +0100] "GET /robots.txt HTTP/1.1" 404 262 "-" "Mozilla/5.0 (compatible; AhrefsBot/2.0; +http://ahrefs.com/robot/)"
69.171.228.245 - - [15/Mar/2012:20:18:48 +0100] "GET /pioneros/ HTTP/1.1" 206 3990 "-" "facebookexternalhit/1.1 (+http://www.facebook.com/externalhit_uatext.php)"
77.75.77.17 - - [15/Mar/2012:20:41:11 +0100] "GET /robots.txt HTTP/1.1" 404 262 "-" "SeznamBot/3.0 (+http://fulltext.sblog.cz/)"
77.75.77.17 - - [15/Mar/2012:20:41:12 +0100] "GET /pioneros/index.php?ruti=ruti2 HTTP/1.1" 200 5065 "-" "SeznamBot/3.0 (+http://fulltext.sblog.cz/)"
77.75.77.17 - - [15/Mar/2012:20:41:13 +0100] "GET /pioneros/index.php?ruti=ruti12 HTTP/1.1" 200 5364 "-" "SeznamBot/3.0 (+http://fulltext.sblog.cz/)"
77.75.77.17 - - [15/Mar/2012:20:41:15 +0100] "GET /pioneros/index.php?ruti=ruti17 HTTP/1.1" 200 2635 "-" "SeznamBot/3.0 (+http://fulltext.sblog.cz/)"
77.75.77.17 - - [15/Mar/2012:20:41:15 +0100] "GET /pioneros/index.php?ruti=ruti11 HTTP/1.1" 200 4094 "-" "SeznamBot/3.0 (+http://fulltext.sblog.cz/)"
123.125.71.57 - - [15/Mar/2012:22:31:02 +0100] "GET /robots.txt HTTP/1.1" 404 262 "-" "Mozilla/5.0 (compatible; Baiduspider/2.0; +http://www.baidu.com/search/spider.html)"
220.181.108.187 - - [16/Mar/2012:11:58:06 +0100] "GET /pioneros HTTP/1.1" 301 270 "-" "Mozilla/5.0 (compatible; Baiduspider/2.0; +http://www.baidu.com/search/spider.html)"
220.181.108.185 - - [16/Mar/2012:11:58:07 +0100] "GET /pioneros/ HTTP/1.1" 200 3990 "-" "Mozilla/5.0 (compatible; Baiduspider/2.0; +http://www.baidu.com/search/spider.html)"
213.186.127.9 - - [16/Mar/2012:22:37:18 +0100] "GET /robots.txt HTTP/1.1" 404 262 "-" "Mozilla/5.0 (compatible; AhrefsBot/2.0; +http://ahrefs.com/robot/)"
178.154.160.30 - - [16/Mar/2012:23:48:01 +0100] "GET /robots.txt HTTP/1.1" 404 320 "-" "Mozilla/5.0 (compatible; YandexBot/3.0; +http://yandex.com/bots)"
178.154.160.30 - - [17/Mar/2012:08:27:31 +0100] "GET / HTTP/1.1" 200 49 "-" "Mozilla/5.0 (compatible; YandexBot/3.0; +http://yandex.com/bots)"
123.125.71.20 - - [17/Mar/2012:13:30:52 +0100] "GET /robots.txt HTTP/1.1" 404 262 "-" "Mozilla/5.0 (compatible; Baiduspider/2.0; +http://www.baidu.com/search/spider.html)"
66.249.72.162 - - [17/Mar/2012:16:26:38 +0100] "GET /robots.txt HTTP/1.1" 404 262 "-" "Mozilla/5.0 (compatible; Googlebot/2.1; +http://www.google.com/bot.html)"
66.249.72.162 - - [17/Mar/2012:16:26:38 +0100] "GET /pioneros/ HTTP/1.1" 200 3990 "-" "Mozilla/5.0 (compatible; Googlebot/2.1; +http://www.google.com/bot.html)"
66.249.72.162 - - [17/Mar/2012:16:33:34 +0100] "GET /imagenes/iconos/marca_cruz_roja-rally_a_mali-8x8.png HTTP/1.1" 200 281 "-" "Googlebot-Image/1.0"
208.80.194.27 - - [17/Mar/2012:19:50:56 +0100] "GET / HTTP/1.0" 200 44 "-" "Mozilla/4.0 (compatible; MSIE 6.0; Windows NT 5.1; SV1; FunWebProducts; Media Center PC 3.0; .NET CLR 1.0.3705; .NET CLR 2.0.50727)"
38.103.17.184 - - [17/Mar/2012:22:02:47 +0100] "GET / HTTP/1.1" 200 44 "-" "Mozilla/4.0 (compatible; MSIE 7.0; Windows NT 5.1; SLCC1; .NET CLR 2.0.50727)"
119.63.196.50 - - [18/Mar/2012:03:11:27 +0100] "GET /robots.txt HTTP/1.1" 404 262 "-" "Baiduspider+(+http://www.baidu.com/search/spider.htm)"
65.52.109.199 - - [18/Mar/2012:03:21:05 +0100] "GET /robots.txt HTTP/1.1" 404 320 "-" "Mozilla/5.0 (compatible; bingbot/2.0; +http://www.bing.com/bingbot.htm)"
69.171.234.4 - - [18/Mar/2012:04:25:03 +0100] "GET /pioneros/index.php?ruti=ruti7 HTTP/1.1" 206 4506 "-" "facebookexternalhit/1.1 (+http://www.facebook.com/externalhit_uatext.php)"
207.46.204.192 - - [18/Mar/2012:04:37:05 +0100] "GET /pioneros/index.php?ruti=ruti16 HTTP/1.1" 200 2986 "-" "Mozilla/5.0 (compatible; bingbot/2.0; +http://www.bing.com/bingbot.htm)"
213.186.127.9 - - [18/Mar/2012:05:50:14 +0100] "GET /robots.txt HTTP/1.1" 404 262 "-" "Mozilla/5.0 (compatible; AhrefsBot/2.0; +http://ahrefs.com/robot/)"
65.52.109.199 - - [18/Mar/2012:08:55:58 +0100] "GET /pioneros/ HTTP/1.1" 200 3990 "-" "Mozilla/5.0 (compatible; bingbot/2.0; +http://www.bing.com/bingbot.htm)"
95.108.151.244 - - [18/Mar/2012:10:32:25 +0100] "GET /robots.txt HTTP/1.1" 404 320 "-" "Mozilla/5.0 (compatible; YandexBot/3.0; +http://yandex.com/bots)"
95.108.151.244 - - [18/Mar/2012:10:32:26 +0100] "GET / HTTP/1.1" 200 49 "-" "Mozilla/5.0 (compatible; YandexBot/3.0; +http://yandex.com/bots)"
95.108.151.244 - - [18/Mar/2012:10:32:27 +0100] "GET / HTTP/1.1" 200 49 "-" "Mozilla/5.0 (compatible; YandexBot/3.0; +http://yandex.com/bots)"
77.75.77.11 - - [18/Mar/2012:12:55:33 +0100] "GET /robots.txt HTTP/1.1" 404 262 "-" "SeznamBot/3.0 (+http://fulltext.sblog.cz/)"
77.75.77.11 - - [18/Mar/2012:12:55:34 +0100] "GET /pioneros/index.php?ruti=ruti6 HTTP/1.1" 200 3085 "-" "SeznamBot/3.0 (+http://fulltext.sblog.cz/)"
77.75.77.11 - - [18/Mar/2012:12:55:34 +0100] "GET /pioneros/index.php?ruti=ruti8 HTTP/1.1" 200 5091 "-" "SeznamBot/3.0 (+http://fulltext.sblog.cz/)"
77.75.77.11 - - [18/Mar/2012:12:55:34 +0100] "GET /pioneros/index.php?ruti=ruti4 HTTP/1.1" 200 3033 "-" "SeznamBot/3.0 (+http://fulltext.sblog.cz/)"
77.75.77.11 - - [18/Mar/2012:12:55:35 +0100] "GET /pioneros/index.php?ruti=ruti10 HTTP/1.1" 200 3623 "-" "SeznamBot/3.0 (+http://fulltext.sblog.cz/)"
123.125.71.36 - - [19/Mar/2012:04:22:24 +0100] "GET /robots.txt HTTP/1.1" 404 262 "-" "Mozilla/5.0 (compatible; Baiduspider/2.0; +http://www.baidu.com/search/spider.html)"
119.63.196.60 - - [19/Mar/2012:12:24:15 +0100] "GET /pioneros HTTP/1.1" 301 270 "-" "Mozilla/5.0 (compatible; Baiduspider/2.0; +http://www.baidu.com/search/spider.html)"
119.63.196.125 - - [19/Mar/2012:12:24:16 +0100] "GET /pioneros/ HTTP/1.1" 200 3990 "-" "Mozilla/5.0 (compatible; Baiduspider/2.0; +http://www.baidu.com/search/spider.html)"
119.63.196.121 - - [19/Mar/2012:12:33:42 +0100] "GET /robots.txt HTTP/1.1" 404 262 "-" "Baiduspider+(+http://www.baidu.com/search/spider.htm)"
77.75.77.17 - - [19/Mar/2012:13:21:17 +0100] "GET /robots.txt HTTP/1.1" 404 262 "-" "SeznamBot/3.0 (+http://fulltext.sblog.cz/)"
77.75.77.17 - - [19/Mar/2012:13:21:18 +0100] "GET /pioneros/index.php?ruti=ruti17 HTTP/1.1" 200 2635 "-" "SeznamBot/3.0 (+http://fulltext.sblog.cz/)"
77.75.77.17 - - [19/Mar/2012:13:21:18 +0100] "GET /pioneros/index.php?ruti=ruti11 HTTP/1.1" 200 4094 "-" "SeznamBot/3.0 (+http://fulltext.sblog.cz/)"
77.75.77.17 - - [19/Mar/2012:13:21:19 +0100] "GET /pioneros/index.php?ruti=ruti2 HTTP/1.1" 200 5065 "-" "SeznamBot/3.0 (+http://fulltext.sblog.cz/)"
77.75.77.17 - - [19/Mar/2012:13:21:19 +0100] "GET /pioneros/index.php?ruti=ruti12 HTTP/1.1" 200 5364 "-" "SeznamBot/3.0 (+http://fulltext.sblog.cz/)"
66.249.72.162 - - [19/Mar/2012:16:32:13 +0100] "GET /robots.txt HTTP/1.1" 404 262 "-" "Mozilla/5.0 (compatible; Googlebot/2.1; +http://www.google.com/bot.html)"
66.249.72.162 - - [19/Mar/2012:16:32:13 +0100] "GET /pioneros HTTP/1.1" 301 270 "-" "Mozilla/5.0 (compatible; Googlebot/2.1; +http://www.google.com/bot.html)"
66.249.72.162 - - [19/Mar/2012:16:32:13 +0100] "GET /pioneros/ HTTP/1.1" 200 3990 "-" "Mozilla/5.0 (compatible; Googlebot/2.1; +http://www.google.com/bot.html)"
69.171.234.4 - - [19/Mar/2012:17:08:47 +0100] "GET /pioneros/index.php?ruti=ruti2 HTTP/1.1" 206 5065 "-" "facebookexternalhit/1.1 (+http://www.facebook.com/externalhit_uatext.php)"
178.154.160.30 - - [20/Mar/2012:07:03:31 +0100] "GET /robots.txt HTTP/1.1" 404 320 "-" "Mozilla/5.0 (compatible; YandexBot/3.0; +http://yandex.com/bots)"
178.154.160.30 - - [20/Mar/2012:07:03:33 +0100] "GET /pioneros/index.php?ruti=ruti18 HTTP/1.1" 200 3941 "-" "Mozilla/5.0 (compatible; YandexBot/3.0; +http://yandex.com/bots)"
207.46.13.118 - - [20/Mar/2012:09:42:57 +0100] "GET /pioneros/index.php?ruti=ruti15 HTTP/1.1" 200 5093 "-" "Mozilla/5.0 (compatible; bingbot/2.0; +http://www.bing.com/bingbot.htm)"
66.249.72.162 - - [20/Mar/2012:13:36:28 +0100] "GET /robots.txt HTTP/1.1" 404 262 "-" "Mozilla/5.0 (compatible; Googlebot/2.1; +http://www.google.com/bot.html)"
66.249.72.162 - - [20/Mar/2012:13:36:28 +0100] "GET /pioneros/index-sepulveda.php HTTP/1.1" 200 12750 "-" "Mozilla/5.0 (compatible; Googlebot/2.1; +http://www.google.com/bot.html)"
66.249.72.162 - - [20/Mar/2012:13:43:54 +0100] "GET /pioneros/index-sepulveda.php?ruti=ruti4 HTTP/1.1" 200 2325 "-" "Mozilla/5.0 (compatible; Googlebot/2.1; +http://www.google.com/bot.html)"
119.63.196.51 - - [20/Mar/2012:14:20:34 +0100] "GET /robots.txt HTTP/1.1" 404 262 "-" "Baiduspider+(+http://www.baidu.com/search/spider.htm)"
66.249.72.162 - - [20/Mar/2012:23:08:16 +0100] "GET /robots.txt HTTP/1.1" 404 262 "-" "Mozilla/5.0 (compatible; Googlebot/2.1; +http://www.google.com/bot.html)"
66.249.72.162 - - [20/Mar/2012:23:08:16 +0100] "GET /pioneros/index-sepulveda.php?ruti=ruti3 HTTP/1.1" 200 2443 "-" "Mozilla/5.0 (compatible; Googlebot/2.1; +http://www.google.com/bot.html)"
207.46.204.192 - - [21/Mar/2012:05:42:05 +0100] "GET /robots.txt HTTP/1.1" 404 320 "-" "Mozilla/5.0 (compatible; bingbot/2.0; +http://www.bing.com/bingbot.htm)"
207.46.204.192 - - [21/Mar/2012:05:45:25 +0100] "GET /pioneros/index.php?ruti=ruti9 HTTP/1.1" 200 5161 "-" "Mozilla/5.0 (compatible; bingbot/2.0; +http://www.bing.com/bingbot.htm)"
208.80.194.30 - - [21/Mar/2012:10:13:33 +0100] "GET / HTTP/1.0" 200 44 "-" "Mozilla/4.0 (compatible; MSIE 7.0; Windows NT 5.1; SIMBAR={8099CE2A-D8CB-4A59-846F-08456F74EF71}; .NET CLR 1.0.3705; .NET CLR 1.1.4322; Media Center PC 4.0; .NET CLR 2.0.50727; PeoplePal 3.0)"
119.63.196.54 - - [21/Mar/2012:12:22:00 +0100] "GET /robots.txt HTTP/1.1" 404 262 "-" "Baiduspider+(+http://www.baidu.com/search/spider.htm)"
123.125.71.109 - - [21/Mar/2012:13:52:38 +0100] "GET /robots.txt HTTP/1.1" 404 262 "-" "Mozilla/5.0 (compatible; Baiduspider/2.0; +http://www.baidu.com/search/spider.html)"
119.63.196.79 - - [21/Mar/2012:17:22:51 +0100] "GET / HTTP/1.1" 200 44 "-" "Mozilla/5.0 (compatible; Baiduspider/2.0; +http://www.baidu.com/search/spider.html)"
110.75.173.27 - - [21/Mar/2012:18:06:24 +0100] "GET /robots.txt HTTP/1.1" 404 262 "-" "Mozilla/5.0 (Windows; U; Windows NT 5.1; zh-CN; rv:1.9.2.8) Gecko/20100722 Firefox/3.6.8"
110.75.175.18 - - [21/Mar/2012:18:07:32 +0100] "GET /pioneros/ HTTP/1.1" 200 3990 "-" "Yahoo! Slurp China"
213.186.127.9 - - [21/Mar/2012:19:39:46 +0100] "GET /pioneros/index.php?ruti=ruti2 HTTP/1.1" 200 5065 "-" "Mozilla/5.0 (compatible; AhrefsBot/2.0; +http://ahrefs.com/robot/)"
123.125.71.59 - - [22/Mar/2012:02:08:53 +0100] "GET /robots.txt HTTP/1.1" 404 262 "-" "Mozilla/5.0 (compatible; Baiduspider/2.0; +http://www.baidu.com/search/spider.html)"
220.181.108.185 - - [22/Mar/2012:02:13:16 +0100] "GET /pioneros HTTP/1.1" 301 270 "-" "Mozilla/5.0 (compatible; Baiduspider/2.0; +http://www.baidu.com/search/spider.html)"
220.181.108.169 - - [22/Mar/2012:02:13:17 +0100] "GET /pioneros/ HTTP/1.1" 200 3990 "-" "Mozilla/5.0 (compatible; Baiduspider/2.0; +http://www.baidu.com/search/spider.html)"
119.63.196.119 - - [22/Mar/2012:13:51:46 +0100] "GET /robots.txt HTTP/1.1" 404 262 "-" "Baiduspider+(+http://www.baidu.com/search/spider.htm)"
208.80.194.27 - - [22/Mar/2012:14:06:41 +0100] "GET / HTTP/1.0" 200 44 "-" "Mozilla/4.0 (compatible; MSIE 7.0; Windows NT 5.1; (R1 1.5); .NET CLR 1.1.4322; .NET CLR 1.0.3705)"
69.171.228.244 - - [22/Mar/2012:21:29:16 +0100] "GET /pioneros/ HTTP/1.1" 206 3990 "-" "facebookexternalhit/1.1 (+http://www.facebook.com/externalhit_uatext.php)"
123.125.71.40 - - [23/Mar/2012:04:17:12 +0100] "GET /robots.txt HTTP/1.1" 404 262 "-" "Mozilla/5.0 (compatible; Baiduspider/2.0; +http://www.baidu.com/search/spider.html)"
66.249.72.162 - - [23/Mar/2012:05:08:28 +0100] "GET /robots.txt HTTP/1.1" 404 262 "-" "Mozilla/5.0 (compatible; Googlebot/2.1; +http://www.google.com/bot.html)"
66.249.72.162 - - [23/Mar/2012:05:08:28 +0100] "GET /pioneros/ HTTP/1.1" 200 3990 "-" "Mozilla/5.0 (iPhone; U; CPU iPhone OS 4_1 like Mac OS X; en-us) AppleWebKit/532.9 (KHTML, like Gecko) Version/4.0.5 Mobile/8B117 Safari/6531.22.7 (compatible; Googlebot-Mobile/2.1; +http://www.google.com/bot.html)"
159.253.145.142 - - [23/Mar/2012:05:43:12 +0100] "GET http://mapas.rallyamali.com/robots.txt HTTP/1.0" 404 320 "-" "Mozilla/5.0 (compatible; SWEBot/1.0; +http://swebot-crawler.net)"
159.253.145.142 - - [23/Mar/2012:05:43:13 +0100] "GET / HTTP/1.0" 200 44 "-" "Mozilla/5.0 (compatible; SWEBot/1.0; +http://swebot-crawler.net)"
207.46.204.192 - - [23/Mar/2012:10:02:13 +0100] "GET /robots.txt HTTP/1.1" 404 320 "-" "Mozilla/5.0 (compatible; bingbot/2.0; +http://www.bing.com/bingbot.htm)"
207.46.204.192 - - [23/Mar/2012:10:11:17 +0100] "GET /pioneros/index.php?ruti=ruti6 HTTP/1.1" 200 3085 "-" "Mozilla/5.0 (compatible; bingbot/2.0; +http://www.bing.com/bingbot.htm)"
77.75.77.11 - - [23/Mar/2012:13:37:34 +0100] "GET /robots.txt HTTP/1.1" 404 262 "-" "SeznamBot/3.0 (+http://fulltext.sblog.cz/)"
77.75.77.11 - - [23/Mar/2012:13:37:35 +0100] "GET /pioneros/index.php?ruti=ruti6 HTTP/1.1" 200 3085 "-" "SeznamBot/3.0 (+http://fulltext.sblog.cz/)"
77.75.77.11 - - [23/Mar/2012:13:37:35 +0100] "GET /pioneros/index.php?ruti=ruti10 HTTP/1.1" 200 3623 "-" "SeznamBot/3.0 (+http://fulltext.sblog.cz/)"
77.75.77.11 - - [23/Mar/2012:13:37:35 +0100] "GET /pioneros/index.php?ruti=ruti8 HTTP/1.1" 200 5091 "-" "SeznamBot/3.0 (+http://fulltext.sblog.cz/)"
77.75.77.11 - - [23/Mar/2012:13:37:36 +0100] "GET /pioneros/index.php?ruti=ruti4 HTTP/1.1" 200 3033 "-" "SeznamBot/3.0 (+http://fulltext.sblog.cz/)"
213.186.127.9 - - [23/Mar/2012:13:39:42 +0100] "GET /pioneros/index.php?ruti=ruti3 HTTP/1.1" 200 3858 "-" "Mozilla/5.0 (compatible; AhrefsBot/2.0; +http://ahrefs.com/robot/)"
178.154.160.30 - - [23/Mar/2012:13:51:46 +0100] "GET /robots.txt HTTP/1.1" 404 320 "-" "Mozilla/5.0 (compatible; YandexBot/3.0; +http://yandex.com/bots)"
178.154.160.30 - - [23/Mar/2012:13:51:48 +0100] "GET /pioneros/index.php?ruti=ruti15 HTTP/1.1" 200 5093 "-" "Mozilla/5.0 (compatible; YandexBot/3.0; +http://yandex.com/bots)"
119.63.196.87 - - [23/Mar/2012:15:51:15 +0100] "GET /robots.txt HTTP/1.1" 404 262 "-" "Baiduspider+(+http://www.baidu.com/search/spider.htm)"
69.171.228.247 - - [23/Mar/2012:19:00:44 +0100] "GET /imagenes/maquetacion/imagen_cabecera-3.jpg HTTP/1.1" 200 14086 "-" "facebookexternalhit/1.0 (+http://www.facebook.com/externalhit_uatext.php)"
178.154.160.30 - - [23/Mar/2012:19:08:08 +0100] "GET /pioneros/index.php?ruti=ruti8 HTTP/1.1" 200 5091 "-" "Mozilla/5.0 (compatible; YandexBot/3.0; +http://yandex.com/bots)"
207.46.204.192 - - [24/Mar/2012:02:06:06 +0100] "GET /robots.txt HTTP/1.1" 404 320 "-" "Mozilla/5.0 (compatible; bingbot/2.0; +http://www.bing.com/bingbot.htm)"
207.46.204.192 - - [24/Mar/2012:02:07:15 +0100] "GET /pioneros/index.php?ruti=ruti14 HTTP/1.1" 200 3112 "-" "Mozilla/5.0 (compatible; bingbot/2.0; +http://www.bing.com/bingbot.htm)"
207.46.204.192 - - [24/Mar/2012:08:34:46 +0100] "GET /robots.txt HTTP/1.1" 404 320 "-" "Mozilla/5.0 (compatible; bingbot/2.0; +http://www.bing.com/bingbot.htm)"
207.46.204.192 - - [24/Mar/2012:08:35:44 +0100] "GET /pioneros/index.php?ruti=ruti6 HTTP/1.1" 200 3085 "-" "Mozilla/5.0 (compatible; bingbot/2.0; +http://www.bing.com/bingbot.htm)"
213.186.127.9 - - [24/Mar/2012:10:37:41 +0100] "GET /pioneros/index.php?ruti=ruti14 HTTP/1.1" 200 3112 "-" "Mozilla/5.0 (compatible; AhrefsBot/2.0; +http://ahrefs.com/robot/)"
119.63.196.41 - - [24/Mar/2012:12:04:13 +0100] "GET /robots.txt HTTP/1.1" 404 262 "-" "Baiduspider+(+http://www.baidu.com/search/spider.htm)"
207.46.204.192 - - [24/Mar/2012:16:16:54 +0100] "GET /robots.txt HTTP/1.1" 404 320 "-" "Mozilla/5.0 (compatible; bingbot/2.0; +http://www.bing.com/bingbot.htm)"
207.46.204.192 - - [24/Mar/2012:16:17:55 +0100] "GET /pioneros/index.php?ruti=ruti7 HTTP/1.1" 200 4506 "-" "Mozilla/5.0 (compatible; bingbot/2.0; +http://www.bing.com/bingbot.htm)"
207.46.204.192 - - [24/Mar/2012:17:46:41 +0100] "GET /pioneros/index.php?ruti=ruti5 HTTP/1.1" 200 3780 "-" "Mozilla/5.0 (compatible; bingbot/2.0; +http://www.bing.com/bingbot.htm)"
77.75.77.11 - - [24/Mar/2012:19:49:45 +0100] "GET /robots.txt HTTP/1.1" 404 262 "-" "SeznamBot/3.0 (+http://fulltext.sblog.cz/)"
77.75.77.11 - - [24/Mar/2012:19:49:45 +0100] "GET /pioneros/index.php?ruti=ruti17 HTTP/1.1" 200 2635 "-" "SeznamBot/3.0 (+http://fulltext.sblog.cz/)"
77.75.77.11 - - [24/Mar/2012:19:49:45 +0100] "GET /pioneros/index.php?ruti=ruti11 HTTP/1.1" 200 4094 "-" "SeznamBot/3.0 (+http://fulltext.sblog.cz/)"
77.75.77.11 - - [24/Mar/2012:19:49:46 +0100] "GET /pioneros/index.php?ruti=ruti2 HTTP/1.1" 200 5065 "-" "SeznamBot/3.0 (+http://fulltext.sblog.cz/)"
77.75.77.11 - - [24/Mar/2012:19:49:46 +0100] "GET /pioneros/index.php?ruti=ruti12 HTTP/1.1" 200 5364 "-" "SeznamBot/3.0 (+http://fulltext.sblog.cz/)"
69.171.229.245 - - [25/Mar/2012:05:27:39 +0200] "GET /pioneros/index.php?ruti=ruti7 HTTP/1.1" 206 4506 "-" "facebookexternalhit/1.1 (+http://www.facebook.com/externalhit_uatext.php)"
178.154.160.30 - - [25/Mar/2012:07:58:23 +0200] "GET /robots.txt HTTP/1.1" 404 320 "-" "Mozilla/5.0 (compatible; YandexBot/3.0; +http://yandex.com/bots)"
66.249.71.113 - - [25/Mar/2012:08:20:14 +0200] "GET /robots.txt HTTP/1.1" 404 262 "-" "Mozilla/5.0 (compatible; Googlebot/2.1; +http://www.google.com/bot.html)"
66.249.71.113 - - [25/Mar/2012:08:20:14 +0200] "GET /pioneros/ HTTP/1.1" 200 3990 "-" "Mozilla/5.0 (compatible; Googlebot/2.1; +http://www.google.com/bot.html)"
66.249.71.113 - - [25/Mar/2012:08:31:03 +0200] "GET /imagenes/maquetacion/imagen_cabecera-3.jpg HTTP/1.1" 200 14086 "-" "Googlebot-Image/1.0"
213.186.127.9 - - [25/Mar/2012:08:37:45 +0200] "GET /pioneros/index.php?ruti=ruti4 HTTP/1.1" 200 3033 "-" "Mozilla/5.0 (compatible; AhrefsBot/2.0; +http://ahrefs.com/robot/)"
178.154.160.30 - - [25/Mar/2012:09:48:02 +0200] "GET /pioneros/index.php?ruti=ruti4 HTTP/1.1" 200 3033 "-" "Mozilla/5.0 (compatible; YandexBot/3.0; +http://yandex.com/bots)"
123.125.71.110 - - [25/Mar/2012:10:22:46 +0200] "GET /robots.txt HTTP/1.1" 404 262 "-" "Mozilla/5.0 (compatible; Baiduspider/2.0; +http://www.baidu.com/search/spider.html)"
119.63.196.90 - - [25/Mar/2012:10:44:53 +0200] "GET /robots.txt HTTP/1.1" 404 262 "-" "Baiduspider+(+http://www.baidu.com/search/spider.htm)"
178.154.160.30 - - [25/Mar/2012:10:57:25 +0200] "GET /pioneros/index.php?ruti=ruti2 HTTP/1.1" 200 5065 "-" "Mozilla/5.0 (compatible; YandexBot/3.0; +http://yandex.com/bots)"
178.154.160.30 - - [25/Mar/2012:13:06:22 +0200] "GET /pioneros/index.php?ruti=ruti16 HTTP/1.1" 200 2986 "-" "Mozilla/5.0 (compatible; YandexBot/3.0; +http://yandex.com/bots)"
178.154.160.30 - - [25/Mar/2012:14:43:55 +0200] "GET / HTTP/1.1" 200 49 "-" "Mozilla/5.0 (compatible; YandexBot/3.0; +http://yandex.com/bots)"
178.154.160.30 - - [25/Mar/2012:15:13:52 +0200] "GET /pioneros/index.php?ruti=ruti3 HTTP/1.1" 200 3858 "-" "Mozilla/5.0 (compatible; YandexBot/3.0; +http://yandex.com/bots)"
178.154.160.30 - - [25/Mar/2012:16:00:41 +0200] "GET /pioneros/index.php?ruti=ruti5 HTTP/1.1" 200 3780 "-" "Mozilla/5.0 (compatible; YandexBot/3.0; +http://yandex.com/bots)"
178.154.160.30 - - [25/Mar/2012:17:16:40 +0200] "GET /pioneros/index.php?ruti=ruti9 HTTP/1.1" 200 5161 "-" "Mozilla/5.0 (compatible; YandexBot/3.0; +http://yandex.com/bots)"
