157.55.16.221 - - [06/Jan/2012:11:15:56 +0100] "GET /robots.txt HTTP/1.1" 404 320 "-" "Mozilla/5.0 (compatible; bingbot/2.0; +http://www.bing.com/bingbot.htm)"
157.55.16.221 - - [06/Jan/2012:11:57:21 +0100] "GET /pioneros/index.php?ruti=ruti7 HTTP/1.1" 200 4506 "-" "Mozilla/5.0 (compatible; bingbot/2.0; +http://www.bing.com/bingbot.htm)"
178.154.160.30 - - [06/Jan/2012:13:31:43 +0100] "GET /robots.txt HTTP/1.1" 404 320 "-" "Mozilla/5.0 (compatible; YandexBot/3.0; +http://yandex.com/bots)"
178.154.160.30 - - [06/Jan/2012:13:31:43 +0100] "GET /pioneros/index.php?ruti=ruti16 HTTP/1.1" 200 2986 "-" "Mozilla/5.0 (compatible; YandexBot/3.0; +http://yandex.com/bots)"
178.154.160.30 - - [06/Jan/2012:17:49:37 +0100] "GET /pioneros/index.php?ruti=ruti12 HTTP/1.1" 200 5364 "-" "Mozilla/5.0 (compatible; YandexBot/3.0; +http://yandex.com/bots)"
69.84.207.147 - - [06/Jan/2012:22:00:09 +0100] "GET /pioneros HTTP/1.1" 301 357 "-" "Mozilla/4.0 (compatible; MSIE 7.0;Windows NT 5.1;.NET CLR 1.1.4322;.NET CLR 2.0.50727;.NET CLR 3.0.04506.30) Lightspeedsystems"
69.84.207.147 - - [06/Jan/2012:22:00:09 +0100] "GET /pioneros/ HTTP/1.1" 200 22907 "-" "Mozilla/4.0 (compatible; MSIE 7.0;Windows NT 5.1;.NET CLR 1.1.4322;.NET CLR 2.0.50727;.NET CLR 3.0.04506.30) Lightspeedsystems"
69.84.207.147 - - [06/Jan/2012:22:00:11 +0100] "GET /pioneros/index.php?ruti=ruti2 HTTP/1.1" 200 27984 "-" "Mozilla/4.0 (compatible; MSIE 7.0;Windows NT 5.1;.NET CLR 1.1.4322;.NET CLR 2.0.50727;.NET CLR 3.0.04506.30) Lightspeedsystems"
69.84.207.147 - - [06/Jan/2012:22:00:12 +0100] "GET /pioneros/index.php?ruti=ruti4 HTTP/1.1" 200 13973 "-" "Mozilla/4.0 (compatible; MSIE 7.0;Windows NT 5.1;.NET CLR 1.1.4322;.NET CLR 2.0.50727;.NET CLR 3.0.04506.30) Lightspeedsystems"
69.84.207.147 - - [06/Jan/2012:22:00:12 +0100] "GET /pioneros/index.php?ruti=ruti7 HTTP/1.1" 200 27923 "-" "Mozilla/4.0 (compatible; MSIE 7.0;Windows NT 5.1;.NET CLR 1.1.4322;.NET CLR 2.0.50727;.NET CLR 3.0.04506.30) Lightspeedsystems"
69.84.207.147 - - [06/Jan/2012:22:00:14 +0100] "GET /pioneros/index.php?ruti=ruti6 HTTP/1.1" 200 15366 "-" "Mozilla/4.0 (compatible; MSIE 7.0;Windows NT 5.1;.NET CLR 1.1.4322;.NET CLR 2.0.50727;.NET CLR 3.0.04506.30) Lightspeedsystems"
69.84.207.147 - - [06/Jan/2012:22:00:14 +0100] "GET /pioneros/index.php?ruti=ruti5 HTTP/1.1" 200 19248 "-" "Mozilla/4.0 (compatible; MSIE 7.0;Windows NT 5.1;.NET CLR 1.1.4322;.NET CLR 2.0.50727;.NET CLR 3.0.04506.30) Lightspeedsystems"
69.84.207.147 - - [06/Jan/2012:22:00:16 +0100] "GET /pioneros/index.php?ruti=ruti0 HTTP/1.1" 200 16674 "-" "Mozilla/4.0 (compatible; MSIE 7.0;Windows NT 5.1;.NET CLR 1.1.4322;.NET CLR 2.0.50727;.NET CLR 3.0.04506.30) Lightspeedsystems"
69.84.207.147 - - [06/Jan/2012:22:00:16 +0100] "GET /pioneros/index.php?ruti=ruti9 HTTP/1.1" 200 30324 "-" "Mozilla/4.0 (compatible; MSIE 7.0;Windows NT 5.1;.NET CLR 1.1.4322;.NET CLR 2.0.50727;.NET CLR 3.0.04506.30) Lightspeedsystems"
69.84.207.147 - - [06/Jan/2012:22:00:17 +0100] "GET /pioneros/index.php?ruti=ruti8 HTTP/1.1" 200 29886 "-" "Mozilla/4.0 (compatible; MSIE 7.0;Windows NT 5.1;.NET CLR 1.1.4322;.NET CLR 2.0.50727;.NET CLR 3.0.04506.30) Lightspeedsystems"
69.84.207.147 - - [06/Jan/2012:22:00:17 +0100] "GET /pioneros/index.php?ruti=ruti1 HTTP/1.1" 200 22907 "-" "Mozilla/4.0 (compatible; MSIE 7.0;Windows NT 5.1;.NET CLR 1.1.4322;.NET CLR 2.0.50727;.NET CLR 3.0.04506.30) Lightspeedsystems"
69.84.207.147 - - [06/Jan/2012:22:00:17 +0100] "GET /pioneros/index.php?ruti=ruti3 HTTP/1.1" 200 17912 "-" "Mozilla/4.0 (compatible; MSIE 7.0;Windows NT 5.1;.NET CLR 1.1.4322;.NET CLR 2.0.50727;.NET CLR 3.0.04506.30) Lightspeedsystems"
69.84.207.147 - - [06/Jan/2012:22:00:18 +0100] "GET /pioneros/index.php?ruti=ruti15 HTTP/1.1" 200 28860 "-" "Mozilla/4.0 (compatible; MSIE 7.0;Windows NT 5.1;.NET CLR 1.1.4322;.NET CLR 2.0.50727;.NET CLR 3.0.04506.30) Lightspeedsystems"
69.84.207.147 - - [06/Jan/2012:22:00:18 +0100] "GET /pioneros/index.php?ruti=ruti16 HTTP/1.1" 200 14132 "-" "Mozilla/4.0 (compatible; MSIE 7.0;Windows NT 5.1;.NET CLR 1.1.4322;.NET CLR 2.0.50727;.NET CLR 3.0.04506.30) Lightspeedsystems"
69.84.207.147 - - [06/Jan/2012:22:00:20 +0100] "GET /pioneros/index.php?ruti=ruti11 HTTP/1.1" 200 19481 "-" "Mozilla/4.0 (compatible; MSIE 7.0;Windows NT 5.1;.NET CLR 1.1.4322;.NET CLR 2.0.50727;.NET CLR 3.0.04506.30) Lightspeedsystems"
69.84.207.147 - - [06/Jan/2012:22:00:21 +0100] "GET /pioneros/index.php?ruti=ruti14 HTTP/1.1" 200 14912 "-" "Mozilla/4.0 (compatible; MSIE 7.0;Windows NT 5.1;.NET CLR 1.1.4322;.NET CLR 2.0.50727;.NET CLR 3.0.04506.30) Lightspeedsystems"
69.84.207.147 - - [06/Jan/2012:22:00:22 +0100] "GET /pioneros/index.php?ruti=ruti17 HTTP/1.1" 200 12655 "-" "Mozilla/4.0 (compatible; MSIE 7.0;Windows NT 5.1;.NET CLR 1.1.4322;.NET CLR 2.0.50727;.NET CLR 3.0.04506.30) Lightspeedsystems"
69.84.207.147 - - [06/Jan/2012:22:00:23 +0100] "GET /pioneros/index.php?ruti=ruti12 HTTP/1.1" 200 26657 "-" "Mozilla/4.0 (compatible; MSIE 7.0;Windows NT 5.1;.NET CLR 1.1.4322;.NET CLR 2.0.50727;.NET CLR 3.0.04506.30) Lightspeedsystems"
69.84.207.147 - - [06/Jan/2012:22:00:23 +0100] "GET /pioneros/index.php?ruti=ruti18 HTTP/1.1" 200 19912 "-" "Mozilla/4.0 (compatible; MSIE 7.0;Windows NT 5.1;.NET CLR 1.1.4322;.NET CLR 2.0.50727;.NET CLR 3.0.04506.30) Lightspeedsystems"
69.84.207.147 - - [06/Jan/2012:22:00:23 +0100] "GET /pioneros/index.php?ruti=ruti10 HTTP/1.1" 200 19706 "-" "Mozilla/4.0 (compatible; MSIE 7.0;Windows NT 5.1;.NET CLR 1.1.4322;.NET CLR 2.0.50727;.NET CLR 3.0.04506.30) Lightspeedsystems"
208.80.194.29 - - [07/Jan/2012:03:52:05 +0100] "GET / HTTP/1.0" 200 44 "-" "Mozilla/4.0 (compatible; MSIE 6.0; Windows NT 5.1; SV1; FunWebProducts; .NET CLR 1.0.3705; InfoPath.1)"
123.125.71.54 - - [07/Jan/2012:04:30:40 +0100] "GET /robots.txt HTTP/1.1" 404 262 "-" "Baiduspider+(+http://www.baidu.com/search/spider.htm)"
207.46.13.49 - - [07/Jan/2012:15:53:08 +0100] "GET /robots.txt HTTP/1.1" 404 320 "-" "Mozilla/5.0 (compatible; bingbot/2.0; +http://www.bing.com/bingbot.htm)"
207.46.13.49 - - [07/Jan/2012:15:54:15 +0100] "GET /pioneros/index.php?ruti=ruti0 HTTP/1.1" 200 3004 "-" "Mozilla/5.0 (compatible; bingbot/2.0; +http://www.bing.com/bingbot.htm)"
123.125.71.41 - - [08/Jan/2012:03:50:28 +0100] "GET /robots.txt HTTP/1.1" 404 262 "-" "Baiduspider+(+http://www.baidu.com/search/spider.htm)"
65.52.108.145 - - [08/Jan/2012:08:43:08 +0100] "GET /robots.txt HTTP/1.1" 404 320 "-" "Mozilla/5.0 (compatible; bingbot/2.0; +http://www.bing.com/bingbot.htm)"
65.52.108.145 - - [08/Jan/2012:08:44:49 +0100] "GET /pioneros/index.php?ruti=ruti9 HTTP/1.1" 200 5161 "-" "Mozilla/5.0 (compatible; bingbot/2.0; +http://www.bing.com/bingbot.htm)"
208.80.194.29 - - [08/Jan/2012:13:21:32 +0100] "GET / HTTP/1.0" 200 44 "-" "Mozilla/4.0 (compatible; MSIE 7.0; Windows NT 5.1; SIMBAR={0CE63900-1137-49cc-B973-F56110589535}; .NET CLR 2.0.50727; .NET CLR 1.1.4322)"
77.21.147.173 - - [08/Jan/2012:15:12:53 +0100] "GET /robots.txt HTTP/1.1" 404 320 "-" "findlinks/2.0.2 (+http://wortschatz.uni-leipzig.de/findlinks/)"
123.125.71.52 - - [09/Jan/2012:12:07:49 +0100] "GET /robots.txt HTTP/1.1" 404 262 "-" "Baiduspider+(+http://www.baidu.com/search/spider.htm)"
178.154.160.30 - - [09/Jan/2012:13:34:36 +0100] "GET /robots.txt HTTP/1.1" 404 320 "-" "Mozilla/5.0 (compatible; YandexBot/3.0; +http://yandex.com/bots)"
178.154.160.30 - - [09/Jan/2012:13:34:37 +0100] "GET / HTTP/1.1" 200 49 "-" "Mozilla/5.0 (compatible; YandexBot/3.0; +http://yandex.com/bots)"
89.2.112.131 - - [09/Jan/2012:14:57:43 +0100] "GET /pioneros HTTP/1.1" 301 270 "http://www.rallyamali.com/www.rallyamali.com/index.html" "Mozilla/4.0 (compatible; MSIE 8.0; Windows NT 5.1; Trident/4.0; GTB7.2; .NET CLR 1.1.4322; .NET CLR 3.0.04506.30; .NET CLR 3.0.04506.648; InfoPath.2; .NET CLR 3.0.4506.2152; .NET CLR 3.5.30729; .NET CLR 2.0.50727)"
89.2.112.131 - - [09/Jan/2012:14:57:43 +0100] "GET /pioneros/ HTTP/1.1" 200 3990 "http://www.rallyamali.com/www.rallyamali.com/index.html" "Mozilla/4.0 (compatible; MSIE 8.0; Windows NT 5.1; Trident/4.0; GTB7.2; .NET CLR 1.1.4322; .NET CLR 3.0.04506.30; .NET CLR 3.0.04506.648; InfoPath.2; .NET CLR 3.0.4506.2152; .NET CLR 3.5.30729; .NET CLR 2.0.50727)"
89.2.112.131 - - [09/Jan/2012:14:57:44 +0100] "GET /imagenes/iconos/marca_cruz_roja-rally_a_mali-8x8.png HTTP/1.1" 200 281 "http://mapas.rallyamali.com/pioneros/" "Mozilla/4.0 (compatible; MSIE 8.0; Windows NT 5.1; Trident/4.0; GTB7.2; .NET CLR 1.1.4322; .NET CLR 3.0.04506.30; .NET CLR 3.0.04506.648; InfoPath.2; .NET CLR 3.0.4506.2152; .NET CLR 3.5.30729; .NET CLR 2.0.50727)"
89.2.112.131 - - [09/Jan/2012:14:57:44 +0100] "GET /imagenes/maquetacion/imagen_cabecera-3.jpg HTTP/1.1" 200 14086 "http://mapas.rallyamali.com/pioneros/" "Mozilla/4.0 (compatible; MSIE 8.0; Windows NT 5.1; Trident/4.0; GTB7.2; .NET CLR 1.1.4322; .NET CLR 3.0.04506.30; .NET CLR 3.0.04506.648; InfoPath.2; .NET CLR 3.0.4506.2152; .NET CLR 3.5.30729; .NET CLR 2.0.50727)"
89.2.112.131 - - [09/Jan/2012:14:57:44 +0100] "GET /favicon.ico HTTP/1.1" 404 261 "-" "Mozilla/4.0 (compatible; MSIE 8.0; Windows NT 5.1; Trident/4.0; GTB7.2; .NET CLR 1.1.4322; .NET CLR 3.0.04506.30; .NET CLR 3.0.04506.648; InfoPath.2; .NET CLR 3.0.4506.2152; .NET CLR 3.5.30729; .NET CLR 2.0.50727)"
208.80.194.26 - - [09/Jan/2012:21:58:05 +0100] "GET / HTTP/1.0" 200 44 "-" "Mozilla/4.0 (compatible; MSIE 6.0; Windows NT 5.1; SV1; MSN 8.0; MSN 8.5; MSNbMSNI; MSNmen-us; MSNcIA)"
65.52.108.69 - - [09/Jan/2012:23:01:50 +0100] "GET /robots.txt HTTP/1.1" 404 320 "-" "Mozilla/5.0 (compatible; bingbot/2.0; +http://www.bing.com/bingbot.htm)"
65.52.108.69 - - [09/Jan/2012:23:06:02 +0100] "GET /pioneros/index.php?ruti=ruti7 HTTP/1.1" 200 4506 "-" "Mozilla/5.0 (compatible; bingbot/2.0; +http://www.bing.com/bingbot.htm)"
199.21.99.65 - - [09/Jan/2012:23:37:40 +0100] "GET / HTTP/1.1" 200 49 "-" "Mozilla/5.0 (compatible; YandexBot/3.0; +http://yandex.com/bots)"
66.249.68.90 - - [10/Jan/2012:06:35:27 +0100] "GET /robots.txt HTTP/1.1" 404 262 "-" "Mozilla/5.0 (compatible; Googlebot/2.1; +http://www.google.com/bot.html)"
66.249.68.90 - - [10/Jan/2012:06:35:27 +0100] "GET /pioneros/index-sepulveda.php?ruti=ruti2 HTTP/1.1" 200 2036 "-" "Mozilla/5.0 (compatible; Googlebot/2.1; +http://www.google.com/bot.html)"
123.125.71.43 - - [10/Jan/2012:11:59:19 +0100] "GET /robots.txt HTTP/1.1" 404 262 "-" "Baiduspider+(+http://www.baidu.com/search/spider.htm)"
217.249.156.228 - - [10/Jan/2012:12:50:59 +0100] "GET /pioneros HTTP/1.1" 301 357 "-" "findlinks/2.0.2 (+http://wortschatz.uni-leipzig.de/findlinks/)"
217.249.156.228 - - [10/Jan/2012:12:50:59 +0100] "GET /pioneros/ HTTP/1.1" 200 22907 "-" "findlinks/2.0.2 (+http://wortschatz.uni-leipzig.de/findlinks/)"
207.46.199.35 - - [10/Jan/2012:13:12:06 +0100] "GET /robots.txt HTTP/1.1" 404 320 "-" "Mozilla/5.0 (compatible; bingbot/2.0; +http://www.bing.com/bingbot.htm)"
207.46.199.35 - - [10/Jan/2012:13:21:22 +0100] "GET /pioneros/index.php?ruti=ruti14 HTTP/1.1" 200 3112 "-" "Mozilla/5.0 (compatible; bingbot/2.0; +http://www.bing.com/bingbot.htm)"
65.52.104.90 - - [10/Jan/2012:18:10:21 +0100] "GET /robots.txt HTTP/1.1" 404 320 "-" "Mozilla/5.0 (compatible; bingbot/2.0; +http://www.bing.com/bingbot.htm)"
65.52.104.90 - - [10/Jan/2012:18:11:46 +0100] "GET /pioneros/ HTTP/1.1" 200 3990 "-" "Mozilla/5.0 (compatible; bingbot/2.0; +http://www.bing.com/bingbot.htm)"
66.249.71.113 - - [10/Jan/2012:19:11:22 +0100] "GET /robots.txt HTTP/1.1" 404 262 "-" "Mozilla/5.0 (compatible; Googlebot/2.1; +http://www.google.com/bot.html)"
66.249.71.113 - - [10/Jan/2012:19:11:22 +0100] "GET /pioneros/index-sepulveda.php?ruti=ruti3 HTTP/1.1" 200 2443 "-" "Mozilla/5.0 (compatible; Googlebot/2.1; +http://www.google.com/bot.html)"
69.171.229.251 - - [11/Jan/2012:03:02:51 +0100] "GET /pioneros/index.php?ruti=ruti7 HTTP/1.1" 206 4506 "-" "facebookexternalhit/1.1 (+http://www.facebook.com/externalhit_uatext.php)"
123.125.71.49 - - [11/Jan/2012:05:57:48 +0100] "GET /robots.txt HTTP/1.1" 404 262 "-" "Baiduspider+(+http://www.baidu.com/search/spider.htm)"
69.171.224.251 - - [11/Jan/2012:10:10:10 +0100] "GET /pioneros/ HTTP/1.1" 206 3990 "-" "facebookexternalhit/1.1 (+http://www.facebook.com/externalhit_uatext.php)"
208.80.194.34 - - [11/Jan/2012:13:09:10 +0100] "GET / HTTP/1.0" 200 44 "-" "Mozilla/4.0 (compatible; MSIE 7.0; Windows NT 5.1; .NET CLR 1.1.4322; InfoPath.1; .NET CLR 2.0.50727; ZangoToolbar 4.8.2)"
123.125.71.55 - - [12/Jan/2012:08:17:40 +0100] "GET /robots.txt HTTP/1.1" 404 262 "-" "Baiduspider+(+http://www.baidu.com/search/spider.htm)"
66.249.71.113 - - [12/Jan/2012:08:52:33 +0100] "GET /robots.txt HTTP/1.1" 404 262 "-" "Mozilla/5.0 (compatible; Googlebot/2.1; +http://www.google.com/bot.html)"
66.249.71.113 - - [12/Jan/2012:08:52:34 +0100] "GET /pioneros/index.php?ruti=ruti12 HTTP/1.1" 200 5364 "-" "Mozilla/5.0 (compatible; Googlebot/2.1; +http://www.google.com/bot.html)"
208.115.111.73 - - [12/Jan/2012:12:58:51 +0100] "GET /robots.txt HTTP/1.1" 404 320 "-" "Mozilla/5.0 (compatible; Ezooms/1.0; ezooms.bot@gmail.com)"
208.115.111.73 - - [12/Jan/2012:14:33:09 +0100] "GET /pioneros HTTP/1.1" 301 357 "-" "Mozilla/5.0 (compatible; Ezooms/1.0; ezooms.bot@gmail.com)"
208.80.194.35 - - [13/Jan/2012:01:04:36 +0100] "GET / HTTP/1.0" 200 44 "-" "Mozilla/4.0 (compatible; MSIE 7.0; Windows NT 5.1; Comcast Install 1.0; FunWebProducts; .NET CLR 2.0.50727; .NET CLR 1.1.4322)"
123.125.71.51 - - [13/Jan/2012:01:42:11 +0100] "GET /robots.txt HTTP/1.1" 404 262 "-" "Baiduspider+(+http://www.baidu.com/search/spider.htm)"
66.219.58.41 - - [13/Jan/2012:09:12:22 +0100] "GET /robots.txt HTTP/1.1" 404 262 "-" "MLBot (www.metadatalabs.com/mlbot)"
66.219.58.41 - - [13/Jan/2012:09:12:23 +0100] "GET /pioneros/ HTTP/1.1" 200 3990 "-" "MLBot (www.metadatalabs.com/mlbot)"
66.219.58.41 - - [13/Jan/2012:09:13:21 +0100] "GET /pioneros/index.php?ruti=ruti6 HTTP/1.1" 200 3085 "-" "MLBot (www.metadatalabs.com/mlbot)"
66.219.58.41 - - [13/Jan/2012:09:14:15 +0100] "GET /pioneros/index.php?ruti=ruti9 HTTP/1.1" 200 5161 "-" "MLBot (www.metadatalabs.com/mlbot)"
66.219.58.41 - - [13/Jan/2012:09:15:08 +0100] "GET /pioneros/index.php?ruti=ruti7 HTTP/1.1" 200 4506 "-" "MLBot (www.metadatalabs.com/mlbot)"
66.219.58.41 - - [13/Jan/2012:09:16:04 +0100] "GET /pioneros/index.php?ruti=ruti15 HTTP/1.1" 200 5093 "-" "MLBot (www.metadatalabs.com/mlbot)"
66.219.58.41 - - [13/Jan/2012:09:16:56 +0100] "GET /pioneros/index.php?ruti=ruti3 HTTP/1.1" 200 3858 "-" "MLBot (www.metadatalabs.com/mlbot)"
66.219.58.41 - - [13/Jan/2012:09:17:55 +0100] "GET /pioneros/index.php?ruti=ruti2 HTTP/1.1" 200 5065 "-" "MLBot (www.metadatalabs.com/mlbot)"
66.219.58.41 - - [13/Jan/2012:09:18:51 +0100] "GET /pioneros/index.php?ruti=ruti17 HTTP/1.1" 200 2635 "-" "MLBot (www.metadatalabs.com/mlbot)"
66.219.58.41 - - [13/Jan/2012:09:20:05 +0100] "GET /pioneros/index.php?ruti=ruti18 HTTP/1.1" 200 3941 "-" "MLBot (www.metadatalabs.com/mlbot)"
66.219.58.41 - - [13/Jan/2012:09:20:58 +0100] "GET /pioneros/index.php?ruti=ruti5 HTTP/1.1" 200 3780 "-" "MLBot (www.metadatalabs.com/mlbot)"
66.219.58.41 - - [13/Jan/2012:09:22:23 +0100] "GET /pioneros/index.php?ruti=ruti1 HTTP/1.1" 200 3990 "-" "MLBot (www.metadatalabs.com/mlbot)"
66.219.58.41 - - [13/Jan/2012:09:23:38 +0100] "GET /pioneros/index.php?ruti=ruti10 HTTP/1.1" 200 3623 "-" "MLBot (www.metadatalabs.com/mlbot)"
66.219.58.41 - - [13/Jan/2012:09:24:31 +0100] "GET /pioneros/index.php?ruti=ruti4 HTTP/1.1" 200 3033 "-" "MLBot (www.metadatalabs.com/mlbot)"
66.219.58.41 - - [13/Jan/2012:09:25:32 +0100] "GET /pioneros/index.php?ruti=ruti11 HTTP/1.1" 200 4094 "-" "MLBot (www.metadatalabs.com/mlbot)"
66.219.58.41 - - [13/Jan/2012:09:26:25 +0100] "GET /pioneros/index.php?ruti=ruti16 HTTP/1.1" 200 2986 "-" "MLBot (www.metadatalabs.com/mlbot)"
66.219.58.41 - - [13/Jan/2012:09:27:19 +0100] "GET /pioneros/index.php?ruti=ruti14 HTTP/1.1" 200 3112 "-" "MLBot (www.metadatalabs.com/mlbot)"
66.219.58.41 - - [13/Jan/2012:09:28:15 +0100] "GET /pioneros/index.php?ruti=ruti8 HTTP/1.1" 200 5091 "-" "MLBot (www.metadatalabs.com/mlbot)"
66.219.58.41 - - [13/Jan/2012:09:29:08 +0100] "GET /pioneros/index.php?ruti=ruti12 HTTP/1.1" 200 5364 "-" "MLBot (www.metadatalabs.com/mlbot)"
66.219.58.41 - - [13/Jan/2012:09:30:14 +0100] "GET /pioneros/index.php?ruti=ruti0 HTTP/1.1" 200 3004 "-" "MLBot (www.metadatalabs.com/mlbot)"
208.115.113.89 - - [13/Jan/2012:14:16:18 +0100] "GET /robots.txt HTTP/1.1" 404 320 "-" "Mozilla/5.0 (compatible; Ezooms/1.0; ezooms.bot@gmail.com)"
213.186.127.7 - - [13/Jan/2012:14:23:37 +0100] "GET /pioneros/index.php?ruti=ruti12 HTTP/1.1" 200 5364 "-" "Mozilla/5.0 (compatible; AhrefsBot/2.0; +http://ahrefs.com/robot/)"
208.115.113.89 - - [13/Jan/2012:14:39:23 +0100] "GET /pioneros/index.php?ruti=ruti10 HTTP/1.1" 200 19706 "-" "Mozilla/5.0 (compatible; Ezooms/1.0; ezooms.bot@gmail.com)"
208.115.111.73 - - [13/Jan/2012:16:22:18 +0100] "GET /robots.txt HTTP/1.1" 404 320 "-" "Mozilla/5.0 (compatible; Ezooms/1.0; ezooms.bot@gmail.com)"
208.115.111.73 - - [13/Jan/2012:17:59:17 +0100] "GET /pioneros/index.php?ruti=ruti11 HTTP/1.1" 200 19481 "-" "Mozilla/5.0 (compatible; Ezooms/1.0; ezooms.bot@gmail.com)"
208.115.113.89 - - [13/Jan/2012:18:13:06 +0100] "GET /robots.txt HTTP/1.1" 404 320 "-" "Mozilla/5.0 (compatible; Ezooms/1.0; ezooms.bot@gmail.com)"
208.115.113.89 - - [13/Jan/2012:18:34:41 +0100] "GET /pioneros/ HTTP/1.1" 200 22907 "-" "Mozilla/5.0 (compatible; Ezooms/1.0; ezooms.bot@gmail.com)"
208.115.113.89 - - [13/Jan/2012:19:45:36 +0100] "GET /pioneros/index.php?ruti=ruti12 HTTP/1.1" 200 26657 "-" "Mozilla/5.0 (compatible; Ezooms/1.0; ezooms.bot@gmail.com)"
208.115.113.89 - - [13/Jan/2012:22:10:10 +0100] "GET /robots.txt HTTP/1.1" 404 320 "-" "Mozilla/5.0 (compatible; Ezooms/1.0; ezooms.bot@gmail.com)"
208.115.113.89 - - [13/Jan/2012:23:33:31 +0100] "GET /pioneros/index.php?ruti=ruti14 HTTP/1.1" 200 14912 "-" "Mozilla/5.0 (compatible; Ezooms/1.0; ezooms.bot@gmail.com)"
208.115.111.73 - - [14/Jan/2012:00:22:58 +0100] "GET /robots.txt HTTP/1.1" 404 320 "-" "Mozilla/5.0 (compatible; Ezooms/1.0; ezooms.bot@gmail.com)"
208.115.111.73 - - [14/Jan/2012:01:52:06 +0100] "GET /pioneros/index.php?ruti=ruti15 HTTP/1.1" 200 28860 "-" "Mozilla/5.0 (compatible; Ezooms/1.0; ezooms.bot@gmail.com)"
208.115.113.89 - - [14/Jan/2012:02:07:29 +0100] "GET /robots.txt HTTP/1.1" 404 320 "-" "Mozilla/5.0 (compatible; Ezooms/1.0; ezooms.bot@gmail.com)"
208.115.113.89 - - [14/Jan/2012:03:34:47 +0100] "GET /pioneros/index.php?ruti=ruti16 HTTP/1.1" 200 14132 "-" "Mozilla/5.0 (compatible; Ezooms/1.0; ezooms.bot@gmail.com)"
208.115.111.73 - - [14/Jan/2012:04:22:31 +0100] "GET /robots.txt HTTP/1.1" 404 320 "-" "Mozilla/5.0 (compatible; Ezooms/1.0; ezooms.bot@gmail.com)"
208.115.111.73 - - [14/Jan/2012:05:56:16 +0100] "GET /pioneros/index.php?ruti=ruti17 HTTP/1.1" 200 12655 "-" "Mozilla/5.0 (compatible; Ezooms/1.0; ezooms.bot@gmail.com)"
208.115.113.89 - - [14/Jan/2012:06:08:30 +0100] "GET /robots.txt HTTP/1.1" 404 320 "-" "Mozilla/5.0 (compatible; Ezooms/1.0; ezooms.bot@gmail.com)"
208.80.194.27 - - [14/Jan/2012:06:41:21 +0100] "GET / HTTP/1.0" 200 44 "-" "Mozilla/4.0 (compatible; MSIE 6.0; Windows NT 5.1; SV1; MathPlayer 2.0; .NET CLR 1.1.4322; FDM)"
208.115.113.89 - - [14/Jan/2012:07:37:23 +0100] "GET /pioneros/index.php?ruti=ruti18 HTTP/1.1" 200 19912 "-" "Mozilla/5.0 (compatible; Ezooms/1.0; ezooms.bot@gmail.com)"
220.181.108.75 - - [14/Jan/2012:13:06:14 +0100] "GET /pioneros HTTP/1.1" 301 270 "-" "Mozilla/5.0 (compatible; Baiduspider/2.0; +http://www.baidu.com/search/spider.html)"
220.181.108.90 - - [14/Jan/2012:13:06:15 +0100] "GET /pioneros/ HTTP/1.1" 200 3990 "-" "Mozilla/5.0 (compatible; Baiduspider/2.0; +http://www.baidu.com/search/spider.html)"
41.203.119.18 - - [14/Jan/2012:15:56:31 +0100] "GET /muieblackcat HTTP/1.1" 404 264 "-" "-"
41.203.119.18 - - [14/Jan/2012:15:56:32 +0100] "GET //index.php HTTP/1.1" 200 49 "-" "-"
41.203.119.18 - - [14/Jan/2012:15:56:32 +0100] "GET //admin/index.php HTTP/1.1" 404 265 "-" "-"
41.203.119.18 - - [14/Jan/2012:15:56:33 +0100] "GET //admin/pma/index.php HTTP/1.1" 404 268 "-" "-"
41.203.119.18 - - [14/Jan/2012:15:56:33 +0100] "GET //admin/phpmyadmin/index.php HTTP/1.1" 404 271 "-" "-"
41.203.119.18 - - [14/Jan/2012:15:56:34 +0100] "GET //db/index.php HTTP/1.1" 404 263 "-" "-"
41.203.119.18 - - [14/Jan/2012:15:56:34 +0100] "GET //dbadmin/index.php HTTP/1.1" 404 267 "-" "-"
41.203.119.18 - - [14/Jan/2012:15:56:34 +0100] "GET //myadmin/index.php HTTP/1.1" 404 267 "-" "-"
41.203.119.18 - - [14/Jan/2012:15:56:34 +0100] "GET //mysql/index.php HTTP/1.1" 404 265 "-" "-"
41.203.119.18 - - [14/Jan/2012:15:56:35 +0100] "GET //mysqladmin/index.php HTTP/1.1" 404 269 "-" "-"
41.203.119.18 - - [14/Jan/2012:15:56:35 +0100] "GET //typo3/phpmyadmin/index.php HTTP/1.1" 404 273 "-" "-"
41.203.119.18 - - [14/Jan/2012:15:56:35 +0100] "GET //phpadmin/index.php HTTP/1.1" 404 266 "-" "-"
41.203.119.18 - - [14/Jan/2012:15:56:35 +0100] "GET //phpMyAdmin/index.php HTTP/1.1" 404 269 "-" "-"
41.203.119.18 - - [14/Jan/2012:15:56:36 +0100] "GET //phpmyadmin/index.php HTTP/1.1" 200 2373 "-" "-"
41.203.119.18 - - [14/Jan/2012:15:56:36 +0100] "GET //phpmyadmin1/index.php HTTP/1.1" 404 270 "-" "-"
41.203.119.18 - - [14/Jan/2012:15:56:36 +0100] "GET //phpmyadmin2/index.php HTTP/1.1" 404 269 "-" "-"
41.203.119.18 - - [14/Jan/2012:15:56:36 +0100] "GET //pma/index.php HTTP/1.1" 404 264 "-" "-"
41.203.119.18 - - [14/Jan/2012:15:56:37 +0100] "GET //web/phpMyAdmin/index.php HTTP/1.1" 404 272 "-" "-"
41.203.119.18 - - [14/Jan/2012:15:56:37 +0100] "GET //xampp/phpmyadmin/index.php HTTP/1.1" 404 273 "-" "-"
41.203.119.18 - - [14/Jan/2012:15:56:37 +0100] "GET //web/index.php HTTP/1.1" 404 264 "-" "-"
41.203.119.18 - - [14/Jan/2012:15:56:37 +0100] "GET //php-my-admin/index.php HTTP/1.1" 404 270 "-" "-"
41.203.119.18 - - [14/Jan/2012:15:56:38 +0100] "GET //websql/index.php HTTP/1.1" 404 267 "-" "-"
41.203.119.18 - - [14/Jan/2012:15:56:38 +0100] "GET //phpmyadmin/index.php HTTP/1.1" 200 2373 "-" "-"
41.203.119.18 - - [14/Jan/2012:15:56:38 +0100] "GET //phpMyAdmin/index.php HTTP/1.1" 404 269 "-" "-"
41.203.119.18 - - [14/Jan/2012:15:56:38 +0100] "GET //phpMyAdmin-2/index.php HTTP/1.1" 404 271 "-" "-"
41.203.119.18 - - [14/Jan/2012:15:56:38 +0100] "GET //php-my-admin/index.php HTTP/1.1" 404 270 "-" "-"
41.203.119.18 - - [14/Jan/2012:15:56:39 +0100] "GET //phpMyAdmin-2.2.3/index.php HTTP/1.1" 404 273 "-" "-"
41.203.119.18 - - [14/Jan/2012:15:56:39 +0100] "GET //phpMyAdmin-2.2.6/index.php HTTP/1.1" 404 273 "-" "-"
41.203.119.18 - - [14/Jan/2012:15:56:39 +0100] "GET //phpMyAdmin-2.5.1/index.php HTTP/1.1" 404 274 "-" "-"
41.203.119.18 - - [14/Jan/2012:15:56:40 +0100] "GET //phpMyAdmin-2.5.4/index.php HTTP/1.1" 404 274 "-" "-"
41.203.119.18 - - [14/Jan/2012:15:56:40 +0100] "GET //phpMyAdmin-2.5.5-rc1/index.php HTTP/1.1" 404 276 "-" "-"
41.203.119.18 - - [14/Jan/2012:15:56:40 +0100] "GET //phpMyAdmin-2.5.5-rc2/index.php HTTP/1.1" 404 276 "-" "-"
41.203.119.18 - - [14/Jan/2012:15:56:40 +0100] "GET //phpMyAdmin-2.5.5/index.php HTTP/1.1" 404 274 "-" "-"
41.203.119.18 - - [14/Jan/2012:15:56:41 +0100] "GET //phpMyAdmin-2.5.5-pl1/index.php HTTP/1.1" 404 276 "-" "-"
41.203.119.18 - - [14/Jan/2012:15:56:41 +0100] "GET //phpMyAdmin-2.5.6-rc1/index.php HTTP/1.1" 404 276 "-" "-"
41.203.119.18 - - [14/Jan/2012:15:56:41 +0100] "GET //phpMyAdmin-2.5.6-rc2/index.php HTTP/1.1" 404 277 "-" "-"
41.203.119.18 - - [14/Jan/2012:15:56:41 +0100] "GET //phpMyAdmin-2.5.6/index.php HTTP/1.1" 404 274 "-" "-"
41.203.119.18 - - [14/Jan/2012:15:56:41 +0100] "GET //phpMyAdmin-2.5.7/index.php HTTP/1.1" 404 274 "-" "-"
41.203.119.18 - - [14/Jan/2012:15:56:42 +0100] "GET //phpMyAdmin-2.5.7-pl1/index.php HTTP/1.1" 404 277 "-" "-"
123.125.71.56 - - [15/Jan/2012:01:12:28 +0100] "GET /robots.txt HTTP/1.1" 404 262 "-" "Baiduspider+(+http://www.baidu.com/search/spider.htm)"
119.63.196.82 - - [15/Jan/2012:16:55:44 +0100] "GET /robots.txt HTTP/1.1" 404 262 "-" "Baiduspider+(+http://www.baidu.com/search/spider.htm)"
208.80.194.35 - - [15/Jan/2012:17:36:47 +0100] "GET / HTTP/1.0" 200 44 "-" "Mozilla/4.0 (compatible; MSIE 6.0; Windows NT 5.1; FunWebProducts; HbTools 4.8.4; yplus 5.1.02b)"
123.125.71.53 - - [15/Jan/2012:19:08:14 +0100] "GET /robots.txt HTTP/1.1" 404 262 "-" "Baiduspider+(+http://www.baidu.com/search/spider.htm)"
207.46.199.45 - - [16/Jan/2012:03:51:49 +0100] "GET /robots.txt HTTP/1.1" 404 320 "-" "Mozilla/5.0 (compatible; bingbot/2.0; +http://www.bing.com/bingbot.htm)"
207.46.199.45 - - [16/Jan/2012:03:56:23 +0100] "GET /pioneros/index-sepulveda.php HTTP/1.1" 200 12750 "-" "Mozilla/5.0 (compatible; bingbot/2.0; +http://www.bing.com/bingbot.htm)"
65.52.108.25 - - [16/Jan/2012:06:00:13 +0100] "GET /robots.txt HTTP/1.1" 404 320 "-" "Mozilla/5.0 (compatible; bingbot/2.0; +http://www.bing.com/bingbot.htm)"
65.52.108.25 - - [16/Jan/2012:06:01:25 +0100] "GET /pioneros/index.php?ruti=ruti8 HTTP/1.1" 200 5091 "-" "Mozilla/5.0 (compatible; bingbot/2.0; +http://www.bing.com/bingbot.htm)"
66.249.71.113 - - [16/Jan/2012:10:59:04 +0100] "GET /robots.txt HTTP/1.1" 404 262 "-" "Mozilla/5.0 (compatible; Googlebot/2.1; +http://www.google.com/bot.html)"
66.249.71.113 - - [16/Jan/2012:10:59:04 +0100] "GET /pioneros HTTP/1.1" 301 270 "-" "Mozilla/5.0 (compatible; Googlebot/2.1; +http://www.google.com/bot.html)"
66.249.71.113 - - [16/Jan/2012:10:59:04 +0100] "GET /pioneros/ HTTP/1.1" 200 3990 "-" "Mozilla/5.0 (compatible; Googlebot/2.1; +http://www.google.com/bot.html)"
119.63.196.48 - - [16/Jan/2012:11:14:39 +0100] "GET /robots.txt HTTP/1.1" 404 262 "-" "Baiduspider+(+http://www.baidu.com/search/spider.htm)"
95.17.182.95 - - [16/Jan/2012:16:57:49 +0100] "GET /pioneros HTTP/1.1" 301 270 "http://www.rallyamali.com/www.rallyamali.com/index.html" "Mozilla/5.0 (Windows NT 6.1; WOW64) AppleWebKit/535.7 (KHTML, like Gecko) Chrome/16.0.912.75 Safari/535.7"
95.17.182.95 - - [16/Jan/2012:16:57:50 +0100] "GET /pioneros/ HTTP/1.1" 200 3990 "http://www.rallyamali.com/www.rallyamali.com/index.html" "Mozilla/5.0 (Windows NT 6.1; WOW64) AppleWebKit/535.7 (KHTML, like Gecko) Chrome/16.0.912.75 Safari/535.7"
95.17.182.95 - - [16/Jan/2012:16:57:50 +0100] "GET /imagenes/maquetacion/imagen_cabecera-3.jpg HTTP/1.1" 200 14086 "http://mapas.rallyamali.com/pioneros/" "Mozilla/5.0 (Windows NT 6.1; WOW64) AppleWebKit/535.7 (KHTML, like Gecko) Chrome/16.0.912.75 Safari/535.7"
95.17.182.95 - - [16/Jan/2012:16:57:50 +0100] "GET /imagenes/iconos/marca_cruz_roja-rally_a_mali-8x8.png HTTP/1.1" 200 281 "http://mapas.rallyamali.com/pioneros/" "Mozilla/5.0 (Windows NT 6.1; WOW64) AppleWebKit/535.7 (KHTML, like Gecko) Chrome/16.0.912.75 Safari/535.7"
95.17.182.95 - - [16/Jan/2012:16:57:52 +0100] "GET /favicon.ico HTTP/1.1" 404 261 "-" "Mozilla/5.0 (Windows NT 6.1; WOW64) AppleWebKit/535.7 (KHTML, like Gecko) Chrome/16.0.912.75 Safari/535.7"
95.17.182.95 - - [16/Jan/2012:16:58:41 +0100] "GET /pioneros/index.php?ruti=ruti5 HTTP/1.1" 200 3780 "http://mapas.rallyamali.com/pioneros/" "Mozilla/5.0 (Windows NT 6.1; WOW64) AppleWebKit/535.7 (KHTML, like Gecko) Chrome/16.0.912.75 Safari/535.7"
95.17.182.95 - - [16/Jan/2012:16:58:42 +0100] "GET /favicon.ico HTTP/1.1" 404 261 "-" "Mozilla/5.0 (Windows NT 6.1; WOW64) AppleWebKit/535.7 (KHTML, like Gecko) Chrome/16.0.912.75 Safari/535.7"
95.17.182.95 - - [16/Jan/2012:16:58:46 +0100] "GET /pioneros/index.php?ruti=ruti18 HTTP/1.1" 200 3941 "http://mapas.rallyamali.com/pioneros/index.php?ruti=ruti5" "Mozilla/5.0 (Windows NT 6.1; WOW64) AppleWebKit/535.7 (KHTML, like Gecko) Chrome/16.0.912.75 Safari/535.7"
95.17.182.95 - - [16/Jan/2012:16:58:47 +0100] "GET /favicon.ico HTTP/1.1" 404 261 "-" "Mozilla/5.0 (Windows NT 6.1; WOW64) AppleWebKit/535.7 (KHTML, like Gecko) Chrome/16.0.912.75 Safari/535.7"
95.17.182.95 - - [16/Jan/2012:16:58:48 +0100] "GET /pioneros/index.php?ruti=ruti17 HTTP/1.1" 200 2635 "http://mapas.rallyamali.com/pioneros/index.php?ruti=ruti18" "Mozilla/5.0 (Windows NT 6.1; WOW64) AppleWebKit/535.7 (KHTML, like Gecko) Chrome/16.0.912.75 Safari/535.7"
95.17.182.95 - - [16/Jan/2012:16:58:49 +0100] "GET /favicon.ico HTTP/1.1" 404 261 "-" "Mozilla/5.0 (Windows NT 6.1; WOW64) AppleWebKit/535.7 (KHTML, like Gecko) Chrome/16.0.912.75 Safari/535.7"
95.17.182.95 - - [16/Jan/2012:16:58:53 +0100] "GET /pioneros/index.php?ruti=ruti2 HTTP/1.1" 200 5065 "http://mapas.rallyamali.com/pioneros/index.php?ruti=ruti17" "Mozilla/5.0 (Windows NT 6.1; WOW64) AppleWebKit/535.7 (KHTML, like Gecko) Chrome/16.0.912.75 Safari/535.7"
95.17.182.95 - - [16/Jan/2012:16:58:54 +0100] "GET /favicon.ico HTTP/1.1" 404 261 "-" "Mozilla/5.0 (Windows NT 6.1; WOW64) AppleWebKit/535.7 (KHTML, like Gecko) Chrome/16.0.912.75 Safari/535.7"
123.125.71.45 - - [16/Jan/2012:21:18:20 +0100] "GET /robots.txt HTTP/1.1" 404 262 "-" "Baiduspider+(+http://www.baidu.com/search/spider.htm)"
208.115.113.89 - - [17/Jan/2012:06:17:02 +0100] "GET /robots.txt HTTP/1.1" 404 320 "-" "Mozilla/5.0 (compatible; Ezooms/1.0; ezooms.bot@gmail.com)"
208.80.194.34 - - [17/Jan/2012:07:02:58 +0100] "GET / HTTP/1.0" 200 44 "-" "Mozilla/4.0 (compatible; MSIE 7.0; Windows NT 5.1; {68E7FCB0-9C9D-42B6-8722-36579D0E78F2}; .NET CLR 1.1.4322)"
208.115.113.89 - - [17/Jan/2012:07:45:32 +0100] "GET /pioneros/index.php?ruti=ruti1 HTTP/1.1" 200 22907 "-" "Mozilla/5.0 (compatible; Ezooms/1.0; ezooms.bot@gmail.com)"
208.115.113.89 - - [17/Jan/2012:07:57:25 +0100] "GET /robots.txt HTTP/1.1" 404 320 "-" "Mozilla/5.0 (compatible; Ezooms/1.0; ezooms.bot@gmail.com)"
208.115.113.89 - - [17/Jan/2012:09:30:06 +0100] "GET /pioneros/index.php?ruti=ruti1 HTTP/1.1" 200 22907 "-" "Mozilla/5.0 (compatible; Ezooms/1.0; ezooms.bot@gmail.com)"
208.115.113.89 - - [17/Jan/2012:10:14:29 +0100] "GET /robots.txt HTTP/1.1" 404 320 "-" "Mozilla/5.0 (compatible; Ezooms/1.0; ezooms.bot@gmail.com)"
208.115.113.89 - - [17/Jan/2012:11:41:56 +0100] "GET /pioneros/index.php?ruti=ruti3 HTTP/1.1" 200 17912 "-" "Mozilla/5.0 (compatible; Ezooms/1.0; ezooms.bot@gmail.com)"
119.63.196.30 - - [17/Jan/2012:12:31:27 +0100] "GET /pioneros HTTP/1.1" 301 270 "-" "Mozilla/5.0 (compatible; Baiduspider/2.0; +http://www.baidu.com/search/spider.html)"
119.63.196.93 - - [17/Jan/2012:12:31:29 +0100] "GET /pioneros/ HTTP/1.1" 200 3990 "-" "Mozilla/5.0 (compatible; Baiduspider/2.0; +http://www.baidu.com/search/spider.html)"
208.115.113.89 - - [17/Jan/2012:14:09:37 +0100] "GET /robots.txt HTTP/1.1" 404 320 "-" "Mozilla/5.0 (compatible; Ezooms/1.0; ezooms.bot@gmail.com)"
208.115.113.89 - - [17/Jan/2012:15:38:34 +0100] "GET /pioneros/index.php?ruti=ruti5 HTTP/1.1" 200 19248 "-" "Mozilla/5.0 (compatible; Ezooms/1.0; ezooms.bot@gmail.com)"
208.115.111.73 - - [17/Jan/2012:16:23:01 +0100] "GET /robots.txt HTTP/1.1" 404 320 "-" "Mozilla/5.0 (compatible; Ezooms/1.0; ezooms.bot@gmail.com)"
208.115.111.73 - - [17/Jan/2012:17:54:19 +0100] "GET /pioneros/index.php?ruti=ruti0 HTTP/1.1" 200 16674 "-" "Mozilla/5.0 (compatible; Ezooms/1.0; ezooms.bot@gmail.com)"
208.115.113.89 - - [17/Jan/2012:18:07:24 +0100] "GET /robots.txt HTTP/1.1" 404 320 "-" "Mozilla/5.0 (compatible; Ezooms/1.0; ezooms.bot@gmail.com)"
65.52.108.25 - - [17/Jan/2012:19:10:32 +0100] "GET /robots.txt HTTP/1.1" 404 320 "-" "Mozilla/5.0 (compatible; bingbot/2.0; +http://www.bing.com/bingbot.htm)"
65.52.108.25 - - [17/Jan/2012:19:11:34 +0100] "GET /pioneros/index.php?ruti=ruti8 HTTP/1.1" 200 5091 "-" "Mozilla/5.0 (compatible; bingbot/2.0; +http://www.bing.com/bingbot.htm)"
208.115.113.89 - - [17/Jan/2012:19:42:48 +0100] "GET /pioneros/index.php?ruti=ruti7 HTTP/1.1" 200 27923 "-" "Mozilla/5.0 (compatible; Ezooms/1.0; ezooms.bot@gmail.com)"
208.115.111.73 - - [17/Jan/2012:20:30:43 +0100] "GET /robots.txt HTTP/1.1" 404 320 "-" "Mozilla/5.0 (compatible; Ezooms/1.0; ezooms.bot@gmail.com)"
123.125.71.43 - - [17/Jan/2012:20:58:16 +0100] "GET /robots.txt HTTP/1.1" 404 262 "-" "Baiduspider+(+http://www.baidu.com/search/spider.htm)"
208.115.111.73 - - [17/Jan/2012:22:02:15 +0100] "GET /pioneros/index.php?ruti=ruti2 HTTP/1.1" 200 27984 "-" "Mozilla/5.0 (compatible; Ezooms/1.0; ezooms.bot@gmail.com)"
208.115.111.73 - - [18/Jan/2012:00:23:38 +0100] "GET /robots.txt HTTP/1.1" 404 320 "-" "Mozilla/5.0 (compatible; Ezooms/1.0; ezooms.bot@gmail.com)"
208.115.111.73 - - [18/Jan/2012:01:53:53 +0100] "GET /pioneros/index.php?ruti=ruti4 HTTP/1.1" 200 13973 "-" "Mozilla/5.0 (compatible; Ezooms/1.0; ezooms.bot@gmail.com)"
208.115.113.89 - - [18/Jan/2012:02:15:00 +0100] "GET /robots.txt HTTP/1.1" 404 320 "-" "Mozilla/5.0 (compatible; Ezooms/1.0; ezooms.bot@gmail.com)"
208.115.113.89 - - [18/Jan/2012:03:41:37 +0100] "GET /pioneros/index.php?ruti=ruti9 HTTP/1.1" 200 30324 "-" "Mozilla/5.0 (compatible; Ezooms/1.0; ezooms.bot@gmail.com)"
69.171.224.248 - - [18/Jan/2012:05:01:54 +0100] "GET /pioneros/index.php?ruti=ruti7 HTTP/1.1" 206 4506 "-" "facebookexternalhit/1.1 (+http://www.facebook.com/externalhit_uatext.php)"
208.115.111.73 - - [18/Jan/2012:05:06:52 +0100] "GET /robots.txt HTTP/1.1" 404 320 "-" "Mozilla/5.0 (compatible; Ezooms/1.0; ezooms.bot@gmail.com)"
208.115.111.73 - - [18/Jan/2012:06:39:59 +0100] "GET /pioneros/index.php?ruti=ruti6 HTTP/1.1" 200 15366 "-" "Mozilla/5.0 (compatible; Ezooms/1.0; ezooms.bot@gmail.com)"
208.115.111.73 - - [18/Jan/2012:08:22:04 +0100] "GET /robots.txt HTTP/1.1" 404 320 "-" "Mozilla/5.0 (compatible; Ezooms/1.0; ezooms.bot@gmail.com)"
207.46.199.45 - - [18/Jan/2012:08:35:58 +0100] "GET /robots.txt HTTP/1.1" 404 320 "-" "Mozilla/5.0 (compatible; bingbot/2.0; +http://www.bing.com/bingbot.htm)"
207.46.199.45 - - [18/Jan/2012:08:37:00 +0100] "GET /pioneros/index-sepulveda.php HTTP/1.1" 200 12750 "-" "Mozilla/5.0 (compatible; bingbot/2.0; +http://www.bing.com/bingbot.htm)"
208.115.111.73 - - [18/Jan/2012:09:51:04 +0100] "GET /pioneros/index.php?ruti=ruti8 HTTP/1.1" 200 29886 "-" "Mozilla/5.0 (compatible; Ezooms/1.0; ezooms.bot@gmail.com)"
178.154.160.30 - - [18/Jan/2012:10:14:46 +0100] "GET /robots.txt HTTP/1.1" 404 320 "-" "Mozilla/5.0 (compatible; YandexBot/3.0; +http://yandex.com/bots)"
119.63.196.86 - - [18/Jan/2012:10:46:34 +0100] "GET /robots.txt HTTP/1.1" 404 262 "-" "Baiduspider+(+http://www.baidu.com/search/spider.htm)"
69.171.224.248 - - [18/Jan/2012:12:38:19 +0100] "GET /pioneros/ HTTP/1.1" 206 3990 "-" "facebookexternalhit/1.1 (+http://www.facebook.com/externalhit_uatext.php)"
69.171.230.245 - - [18/Jan/2012:14:16:14 +0100] "GET /pioneros/index.php?ruti=ruti0 HTTP/1.1" 206 3004 "-" "facebookexternalhit/1.1 (+http://www.facebook.com/externalhit_uatext.php)"
123.125.71.43 - - [18/Jan/2012:20:05:36 +0100] "GET /robots.txt HTTP/1.1" 404 262 "-" "Baiduspider+(+http://www.baidu.com/search/spider.htm)"
178.154.160.30 - - [18/Jan/2012:20:25:45 +0100] "GET / HTTP/1.1" 200 49 "-" "Mozilla/5.0 (compatible; YandexBot/3.0; +http://yandex.com/bots)"
208.80.194.35 - - [19/Jan/2012:01:43:09 +0100] "GET / HTTP/1.0" 200 44 "-" "Mozilla/4.0 (compatible; MSIE 7.0; Windows NT 5.1; Comcast Install 1.0; FunWebProducts; .NET CLR 1.1.4322)"
119.63.196.19 - - [19/Jan/2012:09:32:53 +0100] "GET /robots.txt HTTP/1.1" 404 262 "-" "Baiduspider+(+http://www.baidu.com/search/spider.htm)"
66.249.72.206 - - [19/Jan/2012:11:17:00 +0100] "GET /robots.txt HTTP/1.1" 404 262 "-" "Mozilla/5.0 (compatible; Googlebot/2.1; +http://www.google.com/bot.html)"
66.249.72.206 - - [19/Jan/2012:11:17:00 +0100] "GET /pioneros HTTP/1.1" 301 270 "-" "Mozilla/5.0 (iPhone; U; CPU iPhone OS 4_1 like Mac OS X; en-us) AppleWebKit/532.9 (KHTML, like Gecko) Version/4.0.5 Mobile/8B117 Safari/6531.22.7 (compatible; Googlebot-Mobile/2.1; +http://www.google.com/bot.html)"
66.249.72.206 - - [19/Jan/2012:11:17:00 +0100] "GET /pioneros/ HTTP/1.1" 200 3990 "-" "Mozilla/5.0 (iPhone; U; CPU iPhone OS 4_1 like Mac OS X; en-us) AppleWebKit/532.9 (KHTML, like Gecko) Version/4.0.5 Mobile/8B117 Safari/6531.22.7 (compatible; Googlebot-Mobile/2.1; +http://www.google.com/bot.html)"
95.108.151.244 - - [19/Jan/2012:12:16:29 +0100] "GET /robots.txt HTTP/1.1" 408 335 "-" "Mozilla/5.0 (compatible; YandexBot/3.0; +http://yandex.com/bots)"
95.108.151.244 - - [19/Jan/2012:12:16:29 +0100] "GET /robots.txt HTTP/1.1" 404 320 "-" "Mozilla/5.0 (compatible; YandexBot/3.0; +http://yandex.com/bots)"
95.108.151.244 - - [19/Jan/2012:12:16:30 +0100] "GET / HTTP/1.1" 200 49 "-" "Mozilla/5.0 (compatible; YandexBot/3.0; +http://yandex.com/bots)"
95.108.151.244 - - [19/Jan/2012:12:16:31 +0100] "GET / HTTP/1.1" 200 49 "-" "Mozilla/5.0 (compatible; YandexBot/3.0; +http://yandex.com/bots)"
66.249.66.203 - - [20/Jan/2012:00:11:40 +0100] "GET /robots.txt HTTP/1.1" 404 262 "-" "Mozilla/5.0 (compatible; Googlebot/2.1; +http://www.google.com/bot.html)"
66.249.66.203 - - [20/Jan/2012:00:11:40 +0100] "GET /pioneros/index-sepulveda.php?ruti=ruti2 HTTP/1.1" 200 2036 "-" "Mozilla/5.0 (compatible; Googlebot/2.1; +http://www.google.com/bot.html)"
207.46.204.232 - - [20/Jan/2012:00:44:24 +0100] "GET /robots.txt HTTP/1.1" 404 320 "-" "Mozilla/5.0 (compatible; bingbot/2.0; +http://www.bing.com/bingbot.htm)"
207.46.204.232 - - [20/Jan/2012:00:50:23 +0100] "GET /pioneros/index.php?ruti=ruti6 HTTP/1.1" 200 3085 "-" "Mozilla/5.0 (compatible; bingbot/2.0; +http://www.bing.com/bingbot.htm)"
66.249.66.203 - - [20/Jan/2012:01:38:15 +0100] "GET /pioneros/index-sepulveda.php?ruti=ruti4 HTTP/1.1" 200 2325 "-" "Mozilla/5.0 (compatible; Googlebot/2.1; +http://www.google.com/bot.html)"
66.249.66.203 - - [20/Jan/2012:01:44:01 +0100] "GET /pioneros/index-sepulveda.php HTTP/1.1" 200 12750 "-" "Mozilla/5.0 (compatible; Googlebot/2.1; +http://www.google.com/bot.html)"
66.249.66.203 - - [20/Jan/2012:01:49:51 +0100] "GET /pioneros/index-sepulveda.php?ruti=ruti3 HTTP/1.1" 200 2443 "-" "Mozilla/5.0 (compatible; Googlebot/2.1; +http://www.google.com/bot.html)"
207.46.199.45 - - [20/Jan/2012:03:47:11 +0100] "GET /robots.txt HTTP/1.1" 404 320 "-" "Mozilla/5.0 (compatible; bingbot/2.0; +http://www.bing.com/bingbot.htm)"
207.46.199.45 - - [20/Jan/2012:03:48:01 +0100] "GET /pioneros/ HTTP/1.1" 200 3990 "-" "Mozilla/5.0 (compatible; bingbot/2.0; +http://www.bing.com/bingbot.htm)"
75.101.181.182 - - [20/Jan/2012:11:32:33 +0100] "GET /robots.txt HTTP/1.0" 404 262 "-" "Mozilla/5.0/Nutch-1.1 (Windows; U; Windows NT 5.1; en-US; rv:1.9.2.13)"
75.101.181.182 - - [20/Jan/2012:11:32:33 +0100] "GET /pioneros/ HTTP/1.0" 200 3990 "-" "Mozilla/5.0/Nutch-1.1 (Windows; U; Windows NT 5.1; en-US; rv:1.9.2.13)"
119.63.196.53 - - [20/Jan/2012:15:16:54 +0100] "GET /robots.txt HTTP/1.1" 404 262 "-" "Baiduspider+(+http://www.baidu.com/search/spider.htm)"
208.80.194.34 - - [20/Jan/2012:20:28:46 +0100] "GET / HTTP/1.0" 200 44 "-" "Mozilla/4.0 (compatible; MSIE 7.0; Windows NT 5.1; {50E50ACF-8820-41E0-8983-104C28B6AC96}; .NET CLR 1.0.3705; .NET CLR 1.1.4322; yplus 5.1.04b)"
66.249.71.113 - - [20/Jan/2012:21:59:06 +0100] "GET /robots.txt HTTP/1.1" 404 262 "-" "Mozilla/5.0 (compatible; Googlebot/2.1; +http://www.google.com/bot.html)"
66.249.71.113 - - [20/Jan/2012:21:59:06 +0100] "GET /pioneros/index-sepulveda.php?ruti=ruti1 HTTP/1.1" 200 12750 "-" "Mozilla/5.0 (compatible; Googlebot/2.1; +http://www.google.com/bot.html)"
213.186.127.7 - - [20/Jan/2012:22:51:37 +0100] "GET /pioneros/index.php?ruti=ruti11 HTTP/1.1" 200 4094 "-" "Mozilla/5.0 (compatible; AhrefsBot/2.0; +http://ahrefs.com/robot/)"
61.111.15.10 - - [20/Jan/2012:23:08:36 +0100] "GET /pioneros/ HTTP/1.0" 200 22907 "-" "Mozilla/5.0 (Windows NT 6.1; WOW64) AppleWebKit/535.1 (KHTML, like Gecko) Chrome/13.0.782.215 Safari/535.1"
178.154.160.30 - - [21/Jan/2012:02:55:57 +0100] "GET /robots.txt HTTP/1.1" 404 320 "-" "Mozilla/5.0 (compatible; YandexBot/3.0; +http://yandex.com/bots)"
178.154.160.30 - - [21/Jan/2012:02:55:58 +0100] "GET /pioneros/index.php?ruti=ruti3 HTTP/1.1" 200 3858 "-" "Mozilla/5.0 (compatible; YandexBot/3.0; +http://yandex.com/bots)"
213.186.127.7 - - [21/Jan/2012:04:29:08 +0100] "GET /pioneros/index.php?ruti=ruti7 HTTP/1.1" 200 4506 "-" "Mozilla/5.0 (compatible; AhrefsBot/2.0; +http://ahrefs.com/robot/)"
213.186.122.2 - - [21/Jan/2012:08:14:08 +0100] "GET /robots.txt HTTP/1.1" 404 262 "-" "Mozilla/5.0 (compatible; AhrefsBot/1.0; +http://ahrefs.com/robot/)"
213.186.122.2 - - [21/Jan/2012:08:14:09 +0100] "GET /pioneros HTTP/1.1" 301 270 "-" "Mozilla/5.0 (compatible; AhrefsBot/1.0; +http://ahrefs.com/robot/)"
213.186.122.2 - - [21/Jan/2012:08:14:11 +0100] "GET /pioneros/ HTTP/1.1" 200 3990 "-" "Mozilla/5.0 (compatible; AhrefsBot/1.0; +http://ahrefs.com/robot/)"
213.186.122.2 - - [21/Jan/2012:08:14:12 +0100] "GET /pioneros/index.php?ruti=ruti1 HTTP/1.1" 200 3990 "-" "Mozilla/5.0 (compatible; AhrefsBot/1.0; +http://ahrefs.com/robot/)"
213.186.122.2 - - [21/Jan/2012:08:14:14 +0100] "GET /pioneros/index.php?ruti=ruti10 HTTP/1.1" 200 3623 "-" "Mozilla/5.0 (compatible; AhrefsBot/1.0; +http://ahrefs.com/robot/)"
213.186.122.2 - - [21/Jan/2012:08:14:15 +0100] "GET /pioneros/index.php?ruti=ruti11 HTTP/1.1" 200 4094 "-" "Mozilla/5.0 (compatible; AhrefsBot/1.0; +http://ahrefs.com/robot/)"
213.186.122.2 - - [21/Jan/2012:08:14:17 +0100] "GET /pioneros/index.php?ruti=ruti12 HTTP/1.1" 200 5364 "-" "Mozilla/5.0 (compatible; AhrefsBot/1.0; +http://ahrefs.com/robot/)"
213.186.122.2 - - [21/Jan/2012:08:14:18 +0100] "GET /pioneros/index.php?ruti=ruti14 HTTP/1.1" 200 3112 "-" "Mozilla/5.0 (compatible; AhrefsBot/1.0; +http://ahrefs.com/robot/)"
213.186.122.2 - - [21/Jan/2012:08:14:20 +0100] "GET /pioneros/index.php?ruti=ruti15 HTTP/1.1" 200 5093 "-" "Mozilla/5.0 (compatible; AhrefsBot/1.0; +http://ahrefs.com/robot/)"
213.186.122.2 - - [21/Jan/2012:08:14:21 +0100] "GET /pioneros/index.php?ruti=ruti16 HTTP/1.1" 200 2986 "-" "Mozilla/5.0 (compatible; AhrefsBot/1.0; +http://ahrefs.com/robot/)"
213.186.122.2 - - [21/Jan/2012:08:14:23 +0100] "GET /pioneros/index.php?ruti=ruti17 HTTP/1.1" 200 2635 "-" "Mozilla/5.0 (compatible; AhrefsBot/1.0; +http://ahrefs.com/robot/)"
213.186.122.2 - - [21/Jan/2012:08:14:25 +0100] "GET /pioneros/index.php?ruti=ruti18 HTTP/1.1" 200 3941 "-" "Mozilla/5.0 (compatible; AhrefsBot/1.0; +http://ahrefs.com/robot/)"
213.186.122.2 - - [21/Jan/2012:08:14:26 +0100] "GET /pioneros/index.php?ruti=ruti2 HTTP/1.1" 200 5065 "-" "Mozilla/5.0 (compatible; AhrefsBot/1.0; +http://ahrefs.com/robot/)"
213.186.122.2 - - [21/Jan/2012:08:14:27 +0100] "GET /pioneros/index.php?ruti=ruti3 HTTP/1.1" 200 3858 "-" "Mozilla/5.0 (compatible; AhrefsBot/1.0; +http://ahrefs.com/robot/)"
213.186.122.2 - - [21/Jan/2012:08:14:28 +0100] "GET /pioneros/index.php?ruti=ruti4 HTTP/1.1" 200 3033 "-" "Mozilla/5.0 (compatible; AhrefsBot/1.0; +http://ahrefs.com/robot/)"
213.186.122.2 - - [21/Jan/2012:08:14:30 +0100] "GET /pioneros/index.php?ruti=ruti5 HTTP/1.1" 200 3780 "-" "Mozilla/5.0 (compatible; AhrefsBot/1.0; +http://ahrefs.com/robot/)"
213.186.122.2 - - [21/Jan/2012:08:14:31 +0100] "GET /pioneros/index.php?ruti=ruti6 HTTP/1.1" 200 3085 "-" "Mozilla/5.0 (compatible; AhrefsBot/1.0; +http://ahrefs.com/robot/)"
213.186.122.2 - - [21/Jan/2012:08:14:33 +0100] "GET /pioneros/index.php?ruti=ruti7 HTTP/1.1" 200 4506 "-" "Mozilla/5.0 (compatible; AhrefsBot/1.0; +http://ahrefs.com/robot/)"
213.186.122.2 - - [21/Jan/2012:08:14:34 +0100] "GET /pioneros/index.php?ruti=ruti8 HTTP/1.1" 200 5091 "-" "Mozilla/5.0 (compatible; AhrefsBot/1.0; +http://ahrefs.com/robot/)"
213.186.122.2 - - [21/Jan/2012:08:14:35 +0100] "GET /pioneros/index.php?ruti=ruti9 HTTP/1.1" 200 5161 "-" "Mozilla/5.0 (compatible; AhrefsBot/1.0; +http://ahrefs.com/robot/)"
119.63.196.117 - - [21/Jan/2012:10:53:04 +0100] "GET /robots.txt HTTP/1.1" 404 262 "-" "Baiduspider+(+http://www.baidu.com/search/spider.htm)"
207.46.204.232 - - [21/Jan/2012:14:58:26 +0100] "GET /robots.txt HTTP/1.1" 404 320 "-" "Mozilla/5.0 (compatible; bingbot/2.0; +http://www.bing.com/bingbot.htm)"
213.186.127.7 - - [21/Jan/2012:15:44:07 +0100] "GET /pioneros/index.php?ruti=ruti8 HTTP/1.1" 200 5091 "-" "Mozilla/5.0 (compatible; AhrefsBot/2.0; +http://ahrefs.com/robot/)"
65.52.110.146 - - [21/Jan/2012:16:08:13 +0100] "GET /robots.txt HTTP/1.1" 404 320 "-" "Mozilla/5.0 (compatible; bingbot/2.0; +http://www.bing.com/bingbot.htm)"
65.52.110.146 - - [21/Jan/2012:16:10:44 +0100] "GET /pioneros/index-sepulveda.php HTTP/1.1" 200 12750 "-" "Mozilla/5.0 (compatible; bingbot/2.0; +http://www.bing.com/bingbot.htm)"
207.46.204.232 - - [21/Jan/2012:16:27:07 +0100] "GET /pioneros/index-sepulveda.php HTTP/1.1" 200 12750 "-" "Mozilla/5.0 (compatible; bingbot/2.0; +http://www.bing.com/bingbot.htm)"
157.55.18.26 - - [21/Jan/2012:18:17:04 +0100] "GET /robots.txt HTTP/1.1" 404 320 "-" "Mozilla/5.0 (compatible; bingbot/2.0; +http://www.bing.com/bingbot.htm)"
213.186.127.7 - - [22/Jan/2012:00:10:22 +0100] "GET /pioneros/index.php?ruti=ruti9 HTTP/1.1" 200 5161 "-" "Mozilla/5.0 (compatible; AhrefsBot/2.0; +http://ahrefs.com/robot/)"
70.161.177.214 - - [22/Jan/2012:02:26:13 +0100] "GET /robots.txt HTTP/1.1" 404 320 "-" "panscient.com"
70.161.177.214 - - [22/Jan/2012:02:26:15 +0100] "GET /pioneros HTTP/1.1" 301 270 "-" "panscient.com"
70.161.177.214 - - [22/Jan/2012:02:26:15 +0100] "GET /pioneros/ HTTP/1.1" 200 3990 "-" "panscient.com"
70.161.177.214 - - [22/Jan/2012:02:26:15 +0100] "GET /robots.txt HTTP/1.1" 404 320 "-" "panscient.com"
70.161.177.214 - - [22/Jan/2012:02:27:29 +0100] "GET /pioneros HTTP/1.1" 301 270 "-" "panscient.com"
70.161.177.214 - - [22/Jan/2012:02:27:29 +0100] "GET /pioneros/ HTTP/1.1" 200 3990 "-" "panscient.com"
70.161.177.214 - - [22/Jan/2012:02:27:47 +0100] "GET /pioneros/index.php?ruti=ruti17 HTTP/1.1" 200 2635 "-" "panscient.com"
70.161.177.214 - - [22/Jan/2012:02:27:59 +0100] "GET /pioneros/index.php?ruti=ruti8 HTTP/1.1" 200 5091 "-" "panscient.com"
70.161.177.214 - - [22/Jan/2012:02:28:00 +0100] "GET /pioneros/index.php?ruti=ruti18 HTTP/1.1" 200 3941 "-" "panscient.com"
70.161.177.214 - - [22/Jan/2012:02:28:01 +0100] "GET /pioneros/index.php?ruti=ruti11 HTTP/1.1" 200 4094 "-" "panscient.com"
70.161.177.214 - - [22/Jan/2012:02:28:09 +0100] "GET /pioneros/index.php?ruti=ruti15 HTTP/1.1" 200 5093 "-" "panscient.com"
70.161.177.214 - - [22/Jan/2012:02:28:19 +0100] "GET /pioneros/index.php?ruti=ruti9 HTTP/1.1" 200 5161 "-" "panscient.com"
70.161.177.214 - - [22/Jan/2012:02:28:20 +0100] "GET /pioneros/index.php?ruti=ruti14 HTTP/1.1" 200 3112 "-" "panscient.com"
70.161.177.214 - - [22/Jan/2012:02:28:21 +0100] "GET /pioneros/index.php?ruti=ruti0 HTTP/1.1" 200 3004 "-" "panscient.com"
70.161.177.214 - - [22/Jan/2012:02:28:22 +0100] "GET /pioneros/index.php?ruti=ruti3 HTTP/1.1" 200 3858 "-" "panscient.com"
70.161.177.214 - - [22/Jan/2012:02:28:25 +0100] "GET /pioneros/index.php?ruti=ruti12 HTTP/1.1" 200 5364 "-" "panscient.com"
70.161.177.214 - - [22/Jan/2012:02:28:26 +0100] "GET /pioneros/ HTTP/1.1" 200 3990 "-" "panscient.com"
70.161.177.214 - - [22/Jan/2012:02:29:23 +0100] "GET /pioneros/index.php?ruti=ruti5 HTTP/1.1" 200 3780 "-" "panscient.com"
70.161.177.214 - - [22/Jan/2012:02:29:49 +0100] "GET /pioneros/index.php?ruti=ruti10 HTTP/1.1" 200 3623 "-" "panscient.com"
70.161.177.214 - - [22/Jan/2012:02:29:56 +0100] "GET /pioneros/index.php?ruti=ruti16 HTTP/1.1" 200 2986 "-" "panscient.com"
70.161.177.214 - - [22/Jan/2012:02:29:58 +0100] "GET /pioneros/index.php?ruti=ruti7 HTTP/1.1" 200 4506 "-" "panscient.com"
213.186.127.7 - - [22/Jan/2012:02:59:06 +0100] "GET /pioneros/index.php?ruti=ruti18 HTTP/1.1" 200 3941 "-" "Mozilla/5.0 (compatible; AhrefsBot/2.0; +http://ahrefs.com/robot/)"
66.249.68.23 - - [22/Jan/2012:04:27:43 +0100] "GET /robots.txt HTTP/1.1" 404 262 "-" "Mozilla/5.0 (compatible; Googlebot/2.1; +http://www.google.com/bot.html)"
66.249.68.23 - - [22/Jan/2012:04:27:43 +0100] "GET /pioneros/ HTTP/1.1" 200 3990 "-" "Mozilla/5.0 (compatible; Googlebot/2.1; +http://www.google.com/bot.html)"
66.249.68.23 - - [22/Jan/2012:07:09:27 +0100] "GET /pioneros HTTP/1.1" 301 270 "-" "Mozilla/5.0 (iPhone; U; CPU iPhone OS 4_1 like Mac OS X; en-us) AppleWebKit/532.9 (KHTML, like Gecko) Version/4.0.5 Mobile/8B117 Safari/6531.22.7 (compatible; Googlebot-Mobile/2.1; +http://www.google.com/bot.html)"
66.249.68.23 - - [22/Jan/2012:07:09:28 +0100] "GET /pioneros/ HTTP/1.1" 200 3990 "-" "Mozilla/5.0 (iPhone; U; CPU iPhone OS 4_1 like Mac OS X; en-us) AppleWebKit/532.9 (KHTML, like Gecko) Version/4.0.5 Mobile/8B117 Safari/6531.22.7 (compatible; Googlebot-Mobile/2.1; +http://www.google.com/bot.html)"
208.80.194.37 - - [22/Jan/2012:13:53:19 +0100] "GET / HTTP/1.0" 200 44 "-" "Mozilla/4.0 (compatible; MSIE 6.0; Windows NT 5.1; {D2FDDBA6-A06E-9AE6-5121-A0F29497F84E}; .NET CLR 1.1.4322)"
213.186.127.7 - - [22/Jan/2012:14:14:06 +0100] "GET /pioneros/index.php?ruti=ruti2 HTTP/1.1" 200 5065 "-" "Mozilla/5.0 (compatible; AhrefsBot/2.0; +http://ahrefs.com/robot/)"
213.186.127.7 - - [23/Jan/2012:01:29:06 +0100] "GET /pioneros/index.php?ruti=ruti3 HTTP/1.1" 200 3858 "-" "Mozilla/5.0 (compatible; AhrefsBot/2.0; +http://ahrefs.com/robot/)"
65.52.109.194 - - [23/Jan/2012:01:56:39 +0100] "GET /robots.txt HTTP/1.1" 404 320 "-" "Mozilla/5.0 (compatible; bingbot/2.0; +http://www.bing.com/bingbot.htm)"
65.52.109.194 - - [23/Jan/2012:02:00:40 +0100] "GET /pioneros/index.php?ruti=ruti10 HTTP/1.1" 200 3623 "-" "Mozilla/5.0 (compatible; bingbot/2.0; +http://www.bing.com/bingbot.htm)"
178.154.160.30 - - [23/Jan/2012:02:30:40 +0100] "GET /robots.txt HTTP/1.1" 404 320 "-" "Mozilla/5.0 (compatible; YandexBot/3.0; +http://yandex.com/bots)"
178.154.160.30 - - [23/Jan/2012:02:30:40 +0100] "GET /pioneros/ HTTP/1.1" 200 3990 "-" "Mozilla/5.0 (compatible; YandexBot/3.0; +http://yandex.com/bots)"
66.249.71.113 - - [23/Jan/2012:03:54:32 +0100] "GET /robots.txt HTTP/1.1" 404 262 "-" "Mozilla/5.0 (compatible; Googlebot/2.1; +http://www.google.com/bot.html)"
66.249.71.113 - - [23/Jan/2012:03:54:32 +0100] "GET /pioneros/index.php?ruti=ruti3 HTTP/1.1" 200 3858 "-" "Mozilla/5.0 (compatible; Googlebot/2.1; +http://www.google.com/bot.html)"
213.186.127.7 - - [23/Jan/2012:07:06:37 +0100] "GET /pioneros/index.php?ruti=ruti15 HTTP/1.1" 200 5093 "-" "Mozilla/5.0 (compatible; AhrefsBot/2.0; +http://ahrefs.com/robot/)"
