66.219.58.44 - - [20/Feb/2012:06:17:46 +0100] "GET /pioneros/index.php?ruti=ruti7 HTTP/1.1" 200 4506 "-" "MLBot (www.metadatalabs.com/mlbot)"
66.219.58.44 - - [20/Feb/2012:06:21:24 +0100] "GET /pioneros/index.php?ruti=ruti8 HTTP/1.1" 200 5091 "-" "MLBot (www.metadatalabs.com/mlbot)"
178.154.160.30 - - [20/Feb/2012:06:21:59 +0100] "GET /robots.txt HTTP/1.1" 404 320 "-" "Mozilla/5.0 (compatible; YandexBot/3.0; +http://yandex.com/bots)"
66.219.58.44 - - [20/Feb/2012:06:24:24 +0100] "GET /pioneros/index.php?ruti=ruti0 HTTP/1.1" 200 3004 "-" "MLBot (www.metadatalabs.com/mlbot)"
66.219.58.44 - - [20/Feb/2012:06:26:54 +0100] "GET /pioneros/index.php?ruti=ruti17 HTTP/1.1" 200 2635 "-" "MLBot (www.metadatalabs.com/mlbot)"
66.219.58.44 - - [20/Feb/2012:06:28:54 +0100] "GET /pioneros/index.php?ruti=ruti12 HTTP/1.1" 200 5364 "-" "MLBot (www.metadatalabs.com/mlbot)"
66.219.58.44 - - [20/Feb/2012:06:30:47 +0100] "GET /pioneros/index.php?ruti=ruti6 HTTP/1.1" 200 3085 "-" "MLBot (www.metadatalabs.com/mlbot)"
66.219.58.44 - - [20/Feb/2012:06:32:27 +0100] "GET /pioneros/index.php?ruti=ruti14 HTTP/1.1" 200 3112 "-" "MLBot (www.metadatalabs.com/mlbot)"
66.219.58.44 - - [20/Feb/2012:06:34:02 +0100] "GET /pioneros/index.php?ruti=ruti9 HTTP/1.1" 200 5161 "-" "MLBot (www.metadatalabs.com/mlbot)"
66.219.58.44 - - [20/Feb/2012:06:35:18 +0100] "GET /pioneros/index.php?ruti=ruti15 HTTP/1.1" 200 5093 "-" "MLBot (www.metadatalabs.com/mlbot)"
66.219.58.44 - - [20/Feb/2012:06:36:25 +0100] "GET /pioneros/index.php?ruti=ruti2 HTTP/1.1" 200 5065 "-" "MLBot (www.metadatalabs.com/mlbot)"
66.219.58.44 - - [20/Feb/2012:06:37:24 +0100] "GET /pioneros/index.php?ruti=ruti5 HTTP/1.1" 200 3780 "-" "MLBot (www.metadatalabs.com/mlbot)"
66.219.58.44 - - [20/Feb/2012:06:38:24 +0100] "GET /pioneros/index.php?ruti=ruti10 HTTP/1.1" 200 3623 "-" "MLBot (www.metadatalabs.com/mlbot)"
66.219.58.44 - - [20/Feb/2012:06:39:23 +0100] "GET /pioneros/index.php?ruti=ruti4 HTTP/1.1" 200 3033 "-" "MLBot (www.metadatalabs.com/mlbot)"
66.219.58.44 - - [20/Feb/2012:06:40:29 +0100] "GET /pioneros/index.php?ruti=ruti16 HTTP/1.1" 200 2986 "-" "MLBot (www.metadatalabs.com/mlbot)"
66.219.58.44 - - [20/Feb/2012:06:41:25 +0100] "GET /pioneros/index.php?ruti=ruti18 HTTP/1.1" 200 3941 "-" "MLBot (www.metadatalabs.com/mlbot)"
119.63.196.110 - - [20/Feb/2012:10:54:24 +0100] "GET /robots.txt HTTP/1.1" 404 262 "-" "Baiduspider+(+http://www.baidu.com/search/spider.htm)"
208.115.113.89 - - [20/Feb/2012:11:28:22 +0100] "GET /robots.txt HTTP/1.1" 404 320 "-" "Mozilla/5.0 (compatible; Ezooms/1.0; ezooms.bot@gmail.com)"
178.154.160.30 - - [20/Feb/2012:11:34:20 +0100] "GET /pioneros/index.php?ruti=ruti17 HTTP/1.1" 200 2635 "-" "Mozilla/5.0 (compatible; YandexBot/3.0; +http://yandex.com/bots)"
69.171.230.249 - - [20/Feb/2012:11:50:57 +0100] "GET /pioneros/ HTTP/1.1" 206 3990 "-" "facebookexternalhit/1.1 (+http://www.facebook.com/externalhit_uatext.php)"
208.115.113.89 - - [20/Feb/2012:11:54:06 +0100] "GET /pioneros/index.php?ruti=ruti10 HTTP/1.1" 200 19706 "-" "Mozilla/5.0 (compatible; Ezooms/1.0; ezooms.bot@gmail.com)"
66.249.71.113 - - [20/Feb/2012:12:06:44 +0100] "GET /robots.txt HTTP/1.1" 404 262 "-" "Mozilla/5.0 (compatible; Googlebot/2.1; +http://www.google.com/bot.html)"
66.249.71.113 - - [20/Feb/2012:12:06:44 +0100] "GET /pioneros/index.php?ruti=ruti5 HTTP/1.1" 200 3780 "-" "Mozilla/5.0 (iPhone; U; CPU iPhone OS 4_1 like Mac OS X; en-us) AppleWebKit/532.9 (KHTML, like Gecko) Version/4.0.5 Mobile/8B117 Safari/6531.22.7 (compatible; Googlebot-Mobile/2.1; +http://www.google.com/bot.html)"
80.59.121.15 - - [20/Feb/2012:12:41:08 +0100] "GET /pioneros HTTP/1.1" 301 270 "http://www.rallyamali.com/www.rallyamali.com/index.html" "Mozilla/4.0 (compatible; MSIE 8.0; Windows NT 5.1; Trident/4.0; .NET CLR 1.1.4322; .NET CLR 2.0.50727; .NET CLR 3.0.04506.648; .NET CLR 3.5.21022; .NET CLR 3.0.4506.2152; .NET CLR 3.5.30729)"
80.59.121.15 - - [20/Feb/2012:12:41:08 +0100] "GET /pioneros/ HTTP/1.1" 200 3990 "http://www.rallyamali.com/www.rallyamali.com/index.html" "Mozilla/4.0 (compatible; MSIE 8.0; Windows NT 5.1; Trident/4.0; .NET CLR 1.1.4322; .NET CLR 2.0.50727; .NET CLR 3.0.04506.648; .NET CLR 3.5.21022; .NET CLR 3.0.4506.2152; .NET CLR 3.5.30729)"
80.59.121.15 - - [20/Feb/2012:12:41:09 +0100] "GET /imagenes/maquetacion/imagen_cabecera-3.jpg HTTP/1.1" 200 14086 "http://mapas.rallyamali.com/pioneros/" "Mozilla/4.0 (compatible; MSIE 8.0; Windows NT 5.1; Trident/4.0; .NET CLR 1.1.4322; .NET CLR 2.0.50727; .NET CLR 3.0.04506.648; .NET CLR 3.5.21022; .NET CLR 3.0.4506.2152; .NET CLR 3.5.30729)"
80.59.121.15 - - [20/Feb/2012:12:41:09 +0100] "GET /imagenes/iconos/marca_cruz_roja-rally_a_mali-8x8.png HTTP/1.1" 200 281 "http://mapas.rallyamali.com/pioneros/" "Mozilla/4.0 (compatible; MSIE 8.0; Windows NT 5.1; Trident/4.0; .NET CLR 1.1.4322; .NET CLR 2.0.50727; .NET CLR 3.0.04506.648; .NET CLR 3.5.21022; .NET CLR 3.0.4506.2152; .NET CLR 3.5.30729)"
80.59.121.15 - - [20/Feb/2012:12:41:10 +0100] "GET /favicon.ico HTTP/1.1" 404 261 "-" "Mozilla/4.0 (compatible; MSIE 8.0; Windows NT 5.1; Trident/4.0; .NET CLR 1.1.4322; .NET CLR 2.0.50727; .NET CLR 3.0.04506.648; .NET CLR 3.5.21022; .NET CLR 3.0.4506.2152; .NET CLR 3.5.30729)"
213.186.127.9 - - [20/Feb/2012:13:37:02 +0100] "GET /pioneros/index.php?ruti=ruti17 HTTP/1.1" 200 2635 "-" "Mozilla/5.0 (compatible; AhrefsBot/2.0; +http://ahrefs.com/robot/)"
95.108.151.244 - - [20/Feb/2012:13:40:38 +0100] "GET /robots.txt HTTP/1.1" 404 320 "-" "Mozilla/5.0 (compatible; YandexBot/3.0; +http://yandex.com/bots)"
95.108.151.244 - - [20/Feb/2012:13:40:39 +0100] "GET / HTTP/1.1" 200 49 "-" "Mozilla/5.0 (compatible; YandexBot/3.0; +http://yandex.com/bots)"
95.108.151.244 - - [20/Feb/2012:13:40:40 +0100] "GET / HTTP/1.1" 200 49 "-" "Mozilla/5.0 (compatible; YandexBot/3.0; +http://yandex.com/bots)"
208.115.113.89 - - [20/Feb/2012:14:17:53 +0100] "GET /robots.txt HTTP/1.1" 404 320 "-" "Mozilla/5.0 (compatible; Ezooms/1.0; ezooms.bot@gmail.com)"
208.115.113.89 - - [20/Feb/2012:14:44:27 +0100] "GET /pioneros/index.php?ruti=ruti12 HTTP/1.1" 200 26657 "-" "Mozilla/5.0 (compatible; Ezooms/1.0; ezooms.bot@gmail.com)"
208.115.113.89 - - [20/Feb/2012:14:46:00 +0100] "GET /pioneros/ HTTP/1.1" 200 22907 "-" "Mozilla/5.0 (compatible; Ezooms/1.0; ezooms.bot@gmail.com)"
178.154.160.30 - - [20/Feb/2012:17:51:57 +0100] "GET /pioneros/index.php?ruti=ruti18 HTTP/1.1" 200 3941 "-" "Mozilla/5.0 (compatible; YandexBot/3.0; +http://yandex.com/bots)"
208.115.113.89 - - [20/Feb/2012:18:10:18 +0100] "GET /robots.txt HTTP/1.1" 404 320 "-" "Mozilla/5.0 (compatible; Ezooms/1.0; ezooms.bot@gmail.com)"
208.115.113.89 - - [20/Feb/2012:18:34:46 +0100] "GET /pioneros/index.php?ruti=ruti14 HTTP/1.1" 200 14912 "-" "Mozilla/5.0 (compatible; Ezooms/1.0; ezooms.bot@gmail.com)"
213.186.127.9 - - [20/Feb/2012:20:53:48 +0100] "GET /pioneros/index.php?ruti=ruti15 HTTP/1.1" 200 5093 "-" "Mozilla/5.0 (compatible; AhrefsBot/2.0; +http://ahrefs.com/robot/)"
208.115.113.89 - - [20/Feb/2012:21:30:44 +0100] "GET /robots.txt HTTP/1.1" 404 320 "-" "Mozilla/5.0 (compatible; Ezooms/1.0; ezooms.bot@gmail.com)"
208.115.113.89 - - [20/Feb/2012:21:54:57 +0100] "GET /pioneros/index.php?ruti=ruti16 HTTP/1.1" 200 14132 "-" "Mozilla/5.0 (compatible; Ezooms/1.0; ezooms.bot@gmail.com)"
66.249.71.113 - - [20/Feb/2012:23:18:30 +0100] "GET /robots.txt HTTP/1.1" 404 262 "-" "Mozilla/5.0 (compatible; Googlebot/2.1; +http://www.google.com/bot.html)"
66.249.71.113 - - [20/Feb/2012:23:18:30 +0100] "GET /pioneros/index.php?ruti=ruti5 HTTP/1.1" 200 3780 "-" "Mozilla/5.0 (compatible; Googlebot/2.1; +http://www.google.com/bot.html)"
66.249.71.113 - - [20/Feb/2012:23:18:30 +0100] "GET /pioneros/index.php?ruti=ruti0 HTTP/1.1" 200 3004 "-" "Mozilla/5.0 (compatible; Googlebot/2.1; +http://www.google.com/bot.html)"
66.249.71.113 - - [20/Feb/2012:23:18:31 +0100] "GET /pioneros/index.php?ruti=ruti16 HTTP/1.1" 200 2986 "-" "Mozilla/5.0 (compatible; Googlebot/2.1; +http://www.google.com/bot.html)"
208.115.111.73 - - [20/Feb/2012:23:53:06 +0100] "GET /robots.txt HTTP/1.1" 404 320 "-" "Mozilla/5.0 (compatible; Ezooms/1.0; ezooms.bot@gmail.com)"
178.154.160.30 - - [20/Feb/2012:23:55:21 +0100] "GET /pioneros/index.php?ruti=ruti7 HTTP/1.1" 200 4506 "-" "Mozilla/5.0 (compatible; YandexBot/3.0; +http://yandex.com/bots)"
208.115.111.73 - - [21/Feb/2012:00:21:13 +0100] "GET /pioneros/index.php?ruti=ruti11 HTTP/1.1" 200 19481 "-" "Mozilla/5.0 (compatible; Ezooms/1.0; ezooms.bot@gmail.com)"
208.115.113.89 - - [21/Feb/2012:01:19:30 +0100] "GET /robots.txt HTTP/1.1" 404 320 "-" "Mozilla/5.0 (compatible; Ezooms/1.0; ezooms.bot@gmail.com)"
208.115.113.89 - - [21/Feb/2012:01:44:07 +0100] "GET /pioneros/index.php?ruti=ruti18 HTTP/1.1" 200 19912 "-" "Mozilla/5.0 (compatible; Ezooms/1.0; ezooms.bot@gmail.com)"
178.154.160.30 - - [21/Feb/2012:06:30:11 +0100] "GET /robots.txt HTTP/1.1" 404 320 "-" "Mozilla/5.0 (compatible; YandexBot/3.0; +http://yandex.com/bots)"
208.115.111.73 - - [21/Feb/2012:06:43:34 +0100] "GET /robots.txt HTTP/1.1" 404 320 "-" "Mozilla/5.0 (compatible; Ezooms/1.0; ezooms.bot@gmail.com)"
208.115.111.73 - - [21/Feb/2012:07:10:56 +0100] "GET /pioneros/index.php?ruti=ruti15 HTTP/1.1" 200 28860 "-" "Mozilla/5.0 (compatible; Ezooms/1.0; ezooms.bot@gmail.com)"
119.63.196.104 - - [21/Feb/2012:09:35:18 +0100] "GET /robots.txt HTTP/1.1" 404 262 "-" "Baiduspider+(+http://www.baidu.com/search/spider.htm)"
208.115.111.73 - - [21/Feb/2012:10:16:52 +0100] "GET /robots.txt HTTP/1.1" 404 320 "-" "Mozilla/5.0 (compatible; Ezooms/1.0; ezooms.bot@gmail.com)"
208.115.111.73 - - [21/Feb/2012:10:39:19 +0100] "GET /pioneros/index.php?ruti=ruti17 HTTP/1.1" 200 12655 "-" "Mozilla/5.0 (compatible; Ezooms/1.0; ezooms.bot@gmail.com)"
178.154.160.30 - - [21/Feb/2012:13:02:09 +0100] "GET /pioneros/index.php?ruti=ruti6 HTTP/1.1" 200 3085 "-" "Mozilla/5.0 (compatible; YandexBot/3.0; +http://yandex.com/bots)"
193.47.80.46 - - [21/Feb/2012:13:18:59 +0100] "GET /robots.txt HTTP/1.1" 404 262 "-" "Mozilla/5.0 (compatible; Exabot/3.0; +http://www.exabot.com/go/robot)"
193.47.80.46 - - [21/Feb/2012:13:18:59 +0100] "GET /pioneros/index.php?ruti=ruti9 HTTP/1.1" 200 5161 "-" "Mozilla/5.0 (compatible; Exabot/3.0; +http://www.exabot.com/go/robot)"
178.154.160.30 - - [21/Feb/2012:14:56:47 +0100] "GET /pioneros/index.php?ruti=ruti10 HTTP/1.1" 200 3623 "-" "Mozilla/5.0 (compatible; YandexBot/3.0; +http://yandex.com/bots)"
66.249.71.113 - - [21/Feb/2012:15:01:59 +0100] "GET /robots.txt HTTP/1.1" 404 262 "-" "Mozilla/5.0 (compatible; Googlebot/2.1; +http://www.google.com/bot.html)"
66.249.71.113 - - [21/Feb/2012:15:01:59 +0100] "GET /pioneros/index.php?ruti=ruti6 HTTP/1.1" 200 3085 "-" "Mozilla/5.0 (iPhone; U; CPU iPhone OS 4_1 like Mac OS X; en-us) AppleWebKit/532.9 (KHTML, like Gecko) Version/4.0.5 Mobile/8B117 Safari/6531.22.7 (compatible; Googlebot-Mobile/2.1; +http://www.google.com/bot.html)"
66.249.71.113 - - [21/Feb/2012:19:43:45 +0100] "GET /pioneros/index-sepulveda.php HTTP/1.1" 200 12750 "-" "Mozilla/5.0 (compatible; Googlebot/2.1; +http://www.google.com/bot.html)"
123.125.71.40 - - [22/Feb/2012:04:37:54 +0100] "GET /robots.txt HTTP/1.1" 404 262 "-" "Baiduspider+(+http://www.baidu.com/search/spider.htm)"
119.63.196.9 - - [22/Feb/2012:07:57:41 +0100] "GET /robots.txt HTTP/1.1" 404 262 "-" "Baiduspider+(+http://www.baidu.com/search/spider.htm)"
178.154.160.30 - - [22/Feb/2012:09:04:30 +0100] "GET /robots.txt HTTP/1.1" 404 320 "-" "Mozilla/5.0 (compatible; YandexBot/3.0; +http://yandex.com/bots)"
208.80.194.34 - - [22/Feb/2012:10:00:34 +0100] "GET / HTTP/1.0" 200 44 "-" "Mozilla/4.0 (compatible; MSIE 7.0; Windows NT 5.1; Videotron; FunWebProducts; .NET CLR 1.1.4322)"
220.181.108.162 - - [22/Feb/2012:10:21:26 +0100] "GET /pioneros HTTP/1.1" 301 270 "-" "Mozilla/5.0 (compatible; Baiduspider/2.0; +http://www.baidu.com/search/spider.html)"
220.181.108.148 - - [22/Feb/2012:10:21:27 +0100] "GET /pioneros/ HTTP/1.1" 200 3990 "-" "Mozilla/5.0 (compatible; Baiduspider/2.0; +http://www.baidu.com/search/spider.html)"
213.186.127.9 - - [22/Feb/2012:17:57:25 +0100] "GET /pioneros/index.php?ruti=ruti5 HTTP/1.1" 200 3780 "-" "Mozilla/5.0 (compatible; AhrefsBot/2.0; +http://ahrefs.com/robot/)"
66.249.72.206 - - [22/Feb/2012:20:37:13 +0100] "GET /robots.txt HTTP/1.1" 404 262 "-" "Mozilla/5.0 (compatible; Googlebot/2.1; +http://www.google.com/bot.html)"
66.249.72.206 - - [22/Feb/2012:20:37:13 +0100] "GET /pioneros/index.php?ruti=ruti7 HTTP/1.1" 200 4506 "-" "Mozilla/5.0 (iPhone; U; CPU iPhone OS 4_1 like Mac OS X; en-us) AppleWebKit/532.9 (KHTML, like Gecko) Version/4.0.5 Mobile/8B117 Safari/6531.22.7 (compatible; Googlebot-Mobile/2.1; +http://www.google.com/bot.html)"
66.249.72.206 - - [23/Feb/2012:01:32:51 +0100] "GET /pioneros/index.php?ruti=ruti17 HTTP/1.1" 200 2635 "-" "Mozilla/5.0 (compatible; Googlebot/2.1; +http://www.google.com/bot.html)"
69.171.229.250 - - [23/Feb/2012:04:53:23 +0100] "GET /pioneros/index.php?ruti=ruti7 HTTP/1.1" 206 4506 "-" "facebookexternalhit/1.1 (+http://www.facebook.com/externalhit_uatext.php)"
178.154.160.30 - - [23/Feb/2012:08:34:47 +0100] "GET /robots.txt HTTP/1.1" 404 320 "-" "Mozilla/5.0 (compatible; YandexBot/3.0; +http://yandex.com/bots)"
119.63.196.116 - - [23/Feb/2012:11:14:21 +0100] "GET /robots.txt HTTP/1.1" 404 262 "-" "Baiduspider+(+http://www.baidu.com/search/spider.htm)"
178.154.160.30 - - [23/Feb/2012:12:49:34 +0100] "GET /pioneros/index.php?ruti=ruti0 HTTP/1.1" 200 3004 "-" "Mozilla/5.0 (compatible; YandexBot/3.0; +http://yandex.com/bots)"
207.46.13.203 - - [23/Feb/2012:13:49:00 +0100] "GET /robots.txt HTTP/1.1" 404 320 "-" "Mozilla/5.0 (compatible; bingbot/2.0; +http://www.bing.com/bingbot.htm)"
66.249.72.206 - - [23/Feb/2012:16:30:07 +0100] "GET /robots.txt HTTP/1.1" 404 262 "-" "Mozilla/5.0 (compatible; Googlebot/2.1; +http://www.google.com/bot.html)"
66.249.72.206 - - [23/Feb/2012:16:30:07 +0100] "GET /pioneros/index.php?ruti=ruti8 HTTP/1.1" 200 5091 "-" "Mozilla/5.0 (iPhone; U; CPU iPhone OS 4_1 like Mac OS X; en-us) AppleWebKit/532.9 (KHTML, like Gecko) Version/4.0.5 Mobile/8B117 Safari/6531.22.7 (compatible; Googlebot-Mobile/2.1; +http://www.google.com/bot.html)"
157.55.18.26 - - [23/Feb/2012:16:54:54 +0100] "GET /robots.txt HTTP/1.1" 404 320 "-" "Mozilla/5.0 (compatible; bingbot/2.0; +http://www.bing.com/bingbot.htm)"
157.55.112.201 - - [23/Feb/2012:17:01:15 +0100] "GET / HTTP/1.1" 200 49 "-" "Mozilla/5.0 (Windows NT 6.1; WOW64) AppleWebKit/534+ (KHTML, like Gecko) BingPreview/1.0b"
178.154.160.30 - - [23/Feb/2012:18:21:35 +0100] "GET /pioneros/index.php?ruti=ruti12 HTTP/1.1" 200 5364 "-" "Mozilla/5.0 (compatible; YandexBot/3.0; +http://yandex.com/bots)"
178.154.160.30 - - [23/Feb/2012:23:44:01 +0100] "GET /pioneros/index.php?ruti=ruti9 HTTP/1.1" 200 5161 "-" "Mozilla/5.0 (compatible; YandexBot/3.0; +http://yandex.com/bots)"
208.115.113.89 - - [23/Feb/2012:23:51:19 +0100] "GET /robots.txt HTTP/1.1" 404 320 "-" "Mozilla/5.0 (compatible; Ezooms/1.0; ezooms.bot@gmail.com)"
208.115.113.89 - - [24/Feb/2012:00:25:32 +0100] "GET /pioneros/index.php?ruti=ruti1 HTTP/1.1" 200 22907 "-" "Mozilla/5.0 (compatible; Ezooms/1.0; ezooms.bot@gmail.com)"
50.56.180.4 - - [24/Feb/2012:01:25:22 +0100] "GET /muieblackcat HTTP/1.1" 404 264 "-" "-"
50.56.180.4 - - [24/Feb/2012:01:25:27 +0100] "GET //scripts/setup.php HTTP/1.1" 404 265 "-" "-"
50.56.180.4 - - [24/Feb/2012:01:25:28 +0100] "GET //admin/scripts/setup.php HTTP/1.1" 404 270 "-" "-"
50.56.180.4 - - [24/Feb/2012:01:25:29 +0100] "GET //admin/pma/scripts/setup.php HTTP/1.1" 404 273 "-" "-"
50.56.180.4 - - [24/Feb/2012:01:25:29 +0100] "GET //admin/phpmyadmin/scripts/setup.php HTTP/1.1" 404 275 "-" "-"
50.56.180.4 - - [24/Feb/2012:01:25:30 +0100] "GET //db/scripts/setup.php HTTP/1.1" 404 267 "-" "-"
50.56.180.4 - - [24/Feb/2012:01:25:30 +0100] "GET //dbadmin/scripts/setup.php HTTP/1.1" 404 272 "-" "-"
50.56.180.4 - - [24/Feb/2012:01:25:31 +0100] "GET //myadmin/scripts/setup.php HTTP/1.1" 404 272 "-" "-"
50.56.180.4 - - [24/Feb/2012:01:25:36 +0100] "GET //mysql/scripts/setup.php HTTP/1.1" 404 271 "-" "-"
50.56.180.4 - - [24/Feb/2012:01:25:37 +0100] "GET //mysqladmin/scripts/setup.php HTTP/1.1" 404 274 "-" "-"
50.56.180.4 - - [24/Feb/2012:01:25:37 +0100] "GET //typo3/phpmyadmin/scripts/setup.php HTTP/1.1" 404 277 "-" "-"
50.56.180.4 - - [24/Feb/2012:01:25:40 +0100] "GET //phpMyAdmin/scripts/setup.php HTTP/1.1" 404 273 "-" "-"
50.56.180.4 - - [24/Feb/2012:01:25:41 +0100] "GET //phpmyadmin/scripts/setup.php HTTP/1.1" 401 364 "-" "-"
50.56.180.4 - - [24/Feb/2012:01:25:41 +0100] "GET //phpmyadmin1/scripts/setup.php HTTP/1.1" 404 274 "-" "-"
50.56.180.4 - - [24/Feb/2012:01:25:41 +0100] "GET //phpmyadmin2/scripts/setup.php HTTP/1.1" 404 274 "-" "-"
50.56.180.4 - - [24/Feb/2012:01:25:41 +0100] "GET //pma/scripts/setup.php HTTP/1.1" 404 269 "-" "-"
50.56.180.4 - - [24/Feb/2012:01:25:42 +0100] "GET //web/phpMyAdmin/scripts/setup.php HTTP/1.1" 404 276 "-" "-"
50.56.180.4 - - [24/Feb/2012:01:25:47 +0100] "GET //xampp/phpmyadmin/scripts/setup.php HTTP/1.1" 404 278 "-" "-"
50.56.180.4 - - [24/Feb/2012:01:25:48 +0100] "GET //web/scripts/setup.php HTTP/1.1" 404 269 "-" "-"
50.56.180.4 - - [24/Feb/2012:01:25:48 +0100] "GET //php-my-admin/scripts/setup.php HTTP/1.1" 404 275 "-" "-"
50.56.180.4 - - [24/Feb/2012:01:25:48 +0100] "GET //websql/scripts/setup.php HTTP/1.1" 404 271 "-" "-"
50.56.180.4 - - [24/Feb/2012:01:25:49 +0100] "GET //phpmyadmin/scripts/setup.php HTTP/1.1" 401 364 "-" "-"
50.56.180.4 - - [24/Feb/2012:01:25:49 +0100] "GET //phpMyAdmin/scripts/setup.php HTTP/1.1" 404 273 "-" "-"
50.56.180.4 - - [24/Feb/2012:01:25:49 +0100] "GET //phpMyAdmin-2/scripts/setup.php HTTP/1.1" 404 275 "-" "-"
50.56.180.4 - - [24/Feb/2012:01:25:50 +0100] "GET //php-my-admin/scripts/setup.php HTTP/1.1" 404 275 "-" "-"
50.56.180.4 - - [24/Feb/2012:01:25:50 +0100] "GET //phpMyAdmin-2.2.3/scripts/setup.php HTTP/1.1" 404 276 "-" "-"
50.56.180.4 - - [24/Feb/2012:01:25:53 +0100] "GET //phpMyAdmin-2.5.1/scripts/setup.php HTTP/1.1" 404 278 "-" "-"
50.56.180.4 - - [24/Feb/2012:01:25:57 +0100] "GET //phpMyAdmin-2.5.5-rc1/scripts/setup.php HTTP/1.1" 404 281 "-" "-"
50.56.180.4 - - [24/Feb/2012:01:26:03 +0100] "GET //phpMyAdmin-2.5.5-rc2/scripts/setup.php HTTP/1.1" 404 281 "-" "-"
50.56.180.4 - - [24/Feb/2012:01:26:03 +0100] "GET //phpMyAdmin-2.5.5/scripts/setup.php HTTP/1.1" 404 278 "-" "-"
50.56.180.4 - - [24/Feb/2012:01:26:03 +0100] "GET //phpMyAdmin-2.5.5-pl1/scripts/setup.php HTTP/1.1" 404 281 "-" "-"
50.56.180.4 - - [24/Feb/2012:01:26:04 +0100] "GET //phpMyAdmin-2.5.6-rc1/scripts/setup.php HTTP/1.1" 404 281 "-" "-"
50.56.180.4 - - [24/Feb/2012:01:26:04 +0100] "GET //phpMyAdmin-2.5.6-rc2/scripts/setup.php HTTP/1.1" 404 281 "-" "-"
50.56.180.4 - - [24/Feb/2012:01:26:04 +0100] "GET //phpMyAdmin-2.5.6/scripts/setup.php HTTP/1.1" 404 278 "-" "-"
50.56.180.4 - - [24/Feb/2012:01:26:05 +0100] "GET //phpMyAdmin-2.5.7/scripts/setup.php HTTP/1.1" 404 278 "-" "-"
50.56.180.4 - - [24/Feb/2012:01:26:05 +0100] "GET //phpMyAdmin-2.5.7-pl1/scripts/setup.php HTTP/1.1" 404 281 "-" "-"
50.56.180.4 - - [24/Feb/2012:01:26:05 +0100] "GET //phpMyAdmin-2.6.0-alpha/scripts/setup.php HTTP/1.1" 404 282 "-" "-"
50.56.180.4 - - [24/Feb/2012:01:26:06 +0100] "GET //phpMyAdmin-2.6.0-alpha2/scripts/setup.php HTTP/1.1" 404 283 "-" "-"
50.56.180.4 - - [24/Feb/2012:01:26:06 +0100] "GET //phpMyAdmin-2.6.0-beta1/scripts/setup.php HTTP/1.1" 404 282 "-" "-"
50.56.180.4 - - [24/Feb/2012:01:26:06 +0100] "GET //phpMyAdmin-2.6.0-beta2/scripts/setup.php HTTP/1.1" 404 282 "-" "-"
50.56.180.4 - - [24/Feb/2012:01:26:07 +0100] "GET //phpMyAdmin-2.6.0-rc1/scripts/setup.php HTTP/1.1" 404 281 "-" "-"
50.56.180.4 - - [24/Feb/2012:01:26:07 +0100] "GET //phpMyAdmin-2.6.0-rc2/scripts/setup.php HTTP/1.1" 404 281 "-" "-"
50.56.180.4 - - [24/Feb/2012:01:26:07 +0100] "GET //phpMyAdmin-2.6.0-rc3/scripts/setup.php HTTP/1.1" 404 282 "-" "-"
50.56.180.4 - - [24/Feb/2012:01:26:07 +0100] "GET //phpMyAdmin-2.6.0/scripts/setup.php HTTP/1.1" 404 278 "-" "-"
50.56.180.4 - - [24/Feb/2012:01:26:08 +0100] "GET //phpMyAdmin-2.6.0-pl1/scripts/setup.php HTTP/1.1" 404 281 "-" "-"
50.56.180.4 - - [24/Feb/2012:01:26:08 +0100] "GET //phpMyAdmin-2.6.0-pl2/scripts/setup.php HTTP/1.1" 404 281 "-" "-"
50.56.180.4 - - [24/Feb/2012:01:26:09 +0100] "GET //phpMyAdmin-2.6.0-pl3/scripts/setup.php HTTP/1.1" 404 282 "-" "-"
50.56.180.4 - - [24/Feb/2012:01:26:09 +0100] "GET //phpMyAdmin-2.6.1-rc1/scripts/setup.php HTTP/1.1" 404 281 "-" "-"
50.56.180.4 - - [24/Feb/2012:01:26:09 +0100] "GET //phpMyAdmin-2.6.1-rc2/scripts/setup.php HTTP/1.1" 404 281 "-" "-"
50.56.180.4 - - [24/Feb/2012:01:26:10 +0100] "GET //phpMyAdmin-2.6.1/scripts/setup.php HTTP/1.1" 404 278 "-" "-"
50.56.180.4 - - [24/Feb/2012:01:26:10 +0100] "GET //phpMyAdmin-2.6.1-pl1/scripts/setup.php HTTP/1.1" 404 281 "-" "-"
50.56.180.4 - - [24/Feb/2012:01:26:10 +0100] "GET //phpMyAdmin-2.6.1-pl2/scripts/setup.php HTTP/1.1" 404 281 "-" "-"
50.56.180.4 - - [24/Feb/2012:01:26:24 +0100] "GET //phpMyAdmin-2.6.2-rc1/scripts/setup.php HTTP/1.1" 404 281 "-" "-"
50.56.180.4 - - [24/Feb/2012:01:26:30 +0100] "GET //phpMyAdmin-2.6.2-beta1/scripts/setup.php HTTP/1.1" 404 282 "-" "-"
50.56.180.4 - - [24/Feb/2012:01:26:30 +0100] "GET //phpMyAdmin-2.6.2-rc1/scripts/setup.php HTTP/1.1" 404 281 "-" "-"
50.56.180.4 - - [24/Feb/2012:01:26:41 +0100] "GET //phpMyAdmin-2.6.2/scripts/setup.php HTTP/1.1" 404 278 "-" "-"
50.56.180.4 - - [24/Feb/2012:01:26:47 +0100] "GET //phpMyAdmin-2.6.2-pl1/scripts/setup.php HTTP/1.1" 404 281 "-" "-"
50.56.180.4 - - [24/Feb/2012:01:26:47 +0100] "GET //phpMyAdmin-2.6.3/scripts/setup.php HTTP/1.1" 404 279 "-" "-"
50.56.180.4 - - [24/Feb/2012:01:26:47 +0100] "GET //phpMyAdmin-2.6.3-rc1/scripts/setup.php HTTP/1.1" 404 281 "-" "-"
50.56.180.4 - - [24/Feb/2012:01:26:48 +0100] "GET //phpMyAdmin-2.6.3/scripts/setup.php HTTP/1.1" 404 279 "-" "-"
50.56.180.4 - - [24/Feb/2012:01:26:48 +0100] "GET //phpMyAdmin-2.6.3-pl1/scripts/setup.php HTTP/1.1" 404 281 "-" "-"
50.56.180.4 - - [24/Feb/2012:01:26:49 +0100] "GET //phpMyAdmin-2.6.4-rc1/scripts/setup.php HTTP/1.1" 404 281 "-" "-"
50.56.180.4 - - [24/Feb/2012:01:26:49 +0100] "GET //phpMyAdmin-2.6.4-pl1/scripts/setup.php HTTP/1.1" 404 281 "-" "-"
50.56.180.4 - - [24/Feb/2012:01:26:55 +0100] "GET //phpMyAdmin-2.6.4-pl2/scripts/setup.php HTTP/1.1" 404 281 "-" "-"
50.56.180.4 - - [24/Feb/2012:01:26:55 +0100] "GET //phpMyAdmin-2.6.4-pl3/scripts/setup.php HTTP/1.1" 404 282 "-" "-"
50.56.180.4 - - [24/Feb/2012:01:27:01 +0100] "GET //phpMyAdmin-2.6.4-pl4/scripts/setup.php HTTP/1.1" 404 281 "-" "-"
50.56.180.4 - - [24/Feb/2012:01:27:01 +0100] "GET //phpMyAdmin-2.6.4/scripts/setup.php HTTP/1.1" 404 278 "-" "-"
50.56.180.4 - - [24/Feb/2012:01:27:10 +0100] "GET //phpMyAdmin-2.7.0-rc1/scripts/setup.php HTTP/1.1" 404 281 "-" "-"
50.56.180.4 - - [24/Feb/2012:01:27:15 +0100] "GET //phpMyAdmin-2.7.0-pl1/scripts/setup.php HTTP/1.1" 404 281 "-" "-"
50.56.180.4 - - [24/Feb/2012:01:27:15 +0100] "GET //phpMyAdmin-2.7.0-pl2/scripts/setup.php HTTP/1.1" 404 281 "-" "-"
50.56.180.4 - - [24/Feb/2012:01:27:16 +0100] "GET //phpMyAdmin-2.7.0/scripts/setup.php HTTP/1.1" 404 278 "-" "-"
50.56.180.4 - - [24/Feb/2012:01:27:16 +0100] "GET //phpMyAdmin-2.8.0-beta1/scripts/setup.php HTTP/1.1" 404 282 "-" "-"
50.56.180.4 - - [24/Feb/2012:01:27:33 +0100] "GET //phpMyAdmin-2.8.0/scripts/setup.php HTTP/1.1" 404 278 "-" "-"
50.56.180.4 - - [24/Feb/2012:01:27:33 +0100] "GET //phpMyAdmin-2.8.0.1/scripts/setup.php HTTP/1.1" 404 280 "-" "-"
50.56.180.4 - - [24/Feb/2012:01:27:34 +0100] "GET //phpMyAdmin-2.8.0.2/scripts/setup.php HTTP/1.1" 404 280 "-" "-"
50.56.180.4 - - [24/Feb/2012:01:27:34 +0100] "GET //phpMyAdmin-2.8.0.3/scripts/setup.php HTTP/1.1" 404 280 "-" "-"
50.56.180.4 - - [24/Feb/2012:01:27:43 +0100] "GET //phpMyAdmin-2.8.1-rc1/scripts/setup.php HTTP/1.1" 404 281 "-" "-"
50.56.180.4 - - [24/Feb/2012:01:27:48 +0100] "GET //phpMyAdmin-2.8.1/scripts/setup.php HTTP/1.1" 404 278 "-" "-"
50.56.180.4 - - [24/Feb/2012:01:27:52 +0100] "GET //sqlmanager/scripts/setup.php HTTP/1.1" 404 274 "-" "-"
50.56.180.4 - - [24/Feb/2012:01:27:55 +0100] "GET //p/m/a/scripts/setup.php HTTP/1.1" 404 270 "-" "-"
50.56.180.4 - - [24/Feb/2012:01:27:56 +0100] "GET //PMA2005/scripts/setup.php HTTP/1.1" 404 272 "-" "-"
50.56.180.4 - - [24/Feb/2012:01:27:56 +0100] "GET //pma2005/scripts/setup.php HTTP/1.1" 404 272 "-" "-"
50.56.180.4 - - [24/Feb/2012:01:27:57 +0100] "GET //phpmanager/scripts/setup.php HTTP/1.1" 404 273 "-" "-"
50.56.180.4 - - [24/Feb/2012:01:27:57 +0100] "GET //php-myadmin/scripts/setup.php HTTP/1.1" 404 274 "-" "-"
50.56.180.4 - - [24/Feb/2012:01:27:57 +0100] "GET //phpmy-admin/scripts/setup.php HTTP/1.1" 404 274 "-" "-"
50.56.180.4 - - [24/Feb/2012:01:27:58 +0100] "GET //webadmin/scripts/setup.php HTTP/1.1" 404 273 "-" "-"
50.56.180.4 - - [24/Feb/2012:01:28:03 +0100] "GET //sqlweb/scripts/setup.php HTTP/1.1" 404 271 "-" "-"
50.56.180.4 - - [24/Feb/2012:01:28:04 +0100] "GET //websql/scripts/setup.php HTTP/1.1" 404 271 "-" "-"
50.56.180.4 - - [24/Feb/2012:01:28:09 +0100] "GET //webdb/scripts/setup.php HTTP/1.1" 404 271 "-" "-"
50.56.180.4 - - [24/Feb/2012:01:28:10 +0100] "GET //mysqladmin/scripts/setup.php HTTP/1.1" 404 274 "-" "-"
50.56.180.4 - - [24/Feb/2012:01:28:10 +0100] "GET //mysql-admin/scripts/setup.php HTTP/1.1" 404 275 "-" "-"
50.56.180.4 - - [24/Feb/2012:01:28:10 +0100] "GET //databaseadmin/scripts/setup.php HTTP/1.1" 404 275 "-" "-"
50.56.180.4 - - [24/Feb/2012:01:28:11 +0100] "GET //admm/scripts/setup.php HTTP/1.1" 404 269 "-" "-"
50.56.180.4 - - [24/Feb/2012:01:28:11 +0100] "GET //admn/scripts/setup.php HTTP/1.1" 404 269 "-" "-"
208.115.113.89 - - [24/Feb/2012:02:07:08 +0100] "GET /robots.txt HTTP/1.1" 404 320 "-" "Mozilla/5.0 (compatible; Ezooms/1.0; ezooms.bot@gmail.com)"
208.115.113.89 - - [24/Feb/2012:02:42:23 +0100] "GET /pioneros/index.php?ruti=ruti3 HTTP/1.1" 200 17912 "-" "Mozilla/5.0 (compatible; Ezooms/1.0; ezooms.bot@gmail.com)"
208.115.113.89 - - [24/Feb/2012:05:34:01 +0100] "GET /robots.txt HTTP/1.1" 404 320 "-" "Mozilla/5.0 (compatible; Ezooms/1.0; ezooms.bot@gmail.com)"
208.115.113.89 - - [24/Feb/2012:06:05:39 +0100] "GET /pioneros/index.php?ruti=ruti5 HTTP/1.1" 200 19248 "-" "Mozilla/5.0 (compatible; Ezooms/1.0; ezooms.bot@gmail.com)"
208.115.111.73 - - [24/Feb/2012:06:24:56 +0100] "GET /robots.txt HTTP/1.1" 404 320 "-" "Mozilla/5.0 (compatible; Ezooms/1.0; ezooms.bot@gmail.com)"
208.115.111.73 - - [24/Feb/2012:06:55:15 +0100] "GET /pioneros/index.php?ruti=ruti0 HTTP/1.1" 200 16674 "-" "Mozilla/5.0 (compatible; Ezooms/1.0; ezooms.bot@gmail.com)"
119.63.196.51 - - [24/Feb/2012:07:55:59 +0100] "GET /robots.txt HTTP/1.1" 404 262 "-" "Baiduspider+(+http://www.baidu.com/search/spider.htm)"
178.154.160.30 - - [24/Feb/2012:09:38:44 +0100] "GET /robots.txt HTTP/1.1" 404 320 "-" "Mozilla/5.0 (compatible; YandexBot/3.0; +http://yandex.com/bots)"
208.115.113.89 - - [24/Feb/2012:09:42:10 +0100] "GET /robots.txt HTTP/1.1" 404 320 "-" "Mozilla/5.0 (compatible; Ezooms/1.0; ezooms.bot@gmail.com)"
208.115.113.89 - - [24/Feb/2012:10:10:54 +0100] "GET /pioneros/index.php?ruti=ruti7 HTTP/1.1" 200 27923 "-" "Mozilla/5.0 (compatible; Ezooms/1.0; ezooms.bot@gmail.com)"
208.115.111.73 - - [24/Feb/2012:10:16:45 +0100] "GET /robots.txt HTTP/1.1" 404 320 "-" "Mozilla/5.0 (compatible; Ezooms/1.0; ezooms.bot@gmail.com)"
208.115.111.73 - - [24/Feb/2012:10:45:44 +0100] "GET /pioneros/index.php?ruti=ruti2 HTTP/1.1" 200 27984 "-" "Mozilla/5.0 (compatible; Ezooms/1.0; ezooms.bot@gmail.com)"
208.115.111.73 - - [24/Feb/2012:13:53:29 +0100] "GET /robots.txt HTTP/1.1" 404 320 "-" "Mozilla/5.0 (compatible; Ezooms/1.0; ezooms.bot@gmail.com)"
208.115.111.73 - - [24/Feb/2012:14:39:27 +0100] "GET /pioneros/index.php?ruti=ruti4 HTTP/1.1" 200 13973 "-" "Mozilla/5.0 (compatible; Ezooms/1.0; ezooms.bot@gmail.com)"
208.80.194.27 - - [24/Feb/2012:15:21:44 +0100] "GET / HTTP/1.0" 200 44 "-" "Mozilla/4.0 (compatible; MSIE 7.0; Windows NT 5.1; YPC 3.0.3; FunWebProducts; .NET CLR 1.1.4322)"
178.154.160.30 - - [24/Feb/2012:15:48:52 +0100] "GET /pioneros/index.php?ruti=ruti14 HTTP/1.1" 200 3112 "-" "Mozilla/5.0 (compatible; YandexBot/3.0; +http://yandex.com/bots)"
208.115.113.89 - - [24/Feb/2012:16:39:26 +0100] "GET /robots.txt HTTP/1.1" 404 320 "-" "Mozilla/5.0 (compatible; Ezooms/1.0; ezooms.bot@gmail.com)"
77.75.77.17 - - [24/Feb/2012:16:56:31 +0100] "GET /robots.txt HTTP/1.1" 404 262 "-" "SeznamBot/3.0 (+http://fulltext.sblog.cz/)"
77.75.77.17 - - [24/Feb/2012:16:56:32 +0100] "GET /pioneros/index.php?ruti=ruti6 HTTP/1.1" 200 3085 "-" "SeznamBot/3.0 (+http://fulltext.sblog.cz/)"
77.75.77.17 - - [24/Feb/2012:16:56:32 +0100] "GET /pioneros/index.php?ruti=ruti4 HTTP/1.1" 200 3033 "-" "SeznamBot/3.0 (+http://fulltext.sblog.cz/)"
77.75.77.17 - - [24/Feb/2012:16:56:33 +0100] "GET /pioneros/index.php?ruti=ruti8 HTTP/1.1" 200 5091 "-" "SeznamBot/3.0 (+http://fulltext.sblog.cz/)"
77.75.77.17 - - [24/Feb/2012:16:56:33 +0100] "GET /pioneros/index.php?ruti=ruti10 HTTP/1.1" 200 3623 "-" "SeznamBot/3.0 (+http://fulltext.sblog.cz/)"
208.115.113.89 - - [24/Feb/2012:17:15:20 +0100] "GET /pioneros/index.php?ruti=ruti9 HTTP/1.1" 200 30324 "-" "Mozilla/5.0 (compatible; Ezooms/1.0; ezooms.bot@gmail.com)"
208.115.111.73 - - [24/Feb/2012:18:12:11 +0100] "GET /robots.txt HTTP/1.1" 404 320 "-" "Mozilla/5.0 (compatible; Ezooms/1.0; ezooms.bot@gmail.com)"
178.154.160.30 - - [24/Feb/2012:18:47:27 +0100] "GET /pioneros/index.php?ruti=ruti10 HTTP/1.1" 200 3623 "-" "Mozilla/5.0 (compatible; YandexBot/3.0; +http://yandex.com/bots)"
208.115.111.73 - - [24/Feb/2012:18:54:56 +0100] "GET /pioneros/index.php?ruti=ruti6 HTTP/1.1" 200 15366 "-" "Mozilla/5.0 (compatible; Ezooms/1.0; ezooms.bot@gmail.com)"
66.249.72.247 - - [24/Feb/2012:18:56:44 +0100] "GET /robots.txt HTTP/1.1" 404 262 "-" "Mozilla/5.0 (compatible; Googlebot/2.1; +http://www.google.com/bot.html)"
66.249.72.247 - - [24/Feb/2012:18:56:44 +0100] "GET /pioneros/index.php?ruti=ruti9 HTTP/1.1" 200 5161 "-" "Mozilla/5.0 (iPhone; U; CPU iPhone OS 4_1 like Mac OS X; en-us) AppleWebKit/532.9 (KHTML, like Gecko) Version/4.0.5 Mobile/8B117 Safari/6531.22.7 (compatible; Googlebot-Mobile/2.1; +http://www.google.com/bot.html)"
123.125.71.43 - - [24/Feb/2012:19:30:28 +0100] "GET /robots.txt HTTP/1.1" 404 262 "-" "Baiduspider+(+http://www.baidu.com/search/spider.htm)"
208.115.111.73 - - [24/Feb/2012:23:22:25 +0100] "GET /robots.txt HTTP/1.1" 404 320 "-" "Mozilla/5.0 (compatible; Ezooms/1.0; ezooms.bot@gmail.com)"
208.115.111.73 - - [24/Feb/2012:23:59:35 +0100] "GET /pioneros/index.php?ruti=ruti8 HTTP/1.1" 200 29886 "-" "Mozilla/5.0 (compatible; Ezooms/1.0; ezooms.bot@gmail.com)"
178.154.160.30 - - [25/Feb/2012:00:17:30 +0100] "GET /pioneros/index.php?ruti=ruti8 HTTP/1.1" 200 5091 "-" "Mozilla/5.0 (compatible; YandexBot/3.0; +http://yandex.com/bots)"
208.115.111.73 - - [25/Feb/2012:01:09:25 +0100] "GET /robots.txt HTTP/1.1" 404 320 "-" "Mozilla/5.0 (compatible; Ezooms/1.0; ezooms.bot@gmail.com)"
208.115.111.73 - - [25/Feb/2012:01:45:33 +0100] "GET /pioneros/index.php?ruti=ruti8 HTTP/1.1" 200 29886 "-" "Mozilla/5.0 (compatible; Ezooms/1.0; ezooms.bot@gmail.com)"
178.154.160.30 - - [25/Feb/2012:02:18:58 +0100] "GET /pioneros/index.php?ruti=ruti3 HTTP/1.1" 200 3858 "-" "Mozilla/5.0 (compatible; YandexBot/3.0; +http://yandex.com/bots)"
119.63.196.43 - - [25/Feb/2012:13:22:44 +0100] "GET /robots.txt HTTP/1.1" 404 262 "-" "Baiduspider+(+http://www.baidu.com/search/spider.htm)"
178.154.160.30 - - [25/Feb/2012:17:50:10 +0100] "GET /robots.txt HTTP/1.1" 404 320 "-" "Mozilla/5.0 (compatible; YandexBot/3.0; +http://yandex.com/bots)"
69.171.234.3 - - [25/Feb/2012:18:18:44 +0100] "GET /pioneros/index.php?ruti=ruti0 HTTP/1.1" 206 3004 "-" "facebookexternalhit/1.1 (+http://www.facebook.com/externalhit_uatext.php)"
178.154.160.30 - - [25/Feb/2012:21:03:51 +0100] "GET /pioneros/function.mysql-connect HTTP/1.1" 404 276 "-" "Mozilla/5.0 (compatible; YandexBot/3.0; +http://yandex.com/bots)"
77.75.77.17 - - [25/Feb/2012:21:48:50 +0100] "GET /robots.txt HTTP/1.1" 404 262 "-" "SeznamBot/3.0 (+http://fulltext.sblog.cz/)"
77.75.77.17 - - [25/Feb/2012:21:48:51 +0100] "GET /pioneros/index.php?ruti=ruti16 HTTP/1.1" 200 2986 "-" "SeznamBot/3.0 (+http://fulltext.sblog.cz/)"
178.154.160.30 - - [26/Feb/2012:00:21:48 +0100] "GET /pioneros/index.php?ruti=ruti5 HTTP/1.1" 200 3780 "-" "Mozilla/5.0 (compatible; YandexBot/3.0; +http://yandex.com/bots)"
178.154.160.30 - - [26/Feb/2012:02:58:22 +0100] "GET /pioneros/index.php?ruti=ruti1 HTTP/1.1" 200 3990 "-" "Mozilla/5.0 (compatible; YandexBot/3.0; +http://yandex.com/bots)"
178.154.160.30 - - [26/Feb/2012:06:09:56 +0100] "GET /pioneros/index.php?ruti=ruti15 HTTP/1.1" 408 263 "-" "Mozilla/5.0 (compatible; YandexBot/3.0; +http://yandex.com/bots)"
178.154.160.30 - - [26/Feb/2012:06:09:57 +0100] "GET /pioneros/index.php?ruti=ruti15 HTTP/1.1" 200 5093 "-" "Mozilla/5.0 (compatible; YandexBot/3.0; +http://yandex.com/bots)"
178.154.160.30 - - [26/Feb/2012:08:42:10 +0100] "GET /pioneros/index.php?ruti=ruti11 HTTP/1.1" 200 4094 "-" "Mozilla/5.0 (compatible; YandexBot/3.0; +http://yandex.com/bots)"
178.154.160.30 - - [26/Feb/2012:08:56:16 +0100] "GET /pioneros/index.php?ruti=ruti2 HTTP/1.1" 200 5065 "-" "Mozilla/5.0 (compatible; YandexBot/3.0; +http://yandex.com/bots)"
213.186.127.9 - - [26/Feb/2012:12:09:19 +0100] "GET /robots.txt HTTP/1.1" 404 262 "-" "Mozilla/5.0 (compatible; AhrefsBot/2.0; +http://ahrefs.com/robot/)"
77.75.77.17 - - [26/Feb/2012:15:24:59 +0100] "GET /robots.txt HTTP/1.1" 404 262 "-" "SeznamBot/3.0 (+http://fulltext.sblog.cz/)"
77.75.77.17 - - [26/Feb/2012:15:25:00 +0100] "GET /pioneros/index.php?ruti=ruti12 HTTP/1.1" 200 5364 "-" "SeznamBot/3.0 (+http://fulltext.sblog.cz/)"
77.75.77.17 - - [26/Feb/2012:15:25:00 +0100] "GET /pioneros/index.php?ruti=ruti2 HTTP/1.1" 200 5065 "-" "SeznamBot/3.0 (+http://fulltext.sblog.cz/)"
119.63.196.19 - - [26/Feb/2012:16:38:38 +0100] "GET /robots.txt HTTP/1.1" 404 262 "-" "Baiduspider+(+http://www.baidu.com/search/spider.htm)"
178.154.160.30 - - [26/Feb/2012:18:28:03 +0100] "GET /robots.txt HTTP/1.1" 404 320 "-" "Mozilla/5.0 (compatible; YandexBot/3.0; +http://yandex.com/bots)"
123.125.71.50 - - [26/Feb/2012:18:29:45 +0100] "GET /robots.txt HTTP/1.1" 404 262 "-" "Baiduspider+(+http://www.baidu.com/search/spider.htm)"
213.186.127.9 - - [26/Feb/2012:18:41:23 +0100] "GET /pioneros/index.php?ruti=ruti4 HTTP/1.1" 200 3033 "-" "Mozilla/5.0 (compatible; AhrefsBot/2.0; +http://ahrefs.com/robot/)"
178.154.160.30 - - [26/Feb/2012:20:34:56 +0100] "GET /pioneros/index.php?ruti=ruti16 HTTP/1.1" 200 2986 "-" "Mozilla/5.0 (compatible; YandexBot/3.0; +http://yandex.com/bots)"
178.154.160.30 - - [26/Feb/2012:21:11:58 +0100] "GET /pioneros/index.php?ruti=ruti4 HTTP/1.1" 200 3033 "-" "Mozilla/5.0 (compatible; YandexBot/3.0; +http://yandex.com/bots)"
208.80.194.28 - - [27/Feb/2012:00:16:32 +0100] "GET / HTTP/1.0" 200 44 "-" "Mozilla/4.0 (compatible; MSIE 7.0; Windows NT 5.1; Fuse Internet Access Services from Cincinnati Bell.)"
65.52.109.25 - - [27/Feb/2012:05:03:56 +0100] "GET /robots.txt HTTP/1.1" 404 320 "-" "Mozilla/5.0 (compatible; bingbot/2.0; +http://www.bing.com/bingbot.htm)"
65.52.109.25 - - [27/Feb/2012:05:04:38 +0100] "GET /pioneros/ HTTP/1.1" 200 3990 "-" "Mozilla/5.0 (compatible; bingbot/2.0; +http://www.bing.com/bingbot.htm)"
69.171.224.248 - - [27/Feb/2012:08:04:47 +0100] "GET /imagenes/maquetacion/imagen_cabecera-3.jpg HTTP/1.1" 200 14086 "-" "facebookexternalhit/1.0 (+http://www.facebook.com/externalhit_uatext.php)"
207.46.13.157 - - [27/Feb/2012:09:04:29 +0100] "GET /robots.txt HTTP/1.1" 404 320 "-" "Mozilla/5.0 (compatible; bingbot/2.0; +http://www.bing.com/bingbot.htm)"
207.46.13.157 - - [27/Feb/2012:09:05:31 +0100] "GET /pioneros/index.php?ruti=ruti5 HTTP/1.1" 200 3780 "-" "Mozilla/5.0 (compatible; bingbot/2.0; +http://www.bing.com/bingbot.htm)"
119.63.196.74 - - [27/Feb/2012:11:51:49 +0100] "GET /robots.txt HTTP/1.1" 404 262 "-" "Baiduspider+(+http://www.baidu.com/search/spider.htm)"
123.125.71.57 - - [27/Feb/2012:13:48:56 +0100] "GET /robots.txt HTTP/1.1" 404 262 "-" "Baiduspider+(+http://www.baidu.com/search/spider.htm)"
213.186.127.9 - - [27/Feb/2012:15:41:29 +0100] "GET /pioneros/index.php?ruti=ruti10 HTTP/1.1" 200 3623 "-" "Mozilla/5.0 (compatible; AhrefsBot/2.0; +http://ahrefs.com/robot/)"
69.171.234.6 - - [27/Feb/2012:17:38:19 +0100] "GET /imagenes/maquetacion/imagen_cabecera-3.jpg HTTP/1.1" 200 14086 "-" "facebookexternalhit/1.0 (+http://www.facebook.com/externalhit_uatext.php)"
213.186.127.9 - - [27/Feb/2012:21:37:14 +0100] "GET /robots.txt HTTP/1.1" 404 262 "-" "Mozilla/5.0 (compatible; AhrefsBot/2.0; +http://ahrefs.com/robot/)"
107.20.7.55 - - [27/Feb/2012:22:25:32 +0100] "HEAD / HTTP/1.1" 200 - "http://www.netcraft.com/survey/" "Mozilla/4.0 (compatible; Netcraft Web Server Survey)"
85.61.64.11 - - [28/Feb/2012:00:21:33 +0100] "GET /pioneros/index.php?ruti=ruti5 HTTP/1.1" 200 3780 "http://blogs.rallyamali.com/" "Mozilla/5.0 (Windows NT 6.0) AppleWebKit/535.11 (KHTML, like Gecko) Chrome/17.0.963.56 Safari/535.11"
85.61.64.11 - - [28/Feb/2012:00:21:37 +0100] "GET /imagenes/maquetacion/imagen_cabecera-3.jpg HTTP/1.1" 200 14086 "http://mapas.rallyamali.com/pioneros/index.php?ruti=ruti5" "Mozilla/5.0 (Windows NT 6.0) AppleWebKit/535.11 (KHTML, like Gecko) Chrome/17.0.963.56 Safari/535.11"
85.61.64.11 - - [28/Feb/2012:00:21:37 +0100] "GET /imagenes/iconos/marca_cruz_roja-rally_a_mali-8x8.png HTTP/1.1" 200 281 "http://mapas.rallyamali.com/pioneros/index.php?ruti=ruti5" "Mozilla/5.0 (Windows NT 6.0) AppleWebKit/535.11 (KHTML, like Gecko) Chrome/17.0.963.56 Safari/535.11"
85.61.64.11 - - [28/Feb/2012:00:21:38 +0100] "GET /favicon.ico HTTP/1.1" 404 261 "-" "Mozilla/5.0 (Windows NT 6.0) AppleWebKit/535.11 (KHTML, like Gecko) Chrome/17.0.963.56 Safari/535.11"
85.61.64.11 - - [28/Feb/2012:00:21:57 +0100] "GET /pioneros/index.php?ruti=ruti5 HTTP/1.1" 200 3780 "http://mapas.rallyamali.com/pioneros/index.php?ruti=ruti5" "Mozilla/5.0 (Windows NT 6.0) AppleWebKit/535.11 (KHTML, like Gecko) Chrome/17.0.963.56 Safari/535.11"
85.61.64.11 - - [28/Feb/2012:00:22:00 +0100] "GET /favicon.ico HTTP/1.1" 404 261 "-" "Mozilla/5.0 (Windows NT 6.0) AppleWebKit/535.11 (KHTML, like Gecko) Chrome/17.0.963.56 Safari/535.11"
119.63.196.13 - - [28/Feb/2012:11:10:36 +0100] "GET /robots.txt HTTP/1.1" 404 262 "-" "Baiduspider+(+http://www.baidu.com/search/spider.htm)"
213.186.127.9 - - [28/Feb/2012:12:41:13 +0100] "GET /pioneros/index.php?ruti=ruti5 HTTP/1.1" 200 3780 "-" "Mozilla/5.0 (compatible; AhrefsBot/2.0; +http://ahrefs.com/robot/)"
123.125.71.43 - - [28/Feb/2012:13:02:59 +0100] "GET /robots.txt HTTP/1.1" 404 262 "-" "Baiduspider+(+http://www.baidu.com/search/spider.htm)"
130.83.167.153 - - [28/Feb/2012:14:42:40 +0100] "GET /pioneros HTTP/1.1" 301 357 "-" "findlinks/2.0.4 (+http://wortschatz.uni-leipzig.de/findlinks/)"
130.83.167.153 - - [28/Feb/2012:14:42:40 +0100] "GET /pioneros/ HTTP/1.1" 200 22907 "-" "findlinks/2.0.4 (+http://wortschatz.uni-leipzig.de/findlinks/)"
77.75.77.17 - - [29/Feb/2012:01:15:40 +0100] "GET /robots.txt HTTP/1.1" 404 262 "-" "SeznamBot/3.0 (+http://fulltext.sblog.cz/)"
77.75.77.17 - - [29/Feb/2012:01:15:40 +0100] "GET /pioneros/index.php?ruti=ruti17 HTTP/1.1" 200 2635 "-" "SeznamBot/3.0 (+http://fulltext.sblog.cz/)"
77.75.77.17 - - [29/Feb/2012:01:15:41 +0100] "GET /pioneros/index.php?ruti=ruti11 HTTP/1.1" 200 4094 "-" "SeznamBot/3.0 (+http://fulltext.sblog.cz/)"
208.80.194.35 - - [29/Feb/2012:06:38:53 +0100] "GET / HTTP/1.0" 200 44 "-" "Mozilla/4.0 (compatible; MSIE 6.0; America Online Browser 1.1; Windows NT 5.1; SV1; FunWebProducts; .NET CLR 1.1.4322; .NET CLR 2.0.50727; InfoPath.1)"
213.186.127.9 - - [29/Feb/2012:09:41:28 +0100] "GET /pioneros/index.php?ruti=ruti15 HTTP/1.1" 200 5093 "-" "Mozilla/5.0 (compatible; AhrefsBot/2.0; +http://ahrefs.com/robot/)"
213.186.127.9 - - [29/Feb/2012:11:15:12 +0100] "GET /pioneros HTTP/1.1" 301 270 "-" "Mozilla/5.0 (compatible; AhrefsBot/2.0; +http://ahrefs.com/robot/)"
119.63.196.89 - - [29/Feb/2012:16:54:17 +0100] "GET /robots.txt HTTP/1.1" 404 262 "-" "Baiduspider+(+http://www.baidu.com/search/spider.htm)"
50.17.3.9 - - [29/Feb/2012:22:12:08 +0100] "GET / HTTP/1.0" 200 44 "-" "Mozilla/5.0 (compatible; NetcraftSurveyAgent/1.0; +info@netcraft.com)"
213.186.127.9 - - [01/Mar/2012:06:40:39 +0100] "GET /pioneros/index.php?ruti=ruti6 HTTP/1.1" 200 3085 "-" "Mozilla/5.0 (compatible; AhrefsBot/2.0; +http://ahrefs.com/robot/)"
96.2.82.137 - - [01/Mar/2012:14:08:25 +0100] "GET /robots.txt HTTP/1.0" 404 320 "-" "Mozilla/5.0 (compatible; MJ12bot/v1.4.2; http://www.majestic12.co.uk/bot.php?+)"
96.2.82.137 - - [01/Mar/2012:14:08:27 +0100] "GET /pioneros/index.php?ruti=ruti10 HTTP/1.1" 200 19706 "-" "Mozilla/5.0 (compatible; MJ12bot/v1.4.2; http://www.majestic12.co.uk/bot.php?+)"
119.63.196.57 - - [01/Mar/2012:16:04:16 +0100] "GET /robots.txt HTTP/1.1" 404 262 "-" "Baiduspider+(+http://www.baidu.com/search/spider.htm)"
123.125.71.56 - - [01/Mar/2012:18:23:17 +0100] "GET /robots.txt HTTP/1.1" 404 262 "-" "Baiduspider+(+http://www.baidu.com/search/spider.htm)"
220.181.108.149 - - [01/Mar/2012:18:24:07 +0100] "GET /pioneros HTTP/1.1" 301 270 "-" "Mozilla/5.0 (compatible; Baiduspider/2.0; +http://www.baidu.com/search/spider.html)"
220.181.108.148 - - [01/Mar/2012:18:24:08 +0100] "GET /pioneros/ HTTP/1.1" 200 3990 "-" "Mozilla/5.0 (compatible; Baiduspider/2.0; +http://www.baidu.com/search/spider.html)"
69.171.230.247 - - [01/Mar/2012:18:53:36 +0100] "GET /pioneros/ HTTP/1.1" 206 3990 "-" "facebookexternalhit/1.1 (+http://www.facebook.com/externalhit_uatext.php)"
173.224.120.28 - - [02/Mar/2012:01:06:46 +0100] "GET //scripts/setup.php HTTP/1.1" 404 265 "-" "-"
173.224.120.28 - - [02/Mar/2012:01:06:49 +0100] "GET //dbadmin/scripts/setup.php HTTP/1.1" 404 272 "-" "-"
173.224.120.28 - - [02/Mar/2012:01:06:52 +0100] "GET //mysql/scripts/setup.php HTTP/1.1" 404 271 "-" "-"
173.224.120.28 - - [02/Mar/2012:01:06:52 +0100] "GET //mysqladmin/scripts/setup.php HTTP/1.1" 404 274 "-" "-"
173.224.120.28 - - [02/Mar/2012:01:06:53 +0100] "GET //phpadmin/scripts/setup.php HTTP/1.1" 404 272 "-" "-"
173.224.120.28 - - [02/Mar/2012:01:06:59 +0100] "GET //phpmyadmin1/scripts/setup.php HTTP/1.1" 404 274 "-" "-"
173.224.120.28 - - [02/Mar/2012:01:06:59 +0100] "GET //phpmyadmin2/scripts/setup.php HTTP/1.1" 404 274 "-" "-"
66.249.72.247 - - [02/Mar/2012:10:06:58 +0100] "GET /robots.txt HTTP/1.1" 404 262 "-" "Mozilla/5.0 (compatible; Googlebot/2.1; +http://www.google.com/bot.html)"
66.249.72.247 - - [02/Mar/2012:10:06:58 +0100] "GET /pioneros/ HTTP/1.1" 200 3990 "-" "Mozilla/5.0 (iPhone; U; CPU iPhone OS 4_1 like Mac OS X; en-us) AppleWebKit/532.9 (KHTML, like Gecko) Version/4.0.5 Mobile/8B117 Safari/6531.22.7 (compatible; Googlebot-Mobile/2.1; +http://www.google.com/bot.html)"
119.63.196.82 - - [02/Mar/2012:11:31:34 +0100] "GET /robots.txt HTTP/1.1" 404 262 "-" "Baiduspider+(+http://www.baidu.com/search/spider.htm)"
208.80.194.37 - - [02/Mar/2012:12:54:05 +0100] "GET / HTTP/1.0" 200 44 "-" "Mozilla/4.0 (compatible; MSIE 6.0; Windows NT 5.1; MSN 8.0; MSNbMSNI; MSNmen-us; MSNcOTH)"
213.186.127.9 - - [02/Mar/2012:14:09:29 +0100] "GET /pioneros/index.php?ruti=ruti7 HTTP/1.1" 200 4506 "-" "Mozilla/5.0 (compatible; AhrefsBot/2.0; +http://ahrefs.com/robot/)"
77.75.77.11 - - [02/Mar/2012:18:38:43 +0100] "GET /robots.txt HTTP/1.1" 404 262 "-" "SeznamBot/3.0 (+http://fulltext.sblog.cz/)"
77.75.77.11 - - [02/Mar/2012:18:38:44 +0100] "GET /pioneros/index.php?ruti=ruti10 HTTP/1.1" 200 3623 "-" "SeznamBot/3.0 (+http://fulltext.sblog.cz/)"
77.75.77.11 - - [02/Mar/2012:18:38:44 +0100] "GET /pioneros/index.php?ruti=ruti4 HTTP/1.1" 200 3033 "-" "SeznamBot/3.0 (+http://fulltext.sblog.cz/)"
77.75.77.11 - - [02/Mar/2012:18:38:44 +0100] "GET /pioneros/index.php?ruti=ruti8 HTTP/1.1" 200 5091 "-" "SeznamBot/3.0 (+http://fulltext.sblog.cz/)"
77.75.77.11 - - [02/Mar/2012:18:38:45 +0100] "GET /pioneros/index.php?ruti=ruti6 HTTP/1.1" 200 3085 "-" "SeznamBot/3.0 (+http://fulltext.sblog.cz/)"
213.186.127.9 - - [03/Mar/2012:00:41:22 +0100] "GET /pioneros/index.php?ruti=ruti16 HTTP/1.1" 200 2986 "-" "Mozilla/5.0 (compatible; AhrefsBot/2.0; +http://ahrefs.com/robot/)"
119.63.196.119 - - [03/Mar/2012:08:08:04 +0100] "GET /robots.txt HTTP/1.1" 404 262 "-" "Baiduspider+(+http://www.baidu.com/search/spider.htm)"
213.186.127.9 - - [03/Mar/2012:11:11:23 +0100] "GET /pioneros/index.php?ruti=ruti8 HTTP/1.1" 200 5091 "-" "Mozilla/5.0 (compatible; AhrefsBot/2.0; +http://ahrefs.com/robot/)"
66.249.72.247 - - [03/Mar/2012:11:16:06 +0100] "GET /robots.txt HTTP/1.1" 404 262 "-" "Mozilla/5.0 (compatible; Googlebot/2.1; +http://www.google.com/bot.html)"
66.249.72.247 - - [03/Mar/2012:11:16:06 +0100] "GET /pioneros/index.php?ruti=ruti2 HTTP/1.1" 200 5065 "-" "Mozilla/5.0 (compatible; Googlebot/2.1; +http://www.google.com/bot.html)"
69.171.234.7 - - [03/Mar/2012:12:57:21 +0100] "GET /pioneros/index.php?ruti=ruti7 HTTP/1.1" 206 4506 "-" "facebookexternalhit/1.1 (+http://www.facebook.com/externalhit_uatext.php)"
123.125.71.52 - - [03/Mar/2012:14:58:07 +0100] "GET /robots.txt HTTP/1.1" 404 262 "-" "Baiduspider+(+http://www.baidu.com/search/spider.htm)"
66.219.58.42 - - [03/Mar/2012:15:19:25 +0100] "GET /robots.txt HTTP/1.1" 404 262 "-" "MLBot (www.metadatalabs.com/mlbot)"
66.219.58.42 - - [03/Mar/2012:15:19:25 +0100] "GET /pioneros HTTP/1.1" 301 270 "-" "MLBot (www.metadatalabs.com/mlbot)"
66.219.58.42 - - [03/Mar/2012:15:27:19 +0100] "GET /pioneros/ HTTP/1.1" 200 3990 "-" "MLBot (www.metadatalabs.com/mlbot)"
66.219.58.42 - - [03/Mar/2012:15:33:33 +0100] "GET /pioneros/index.php?ruti=ruti11 HTTP/1.1" 200 4094 "-" "MLBot (www.metadatalabs.com/mlbot)"
66.219.58.42 - - [03/Mar/2012:15:38:26 +0100] "GET /pioneros/index.php?ruti=ruti6 HTTP/1.1" 200 3085 "-" "MLBot (www.metadatalabs.com/mlbot)"
66.219.58.42 - - [03/Mar/2012:15:42:00 +0100] "GET /pioneros/index.php?ruti=ruti7 HTTP/1.1" 200 4506 "-" "MLBot (www.metadatalabs.com/mlbot)"
66.219.58.42 - - [03/Mar/2012:15:45:02 +0100] "GET /pioneros/index.php?ruti=ruti3 HTTP/1.1" 200 3858 "-" "MLBot (www.metadatalabs.com/mlbot)"
66.219.58.42 - - [03/Mar/2012:15:47:46 +0100] "GET /pioneros/index.php?ruti=ruti1 HTTP/1.1" 200 3990 "-" "MLBot (www.metadatalabs.com/mlbot)"
66.219.58.42 - - [03/Mar/2012:15:50:00 +0100] "GET /pioneros/index.php?ruti=ruti14 HTTP/1.1" 200 3112 "-" "MLBot (www.metadatalabs.com/mlbot)"
66.219.58.42 - - [03/Mar/2012:15:52:00 +0100] "GET /pioneros/index.php?ruti=ruti9 HTTP/1.1" 200 5161 "-" "MLBot (www.metadatalabs.com/mlbot)"
66.219.58.42 - - [03/Mar/2012:15:53:36 +0100] "GET /pioneros/index.php?ruti=ruti15 HTTP/1.1" 200 5093 "-" "MLBot (www.metadatalabs.com/mlbot)"
66.219.58.42 - - [03/Mar/2012:15:54:50 +0100] "GET /pioneros/index.php?ruti=ruti8 HTTP/1.1" 200 5091 "-" "MLBot (www.metadatalabs.com/mlbot)"
66.219.58.42 - - [03/Mar/2012:15:55:56 +0100] "GET /pioneros/index.php?ruti=ruti2 HTTP/1.1" 200 5065 "-" "MLBot (www.metadatalabs.com/mlbot)"
66.219.58.42 - - [03/Mar/2012:15:56:49 +0100] "GET /pioneros/index.php?ruti=ruti17 HTTP/1.1" 200 2635 "-" "MLBot (www.metadatalabs.com/mlbot)"
66.219.58.42 - - [03/Mar/2012:15:57:48 +0100] "GET /pioneros/index.php?ruti=ruti12 HTTP/1.1" 200 5364 "-" "MLBot (www.metadatalabs.com/mlbot)"
66.219.58.42 - - [03/Mar/2012:15:59:03 +0100] "GET /pioneros/index.php?ruti=ruti10 HTTP/1.1" 200 3623 "-" "MLBot (www.metadatalabs.com/mlbot)"
66.219.58.42 - - [03/Mar/2012:16:00:09 +0100] "GET /pioneros/index.php?ruti=ruti4 HTTP/1.1" 200 3033 "-" "MLBot (www.metadatalabs.com/mlbot)"
66.219.58.42 - - [03/Mar/2012:16:01:01 +0100] "GET /pioneros/index.php?ruti=ruti18 HTTP/1.1" 200 3941 "-" "MLBot (www.metadatalabs.com/mlbot)"
66.219.58.42 - - [03/Mar/2012:16:02:56 +0100] "GET /pioneros/index.php?ruti=ruti16 HTTP/1.1" 200 2986 "-" "MLBot (www.metadatalabs.com/mlbot)"
66.219.58.42 - - [03/Mar/2012:16:04:10 +0100] "GET /pioneros/index.php?ruti=ruti0 HTTP/1.1" 200 3004 "-" "MLBot (www.metadatalabs.com/mlbot)"
66.219.58.42 - - [03/Mar/2012:16:05:19 +0100] "GET /pioneros/index.php?ruti=ruti5 HTTP/1.1" 200 3780 "-" "MLBot (www.metadatalabs.com/mlbot)"
68.193.148.159 - - [03/Mar/2012:18:35:19 +0100] "GET /robots.txt HTTP/1.0" 404 320 "-" "Mozilla/5.0 (compatible; MJ12bot/v1.4.2; http://www.majestic12.co.uk/bot.php?+)"
68.193.148.159 - - [03/Mar/2012:18:35:22 +0100] "GET /pioneros HTTP/1.1" 301 357 "-" "Mozilla/5.0 (compatible; MJ12bot/v1.4.2; http://www.majestic12.co.uk/bot.php?+)"
68.193.148.159 - - [03/Mar/2012:18:35:27 +0100] "GET /pioneros/ HTTP/1.1" 200 22907 "-" "Mozilla/5.0 (compatible; MJ12bot/v1.4.2; http://www.majestic12.co.uk/bot.php?+)"
65.52.109.146 - - [03/Mar/2012:19:35:05 +0100] "GET /robots.txt HTTP/1.1" 404 320 "-" "Mozilla/5.0 (compatible; bingbot/2.0; +http://www.bing.com/bingbot.htm)"
82.145.216.59 - - [03/Mar/2012:19:59:20 +0100] "GET /pioneros HTTP/1.1" 301 270 "-" "Opera/9.80 (Android; Opera Mini/6.5.27452/27.1287; U; es) Presto/2.8.119 Version/11.10"
82.145.216.59 - - [03/Mar/2012:19:59:20 +0100] "GET /pioneros/ HTTP/1.1" 200 3990 "-" "Opera/9.80 (Android; Opera Mini/6.5.27452/27.1287; U; es) Presto/2.8.119 Version/11.10"
82.145.216.59 - - [03/Mar/2012:19:59:21 +0100] "GET /favicon.ico HTTP/1.1" 404 261 "http://mapas.rallyamali.com/pioneros/" "Opera/9.80 (Android; Opera Mini/6.5.27452/27.1287; U; es) Presto/2.8.119 Version/11.10"
82.145.216.59 - - [03/Mar/2012:19:59:21 +0100] "GET /imagenes/maquetacion/imagen_cabecera-3.jpg HTTP/1.1" 200 14086 "http://mapas.rallyamali.com/pioneros/" "Opera/9.80 (Android; Opera Mini/6.5.27452/27.1287; U; es) Presto/2.8.119 Version/11.10"
82.145.216.59 - - [03/Mar/2012:19:59:21 +0100] "GET /imagenes/iconos/marca_cruz_roja-rally_a_mali-8x8.png HTTP/1.1" 200 281 "http://mapas.rallyamali.com/pioneros/" "Opera/9.80 (Android; Opera Mini/6.5.27452/27.1287; U; es) Presto/2.8.119 Version/11.10"
