95.108.158.239 - - [25/Aug/2011:06:37:30 +0200] "GET /imagenes/iconos/marca_cruz_roja-rally_a_mali-8x8.png HTTP/1.1" 304 - "-" "Mozilla/5.0 (compatible; YandexImages/3.0; +http://yandex.com/bots)"
95.108.246.252 - - [25/Aug/2011:07:22:44 +0200] "GET /pioneros/index.php?ruti=ruti6 HTTP/1.1" 200 3085 "-" "Mozilla/5.0 (compatible; YandexBot/3.0; +http://yandex.com/bots)"
208.80.194.29 - - [25/Aug/2011:08:18:05 +0200] "GET / HTTP/1.0" 200 44 "-" "Mozilla/4.0 (compatible; MSIE 6.0; Windows NT 5.1; SV1; The DOOR; .NET CLR 1.1.4322; yplus 5.1.04b)"
75.101.210.81 - - [25/Aug/2011:08:56:44 +0200] "GET / HTTP/1.0" 200 44 "-" "Mozilla/5.0 (compatible; NetcraftSurveyAgent/1.0; +info@netcraft.com)"
95.108.246.252 - - [25/Aug/2011:09:09:54 +0200] "GET /pioneros/index.php?ruti=ruti8 HTTP/1.1" 200 5091 "-" "Mozilla/5.0 (compatible; YandexBot/3.0; +http://yandex.com/bots)"
95.108.246.252 - - [25/Aug/2011:10:03:41 +0200] "GET /pioneros/index.php?ruti=ruti3 HTTP/1.1" 200 3858 "-" "Mozilla/5.0 (compatible; YandexBot/3.0; +http://yandex.com/bots)"
123.125.71.57 - - [25/Aug/2011:10:30:22 +0200] "GET /robots.txt HTTP/1.1" 404 262 "-" "Baiduspider+(+http://www.baidu.com/search/spider.htm)"
95.108.246.252 - - [25/Aug/2011:11:22:26 +0200] "GET /pioneros/index.php?ruti=ruti5 HTTP/1.1" 200 3780 "-" "Mozilla/5.0 (compatible; YandexBot/3.0; +http://yandex.com/bots)"
95.108.246.252 - - [25/Aug/2011:12:17:27 +0200] "GET /pioneros/index.php?ruti=ruti18 HTTP/1.1" 200 3941 "-" "Mozilla/5.0 (compatible; YandexBot/3.0; +http://yandex.com/bots)"
95.108.246.252 - - [25/Aug/2011:12:19:59 +0200] "GET /pioneros/index.php?ruti=ruti11 HTTP/1.1" 200 4094 "-" "Mozilla/5.0 (compatible; YandexBot/3.0; +http://yandex.com/bots)"
95.108.246.252 - - [25/Aug/2011:12:20:01 +0200] "GET /pioneros/index.php?ruti=ruti9 HTTP/1.1" 200 5161 "-" "Mozilla/5.0 (compatible; YandexBot/3.0; +http://yandex.com/bots)"
95.108.246.252 - - [25/Aug/2011:12:20:04 +0200] "GET /pioneros/index.php?ruti=ruti1 HTTP/1.1" 200 3990 "-" "Mozilla/5.0 (compatible; YandexBot/3.0; +http://yandex.com/bots)"
95.108.246.252 - - [25/Aug/2011:12:20:06 +0200] "GET /pioneros/index.php?ruti=ruti12 HTTP/1.1" 200 5364 "-" "Mozilla/5.0 (compatible; YandexBot/3.0; +http://yandex.com/bots)"
95.108.246.252 - - [25/Aug/2011:12:20:08 +0200] "GET /pioneros/ HTTP/1.1" 200 3990 "-" "Mozilla/5.0 (compatible; YandexBot/3.0; +http://yandex.com/bots)"
95.108.246.252 - - [25/Aug/2011:12:20:10 +0200] "GET /pioneros/index.php?ruti=ruti7 HTTP/1.1" 200 4506 "-" "Mozilla/5.0 (compatible; YandexBot/3.0; +http://yandex.com/bots)"
95.108.246.252 - - [25/Aug/2011:12:20:12 +0200] "GET /pioneros/index.php?ruti=ruti15 HTTP/1.1" 200 5093 "-" "Mozilla/5.0 (compatible; YandexBot/3.0; +http://yandex.com/bots)"
95.108.246.252 - - [25/Aug/2011:12:22:43 +0200] "GET /pioneros/index.php?ruti=ruti14 HTTP/1.1" 200 3112 "-" "Mozilla/5.0 (compatible; YandexBot/3.0; +http://yandex.com/bots)"
95.108.246.252 - - [25/Aug/2011:12:22:45 +0200] "GET /pioneros/index.php?ruti=ruti17 HTTP/1.1" 200 2635 "-" "Mozilla/5.0 (compatible; YandexBot/3.0; +http://yandex.com/bots)"
95.108.246.252 - - [25/Aug/2011:12:22:48 +0200] "GET /pioneros/index.php?ruti=ruti2 HTTP/1.1" 200 5065 "-" "Mozilla/5.0 (compatible; YandexBot/3.0; +http://yandex.com/bots)"
95.108.246.252 - - [25/Aug/2011:12:22:51 +0200] "GET /pioneros/index.php?ruti=ruti10 HTTP/1.1" 200 3623 "-" "Mozilla/5.0 (compatible; YandexBot/3.0; +http://yandex.com/bots)"
95.108.246.252 - - [25/Aug/2011:12:22:54 +0200] "GET /pioneros/index.php?ruti=ruti16 HTTP/1.1" 200 2986 "-" "Mozilla/5.0 (compatible; YandexBot/3.0; +http://yandex.com/bots)"
157.55.116.39 - - [25/Aug/2011:19:56:43 +0200] "GET /robots.txt HTTP/1.1" 404 262 "-" "msnbot/2.0b (+http://search.msn.com/msnbot.htm)._"
157.55.116.39 - - [25/Aug/2011:19:56:44 +0200] "GET /pioneros/index-sepulveda.php HTTP/1.1" 200 12750 "-" "msnbot/2.0b (+http://search.msn.com/msnbot.htm)._"
67.195.115.242 - - [26/Aug/2011:02:43:36 +0200] "GET /robots.txt HTTP/1.0" 404 262 "-" "Mozilla/5.0 (compatible; Yahoo! Slurp; http://help.yahoo.com/help/us/ysearch/slurp)"
67.195.115.242 - - [26/Aug/2011:02:43:36 +0200] "GET /pioneros/index.php?ruti=ruti14 HTTP/1.0" 200 3112 "-" "Mozilla/5.0 (compatible; Yahoo! Slurp; http://help.yahoo.com/help/us/ysearch/slurp)"
95.108.246.252 - - [26/Aug/2011:04:54:59 +0200] "GET /robots.txt HTTP/1.1" 404 320 "-" "Mozilla/5.0 (compatible; YandexBot/3.0; +http://yandex.com/bots)"
95.108.158.239 - - [26/Aug/2011:07:28:46 +0200] "GET /robots.txt HTTP/1.1" 404 320 "-" "Mozilla/5.0 (compatible; YandexImages/3.0; +http://yandex.com/bots)"
95.108.246.252 - - [26/Aug/2011:07:37:21 +0200] "GET / HTTP/1.1" 200 49 "-" "Mozilla/5.0 (compatible; YandexBot/3.0; +http://yandex.com/bots)"
95.108.158.239 - - [26/Aug/2011:10:05:01 +0200] "GET /imagenes/iconos/marca_cruz_roja-rally_a_mali-8x8.png HTTP/1.1" 304 - "-" "Mozilla/5.0 (compatible; YandexImages/3.0; +http://yandex.com/bots)"
123.125.71.32 - - [26/Aug/2011:12:36:38 +0200] "GET /robots.txt HTTP/1.1" 404 262 "-" "Baiduspider+(+http://www.baidu.com/search/spider.htm)"
208.115.111.74 - - [26/Aug/2011:18:40:48 +0200] "GET /robots.txt HTTP/1.1" 404 320 "-" "Mozilla/5.0 (compatible; Ezooms/1.0; ezooms.bot@gmail.com)"
67.195.115.242 - - [26/Aug/2011:19:10:51 +0200] "GET /robots.txt HTTP/1.0" 404 262 "-" "Mozilla/5.0 (compatible; Yahoo! Slurp; http://help.yahoo.com/help/us/ysearch/slurp)"
67.195.115.242 - - [26/Aug/2011:19:10:52 +0200] "GET /pioneros/index.php?ruti=ruti2 HTTP/1.0" 200 5065 "-" "Mozilla/5.0 (compatible; Yahoo! Slurp; http://help.yahoo.com/help/us/ysearch/slurp)"
208.115.111.74 - - [26/Aug/2011:19:25:37 +0200] "GET /pioneros/ HTTP/1.1" 200 22907 "-" "Mozilla/5.0 (compatible; Ezooms/1.0; ezooms.bot@gmail.com)"
67.195.115.242 - - [26/Aug/2011:19:28:27 +0200] "GET /pioneros/index.php?ruti=ruti17 HTTP/1.0" 200 2635 "-" "Mozilla/5.0 (compatible; Yahoo! Slurp; http://help.yahoo.com/help/us/ysearch/slurp)"
95.108.246.252 - - [26/Aug/2011:19:58:12 +0200] "GET /pioneros/index.php?ruti=ruti15 HTTP/1.1" 200 5093 "-" "Mozilla/5.0 (compatible; YandexBot/3.0; +http://yandex.com/bots)"
67.195.115.242 - - [26/Aug/2011:20:21:22 +0200] "GET /pioneros/index.php?ruti=ruti10 HTTP/1.0" 200 3623 "-" "Mozilla/5.0 (compatible; Yahoo! Slurp; http://help.yahoo.com/help/us/ysearch/slurp)"
95.108.246.252 - - [26/Aug/2011:20:52:09 +0200] "GET /pioneros/index.php?ruti=ruti18 HTTP/1.1" 200 3941 "-" "Mozilla/5.0 (compatible; YandexBot/3.0; +http://yandex.com/bots)"
95.108.246.252 - - [26/Aug/2011:22:21:26 +0200] "GET /pioneros/index.php?ruti=ruti5 HTTP/1.1" 200 3780 "-" "Mozilla/5.0 (compatible; YandexBot/3.0; +http://yandex.com/bots)"
67.195.115.242 - - [26/Aug/2011:23:36:07 +0200] "GET /pioneros/index.php?ruti=ruti7 HTTP/1.0" 200 4506 "-" "Mozilla/5.0 (compatible; Yahoo! Slurp; http://help.yahoo.com/help/us/ysearch/slurp)"
95.108.246.252 - - [27/Aug/2011:00:08:38 +0200] "GET /pioneros/index.php?ruti=ruti4 HTTP/1.1" 200 3033 "-" "Mozilla/5.0 (compatible; YandexBot/3.0; +http://yandex.com/bots)"
95.108.246.252 - - [27/Aug/2011:01:35:51 +0200] "GET /pioneros/index.php?ruti=ruti17 HTTP/1.1" 200 2635 "-" "Mozilla/5.0 (compatible; YandexBot/3.0; +http://yandex.com/bots)"
95.108.246.252 - - [27/Aug/2011:03:05:57 +0200] "GET /pioneros/index.php?ruti=ruti7 HTTP/1.1" 200 4506 "-" "Mozilla/5.0 (compatible; YandexBot/3.0; +http://yandex.com/bots)"
95.108.158.239 - - [27/Aug/2011:03:41:13 +0200] "GET /imagenes/iconos/marca_cruz_roja-rally_a_mali-8x8.png HTTP/1.1" 304 - "-" "Mozilla/5.0 (compatible; YandexImages/3.0; +http://yandex.com/bots)"
208.80.194.26 - - [27/Aug/2011:04:22:02 +0200] "GET / HTTP/1.0" 200 44 "-" "Mozilla/4.0 (compatible; MSIE 7.0; Windows NT 5.1; dna Internet; .NET CLR 1.1.4322; .NET CLR 2.0.50727)"
95.108.246.252 - - [27/Aug/2011:05:32:46 +0200] "GET /robots.txt HTTP/1.1" 404 320 "-" "Mozilla/5.0 (compatible; YandexBot/3.0; +http://yandex.com/bots)"
95.108.246.252 - - [27/Aug/2011:06:45:01 +0200] "GET /pioneros/index.php?ruti=ruti2 HTTP/1.1" 200 5065 "-" "Mozilla/5.0 (compatible; YandexBot/3.0; +http://yandex.com/bots)"
95.108.246.252 - - [27/Aug/2011:07:59:04 +0200] "GET /pioneros/index.php?ruti=ruti9 HTTP/1.1" 200 5161 "-" "Mozilla/5.0 (compatible; YandexBot/3.0; +http://yandex.com/bots)"
95.108.246.252 - - [27/Aug/2011:09:50:04 +0200] "GET /pioneros/index.php?ruti=ruti10 HTTP/1.1" 200 3623 "-" "Mozilla/5.0 (compatible; YandexBot/3.0; +http://yandex.com/bots)"
95.108.246.252 - - [27/Aug/2011:11:04:05 +0200] "GET /pioneros/index.php?ruti=ruti14 HTTP/1.1" 200 3112 "-" "Mozilla/5.0 (compatible; YandexBot/3.0; +http://yandex.com/bots)"
95.108.246.252 - - [27/Aug/2011:11:41:05 +0200] "GET /pioneros/index.php?ruti=ruti12 HTTP/1.1" 200 5364 "-" "Mozilla/5.0 (compatible; YandexBot/3.0; +http://yandex.com/bots)"
220.181.108.169 - - [27/Aug/2011:13:27:22 +0200] "GET /pioneros HTTP/1.1" 301 270 "-" "Mozilla/5.0 (compatible; Baiduspider/2.0; +http://www.baidu.com/search/spider.html)"
220.181.108.179 - - [27/Aug/2011:13:27:23 +0200] "GET /pioneros/ HTTP/1.1" 200 3990 "-" "Mozilla/5.0 (compatible; Baiduspider/2.0; +http://www.baidu.com/search/spider.html)"
95.108.246.252 - - [27/Aug/2011:13:31:51 +0200] "GET /pioneros/index.php?ruti=ruti16 HTTP/1.1" 200 2986 "-" "Mozilla/5.0 (compatible; YandexBot/3.0; +http://yandex.com/bots)"
67.195.115.242 - - [27/Aug/2011:14:39:27 +0200] "GET /robots.txt HTTP/1.0" 404 262 "-" "Mozilla/5.0 (compatible; Yahoo! Slurp; http://help.yahoo.com/help/us/ysearch/slurp)"
67.195.115.242 - - [27/Aug/2011:14:39:28 +0200] "GET /pioneros/index.php?ruti=ruti0 HTTP/1.0" 200 3004 "-" "Mozilla/5.0 (compatible; Yahoo! Slurp; http://help.yahoo.com/help/us/ysearch/slurp)"
95.108.246.252 - - [27/Aug/2011:15:13:43 +0200] "GET /pioneros/index.php?ruti=ruti6 HTTP/1.1" 200 3085 "-" "Mozilla/5.0 (compatible; YandexBot/3.0; +http://yandex.com/bots)"
38.108.67.15 - - [27/Aug/2011:16:54:22 +0200] "GET /robots.txt HTTP/1.0" 404 262 "-" "SBIder/Nutch-1.0-dev (http://www.sitesell.com/sbider.html)"
38.108.67.15 - - [27/Aug/2011:16:54:22 +0200] "GET /pioneros HTTP/1.0" 301 270 "-" "SBIder/Nutch-1.0-dev (http://www.sitesell.com/sbider.html)"
67.195.115.242 - - [27/Aug/2011:17:29:05 +0200] "GET /robots.txt HTTP/1.0" 404 262 "-" "Mozilla/5.0 (compatible; Yahoo! Slurp; http://help.yahoo.com/help/us/ysearch/slurp)"
67.195.115.242 - - [27/Aug/2011:17:29:06 +0200] "GET /pioneros/index.php?ruti=ruti16 HTTP/1.0" 200 2986 "-" "Mozilla/5.0 (compatible; Yahoo! Slurp; http://help.yahoo.com/help/us/ysearch/slurp)"
95.108.246.252 - - [27/Aug/2011:17:43:43 +0200] "GET /pioneros/index.php?ruti=ruti11 HTTP/1.1" 200 4094 "-" "Mozilla/5.0 (compatible; YandexBot/3.0; +http://yandex.com/bots)"
95.108.246.252 - - [27/Aug/2011:18:45:30 +0200] "GET /pioneros/ HTTP/1.1" 200 3990 "-" "Mozilla/5.0 (compatible; YandexBot/3.0; +http://yandex.com/bots)"
67.195.115.242 - - [27/Aug/2011:22:53:19 +0200] "GET /pioneros/ HTTP/1.0" 200 3990 "-" "Mozilla/5.0 (compatible; Yahoo! Slurp; http://help.yahoo.com/help/us/ysearch/slurp)"
95.108.158.239 - - [27/Aug/2011:22:53:46 +0200] "GET /robots.txt HTTP/1.1" 404 320 "-" "Mozilla/5.0 (compatible; YandexImages/3.0; +http://yandex.com/bots)"
67.195.115.242 - - [27/Aug/2011:23:49:18 +0200] "GET /pioneros/index.php?ruti=ruti12 HTTP/1.0" 200 5364 "-" "Mozilla/5.0 (compatible; Yahoo! Slurp; http://help.yahoo.com/help/us/ysearch/slurp)"
95.108.158.239 - - [28/Aug/2011:02:05:25 +0200] "GET /imagenes/iconos/marca_cruz_roja-rally_a_mali-8x8.png HTTP/1.1" 304 - "-" "Mozilla/5.0 (compatible; YandexImages/3.0; +http://yandex.com/bots)"
67.195.115.242 - - [28/Aug/2011:03:57:38 +0200] "GET / HTTP/1.0" 200 49 "-" "Mozilla/5.0 (compatible; Yahoo! Slurp; http://help.yahoo.com/help/us/ysearch/slurp)"
208.80.194.29 - - [28/Aug/2011:17:53:09 +0200] "GET / HTTP/1.0" 200 44 "-" "Mozilla/4.0 (compatible; MSIE 6.0; Windows NT 5.1; SV1; UBvision; MSN 6.1; MSNbMSFT; MSNmen-us; MSNc00; v5m)"
220.181.108.156 - - [28/Aug/2011:19:32:46 +0200] "GET /robots.txt HTTP/1.1" 404 262 "-" "Baiduspider+(+http://www.baidu.com/search/spider.htm)"
95.108.158.239 - - [29/Aug/2011:00:02:25 +0200] "GET /robots.txt HTTP/1.1" 404 320 "-" "Mozilla/5.0 (compatible; YandexImages/3.0; +http://yandex.com/bots)"
95.108.158.239 - - [29/Aug/2011:01:21:54 +0200] "GET /imagenes/iconos/marca_cruz_roja-rally_a_mali-8x8.png HTTP/1.1" 304 - "-" "Mozilla/5.0 (compatible; YandexImages/3.0; +http://yandex.com/bots)"
220.181.108.101 - - [29/Aug/2011:15:35:05 +0200] "GET /robots.txt HTTP/1.1" 404 262 "-" "Baiduspider+(+http://www.baidu.com/search/spider.htm)"
208.115.111.74 - - [29/Aug/2011:17:21:29 +0200] "GET /robots.txt HTTP/1.1" 404 320 "-" "Mozilla/5.0 (compatible; Ezooms/1.0; ezooms.bot@gmail.com)"
95.108.158.239 - - [29/Aug/2011:17:36:17 +0200] "GET /imagenes/iconos/marca_cruz_roja-rally_a_mali-8x8.png HTTP/1.1" 304 - "-" "Mozilla/5.0 (compatible; YandexImages/3.0; +http://yandex.com/bots)"
208.115.111.74 - - [29/Aug/2011:18:10:09 +0200] "GET /pioneros/index.php?ruti=ruti11 HTTP/1.1" 200 19481 "-" "Mozilla/5.0 (compatible; Ezooms/1.0; ezooms.bot@gmail.com)"
67.195.115.242 - - [29/Aug/2011:18:15:20 +0200] "GET /robots.txt HTTP/1.0" 404 262 "-" "Mozilla/5.0 (compatible; Yahoo! Slurp; http://help.yahoo.com/help/us/ysearch/slurp)"
67.195.115.242 - - [29/Aug/2011:18:15:21 +0200] "GET /pioneros/index.php?ruti=ruti11 HTTP/1.0" 200 4094 "-" "Mozilla/5.0 (compatible; Yahoo! Slurp; http://help.yahoo.com/help/us/ysearch/slurp)"
38.108.67.21 - - [29/Aug/2011:18:49:42 +0200] "GET /robots.txt HTTP/1.0" 404 262 "-" "SBIder/Nutch-1.0-dev (http://www.sitesell.com/sbider.html)"
38.108.67.21 - - [29/Aug/2011:18:49:42 +0200] "GET /pioneros/ HTTP/1.0" 200 3990 "-" "SBIder/Nutch-1.0-dev (http://www.sitesell.com/sbider.html)"
67.195.115.242 - - [30/Aug/2011:00:27:25 +0200] "GET /robots.txt HTTP/1.0" 404 262 "-" "Mozilla/5.0 (compatible; Yahoo! Slurp; http://help.yahoo.com/help/us/ysearch/slurp)"
67.195.115.242 - - [30/Aug/2011:00:27:25 +0200] "GET /pioneros/index.php?ruti=ruti6 HTTP/1.0" 200 3085 "-" "Mozilla/5.0 (compatible; Yahoo! Slurp; http://help.yahoo.com/help/us/ysearch/slurp)"
208.80.194.29 - - [30/Aug/2011:04:11:02 +0200] "GET / HTTP/1.0" 200 44 "-" "Mozilla/4.0 (compatible; MSIE 6.0; Windows NT 5.1; {3280C765-135C-4A6C-8EE6-6CC052ED6696}; SV1; .NET CLR 1.1.4322)"
67.195.115.242 - - [30/Aug/2011:05:01:52 +0200] "GET /pioneros/index.php?ruti=ruti15 HTTP/1.0" 200 5093 "-" "Mozilla/5.0 (compatible; Yahoo! Slurp; http://help.yahoo.com/help/us/ysearch/slurp)"
95.108.246.252 - - [30/Aug/2011:07:15:30 +0200] "GET /robots.txt HTTP/1.1" 404 320 "-" "Mozilla/5.0 (compatible; YandexBot/3.0; +http://yandex.com/bots)"
95.108.246.252 - - [30/Aug/2011:09:19:01 +0200] "GET / HTTP/1.1" 200 49 "-" "Mozilla/5.0 (compatible; YandexBot/3.0; +http://yandex.com/bots)"
213.186.122.2 - - [30/Aug/2011:10:58:42 +0200] "GET /robots.txt HTTP/1.1" 404 262 "-" "Mozilla/5.0 (compatible; AhrefsBot/1.0; +http://ahrefs.com/robot/)"
213.186.122.2 - - [30/Aug/2011:10:58:44 +0200] "GET /pioneros HTTP/1.1" 301 270 "-" "Mozilla/5.0 (compatible; AhrefsBot/1.0; +http://ahrefs.com/robot/)"
213.186.122.2 - - [30/Aug/2011:10:58:45 +0200] "GET /pioneros/ HTTP/1.1" 200 3990 "-" "Mozilla/5.0 (compatible; AhrefsBot/1.0; +http://ahrefs.com/robot/)"
213.186.122.2 - - [30/Aug/2011:10:58:46 +0200] "GET /pioneros/index.php?ruti=ruti1 HTTP/1.1" 200 3990 "-" "Mozilla/5.0 (compatible; AhrefsBot/1.0; +http://ahrefs.com/robot/)"
213.186.122.2 - - [30/Aug/2011:10:58:47 +0200] "GET /pioneros/index.php?ruti=ruti10 HTTP/1.1" 200 3623 "-" "Mozilla/5.0 (compatible; AhrefsBot/1.0; +http://ahrefs.com/robot/)"
213.186.122.2 - - [30/Aug/2011:10:58:49 +0200] "GET /pioneros/index.php?ruti=ruti11 HTTP/1.1" 200 4094 "-" "Mozilla/5.0 (compatible; AhrefsBot/1.0; +http://ahrefs.com/robot/)"
213.186.122.2 - - [30/Aug/2011:10:58:50 +0200] "GET /pioneros/index.php?ruti=ruti12 HTTP/1.1" 200 5364 "-" "Mozilla/5.0 (compatible; AhrefsBot/1.0; +http://ahrefs.com/robot/)"
213.186.122.2 - - [30/Aug/2011:10:58:51 +0200] "GET /pioneros/index.php?ruti=ruti14 HTTP/1.1" 200 3112 "-" "Mozilla/5.0 (compatible; AhrefsBot/1.0; +http://ahrefs.com/robot/)"
213.186.122.2 - - [30/Aug/2011:10:58:52 +0200] "GET /pioneros/index.php?ruti=ruti15 HTTP/1.1" 200 5093 "-" "Mozilla/5.0 (compatible; AhrefsBot/1.0; +http://ahrefs.com/robot/)"
213.186.122.2 - - [30/Aug/2011:10:58:54 +0200] "GET /pioneros/index.php?ruti=ruti16 HTTP/1.1" 200 2986 "-" "Mozilla/5.0 (compatible; AhrefsBot/1.0; +http://ahrefs.com/robot/)"
213.186.122.2 - - [30/Aug/2011:10:58:55 +0200] "GET /pioneros/index.php?ruti=ruti17 HTTP/1.1" 200 2635 "-" "Mozilla/5.0 (compatible; AhrefsBot/1.0; +http://ahrefs.com/robot/)"
213.186.122.2 - - [30/Aug/2011:10:58:56 +0200] "GET /pioneros/index.php?ruti=ruti18 HTTP/1.1" 200 3941 "-" "Mozilla/5.0 (compatible; AhrefsBot/1.0; +http://ahrefs.com/robot/)"
213.186.122.2 - - [30/Aug/2011:10:58:57 +0200] "GET /pioneros/index.php?ruti=ruti2 HTTP/1.1" 200 5065 "-" "Mozilla/5.0 (compatible; AhrefsBot/1.0; +http://ahrefs.com/robot/)"
213.186.122.2 - - [30/Aug/2011:10:58:59 +0200] "GET /pioneros/index.php?ruti=ruti3 HTTP/1.1" 200 3858 "-" "Mozilla/5.0 (compatible; AhrefsBot/1.0; +http://ahrefs.com/robot/)"
213.186.122.2 - - [30/Aug/2011:10:59:00 +0200] "GET /pioneros/index.php?ruti=ruti4 HTTP/1.1" 200 3033 "-" "Mozilla/5.0 (compatible; AhrefsBot/1.0; +http://ahrefs.com/robot/)"
213.186.122.2 - - [30/Aug/2011:10:59:01 +0200] "GET /pioneros/index.php?ruti=ruti5 HTTP/1.1" 200 3780 "-" "Mozilla/5.0 (compatible; AhrefsBot/1.0; +http://ahrefs.com/robot/)"
213.186.122.2 - - [30/Aug/2011:10:59:02 +0200] "GET /pioneros/index.php?ruti=ruti6 HTTP/1.1" 200 3085 "-" "Mozilla/5.0 (compatible; AhrefsBot/1.0; +http://ahrefs.com/robot/)"
213.186.122.2 - - [30/Aug/2011:10:59:03 +0200] "GET /pioneros/index.php?ruti=ruti7 HTTP/1.1" 200 4506 "-" "Mozilla/5.0 (compatible; AhrefsBot/1.0; +http://ahrefs.com/robot/)"
213.186.122.2 - - [30/Aug/2011:10:59:04 +0200] "GET /pioneros/index.php?ruti=ruti8 HTTP/1.1" 200 5091 "-" "Mozilla/5.0 (compatible; AhrefsBot/1.0; +http://ahrefs.com/robot/)"
213.186.122.2 - - [30/Aug/2011:10:59:06 +0200] "GET /pioneros/index.php?ruti=ruti9 HTTP/1.1" 200 5161 "-" "Mozilla/5.0 (compatible; AhrefsBot/1.0; +http://ahrefs.com/robot/)"
95.108.158.239 - - [30/Aug/2011:13:13:29 +0200] "GET /robots.txt HTTP/1.1" 404 320 "-" "Mozilla/5.0 (compatible; YandexImages/3.0; +http://yandex.com/bots)"
208.115.111.74 - - [30/Aug/2011:13:39:53 +0200] "GET /robots.txt HTTP/1.1" 404 320 "-" "Mozilla/5.0 (compatible; Ezooms/1.0; ezooms.bot@gmail.com)"
208.115.111.74 - - [30/Aug/2011:14:36:59 +0200] "GET /pioneros/index.php?ruti=ruti14 HTTP/1.1" 200 14912 "-" "Mozilla/5.0 (compatible; Ezooms/1.0; ezooms.bot@gmail.com)"
95.108.158.239 - - [30/Aug/2011:14:42:58 +0200] "GET /imagenes/iconos/marca_cruz_roja-rally_a_mali-8x8.png HTTP/1.1" 304 - "-" "Mozilla/5.0 (compatible; YandexImages/3.0; +http://yandex.com/bots)"
95.108.246.252 - - [30/Aug/2011:20:07:42 +0200] "GET /pioneros/index.php?ruti=ruti8 HTTP/1.1" 200 5091 "-" "Mozilla/5.0 (compatible; YandexBot/3.0; +http://yandex.com/bots)"
95.108.246.252 - - [30/Aug/2011:21:00:35 +0200] "GET /pioneros/index.php?ruti=ruti15 HTTP/1.1" 200 5093 "-" "Mozilla/5.0 (compatible; YandexBot/3.0; +http://yandex.com/bots)"
208.115.111.74 - - [30/Aug/2011:21:25:53 +0200] "GET /robots.txt HTTP/1.1" 404 320 "-" "Mozilla/5.0 (compatible; Ezooms/1.0; ezooms.bot@gmail.com)"
66.249.71.104 - - [30/Aug/2011:21:54:24 +0200] "GET /robots.txt HTTP/1.1" 404 262 "-" "Mozilla/5.0 (compatible; Googlebot/2.1; +http://www.google.com/bot.html)"
66.249.71.104 - - [30/Aug/2011:21:54:24 +0200] "GET /pioneros/ HTTP/1.1" 200 3990 "-" "Mozilla/5.0 (compatible; Googlebot/2.1; +http://www.google.com/bot.html)"
95.108.246.252 - - [30/Aug/2011:22:23:31 +0200] "GET /pioneros/index.php?ruti=ruti2 HTTP/1.1" 200 5065 "-" "Mozilla/5.0 (compatible; YandexBot/3.0; +http://yandex.com/bots)"
67.195.115.242 - - [30/Aug/2011:23:33:52 +0200] "GET /robots.txt HTTP/1.0" 404 262 "-" "Mozilla/5.0 (compatible; Yahoo! Slurp; http://help.yahoo.com/help/us/ysearch/slurp)"
67.195.115.242 - - [30/Aug/2011:23:33:52 +0200] "GET /pioneros HTTP/1.0" 301 270 "-" "Mozilla/5.0 (compatible; Yahoo! Slurp; http://help.yahoo.com/help/us/ysearch/slurp)"
67.195.115.242 - - [30/Aug/2011:23:33:54 +0200] "GET /pioneros/ HTTP/1.0" 200 3990 "-" "Mozilla/5.0 (compatible; Yahoo! Slurp; http://help.yahoo.com/help/us/ysearch/slurp)"
208.115.111.74 - - [30/Aug/2011:23:35:34 +0200] "GET /pioneros/index.php?ruti=ruti16 HTTP/1.1" 200 14132 "-" "Mozilla/5.0 (compatible; Ezooms/1.0; ezooms.bot@gmail.com)"
95.108.246.252 - - [31/Aug/2011:00:20:34 +0200] "GET /pioneros/index.php?ruti=ruti4 HTTP/1.1" 200 3033 "-" "Mozilla/5.0 (compatible; YandexBot/3.0; +http://yandex.com/bots)"
95.108.246.252 - - [31/Aug/2011:00:32:23 +0200] "GET /pioneros/ HTTP/1.1" 408 263 "-" "Mozilla/5.0 (compatible; YandexBot/3.0; +http://yandex.com/bots)"
95.108.246.252 - - [31/Aug/2011:00:32:24 +0200] "GET /pioneros/ HTTP/1.1" 200 3990 "-" "Mozilla/5.0 (compatible; YandexBot/3.0; +http://yandex.com/bots)"
95.108.246.252 - - [31/Aug/2011:01:08:14 +0200] "GET /pioneros/index.php?ruti=ruti6 HTTP/1.1" 200 3085 "-" "Mozilla/5.0 (compatible; YandexBot/3.0; +http://yandex.com/bots)"
95.108.246.252 - - [31/Aug/2011:02:22:16 +0200] "GET /pioneros/index.php?ruti=ruti14 HTTP/1.1" 200 3112 "-" "Mozilla/5.0 (compatible; YandexBot/3.0; +http://yandex.com/bots)"
95.108.246.252 - - [31/Aug/2011:04:31:48 +0200] "GET /robots.txt HTTP/1.1" 404 320 "-" "Mozilla/5.0 (compatible; YandexBot/3.0; +http://yandex.com/bots)"
95.108.246.252 - - [31/Aug/2011:04:31:51 +0200] "GET /pioneros/index.php?ruti=ruti7 HTTP/1.1" 200 4506 "-" "Mozilla/5.0 (compatible; YandexBot/3.0; +http://yandex.com/bots)"
95.108.246.252 - - [31/Aug/2011:04:31:53 +0200] "GET /pioneros/index.php?ruti=ruti9 HTTP/1.1" 200 5161 "-" "Mozilla/5.0 (compatible; YandexBot/3.0; +http://yandex.com/bots)"
95.108.246.252 - - [31/Aug/2011:05:19:51 +0200] "GET /pioneros/index.php?ruti=ruti10 HTTP/1.1" 200 3623 "-" "Mozilla/5.0 (compatible; YandexBot/3.0; +http://yandex.com/bots)"
208.115.111.74 - - [31/Aug/2011:05:36:56 +0200] "GET /robots.txt HTTP/1.1" 404 320 "-" "Mozilla/5.0 (compatible; Ezooms/1.0; ezooms.bot@gmail.com)"
95.108.246.252 - - [31/Aug/2011:06:55:41 +0200] "GET /pioneros/index.php?ruti=ruti18 HTTP/1.1" 200 3941 "-" "Mozilla/5.0 (compatible; YandexBot/3.0; +http://yandex.com/bots)"
208.115.111.74 - - [31/Aug/2011:07:54:47 +0200] "GET /pioneros/index.php?ruti=ruti18 HTTP/1.1" 200 19912 "-" "Mozilla/5.0 (compatible; Ezooms/1.0; ezooms.bot@gmail.com)"
95.108.246.252 - - [31/Aug/2011:08:31:32 +0200] "GET /pioneros/index.php?ruti=ruti5 HTTP/1.1" 200 3780 "-" "Mozilla/5.0 (compatible; YandexBot/3.0; +http://yandex.com/bots)"
95.108.246.252 - - [31/Aug/2011:11:43:10 +0200] "GET /pioneros/index.php?ruti=ruti3 HTTP/1.1" 200 3858 "-" "Mozilla/5.0 (compatible; YandexBot/3.0; +http://yandex.com/bots)"
95.108.158.239 - - [31/Aug/2011:12:54:41 +0200] "GET /robots.txt HTTP/1.1" 404 320 "-" "Mozilla/5.0 (compatible; YandexImages/3.0; +http://yandex.com/bots)"
95.108.246.252 - - [31/Aug/2011:13:19:00 +0200] "GET /pioneros/index.php?ruti=ruti12 HTTP/1.1" 200 5364 "-" "Mozilla/5.0 (compatible; YandexBot/3.0; +http://yandex.com/bots)"
67.195.115.242 - - [31/Aug/2011:13:44:02 +0200] "GET /robots.txt HTTP/1.0" 404 262 "-" "Mozilla/5.0 (compatible; Yahoo! Slurp; http://help.yahoo.com/help/us/ysearch/slurp)"
67.195.115.242 - - [31/Aug/2011:13:44:03 +0200] "GET /pioneros/index.php?ruti=ruti1 HTTP/1.0" 200 3990 "-" "Mozilla/5.0 (compatible; Yahoo! Slurp; http://help.yahoo.com/help/us/ysearch/slurp)"
95.108.158.239 - - [31/Aug/2011:15:04:08 +0200] "GET /imagenes/iconos/marca_cruz_roja-rally_a_mali-8x8.png HTTP/1.1" 304 - "-" "Mozilla/5.0 (compatible; YandexImages/3.0; +http://yandex.com/bots)"
95.108.246.252 - - [31/Aug/2011:15:42:42 +0200] "GET /pioneros/index.php?ruti=ruti11 HTTP/1.1" 200 4094 "-" "Mozilla/5.0 (compatible; YandexBot/3.0; +http://yandex.com/bots)"
95.108.246.252 - - [31/Aug/2011:17:18:31 +0200] "GET /pioneros/index.php?ruti=ruti1 HTTP/1.1" 200 3990 "-" "Mozilla/5.0 (compatible; YandexBot/3.0; +http://yandex.com/bots)"
95.108.246.252 - - [31/Aug/2011:18:54:17 +0200] "GET /pioneros/index.php?ruti=ruti16 HTTP/1.1" 200 2986 "-" "Mozilla/5.0 (compatible; YandexBot/3.0; +http://yandex.com/bots)"
123.125.71.50 - - [31/Aug/2011:19:22:57 +0200] "GET /robots.txt HTTP/1.1" 404 262 "-" "Baiduspider+(+http://www.baidu.com/search/spider.htm)"
95.108.246.252 - - [31/Aug/2011:23:50:22 +0200] "GET / HTTP/1.1" 200 49 "-" "Mozilla/5.0 (compatible; YandexBot/3.0; +http://yandex.com/bots)"
67.195.115.242 - - [01/Sep/2011:01:25:58 +0200] "GET /robots.txt HTTP/1.0" 404 262 "-" "Mozilla/5.0 (compatible; Yahoo! Slurp; http://help.yahoo.com/help/us/ysearch/slurp)"
67.195.115.242 - - [01/Sep/2011:01:25:58 +0200] "GET /pioneros/index.php?ruti=ruti8 HTTP/1.0" 200 5091 "-" "Mozilla/5.0 (compatible; Yahoo! Slurp; http://help.yahoo.com/help/us/ysearch/slurp)"
208.80.194.30 - - [01/Sep/2011:03:57:26 +0200] "GET / HTTP/1.0" 200 44 "-" "Mozilla/4.0 (compatible; MSIE 6.0; Windows NT 5.1; SV1; SIMBAR={B9802259-B240-48fe-B199-5DE6D079FC43})"
220.181.94.224 - - [01/Sep/2011:05:35:51 +0200] "GET /robots.txt HTTP/1.1" 404 320 "-" "-"
220.181.94.224 - - [01/Sep/2011:05:48:16 +0200] "GET /pioneros/index-sepulveda.php HTTP/1.1" 200 12750 "-" "Sogou web spider/4.0(+http://www.sogou.com/docs/help/webmasters.htm#07)"
220.181.94.224 - - [01/Sep/2011:06:04:49 +0200] "GET /pioneros/imagen_mapa-sepulveda.php HTTP/1.1" 200 311 "-" "Sogou web spider/4.0(+http://www.sogou.com/docs/help/webmasters.htm#07)"
95.108.158.239 - - [01/Sep/2011:06:37:33 +0200] "GET /imagenes/iconos/marca_cruz_roja-rally_a_mali-8x8.png HTTP/1.1" 304 - "-" "Mozilla/5.0 (compatible; YandexImages/3.0; +http://yandex.com/bots)"
67.195.115.242 - - [01/Sep/2011:08:09:12 +0200] "GET /pioneros/index.php?ruti=ruti3 HTTP/1.0" 200 3858 "-" "Mozilla/5.0 (compatible; Yahoo! Slurp; http://help.yahoo.com/help/us/ysearch/slurp)"
157.55.116.39 - - [01/Sep/2011:08:18:53 +0200] "GET /robots.txt HTTP/1.1" 404 262 "-" "msnbot/2.0b (+http://search.msn.com/msnbot.htm)._"
157.55.116.39 - - [01/Sep/2011:08:18:53 +0200] "GET /pioneros/index.php?ruti=ruti15 HTTP/1.1" 200 5093 "-" "msnbot/2.0b (+http://search.msn.com/msnbot.htm)._"
62.212.69.136 - - [01/Sep/2011:20:52:33 +0200] "GET / HTTP/1.0" 200 44 "-" "Content Crawler"
220.181.108.113 - - [01/Sep/2011:22:39:32 +0200] "GET /robots.txt HTTP/1.1" 404 262 "-" "Baiduspider+(+http://www.baidu.com/search/spider.htm)"
95.108.158.239 - - [02/Sep/2011:02:41:35 +0200] "GET /robots.txt HTTP/1.1" 404 320 "-" "Mozilla/5.0 (compatible; YandexImages/3.0; +http://yandex.com/bots)"
67.195.115.242 - - [02/Sep/2011:08:02:37 +0200] "GET /robots.txt HTTP/1.0" 404 262 "-" "Mozilla/5.0 (compatible; Yahoo! Slurp; http://help.yahoo.com/help/us/ysearch/slurp)"
67.195.115.242 - - [02/Sep/2011:08:02:38 +0200] "GET /pioneros/index.php?ruti=ruti14 HTTP/1.0" 200 3112 "-" "Mozilla/5.0 (compatible; Yahoo! Slurp; http://help.yahoo.com/help/us/ysearch/slurp)"
95.108.158.239 - - [02/Sep/2011:09:33:36 +0200] "GET /imagenes/iconos/marca_cruz_roja-rally_a_mali-8x8.png HTTP/1.1" 304 - "-" "Mozilla/5.0 (compatible; YandexImages/3.0; +http://yandex.com/bots)"
123.125.71.42 - - [02/Sep/2011:15:49:35 +0200] "GET /robots.txt HTTP/1.1" 404 262 "-" "Baiduspider+(+http://www.baidu.com/search/spider.htm)"
67.195.115.242 - - [02/Sep/2011:19:14:20 +0200] "GET /robots.txt HTTP/1.0" 404 262 "-" "Mozilla/5.0 (compatible; Yahoo! Slurp; http://help.yahoo.com/help/us/ysearch/slurp)"
67.195.115.242 - - [02/Sep/2011:19:14:20 +0200] "GET /pioneros/index.php?ruti=ruti2 HTTP/1.0" 200 5065 "-" "Mozilla/5.0 (compatible; Yahoo! Slurp; http://help.yahoo.com/help/us/ysearch/slurp)"
95.108.246.252 - - [02/Sep/2011:21:03:57 +0200] "GET /robots.txt HTTP/1.1" 404 320 "-" "Mozilla/5.0 (compatible; YandexBot/3.0; +http://yandex.com/bots)"
95.22.135.115 - - [02/Sep/2011:22:14:09 +0200] "GET /pioneros HTTP/1.0" 301 270 "http://www.rallyamali.com/www.rallyamali.com/index.html" "Mozilla/5.0 (Windows NT 6.0; rv:6.0) Gecko/20100101 Firefox/6.0"
95.22.135.115 - - [02/Sep/2011:22:14:09 +0200] "GET /pioneros/ HTTP/1.0" 200 3990 "http://www.rallyamali.com/www.rallyamali.com/index.html" "Mozilla/5.0 (Windows NT 6.0; rv:6.0) Gecko/20100101 Firefox/6.0"
95.22.135.115 - - [02/Sep/2011:22:14:09 +0200] "GET /imagenes/maquetacion/imagen_cabecera-3.jpg HTTP/1.0" 200 14086 "http://mapas.rallyamali.com/pioneros/" "Mozilla/5.0 (Windows NT 6.0; rv:6.0) Gecko/20100101 Firefox/6.0"
95.22.135.115 - - [02/Sep/2011:22:14:09 +0200] "GET /imagenes/iconos/marca_cruz_roja-rally_a_mali-8x8.png HTTP/1.0" 200 281 "http://mapas.rallyamali.com/pioneros/" "Mozilla/5.0 (Windows NT 6.0; rv:6.0) Gecko/20100101 Firefox/6.0"
95.22.135.115 - - [02/Sep/2011:22:14:11 +0200] "GET /favicon.ico HTTP/1.0" 404 261 "-" "Mozilla/5.0 (Windows NT 6.0; rv:6.0) Gecko/20100101 Firefox/6.0"
67.195.115.242 - - [02/Sep/2011:23:37:04 +0200] "GET /pioneros/index.php?ruti=ruti17 HTTP/1.0" 200 2635 "-" "Mozilla/5.0 (compatible; Yahoo! Slurp; http://help.yahoo.com/help/us/ysearch/slurp)"
67.195.115.242 - - [02/Sep/2011:23:41:08 +0200] "GET /pioneros/index.php?ruti=ruti7 HTTP/1.0" 200 4506 "-" "Mozilla/5.0 (compatible; Yahoo! Slurp; http://help.yahoo.com/help/us/ysearch/slurp)"
95.108.246.252 - - [03/Sep/2011:00:24:24 +0200] "GET /pioneros/index.php?ruti=ruti12 HTTP/1.1" 200 5364 "-" "Mozilla/5.0 (compatible; YandexBot/3.0; +http://yandex.com/bots)"
208.80.194.33 - - [03/Sep/2011:01:35:43 +0200] "GET / HTTP/1.0" 200 44 "-" "Mozilla/4.0 (compatible; MSIE 6.0; Windows NT 5.1; SV1; .NET CLR 1.0.3705; .NET CLR 1.1.4322; Media Center PC 3.1; ZangoToolbar 4.8.3; yplus 5.1.04b)"
95.108.246.252 - - [03/Sep/2011:02:10:51 +0200] "GET /pioneros/index.php?ruti=ruti9 HTTP/1.1" 200 5161 "-" "Mozilla/5.0 (compatible; YandexBot/3.0; +http://yandex.com/bots)"
95.108.158.239 - - [03/Sep/2011:02:21:57 +0200] "GET /robots.txt HTTP/1.1" 404 320 "-" "Mozilla/5.0 (compatible; YandexImages/3.0; +http://yandex.com/bots)"
95.108.246.252 - - [03/Sep/2011:03:21:48 +0200] "GET /pioneros/index.php?ruti=ruti5 HTTP/1.1" 200 3780 "-" "Mozilla/5.0 (compatible; YandexBot/3.0; +http://yandex.com/bots)"
95.108.246.252 - - [03/Sep/2011:04:32:45 +0200] "GET /pioneros/index.php?ruti=ruti3 HTTP/1.1" 200 3858 "-" "Mozilla/5.0 (compatible; YandexBot/3.0; +http://yandex.com/bots)"
95.108.246.252 - - [03/Sep/2011:05:43:42 +0200] "GET /pioneros/index.php?ruti=ruti4 HTTP/1.1" 200 3033 "-" "Mozilla/5.0 (compatible; YandexBot/3.0; +http://yandex.com/bots)"
95.108.158.239 - - [03/Sep/2011:06:29:30 +0200] "GET /imagenes/iconos/marca_cruz_roja-rally_a_mali-8x8.png HTTP/1.1" 304 - "-" "Mozilla/5.0 (compatible; YandexImages/3.0; +http://yandex.com/bots)"
95.108.151.244 - - [03/Sep/2011:07:06:27 +0200] "GET /robots.txt HTTP/1.1" 404 320 "-" "Mozilla/5.0 (compatible; YandexBot/3.0; +http://yandex.com/bots)"
95.108.151.244 - - [03/Sep/2011:07:06:28 +0200] "GET / HTTP/1.1" 200 49 "-" "Mozilla/5.0 (compatible; YandexBot/3.0; +http://yandex.com/bots)"
95.108.151.244 - - [03/Sep/2011:07:06:29 +0200] "GET / HTTP/1.1" 408 263 "-" "Mozilla/5.0 (compatible; YandexBot/3.0; +http://yandex.com/bots)"
95.108.151.244 - - [03/Sep/2011:07:06:29 +0200] "GET / HTTP/1.1" 200 49 "-" "Mozilla/5.0 (compatible; YandexBot/3.0; +http://yandex.com/bots)"
95.108.246.252 - - [03/Sep/2011:07:30:08 +0200] "GET /pioneros/index.php?ruti=ruti6 HTTP/1.1" 200 3085 "-" "Mozilla/5.0 (compatible; YandexBot/3.0; +http://yandex.com/bots)"
95.108.246.252 - - [03/Sep/2011:08:41:05 +0200] "GET /pioneros/index.php?ruti=ruti17 HTTP/1.1" 200 2635 "-" "Mozilla/5.0 (compatible; YandexBot/3.0; +http://yandex.com/bots)"
95.108.246.252 - - [03/Sep/2011:09:16:33 +0200] "GET /pioneros/index.php?ruti=ruti2 HTTP/1.1" 200 5065 "-" "Mozilla/5.0 (compatible; YandexBot/3.0; +http://yandex.com/bots)"
67.195.115.242 - - [03/Sep/2011:09:38:32 +0200] "GET /robots.txt HTTP/1.0" 404 262 "-" "Mozilla/5.0 (compatible; Yahoo! Slurp; http://help.yahoo.com/help/us/ysearch/slurp)"
67.195.115.242 - - [03/Sep/2011:09:38:32 +0200] "GET /pioneros/index.php?ruti=ruti18 HTTP/1.0" 200 3941 "-" "Mozilla/5.0 (compatible; Yahoo! Slurp; http://help.yahoo.com/help/us/ysearch/slurp)"
95.108.246.252 - - [03/Sep/2011:10:27:29 +0200] "GET /pioneros/index.php?ruti=ruti18 HTTP/1.1" 200 3941 "-" "Mozilla/5.0 (compatible; YandexBot/3.0; +http://yandex.com/bots)"
95.108.246.252 - - [03/Sep/2011:11:38:27 +0200] "GET /pioneros/index.php?ruti=ruti7 HTTP/1.1" 200 4506 "-" "Mozilla/5.0 (compatible; YandexBot/3.0; +http://yandex.com/bots)"
67.195.115.242 - - [03/Sep/2011:11:44:32 +0200] "GET /pioneros/index.php?ruti=ruti4 HTTP/1.0" 200 3033 "-" "Mozilla/5.0 (compatible; Yahoo! Slurp; http://help.yahoo.com/help/us/ysearch/slurp)"
95.108.246.252 - - [03/Sep/2011:12:13:59 +0200] "GET /pioneros/ HTTP/1.1" 200 3990 "-" "Mozilla/5.0 (compatible; YandexBot/3.0; +http://yandex.com/bots)"
95.108.246.252 - - [03/Sep/2011:12:58:21 +0200] "GET /pioneros/index.php?ruti=ruti10 HTTP/1.1" 200 3623 "-" "Mozilla/5.0 (compatible; YandexBot/3.0; +http://yandex.com/bots)"
95.108.246.252 - - [03/Sep/2011:13:42:40 +0200] "GET /pioneros/index.php?ruti=ruti14 HTTP/1.1" 200 3112 "-" "Mozilla/5.0 (compatible; YandexBot/3.0; +http://yandex.com/bots)"
95.108.246.252 - - [03/Sep/2011:14:27:00 +0200] "GET /pioneros/index.php?ruti=ruti16 HTTP/1.1" 200 2986 "-" "Mozilla/5.0 (compatible; YandexBot/3.0; +http://yandex.com/bots)"
95.108.246.252 - - [03/Sep/2011:15:55:38 +0200] "GET /pioneros/index.php?ruti=ruti1 HTTP/1.1" 200 3990 "-" "Mozilla/5.0 (compatible; YandexBot/3.0; +http://yandex.com/bots)"
208.115.111.74 - - [03/Sep/2011:17:28:29 +0200] "GET /robots.txt HTTP/1.1" 404 320 "-" "Mozilla/5.0 (compatible; Ezooms/1.0; ezooms.bot@gmail.com)"
67.195.115.242 - - [03/Sep/2011:17:30:33 +0200] "GET /robots.txt HTTP/1.0" 404 262 "-" "Mozilla/5.0 (compatible; Yahoo! Slurp; http://help.yahoo.com/help/us/ysearch/slurp)"
67.195.115.242 - - [03/Sep/2011:17:30:34 +0200] "GET /pioneros/index.php?ruti=ruti16 HTTP/1.0" 200 2986 "-" "Mozilla/5.0 (compatible; Yahoo! Slurp; http://help.yahoo.com/help/us/ysearch/slurp)"
95.108.246.252 - - [03/Sep/2011:18:08:35 +0200] "GET /pioneros/index.php?ruti=ruti8 HTTP/1.1" 200 5091 "-" "Mozilla/5.0 (compatible; YandexBot/3.0; +http://yandex.com/bots)"
208.115.111.74 - - [03/Sep/2011:18:17:07 +0200] "GET /pioneros/ HTTP/1.1" 200 22907 "-" "Mozilla/5.0 (compatible; Ezooms/1.0; ezooms.bot@gmail.com)"
67.195.115.242 - - [03/Sep/2011:22:54:02 +0200] "GET /pioneros/ HTTP/1.0" 200 3990 "-" "Mozilla/5.0 (compatible; Yahoo! Slurp; http://help.yahoo.com/help/us/ysearch/slurp)"
95.108.246.252 - - [04/Sep/2011:01:30:05 +0200] "GET /robots.txt HTTP/1.1" 404 320 "-" "Mozilla/5.0 (compatible; YandexBot/3.0; +http://yandex.com/bots)"
95.108.158.239 - - [04/Sep/2011:03:07:13 +0200] "GET /robots.txt HTTP/1.1" 404 320 "-" "Mozilla/5.0 (compatible; YandexImages/3.0; +http://yandex.com/bots)"
95.108.158.239 - - [04/Sep/2011:03:38:29 +0200] "GET /imagenes/iconos/marca_cruz_roja-rally_a_mali-8x8.png HTTP/1.1" 304 - "-" "Mozilla/5.0 (compatible; YandexImages/3.0; +http://yandex.com/bots)"
67.195.115.242 - - [04/Sep/2011:13:10:14 +0200] "GET /robots.txt HTTP/1.0" 404 262 "-" "Mozilla/5.0 (compatible; Yahoo! Slurp; http://help.yahoo.com/help/us/ysearch/slurp)"
67.195.115.242 - - [04/Sep/2011:13:10:14 +0200] "GET /pioneros/index.php?ruti=ruti5 HTTP/1.0" 200 3780 "-" "Mozilla/5.0 (compatible; Yahoo! Slurp; http://help.yahoo.com/help/us/ysearch/slurp)"
95.108.246.252 - - [04/Sep/2011:14:02:22 +0200] "GET / HTTP/1.1" 200 49 "-" "Mozilla/5.0 (compatible; YandexBot/3.0; +http://yandex.com/bots)"
208.80.194.29 - - [04/Sep/2011:15:52:21 +0200] "GET / HTTP/1.0" 200 44 "-" "Mozilla/4.0 (compatible; MSIE 6.0; Windows NT 5.1; {E4EE4F8C-8D5C-4ED3-84E5-7D3C6A570FF8}; .NET CLR 1.0.3705; .NET CLR 1.1.4322; (R1 1.5))"
95.108.246.252 - - [04/Sep/2011:20:28:38 +0200] "GET /pioneros/index.php?ruti=ruti12 HTTP/1.1" 200 5364 "-" "Mozilla/5.0 (compatible; YandexBot/3.0; +http://yandex.com/bots)"
213.79.125.20 - - [04/Sep/2011:21:56:42 +0200] "GET /muieblackcat HTTP/1.1" 404 264 "-" "-"
213.79.125.20 - - [04/Sep/2011:21:56:46 +0200] "GET //admin/scripts/setup.php HTTP/1.1" 404 270 "-" "-"
213.79.125.20 - - [04/Sep/2011:21:56:49 +0200] "GET //admin/phpmyadmin/scripts/setup.php HTTP/1.1" 404 275 "-" "-"
213.79.125.20 - - [04/Sep/2011:21:56:49 +0200] "GET //db/scripts/setup.php HTTP/1.1" 404 267 "-" "-"
213.79.125.20 - - [04/Sep/2011:21:56:52 +0200] "GET //myadmin/scripts/setup.php HTTP/1.1" 404 272 "-" "-"
213.79.125.20 - - [04/Sep/2011:21:56:55 +0200] "GET //mysqladmin/scripts/setup.php HTTP/1.1" 404 274 "-" "-"
213.79.125.20 - - [04/Sep/2011:21:56:55 +0200] "GET //typo3/phpmyadmin/scripts/setup.php HTTP/1.1" 404 277 "-" "-"
213.79.125.20 - - [04/Sep/2011:21:56:56 +0200] "GET //phpadmin/scripts/setup.php HTTP/1.1" 404 272 "-" "-"
213.79.125.20 - - [04/Sep/2011:21:56:56 +0200] "GET //phpMyAdmin/scripts/setup.php HTTP/1.1" 404 273 "-" "-"
213.79.125.20 - - [04/Sep/2011:21:56:59 +0200] "GET //phpmyadmin1/scripts/setup.php HTTP/1.1" 404 274 "-" "-"
213.79.125.20 - - [04/Sep/2011:21:57:05 +0200] "GET //web/phpMyAdmin/scripts/setup.php HTTP/1.1" 404 276 "-" "-"
213.79.125.20 - - [04/Sep/2011:21:57:05 +0200] "GET //xampp/phpmyadmin/scripts/setup.php HTTP/1.1" 404 278 "-" "-"
213.79.125.20 - - [04/Sep/2011:21:57:08 +0200] "GET //php-my-admin/scripts/setup.php HTTP/1.1" 404 275 "-" "-"
213.79.125.20 - - [04/Sep/2011:21:57:09 +0200] "GET //websql/scripts/setup.php HTTP/1.1" 404 271 "-" "-"
213.79.125.20 - - [04/Sep/2011:21:57:09 +0200] "GET //phpmyadmin/scripts/setup.php HTTP/1.1" 401 364 "-" "-"
213.79.125.20 - - [04/Sep/2011:21:57:24 +0200] "GET //phpMyAdmin-2.5.1/scripts/setup.php HTTP/1.1" 404 278 "-" "-"
213.79.125.20 - - [04/Sep/2011:21:57:30 +0200] "GET //phpMyAdmin-2.5.5-rc2/scripts/setup.php HTTP/1.1" 404 281 "-" "-"
213.79.125.20 - - [04/Sep/2011:21:57:33 +0200] "GET //phpMyAdmin-2.5.5-pl1/scripts/setup.php HTTP/1.1" 404 281 "-" "-"
213.79.125.20 - - [04/Sep/2011:21:57:33 +0200] "GET //phpMyAdmin-2.5.6-rc1/scripts/setup.php HTTP/1.1" 404 281 "-" "-"
213.79.125.20 - - [04/Sep/2011:21:57:36 +0200] "GET //phpMyAdmin-2.5.6/scripts/setup.php HTTP/1.1" 404 278 "-" "-"
213.79.125.20 - - [04/Sep/2011:21:57:37 +0200] "GET //phpMyAdmin-2.5.7/scripts/setup.php HTTP/1.1" 404 278 "-" "-"
213.79.125.20 - - [04/Sep/2011:21:57:40 +0200] "GET //phpMyAdmin-2.6.0-alpha/scripts/setup.php HTTP/1.1" 404 282 "-" "-"
213.79.125.20 - - [04/Sep/2011:21:57:40 +0200] "GET //phpMyAdmin-2.6.0-alpha2/scripts/setup.php HTTP/1.1" 404 283 "-" "-"
213.79.125.20 - - [04/Sep/2011:21:57:43 +0200] "GET //phpMyAdmin-2.6.0-beta2/scripts/setup.php HTTP/1.1" 404 282 "-" "-"
213.79.125.20 - - [04/Sep/2011:21:57:52 +0200] "GET //phpMyAdmin-2.6.0/scripts/setup.php HTTP/1.1" 404 278 "-" "-"
213.79.125.20 - - [04/Sep/2011:21:57:52 +0200] "GET //phpMyAdmin-2.6.0-pl1/scripts/setup.php HTTP/1.1" 404 281 "-" "-"
213.79.125.20 - - [04/Sep/2011:21:58:02 +0200] "GET //phpMyAdmin-2.6.1-rc2/scripts/setup.php HTTP/1.1" 404 281 "-" "-"
213.79.125.20 - - [04/Sep/2011:21:58:02 +0200] "GET //phpMyAdmin-2.6.1/scripts/setup.php HTTP/1.1" 404 278 "-" "-"
213.79.125.20 - - [04/Sep/2011:21:58:11 +0200] "GET //phpMyAdmin-2.6.2-rc1/scripts/setup.php HTTP/1.1" 404 281 "-" "-"
213.79.125.20 - - [04/Sep/2011:21:58:11 +0200] "GET //phpMyAdmin-2.6.2-beta1/scripts/setup.php HTTP/1.1" 404 282 "-" "-"
213.79.125.20 - - [04/Sep/2011:21:58:20 +0200] "GET //phpMyAdmin-2.6.3/scripts/setup.php HTTP/1.1" 404 279 "-" "-"
213.79.125.20 - - [04/Sep/2011:21:58:20 +0200] "GET //phpMyAdmin-2.6.3-rc1/scripts/setup.php HTTP/1.1" 404 281 "-" "-"
213.79.125.20 - - [04/Sep/2011:21:58:21 +0200] "GET //phpMyAdmin-2.6.3/scripts/setup.php HTTP/1.1" 404 279 "-" "-"
213.79.125.20 - - [04/Sep/2011:21:58:21 +0200] "GET //phpMyAdmin-2.6.3-pl1/scripts/setup.php HTTP/1.1" 404 281 "-" "-"
213.79.125.20 - - [04/Sep/2011:21:58:21 +0200] "GET //phpMyAdmin-2.6.4-rc1/scripts/setup.php HTTP/1.1" 404 281 "-" "-"
213.79.125.20 - - [04/Sep/2011:21:58:22 +0200] "GET //phpMyAdmin-2.6.4-pl1/scripts/setup.php HTTP/1.1" 404 281 "-" "-"
213.79.125.20 - - [04/Sep/2011:21:58:22 +0200] "GET //phpMyAdmin-2.6.4-pl2/scripts/setup.php HTTP/1.1" 404 281 "-" "-"
213.79.125.20 - - [04/Sep/2011:21:58:22 +0200] "GET //phpMyAdmin-2.6.4-pl3/scripts/setup.php HTTP/1.1" 404 282 "-" "-"
213.79.125.20 - - [04/Sep/2011:21:58:25 +0200] "GET //phpMyAdmin-2.6.4/scripts/setup.php HTTP/1.1" 404 278 "-" "-"
213.79.125.20 - - [04/Sep/2011:21:58:26 +0200] "GET //phpMyAdmin-2.7.0-beta1/scripts/setup.php HTTP/1.1" 404 282 "-" "-"
213.79.125.20 - - [04/Sep/2011:21:58:35 +0200] "GET //phpMyAdmin-2.7.0/scripts/setup.php HTTP/1.1" 404 278 "-" "-"
213.79.125.20 - - [04/Sep/2011:21:58:35 +0200] "GET //phpMyAdmin-2.8.0-beta1/scripts/setup.php HTTP/1.1" 404 282 "-" "-"
213.79.125.20 - - [04/Sep/2011:21:58:38 +0200] "GET //phpMyAdmin-2.8.0-rc2/scripts/setup.php HTTP/1.1" 404 281 "-" "-"
213.79.125.20 - - [04/Sep/2011:21:58:38 +0200] "GET //phpMyAdmin-2.8.0/scripts/setup.php HTTP/1.1" 404 278 "-" "-"
213.79.125.20 - - [04/Sep/2011:21:58:38 +0200] "GET //phpMyAdmin-2.8.0.1/scripts/setup.php HTTP/1.1" 404 280 "-" "-"
213.79.125.20 - - [04/Sep/2011:21:59:03 +0200] "GET //p/m/a/scripts/setup.php HTTP/1.1" 404 270 "-" "-"
213.79.125.20 - - [04/Sep/2011:21:59:18 +0200] "GET //webadmin/scripts/setup.php HTTP/1.1" 404 273 "-" "-"
213.79.125.20 - - [04/Sep/2011:21:59:18 +0200] "GET //sqlweb/scripts/setup.php HTTP/1.1" 404 271 "-" "-"
213.79.125.20 - - [04/Sep/2011:21:59:19 +0200] "GET //websql/scripts/setup.php HTTP/1.1" 404 271 "-" "-"
213.79.125.20 - - [04/Sep/2011:21:59:19 +0200] "GET //webdb/scripts/setup.php HTTP/1.1" 404 271 "-" "-"
213.79.125.20 - - [04/Sep/2011:21:59:20 +0200] "GET //mysqladmin/scripts/setup.php HTTP/1.1" 404 274 "-" "-"
213.79.125.20 - - [04/Sep/2011:21:59:20 +0200] "GET //mysql-admin/scripts/setup.php HTTP/1.1" 404 275 "-" "-"
213.79.125.20 - - [04/Sep/2011:21:59:23 +0200] "GET //admm/scripts/setup.php HTTP/1.1" 404 269 "-" "-"
213.79.125.20 - - [04/Sep/2011:21:59:23 +0200] "GET //admn/scripts/setup.php HTTP/1.1" 404 269 "-" "-"
220.181.108.109 - - [04/Sep/2011:22:55:32 +0200] "GET /robots.txt HTTP/1.1" 404 262 "-" "Baiduspider+(+http://www.baidu.com/search/spider.htm)"
95.108.246.252 - - [05/Sep/2011:00:05:17 +0200] "GET /robots.txt HTTP/1.1" 404 320 "-" "Mozilla/5.0 (compatible; YandexBot/3.0; +http://yandex.com/bots)"
95.108.158.239 - - [05/Sep/2011:01:49:43 +0200] "GET /imagenes/iconos/marca_cruz_roja-rally_a_mali-8x8.png HTTP/1.1" 304 - "-" "Mozilla/5.0 (compatible; YandexImages/3.0; +http://yandex.com/bots)"
95.108.246.252 - - [05/Sep/2011:02:31:04 +0200] "GET /pioneros/index.php?ruti=ruti10 HTTP/1.1" 200 3623 "-" "Mozilla/5.0 (compatible; YandexBot/3.0; +http://yandex.com/bots)"
67.195.115.242 - - [05/Sep/2011:02:49:03 +0200] "GET /robots.txt HTTP/1.0" 404 262 "-" "Mozilla/5.0 (compatible; Yahoo! Slurp; http://help.yahoo.com/help/us/ysearch/slurp)"
67.195.115.242 - - [05/Sep/2011:02:49:03 +0200] "GET /pioneros/index.php?ruti=ruti9 HTTP/1.0" 200 5161 "-" "Mozilla/5.0 (compatible; Yahoo! Slurp; http://help.yahoo.com/help/us/ysearch/slurp)"
95.108.246.252 - - [05/Sep/2011:03:19:42 +0200] "GET /pioneros/index.php?ruti=ruti16 HTTP/1.1" 200 2986 "-" "Mozilla/5.0 (compatible; YandexBot/3.0; +http://yandex.com/bots)"
95.108.246.252 - - [05/Sep/2011:03:19:44 +0200] "GET /pioneros/index.php?ruti=ruti17 HTTP/1.1" 200 2635 "-" "Mozilla/5.0 (compatible; YandexBot/3.0; +http://yandex.com/bots)"
95.108.246.252 - - [05/Sep/2011:03:19:46 +0200] "GET /pioneros/index.php?ruti=ruti3 HTTP/1.1" 200 3858 "-" "Mozilla/5.0 (compatible; YandexBot/3.0; +http://yandex.com/bots)"
95.108.246.252 - - [05/Sep/2011:03:19:48 +0200] "GET /pioneros/index.php?ruti=ruti15 HTTP/1.1" 200 5093 "-" "Mozilla/5.0 (compatible; YandexBot/3.0; +http://yandex.com/bots)"
95.108.246.252 - - [05/Sep/2011:03:19:51 +0200] "GET /pioneros/index.php?ruti=ruti11 HTTP/1.1" 200 4094 "-" "Mozilla/5.0 (compatible; YandexBot/3.0; +http://yandex.com/bots)"
95.108.246.252 - - [05/Sep/2011:03:19:53 +0200] "GET /pioneros/index.php?ruti=ruti4 HTTP/1.1" 200 3033 "-" "Mozilla/5.0 (compatible; YandexBot/3.0; +http://yandex.com/bots)"
95.108.246.252 - - [05/Sep/2011:03:19:55 +0200] "GET /pioneros/ HTTP/1.1" 200 3990 "-" "Mozilla/5.0 (compatible; YandexBot/3.0; +http://yandex.com/bots)"
95.108.246.252 - - [05/Sep/2011:03:19:57 +0200] "GET /pioneros/index.php?ruti=ruti1 HTTP/1.1" 200 3990 "-" "Mozilla/5.0 (compatible; YandexBot/3.0; +http://yandex.com/bots)"
95.108.246.252 - - [05/Sep/2011:03:20:00 +0200] "GET /pioneros/index.php?ruti=ruti14 HTTP/1.1" 200 3112 "-" "Mozilla/5.0 (compatible; YandexBot/3.0; +http://yandex.com/bots)"
95.108.246.252 - - [05/Sep/2011:03:20:02 +0200] "GET /pioneros/index.php?ruti=ruti9 HTTP/1.1" 200 5161 "-" "Mozilla/5.0 (compatible; YandexBot/3.0; +http://yandex.com/bots)"
95.108.246.252 - - [05/Sep/2011:03:20:04 +0200] "GET /pioneros/index.php?ruti=ruti18 HTTP/1.1" 200 3941 "-" "Mozilla/5.0 (compatible; YandexBot/3.0; +http://yandex.com/bots)"
95.108.246.252 - - [05/Sep/2011:03:20:06 +0200] "GET /pioneros/index.php?ruti=ruti5 HTTP/1.1" 200 3780 "-" "Mozilla/5.0 (compatible; YandexBot/3.0; +http://yandex.com/bots)"
95.108.246.252 - - [05/Sep/2011:03:20:08 +0200] "GET /pioneros/index.php?ruti=ruti2 HTTP/1.1" 200 5065 "-" "Mozilla/5.0 (compatible; YandexBot/3.0; +http://yandex.com/bots)"
95.108.246.252 - - [05/Sep/2011:03:20:11 +0200] "GET /pioneros/index.php?ruti=ruti7 HTTP/1.1" 200 4506 "-" "Mozilla/5.0 (compatible; YandexBot/3.0; +http://yandex.com/bots)"
95.108.246.252 - - [05/Sep/2011:03:20:14 +0200] "GET /pioneros/index.php?ruti=ruti6 HTTP/1.1" 200 3085 "-" "Mozilla/5.0 (compatible; YandexBot/3.0; +http://yandex.com/bots)"
95.108.158.239 - - [05/Sep/2011:15:30:08 +0200] "GET /robots.txt HTTP/1.1" 404 320 "-" "Mozilla/5.0 (compatible; YandexImages/3.0; +http://yandex.com/bots)"
95.108.158.239 - - [05/Sep/2011:18:35:31 +0200] "GET /imagenes/iconos/marca_cruz_roja-rally_a_mali-8x8.png HTTP/1.1" 304 - "-" "Mozilla/5.0 (compatible; YandexImages/3.0; +http://yandex.com/bots)"
193.47.80.46 - - [05/Sep/2011:22:53:51 +0200] "GET /robots.txt HTTP/1.1" 404 262 "-" "Mozilla/5.0 (compatible; Exabot/3.0; +http://www.exabot.com/go/robot)"
193.47.80.46 - - [05/Sep/2011:22:53:51 +0200] "GET /pioneros/index.php?ruti=ruti15 HTTP/1.1" 200 5093 "-" "Mozilla/5.0 (compatible; Exabot/3.0; +http://www.exabot.com/go/robot)"
193.47.80.46 - - [05/Sep/2011:22:53:54 +0200] "GET /pioneros/index.php?ruti=ruti17 HTTP/1.1" 200 2635 "-" "Mozilla/5.0 (compatible; Exabot/3.0; +http://www.exabot.com/go/robot)"
193.47.80.46 - - [05/Sep/2011:22:53:56 +0200] "GET /pioneros/index.php?ruti=ruti0 HTTP/1.1" 200 3004 "-" "Mozilla/5.0 (compatible; Exabot/3.0; +http://www.exabot.com/go/robot)"
193.47.80.46 - - [05/Sep/2011:22:53:59 +0200] "GET /pioneros/index.php?ruti=ruti5 HTTP/1.1" 200 3780 "-" "Mozilla/5.0 (compatible; Exabot/3.0; +http://www.exabot.com/go/robot)"
193.47.80.46 - - [05/Sep/2011:22:54:02 +0200] "GET /pioneros/index.php?ruti=ruti10 HTTP/1.1" 200 3623 "-" "Mozilla/5.0 (compatible; Exabot/3.0; +http://www.exabot.com/go/robot)"
193.47.80.46 - - [05/Sep/2011:22:54:04 +0200] "GET /pioneros/index.php?ruti=ruti16 HTTP/1.1" 200 2986 "-" "Mozilla/5.0 (compatible; Exabot/3.0; +http://www.exabot.com/go/robot)"
193.47.80.46 - - [05/Sep/2011:22:54:07 +0200] "GET /pioneros/index.php?ruti=ruti7 HTTP/1.1" 200 4506 "-" "Mozilla/5.0 (compatible; Exabot/3.0; +http://www.exabot.com/go/robot)"
193.47.80.46 - - [05/Sep/2011:22:54:09 +0200] "GET /pioneros/index.php?ruti=ruti8 HTTP/1.1" 200 5091 "-" "Mozilla/5.0 (compatible; Exabot/3.0; +http://www.exabot.com/go/robot)"
193.47.80.46 - - [05/Sep/2011:22:54:12 +0200] "GET /pioneros/index.php?ruti=ruti12 HTTP/1.1" 200 5364 "-" "Mozilla/5.0 (compatible; Exabot/3.0; +http://www.exabot.com/go/robot)"
193.47.80.46 - - [05/Sep/2011:22:54:14 +0200] "GET /pioneros/index.php?ruti=ruti1 HTTP/1.1" 200 3990 "-" "Mozilla/5.0 (compatible; Exabot/3.0; +http://www.exabot.com/go/robot)"
193.47.80.46 - - [05/Sep/2011:22:54:17 +0200] "GET /pioneros/index.php?ruti=ruti4 HTTP/1.1" 200 3033 "-" "Mozilla/5.0 (compatible; Exabot/3.0; +http://www.exabot.com/go/robot)"
123.125.71.49 - - [05/Sep/2011:22:58:46 +0200] "GET /robots.txt HTTP/1.1" 404 262 "-" "Baiduspider+(+http://www.baidu.com/search/spider.htm)"
193.47.80.46 - - [06/Sep/2011:02:23:15 +0200] "GET /pioneros/index.php?ruti=ruti11 HTTP/1.1" 200 4094 "-" "Mozilla/5.0 (compatible; Exabot/3.0; +http://www.exabot.com/go/robot)"
95.108.246.252 - - [06/Sep/2011:02:31:37 +0200] "GET /robots.txt HTTP/1.1" 404 320 "-" "Mozilla/5.0 (compatible; YandexBot/3.0; +http://yandex.com/bots)"
67.195.115.242 - - [06/Sep/2011:05:04:28 +0200] "GET /robots.txt HTTP/1.0" 404 262 "-" "Mozilla/5.0 (compatible; Yahoo! Slurp; http://help.yahoo.com/help/us/ysearch/slurp)"
67.195.115.242 - - [06/Sep/2011:05:04:28 +0200] "GET /pioneros/index.php?ruti=ruti15 HTTP/1.0" 200 5093 "-" "Mozilla/5.0 (compatible; Yahoo! Slurp; http://help.yahoo.com/help/us/ysearch/slurp)"
123.125.71.46 - - [06/Sep/2011:06:07:28 +0200] "GET /robots.txt HTTP/1.1" 404 262 "-" "Baiduspider+(+http://www.baidu.com/search/spider.htm)"
208.80.194.29 - - [06/Sep/2011:06:12:46 +0200] "GET / HTTP/1.0" 200 44 "-" "Mozilla/4.0 (compatible; MSIE 6.0; Windows NT 5.1; {31626D00-C924-6DE3-0367-AF1A1087B9DB}; SV1; .NET CLR 1.1.4322; .NET CLR 2.0.50727)"
193.47.80.46 - - [06/Sep/2011:06:24:28 +0200] "GET /pioneros/index.php?ruti=ruti6 HTTP/1.1" 200 3085 "-" "Mozilla/5.0 (compatible; Exabot/3.0; +http://www.exabot.com/go/robot)"
95.108.246.252 - - [06/Sep/2011:08:58:02 +0200] "GET / HTTP/1.1" 200 49 "-" "Mozilla/5.0 (compatible; YandexBot/3.0; +http://yandex.com/bots)"
95.108.246.252 - - [06/Sep/2011:09:46:19 +0200] "GET /pioneros/index.php?ruti=ruti8 HTTP/1.1" 200 5091 "-" "Mozilla/5.0 (compatible; YandexBot/3.0; +http://yandex.com/bots)"
