67.195.115.242 - - [16/Oct/2011:00:58:37 +0200] "GET /robots.txt HTTP/1.0" 404 262 "-" "Mozilla/5.0 (compatible; Yahoo! Slurp; http://help.yahoo.com/help/us/ysearch/slurp)"
67.195.115.242 - - [16/Oct/2011:00:58:38 +0200] "GET /pioneros/index.php?ruti=ruti0 HTTP/1.0" 200 3004 "-" "Mozilla/5.0 (compatible; Yahoo! Slurp; http://help.yahoo.com/help/us/ysearch/slurp)"
95.108.158.239 - - [16/Oct/2011:06:18:50 +0200] "GET /robots.txt HTTP/1.1" 404 320 "-" "Mozilla/5.0 (compatible; YandexImages/3.0; +http://yandex.com/bots)"
95.108.158.239 - - [16/Oct/2011:06:59:58 +0200] "GET /imagenes/iconos/marca_cruz_roja-rally_a_mali-8x8.png HTTP/1.1" 304 - "-" "Mozilla/5.0 (compatible; YandexImages/3.0; +http://yandex.com/bots)"
119.63.196.53 - - [16/Oct/2011:08:00:00 +0200] "GET /robots.txt HTTP/1.1" 404 262 "-" "Baiduspider+(+http://www.baidu.com/search/spider.htm)"
119.63.196.60 - - [16/Oct/2011:13:35:06 +0200] "GET /pioneros HTTP/1.1" 301 270 "-" "Mozilla/5.0 (compatible; Baiduspider/2.0; +http://www.baidu.com/search/spider.html)"
119.63.196.93 - - [16/Oct/2011:13:35:08 +0200] "GET /pioneros/ HTTP/1.1" 200 3990 "-" "Mozilla/5.0 (compatible; Baiduspider/2.0; +http://www.baidu.com/search/spider.html)"
123.125.71.59 - - [16/Oct/2011:19:00:33 +0200] "GET /robots.txt HTTP/1.1" 404 262 "-" "Baiduspider+(+http://www.baidu.com/search/spider.htm)"
193.47.80.46 - - [16/Oct/2011:19:01:33 +0200] "GET /robots.txt HTTP/1.1" 404 262 "-" "Mozilla/5.0 (compatible; Exabot/3.0; +http://www.exabot.com/go/robot)"
193.47.80.46 - - [16/Oct/2011:19:01:33 +0200] "GET /pioneros/index.php?ruti=ruti15 HTTP/1.1" 200 5093 "-" "Mozilla/5.0 (compatible; Exabot/3.0; +http://www.exabot.com/go/robot)"
193.47.80.46 - - [16/Oct/2011:19:01:35 +0200] "GET /pioneros/index.php?ruti=ruti12 HTTP/1.1" 200 5364 "-" "Mozilla/5.0 (compatible; Exabot/3.0; +http://www.exabot.com/go/robot)"
193.47.80.46 - - [16/Oct/2011:19:01:38 +0200] "GET /pioneros/index.php?ruti=ruti1 HTTP/1.1" 200 3990 "-" "Mozilla/5.0 (compatible; Exabot/3.0; +http://www.exabot.com/go/robot)"
193.47.80.46 - - [16/Oct/2011:19:01:41 +0200] "GET /pioneros/index.php?ruti=ruti10 HTTP/1.1" 200 3623 "-" "Mozilla/5.0 (compatible; Exabot/3.0; +http://www.exabot.com/go/robot)"
208.80.194.26 - - [17/Oct/2011:02:32:05 +0200] "GET / HTTP/1.0" 200 44 "-" "Mozilla/4.0 (compatible; MSIE 7.0; Windows NT 5.1; CMS Music Store2 v1.00.13 (Music Store,1033); .NET CLR 1.1.4322; .NET CLR 2.0.50727; .NET CLR 3.0.04506.30)"
67.195.115.242 - - [17/Oct/2011:02:56:31 +0200] "GET /robots.txt HTTP/1.0" 404 262 "-" "Mozilla/5.0 (compatible; Yahoo! Slurp; http://help.yahoo.com/help/us/ysearch/slurp)"
67.195.115.242 - - [17/Oct/2011:02:56:31 +0200] "GET /pioneros/ HTTP/1.0" 200 3990 "-" "Mozilla/5.0 (compatible; Yahoo! Slurp; http://help.yahoo.com/help/us/ysearch/slurp)"
67.195.115.242 - - [17/Oct/2011:03:22:35 +0200] "GET /pioneros/index.php?ruti=ruti16 HTTP/1.0" 200 2986 "-" "Mozilla/5.0 (compatible; Yahoo! Slurp; http://help.yahoo.com/help/us/ysearch/slurp)"
95.108.158.239 - - [17/Oct/2011:04:40:40 +0200] "GET /imagenes/iconos/marca_cruz_roja-rally_a_mali-8x8.png HTTP/1.1" 304 - "-" "Mozilla/5.0 (compatible; YandexImages/3.0; +http://yandex.com/bots)"
123.125.71.58 - - [17/Oct/2011:06:11:54 +0200] "GET /robots.txt HTTP/1.1" 404 262 "-" "Baiduspider+(+http://www.baidu.com/search/spider.htm)"
119.63.196.16 - - [17/Oct/2011:07:10:12 +0200] "GET /robots.txt HTTP/1.1" 404 262 "-" "Baiduspider+(+http://www.baidu.com/search/spider.htm)"
66.249.72.142 - - [17/Oct/2011:07:30:32 +0200] "GET /robots.txt HTTP/1.1" 404 262 "-" "Mozilla/5.0 (compatible; Googlebot/2.1; +http://www.google.com/bot.html)"
66.249.72.142 - - [17/Oct/2011:07:30:32 +0200] "GET /pioneros/index.php?ruti=ruti2 HTTP/1.1" 200 5065 "-" "Mozilla/5.0 (compatible; Googlebot/2.1; +http://www.google.com/bot.html)"
67.195.115.242 - - [17/Oct/2011:08:31:17 +0200] "GET /robots.txt HTTP/1.0" 404 262 "-" "Mozilla/5.0 (compatible; Yahoo! Slurp; http://help.yahoo.com/help/us/ysearch/slurp)"
67.195.115.242 - - [17/Oct/2011:08:31:17 +0200] "GET /pioneros/index.php?ruti=ruti4 HTTP/1.0" 200 3033 "-" "Mozilla/5.0 (compatible; Yahoo! Slurp; http://help.yahoo.com/help/us/ysearch/slurp)"
139.18.2.209 - - [17/Oct/2011:17:35:59 +0200] "GET /robots.txt HTTP/1.1" 404 320 "-" "findlinks/2.0.1 (+http://wortschatz.uni-leipzig.de/findlinks/)"
95.108.158.239 - - [17/Oct/2011:23:25:02 +0200] "GET /robots.txt HTTP/1.1" 404 320 "-" "Mozilla/5.0 (compatible; YandexImages/3.0; +http://yandex.com/bots)"
95.108.158.239 - - [18/Oct/2011:01:53:02 +0200] "GET /imagenes/iconos/marca_cruz_roja-rally_a_mali-8x8.png HTTP/1.1" 304 - "-" "Mozilla/5.0 (compatible; YandexImages/3.0; +http://yandex.com/bots)"
67.195.115.242 - - [18/Oct/2011:05:15:00 +0200] "GET /robots.txt HTTP/1.0" 404 262 "-" "Mozilla/5.0 (compatible; Yahoo! Slurp; http://help.yahoo.com/help/us/ysearch/slurp)"
67.195.115.242 - - [18/Oct/2011:05:15:00 +0200] "GET /pioneros/index.php?ruti=ruti15 HTTP/1.0" 200 5093 "-" "Mozilla/5.0 (compatible; Yahoo! Slurp; http://help.yahoo.com/help/us/ysearch/slurp)"
123.125.71.42 - - [18/Oct/2011:06:23:42 +0200] "GET /robots.txt HTTP/1.1" 404 262 "-" "Baiduspider+(+http://www.baidu.com/search/spider.htm)"
67.195.115.242 - - [18/Oct/2011:07:35:48 +0200] "GET /pioneros/index.php?ruti=ruti7 HTTP/1.0" 200 4506 "-" "Mozilla/5.0 (compatible; Yahoo! Slurp; http://help.yahoo.com/help/us/ysearch/slurp)"
67.195.115.242 - - [18/Oct/2011:07:37:42 +0200] "GET /pioneros/index.php?ruti=ruti3 HTTP/1.0" 200 3858 "-" "Mozilla/5.0 (compatible; Yahoo! Slurp; http://help.yahoo.com/help/us/ysearch/slurp)"
119.63.196.77 - - [18/Oct/2011:08:54:45 +0200] "GET /robots.txt HTTP/1.1" 404 262 "-" "Baiduspider+(+http://www.baidu.com/search/spider.htm)"
208.80.194.28 - - [18/Oct/2011:14:47:17 +0200] "GET / HTTP/1.0" 200 44 "-" "Mozilla/4.0 (compatible; MSIE 7.0; Windows NT 5.1; SIMBAR Enabled; SIMBAR={50D75E47-433E-42fa-BE88-5834D1BF4DE7}; ZangoToolbar 4.8.3)"
123.125.71.43 - - [18/Oct/2011:20:33:19 +0200] "GET /robots.txt HTTP/1.1" 404 262 "-" "Baiduspider+(+http://www.baidu.com/search/spider.htm)"
67.195.115.242 - - [19/Oct/2011:04:59:21 +0200] "GET /robots.txt HTTP/1.0" 404 262 "-" "Mozilla/5.0 (compatible; Yahoo! Slurp; http://help.yahoo.com/help/us/ysearch/slurp)"
67.195.115.242 - - [19/Oct/2011:04:59:22 +0200] "GET /pioneros/index.php?ruti=ruti9 HTTP/1.0" 200 5161 "-" "Mozilla/5.0 (compatible; Yahoo! Slurp; http://help.yahoo.com/help/us/ysearch/slurp)"
119.63.196.26 - - [19/Oct/2011:06:53:46 +0200] "GET /robots.txt HTTP/1.1" 404 262 "-" "Baiduspider+(+http://www.baidu.com/search/spider.htm)"
178.154.160.30 - - [19/Oct/2011:07:20:28 +0200] "GET /robots.txt HTTP/1.1" 404 320 "-" "Mozilla/5.0 (compatible; YandexBot/3.0; +http://yandex.com/bots)"
178.154.160.30 - - [19/Oct/2011:07:20:28 +0200] "GET / HTTP/1.1" 200 49 "-" "Mozilla/5.0 (compatible; YandexBot/3.0; +http://yandex.com/bots)"
67.195.115.242 - - [19/Oct/2011:14:00:21 +0200] "GET /pioneros/index.php?ruti=ruti1 HTTP/1.0" 200 3990 "-" "Mozilla/5.0 (compatible; Yahoo! Slurp; http://help.yahoo.com/help/us/ysearch/slurp)"
123.125.71.52 - - [19/Oct/2011:15:33:33 +0200] "GET /robots.txt HTTP/1.1" 404 262 "-" "Baiduspider+(+http://www.baidu.com/search/spider.htm)"
67.195.115.242 - - [19/Oct/2011:16:45:17 +0200] "GET /robots.txt HTTP/1.0" 404 262 "-" "Mozilla/5.0 (compatible; Yahoo! Slurp; http://help.yahoo.com/help/us/ysearch/slurp)"
67.195.115.242 - - [19/Oct/2011:16:45:17 +0200] "GET /pioneros/index.php?ruti=ruti11 HTTP/1.0" 200 4094 "-" "Mozilla/5.0 (compatible; Yahoo! Slurp; http://help.yahoo.com/help/us/ysearch/slurp)"
85.17.29.107 - - [19/Oct/2011:17:00:30 +0200] "GET /robots.txt HTTP/1.1" 404 320 "-" "Mozilla/5.0 (compatible; Purebot/1.1; +http://www.puritysearch.net/)"
85.17.29.107 - - [19/Oct/2011:17:00:40 +0200] "GET / HTTP/1.1" 200 44 "-" "Mozilla/5.0 (compatible; Purebot/1.1; +http://www.puritysearch.net/)"
85.17.29.107 - - [19/Oct/2011:17:00:47 +0200] "GET /pioneros/ HTTP/1.1" 200 22907 "-" "Mozilla/5.0 (compatible; Purebot/1.1; +http://www.puritysearch.net/)"
85.17.29.107 - - [19/Oct/2011:17:00:49 +0200] "GET /pioneros/index.php?ruti=ruti2 HTTP/1.1" 200 27984 "-" "Mozilla/5.0 (compatible; Purebot/1.1; +http://www.puritysearch.net/)"
85.17.29.107 - - [19/Oct/2011:17:00:51 +0200] "GET /pioneros/index.php?ruti=ruti14 HTTP/1.1" 200 14912 "-" "Mozilla/5.0 (compatible; Purebot/1.1; +http://www.puritysearch.net/)"
85.17.29.107 - - [19/Oct/2011:17:00:55 +0200] "GET /pioneros/index.php?ruti=ruti6 HTTP/1.1" 200 15366 "-" "Mozilla/5.0 (compatible; Purebot/1.1; +http://www.puritysearch.net/)"
85.17.29.107 - - [19/Oct/2011:17:00:58 +0200] "GET /pioneros/index.php?ruti=ruti9 HTTP/1.1" 200 30324 "-" "Mozilla/5.0 (compatible; Purebot/1.1; +http://www.puritysearch.net/)"
85.17.29.107 - - [19/Oct/2011:17:00:58 +0200] "GET /pioneros/index.php?ruti=ruti7 HTTP/1.1" 200 27923 "-" "Mozilla/5.0 (compatible; Purebot/1.1; +http://www.puritysearch.net/)"
85.17.29.107 - - [19/Oct/2011:17:01:00 +0200] "GET /pioneros/index.php?ruti=ruti11 HTTP/1.1" 200 19481 "-" "Mozilla/5.0 (compatible; Purebot/1.1; +http://www.puritysearch.net/)"
85.17.29.107 - - [19/Oct/2011:17:01:01 +0200] "GET /pioneros/index.php?ruti=ruti15 HTTP/1.1" 200 28860 "-" "Mozilla/5.0 (compatible; Purebot/1.1; +http://www.puritysearch.net/)"
85.17.29.107 - - [19/Oct/2011:17:01:03 +0200] "GET /pioneros/index.php?ruti=ruti3 HTTP/1.1" 200 17912 "-" "Mozilla/5.0 (compatible; Purebot/1.1; +http://www.puritysearch.net/)"
85.17.29.107 - - [19/Oct/2011:17:01:05 +0200] "GET /pioneros/index.php?ruti=ruti8 HTTP/1.1" 200 29886 "-" "Mozilla/5.0 (compatible; Purebot/1.1; +http://www.puritysearch.net/)"
85.17.29.107 - - [19/Oct/2011:17:01:09 +0200] "GET /pioneros/index.php?ruti=ruti17 HTTP/1.1" 200 12655 "-" "Mozilla/5.0 (compatible; Purebot/1.1; +http://www.puritysearch.net/)"
85.17.29.107 - - [19/Oct/2011:17:01:12 +0200] "GET /pioneros/index.php?ruti=ruti18 HTTP/1.1" 200 19912 "-" "Mozilla/5.0 (compatible; Purebot/1.1; +http://www.puritysearch.net/)"
85.17.29.107 - - [19/Oct/2011:17:01:13 +0200] "GET /pioneros/index.php?ruti=ruti12 HTTP/1.1" 200 26657 "-" "Mozilla/5.0 (compatible; Purebot/1.1; +http://www.puritysearch.net/)"
85.17.29.107 - - [19/Oct/2011:17:01:15 +0200] "GET /pioneros/index.php?ruti=ruti0 HTTP/1.1" 200 16674 "-" "Mozilla/5.0 (compatible; Purebot/1.1; +http://www.puritysearch.net/)"
85.17.29.107 - - [19/Oct/2011:17:01:16 +0200] "GET /pioneros/index.php?ruti=ruti5 HTTP/1.1" 200 19248 "-" "Mozilla/5.0 (compatible; Purebot/1.1; +http://www.puritysearch.net/)"
85.17.29.107 - - [19/Oct/2011:17:01:18 +0200] "GET /pioneros/index.php?ruti=ruti1 HTTP/1.1" 200 22907 "-" "Mozilla/5.0 (compatible; Purebot/1.1; +http://www.puritysearch.net/)"
85.17.29.107 - - [19/Oct/2011:17:01:20 +0200] "GET /pioneros/index.php?ruti=ruti10 HTTP/1.1" 200 19706 "-" "Mozilla/5.0 (compatible; Purebot/1.1; +http://www.puritysearch.net/)"
85.17.29.107 - - [19/Oct/2011:17:01:23 +0200] "GET /pioneros/index.php?ruti=ruti4 HTTP/1.1" 200 13973 "-" "Mozilla/5.0 (compatible; Purebot/1.1; +http://www.puritysearch.net/)"
85.17.29.107 - - [19/Oct/2011:17:01:25 +0200] "GET /pioneros/index.php?ruti=ruti16 HTTP/1.1" 200 14132 "-" "Mozilla/5.0 (compatible; Purebot/1.1; +http://www.puritysearch.net/)"
208.80.194.29 - - [20/Oct/2011:01:04:43 +0200] "GET / HTTP/1.0" 200 44 "-" "Mozilla/4.0 (compatible; MSIE 6.0; Windows 98; .NET CLR 1.1.4322; yplus 5.1.02b)"
67.195.115.242 - - [20/Oct/2011:01:37:26 +0200] "GET /robots.txt HTTP/1.0" 404 262 "-" "Mozilla/5.0 (compatible; Yahoo! Slurp; http://help.yahoo.com/help/us/ysearch/slurp)"
67.195.115.242 - - [20/Oct/2011:01:37:27 +0200] "GET /pioneros/index.php?ruti=ruti8 HTTP/1.0" 200 5091 "-" "Mozilla/5.0 (compatible; Yahoo! Slurp; http://help.yahoo.com/help/us/ysearch/slurp)"
123.125.71.59 - - [20/Oct/2011:07:40:29 +0200] "GET /robots.txt HTTP/1.1" 404 262 "-" "Baiduspider+(+http://www.baidu.com/search/spider.htm)"
119.63.196.106 - - [20/Oct/2011:09:11:20 +0200] "GET /robots.txt HTTP/1.1" 404 262 "-" "Baiduspider+(+http://www.baidu.com/search/spider.htm)"
95.108.158.239 - - [20/Oct/2011:10:36:01 +0200] "GET /robots.txt HTTP/1.1" 404 320 "-" "Mozilla/5.0 (compatible; YandexImages/3.0; +http://yandex.com/bots)"
69.28.58.22 - - [20/Oct/2011:11:58:55 +0200] "GET /robots.txt HTTP/1.0" 404 320 "-" "Mozilla/4.0 (compatible; MSIE 6.0; Windows NT 5.0) (larbin2.6.3@unspecified.mail)"
69.28.58.22 - - [20/Oct/2011:11:58:56 +0200] "GET / HTTP/1.0" 200 44 "-" "Mozilla/4.0 (compatible; MSIE 6.0; Windows NT 5.0) larbin2.6.3@unspecified.mail"
83.32.128.30 - - [20/Oct/2011:23:14:52 +0200] "GET /pioneros HTTP/1.1" 301 270 "http://www.rallyamali.com/www.rallyamali.com/index.html" "Mozilla/5.0 (Macintosh; U; PPC Mac OS X 10.5; es-ES; rv:1.9.2.23) Gecko/20110920 Firefox/3.6.23"
83.32.128.30 - - [20/Oct/2011:23:14:52 +0200] "GET /pioneros/ HTTP/1.1" 200 3990 "http://www.rallyamali.com/www.rallyamali.com/index.html" "Mozilla/5.0 (Macintosh; U; PPC Mac OS X 10.5; es-ES; rv:1.9.2.23) Gecko/20110920 Firefox/3.6.23"
83.32.128.30 - - [20/Oct/2011:23:14:53 +0200] "GET /imagenes/maquetacion/imagen_cabecera-3.jpg HTTP/1.1" 200 14086 "http://mapas.rallyamali.com/pioneros/" "Mozilla/5.0 (Macintosh; U; PPC Mac OS X 10.5; es-ES; rv:1.9.2.23) Gecko/20110920 Firefox/3.6.23"
83.32.128.30 - - [20/Oct/2011:23:14:53 +0200] "GET /imagenes/iconos/marca_cruz_roja-rally_a_mali-8x8.png HTTP/1.1" 200 281 "http://mapas.rallyamali.com/pioneros/" "Mozilla/5.0 (Macintosh; U; PPC Mac OS X 10.5; es-ES; rv:1.9.2.23) Gecko/20110920 Firefox/3.6.23"
83.32.128.30 - - [20/Oct/2011:23:14:54 +0200] "GET /favicon.ico HTTP/1.1" 404 261 "-" "Mozilla/5.0 (Macintosh; U; PPC Mac OS X 10.5; es-ES; rv:1.9.2.23) Gecko/20110920 Firefox/3.6.23"
83.32.128.30 - - [20/Oct/2011:23:14:57 +0200] "GET /favicon.ico HTTP/1.1" 404 261 "-" "Mozilla/5.0 (Macintosh; U; PPC Mac OS X 10.5; es-ES; rv:1.9.2.23) Gecko/20110920 Firefox/3.6.23"
95.108.158.239 - - [21/Oct/2011:01:16:27 +0200] "GET /robots.txt HTTP/1.1" 404 320 "-" "Mozilla/5.0 (compatible; YandexImages/3.0; +http://yandex.com/bots)"
95.108.158.239 - - [21/Oct/2011:03:02:27 +0200] "GET /imagenes/iconos/marca_cruz_roja-rally_a_mali-8x8.png HTTP/1.1" 304 - "-" "Mozilla/5.0 (compatible; YandexImages/3.0; +http://yandex.com/bots)"
67.195.115.242 - - [21/Oct/2011:08:21:43 +0200] "GET /robots.txt HTTP/1.0" 404 262 "-" "Mozilla/5.0 (compatible; Yahoo! Slurp; http://help.yahoo.com/help/us/ysearch/slurp)"
67.195.115.242 - - [21/Oct/2011:08:21:44 +0200] "GET /pioneros HTTP/1.0" 301 270 "-" "Mozilla/5.0 (compatible; Yahoo! Slurp; http://help.yahoo.com/help/us/ysearch/slurp)"
67.195.115.242 - - [21/Oct/2011:08:21:44 +0200] "GET /pioneros/ HTTP/1.0" 200 3990 "-" "Mozilla/5.0 (compatible; Yahoo! Slurp; http://help.yahoo.com/help/us/ysearch/slurp)"
119.63.196.13 - - [21/Oct/2011:08:38:13 +0200] "GET /robots.txt HTTP/1.1" 404 262 "-" "Baiduspider+(+http://www.baidu.com/search/spider.htm)"
67.195.115.242 - - [21/Oct/2011:09:30:22 +0200] "GET /pioneros/index.php?ruti=ruti14 HTTP/1.0" 200 3112 "-" "Mozilla/5.0 (compatible; Yahoo! Slurp; http://help.yahoo.com/help/us/ysearch/slurp)"
208.80.194.32 - - [21/Oct/2011:11:00:23 +0200] "GET / HTTP/1.0" 200 44 "-" "Mozilla/4.0 (compatible; MSIE 7.0; Windows NT 5.1; AT&T CSM8.0; .NET CLR 1.1.4322; InfoPath.2)"
123.125.71.58 - - [21/Oct/2011:11:51:37 +0200] "GET /robots.txt HTTP/1.1" 404 262 "-" "Baiduspider+(+http://www.baidu.com/search/spider.htm)"
67.195.115.242 - - [21/Oct/2011:17:27:25 +0200] "GET /robots.txt HTTP/1.0" 404 262 "-" "Mozilla/5.0 (compatible; Yahoo! Slurp; http://help.yahoo.com/help/us/ysearch/slurp)"
67.195.115.242 - - [21/Oct/2011:17:27:25 +0200] "GET /pioneros/index.php?ruti=ruti12 HTTP/1.0" 200 5364 "-" "Mozilla/5.0 (compatible; Yahoo! Slurp; http://help.yahoo.com/help/us/ysearch/slurp)"
67.195.115.242 - - [21/Oct/2011:20:29:00 +0200] "GET /pioneros/index.php?ruti=ruti2 HTTP/1.0" 200 5065 "-" "Mozilla/5.0 (compatible; Yahoo! Slurp; http://help.yahoo.com/help/us/ysearch/slurp)"
95.108.158.239 - - [22/Oct/2011:00:47:02 +0200] "GET /robots.txt HTTP/1.1" 404 320 "-" "Mozilla/5.0 (compatible; YandexImages/3.0; +http://yandex.com/bots)"
67.195.115.242 - - [22/Oct/2011:01:20:13 +0200] "GET /robots.txt HTTP/1.0" 404 262 "-" "Mozilla/5.0 (compatible; Yahoo! Slurp; http://help.yahoo.com/help/us/ysearch/slurp)"
67.195.115.242 - - [22/Oct/2011:01:20:14 +0200] "GET /pioneros/index.php?ruti=ruti10 HTTP/1.0" 200 3623 "-" "Mozilla/5.0 (compatible; Yahoo! Slurp; http://help.yahoo.com/help/us/ysearch/slurp)"
95.108.158.239 - - [22/Oct/2011:02:35:16 +0200] "GET /imagenes/iconos/marca_cruz_roja-rally_a_mali-8x8.png HTTP/1.1" 304 - "-" "Mozilla/5.0 (compatible; YandexImages/3.0; +http://yandex.com/bots)"
77.20.40.89 - - [22/Oct/2011:08:57:29 +0200] "GET /pioneros HTTP/1.1" 301 357 "-" "findlinks/2.0.2 (+http://wortschatz.uni-leipzig.de/findlinks/)"
77.20.40.89 - - [22/Oct/2011:08:57:30 +0200] "GET /pioneros/ HTTP/1.1" 200 22907 "-" "findlinks/2.0.2 (+http://wortschatz.uni-leipzig.de/findlinks/)"
119.63.196.75 - - [22/Oct/2011:09:09:30 +0200] "GET /robots.txt HTTP/1.1" 404 262 "-" "Baiduspider+(+http://www.baidu.com/search/spider.htm)"
123.125.71.45 - - [22/Oct/2011:11:00:40 +0200] "GET /robots.txt HTTP/1.1" 404 262 "-" "Baiduspider+(+http://www.baidu.com/search/spider.htm)"
67.195.115.242 - - [22/Oct/2011:13:23:18 +0200] "GET /robots.txt HTTP/1.0" 404 262 "-" "Mozilla/5.0 (compatible; Yahoo! Slurp; http://help.yahoo.com/help/us/ysearch/slurp)"
67.195.115.242 - - [22/Oct/2011:13:23:18 +0200] "GET /pioneros/index.php?ruti=ruti17 HTTP/1.0" 200 2635 "-" "Mozilla/5.0 (compatible; Yahoo! Slurp; http://help.yahoo.com/help/us/ysearch/slurp)"
208.80.194.27 - - [22/Oct/2011:16:34:51 +0200] "GET / HTTP/1.0" 200 44 "-" "Mozilla/4.0 (compatible; MSIE 7.0; Windows NT 5.1; Sgrunt|V109|301|S-527713550|dial; snprtz|T13562000000070|2600#Service Pack 2#2#5#1)"
119.63.196.82 - - [23/Oct/2011:07:09:54 +0200] "GET /robots.txt HTTP/1.1" 404 262 "-" "Baiduspider+(+http://www.baidu.com/search/spider.htm)"
89.12.88.186 - - [23/Oct/2011:10:40:09 +0200] "GET /robots.txt HTTP/1.1" 404 320 "-" "findlinks/2.0.4 (+http://wortschatz.uni-leipzig.de/findlinks/)"
67.202.54.143 - - [23/Oct/2011:10:51:38 +0200] "GET /robots.txt HTTP/1.1" 404 262 "-" "Mozilla/5.0 (compatible; spbot/3.0; +http://www.seoprofiler.com/bot )"
67.202.54.143 - - [23/Oct/2011:10:51:38 +0200] "GET /pioneros/ HTTP/1.1" 200 3990 "-" "Mozilla/5.0 (compatible; spbot/3.0; +http://www.seoprofiler.com/bot )"
67.202.54.143 - - [23/Oct/2011:11:55:48 +0200] "GET /pioneros/index.php?ruti=ruti9 HTTP/1.1" 200 5161 "-" "Mozilla/5.0 (compatible; spbot/3.0; +http://www.seoprofiler.com/bot )"
95.108.158.239 - - [23/Oct/2011:12:34:04 +0200] "GET /robots.txt HTTP/1.1" 404 320 "-" "Mozilla/5.0 (compatible; YandexImages/3.0; +http://yandex.com/bots)"
123.125.71.50 - - [23/Oct/2011:12:43:52 +0200] "GET /robots.txt HTTP/1.1" 404 262 "-" "Baiduspider+(+http://www.baidu.com/search/spider.htm)"
67.195.115.242 - - [23/Oct/2011:13:23:32 +0200] "GET /robots.txt HTTP/1.0" 404 262 "-" "Mozilla/5.0 (compatible; Yahoo! Slurp; http://help.yahoo.com/help/us/ysearch/slurp)"
67.195.115.242 - - [23/Oct/2011:13:23:32 +0200] "GET /pioneros/index.php?ruti=ruti18 HTTP/1.0" 200 3941 "-" "Mozilla/5.0 (compatible; Yahoo! Slurp; http://help.yahoo.com/help/us/ysearch/slurp)"
67.202.54.143 - - [23/Oct/2011:13:35:28 +0200] "GET /pioneros/index.php?ruti=ruti16 HTTP/1.1" 200 2986 "-" "Mozilla/5.0 (compatible; spbot/3.0; +http://www.seoprofiler.com/bot )"
67.202.54.143 - - [23/Oct/2011:14:58:03 +0200] "GET /pioneros/index.php?ruti=ruti17 HTTP/1.1" 200 2635 "-" "Mozilla/5.0 (compatible; spbot/3.0; +http://www.seoprofiler.com/bot )"
95.108.158.239 - - [23/Oct/2011:15:54:08 +0200] "GET /imagenes/iconos/marca_cruz_roja-rally_a_mali-8x8.png HTTP/1.1" 304 - "-" "Mozilla/5.0 (compatible; YandexImages/3.0; +http://yandex.com/bots)"
67.202.54.143 - - [23/Oct/2011:16:27:58 +0200] "GET /pioneros/index.php?ruti=ruti14 HTTP/1.1" 200 3112 "-" "Mozilla/5.0 (compatible; spbot/3.0; +http://www.seoprofiler.com/bot )"
67.202.54.143 - - [23/Oct/2011:17:57:56 +0200] "GET /pioneros/index.php?ruti=ruti15 HTTP/1.1" 200 5093 "-" "Mozilla/5.0 (compatible; spbot/3.0; +http://www.seoprofiler.com/bot )"
67.202.54.143 - - [23/Oct/2011:19:11:32 +0200] "GET /pioneros/index.php?ruti=ruti12 HTTP/1.1" 200 5364 "-" "Mozilla/5.0 (compatible; spbot/3.0; +http://www.seoprofiler.com/bot )"
67.202.54.143 - - [23/Oct/2011:21:14:07 +0200] "GET /pioneros/index.php?ruti=ruti10 HTTP/1.1" 200 3623 "-" "Mozilla/5.0 (compatible; spbot/3.0; +http://www.seoprofiler.com/bot )"
190.27.51.159 - - [23/Oct/2011:21:54:37 +0200] "GET /favicon.ico HTTP/1.1" 404 261 "-" "Mozilla/5.0 (Windows; U; Windows NT 6.0; es-ES; rv:1.9.2.23) Gecko/20110920 Firefox/3.6.23 GTB7.1 (.NET CLR 3.5.30729)"
208.80.194.26 - - [23/Oct/2011:22:49:29 +0200] "GET / HTTP/1.0" 200 44 "-" "Mozilla/4.0 (compatible; MSIE 6.0; Windows NT 5.1; SV1; .NET CLR 1.1.4322; eMusic DLM/3)"
67.202.54.143 - - [24/Oct/2011:00:38:36 +0200] "GET /pioneros/index.php?ruti=ruti11 HTTP/1.1" 200 4094 "-" "Mozilla/5.0 (compatible; spbot/3.0; +http://www.seoprofiler.com/bot )"
67.195.115.242 - - [24/Oct/2011:02:57:35 +0200] "GET /robots.txt HTTP/1.0" 404 262 "-" "Mozilla/5.0 (compatible; Yahoo! Slurp; http://help.yahoo.com/help/us/ysearch/slurp)"
67.195.115.242 - - [24/Oct/2011:02:57:35 +0200] "GET /pioneros/ HTTP/1.0" 200 3990 "-" "Mozilla/5.0 (compatible; Yahoo! Slurp; http://help.yahoo.com/help/us/ysearch/slurp)"
67.195.115.242 - - [24/Oct/2011:03:31:09 +0200] "GET /pioneros/index.php?ruti=ruti16 HTTP/1.0" 200 2986 "-" "Mozilla/5.0 (compatible; Yahoo! Slurp; http://help.yahoo.com/help/us/ysearch/slurp)"
67.202.54.143 - - [24/Oct/2011:04:34:38 +0200] "GET /pioneros/index.php?ruti=ruti18 HTTP/1.1" 200 3941 "-" "Mozilla/5.0 (compatible; spbot/3.0; +http://www.seoprofiler.com/bot )"
123.125.71.49 - - [24/Oct/2011:07:48:31 +0200] "GET /robots.txt HTTP/1.1" 404 262 "-" "Baiduspider+(+http://www.baidu.com/search/spider.htm)"
67.195.115.242 - - [24/Oct/2011:08:32:04 +0200] "GET /pioneros/index.php?ruti=ruti4 HTTP/1.0" 200 3033 "-" "Mozilla/5.0 (compatible; Yahoo! Slurp; http://help.yahoo.com/help/us/ysearch/slurp)"
119.63.196.115 - - [24/Oct/2011:08:57:43 +0200] "GET /robots.txt HTTP/1.1" 404 262 "-" "Baiduspider+(+http://www.baidu.com/search/spider.htm)"
95.108.158.239 - - [24/Oct/2011:12:17:06 +0200] "GET /robots.txt HTTP/1.1" 404 320 "-" "Mozilla/5.0 (compatible; YandexImages/3.0; +http://yandex.com/bots)"
95.108.158.239 - - [24/Oct/2011:12:47:29 +0200] "GET /imagenes/iconos/marca_cruz_roja-rally_a_mali-8x8.png HTTP/1.1" 304 - "-" "Mozilla/5.0 (compatible; YandexImages/3.0; +http://yandex.com/bots)"
178.154.160.30 - - [24/Oct/2011:18:37:32 +0200] "GET /robots.txt HTTP/1.1" 404 320 "-" "Mozilla/5.0 (compatible; YandexBot/3.0; +http://yandex.com/bots)"
199.36.240.1 - - [24/Oct/2011:18:37:33 +0200] "GET / HTTP/1.1" 200 49 "-" "Mozilla/5.0 (compatible; YandexBot/3.0; +http://yandex.com/bots)"
157.55.16.229 - - [24/Oct/2011:22:55:13 +0200] "GET /robots.txt HTTP/1.1" 404 320 "-" "Mozilla/5.0 (compatible; bingbot/2.0; +http://www.bing.com/bingbot.htm)"
157.55.16.229 - - [24/Oct/2011:22:56:05 +0200] "GET /pioneros/index.php?ruti=ruti7 HTTP/1.1" 200 4506 "-" "Mozilla/5.0 (compatible; bingbot/2.0; +http://www.bing.com/bingbot.htm)"
213.186.122.2 - - [24/Oct/2011:23:42:42 +0200] "GET /robots.txt HTTP/1.1" 404 262 "-" "Mozilla/5.0 (compatible; AhrefsBot/1.0; +http://ahrefs.com/robot/)"
213.186.122.2 - - [24/Oct/2011:23:42:43 +0200] "GET /pioneros HTTP/1.1" 301 270 "-" "Mozilla/5.0 (compatible; AhrefsBot/1.0; +http://ahrefs.com/robot/)"
213.186.122.2 - - [24/Oct/2011:23:42:44 +0200] "GET /pioneros/ HTTP/1.1" 200 3990 "-" "Mozilla/5.0 (compatible; AhrefsBot/1.0; +http://ahrefs.com/robot/)"
213.186.122.2 - - [24/Oct/2011:23:42:45 +0200] "GET /pioneros/index.php?ruti=ruti0 HTTP/1.1" 200 3004 "-" "Mozilla/5.0 (compatible; AhrefsBot/1.0; +http://ahrefs.com/robot/)"
213.186.122.2 - - [24/Oct/2011:23:42:46 +0200] "GET /pioneros/index.php?ruti=ruti10 HTTP/1.1" 200 3623 "-" "Mozilla/5.0 (compatible; AhrefsBot/1.0; +http://ahrefs.com/robot/)"
213.186.122.2 - - [24/Oct/2011:23:42:47 +0200] "GET /pioneros/index.php?ruti=ruti2 HTTP/1.1" 200 5065 "-" "Mozilla/5.0 (compatible; AhrefsBot/1.0; +http://ahrefs.com/robot/)"
67.195.115.242 - - [25/Oct/2011:05:16:00 +0200] "GET /robots.txt HTTP/1.0" 404 262 "-" "Mozilla/5.0 (compatible; Yahoo! Slurp; http://help.yahoo.com/help/us/ysearch/slurp)"
67.195.115.242 - - [25/Oct/2011:05:16:00 +0200] "GET /pioneros/index.php?ruti=ruti15 HTTP/1.0" 200 5093 "-" "Mozilla/5.0 (compatible; Yahoo! Slurp; http://help.yahoo.com/help/us/ysearch/slurp)"
208.80.194.60 - - [25/Oct/2011:05:52:42 +0200] "GET / HTTP/1.0" 200 44 "-" "Mozilla/4.0 (compatible; MSIE 6.0; Windows NT 5.1; YPC 3.2.0; Windows-Media-Player/10.00.00.3990; .NET CLR 2.0.50727)"
119.63.196.82 - - [25/Oct/2011:07:19:27 +0200] "GET /robots.txt HTTP/1.1" 404 262 "-" "Baiduspider+(+http://www.baidu.com/search/spider.htm)"
67.195.115.242 - - [25/Oct/2011:07:36:42 +0200] "GET /pioneros/index.php?ruti=ruti7 HTTP/1.0" 200 4506 "-" "Mozilla/5.0 (compatible; Yahoo! Slurp; http://help.yahoo.com/help/us/ysearch/slurp)"
123.125.71.43 - - [25/Oct/2011:21:21:19 +0200] "GET /robots.txt HTTP/1.1" 404 262 "-" "Baiduspider+(+http://www.baidu.com/search/spider.htm)"
65.52.108.146 - - [25/Oct/2011:22:57:03 +0200] "GET /robots.txt HTTP/1.1" 404 320 "-" "Mozilla/5.0 (compatible; bingbot/2.0; +http://www.bing.com/bingbot.htm)"
65.52.108.146 - - [25/Oct/2011:22:58:05 +0200] "GET /pioneros/ HTTP/1.1" 200 3990 "-" "Mozilla/5.0 (compatible; bingbot/2.0; +http://www.bing.com/bingbot.htm)"
67.195.115.242 - - [26/Oct/2011:03:03:19 +0200] "GET /robots.txt HTTP/1.0" 404 262 "-" "Mozilla/5.0 (compatible; Yahoo! Slurp; http://help.yahoo.com/help/us/ysearch/slurp)"
67.195.115.242 - - [26/Oct/2011:03:03:19 +0200] "GET /pioneros/index.php?ruti=ruti5 HTTP/1.0" 200 3780 "-" "Mozilla/5.0 (compatible; Yahoo! Slurp; http://help.yahoo.com/help/us/ysearch/slurp)"
220.181.108.185 - - [26/Oct/2011:04:02:51 +0200] "GET /pioneros HTTP/1.1" 301 270 "-" "Mozilla/5.0 (compatible; Baiduspider/2.0; +http://www.baidu.com/search/spider.html)"
220.181.108.168 - - [26/Oct/2011:04:02:52 +0200] "GET /pioneros/ HTTP/1.1" 200 3990 "-" "Mozilla/5.0 (compatible; Baiduspider/2.0; +http://www.baidu.com/search/spider.html)"
67.195.115.242 - - [26/Oct/2011:05:00:45 +0200] "GET /pioneros/index.php?ruti=ruti9 HTTP/1.0" 200 5161 "-" "Mozilla/5.0 (compatible; Yahoo! Slurp; http://help.yahoo.com/help/us/ysearch/slurp)"
119.63.196.44 - - [26/Oct/2011:07:20:13 +0200] "GET /robots.txt HTTP/1.1" 404 262 "-" "Baiduspider+(+http://www.baidu.com/search/spider.htm)"
67.195.115.242 - - [26/Oct/2011:09:45:12 +0200] "GET /pioneros/index.php?ruti=ruti3 HTTP/1.0" 200 3858 "-" "Mozilla/5.0 (compatible; Yahoo! Slurp; http://help.yahoo.com/help/us/ysearch/slurp)"
65.52.108.146 - - [26/Oct/2011:13:09:47 +0200] "GET /robots.txt HTTP/1.1" 404 320 "-" "Mozilla/5.0 (compatible; bingbot/2.0; +http://www.bing.com/bingbot.htm)"
65.52.108.146 - - [26/Oct/2011:13:10:43 +0200] "GET /pioneros/index-sepulveda.php HTTP/1.1" 200 12750 "-" "Mozilla/5.0 (compatible; bingbot/2.0; +http://www.bing.com/bingbot.htm)"
67.195.115.242 - - [26/Oct/2011:14:02:47 +0200] "GET /robots.txt HTTP/1.0" 404 262 "-" "Mozilla/5.0 (compatible; Yahoo! Slurp; http://help.yahoo.com/help/us/ysearch/slurp)"
67.195.115.242 - - [26/Oct/2011:14:02:47 +0200] "GET /pioneros/index.php?ruti=ruti1 HTTP/1.0" 200 3990 "-" "Mozilla/5.0 (compatible; Yahoo! Slurp; http://help.yahoo.com/help/us/ysearch/slurp)"
208.80.194.35 - - [26/Oct/2011:14:14:28 +0200] "GET / HTTP/1.0" 200 44 "-" "Mozilla/4.0 (compatible; MSIE 6.0; Windows NT 5.1; {3280C765-135C-4A6C-8EE6-6CC052ED6696}; SV1; .NET CLR 1.1.4322)"
67.195.115.242 - - [26/Oct/2011:16:46:25 +0200] "GET /pioneros/index.php?ruti=ruti11 HTTP/1.0" 200 4094 "-" "Mozilla/5.0 (compatible; Yahoo! Slurp; http://help.yahoo.com/help/us/ysearch/slurp)"
95.108.158.239 - - [26/Oct/2011:17:25:39 +0200] "GET /robots.txt HTTP/1.1" 404 320 "-" "Mozilla/5.0 (compatible; YandexImages/3.0; +http://yandex.com/bots)"
72.44.43.236 - - [26/Oct/2011:18:29:34 +0200] "HEAD / HTTP/1.1" 200 - "http://www.netcraft.com/survey/" "Mozilla/4.0 (compatible; Netcraft Web Server Survey)"
123.125.71.58 - - [26/Oct/2011:19:35:55 +0200] "GET /robots.txt HTTP/1.1" 404 262 "-" "Baiduspider+(+http://www.baidu.com/search/spider.htm)"
95.108.158.239 - - [26/Oct/2011:20:28:19 +0200] "GET /imagenes/iconos/marca_cruz_roja-rally_a_mali-8x8.png HTTP/1.1" 304 - "-" "Mozilla/5.0 (compatible; YandexImages/3.0; +http://yandex.com/bots)"
119.63.196.102 - - [27/Oct/2011:06:11:43 +0200] "GET /robots.txt HTTP/1.1" 404 262 "-" "Baiduspider+(+http://www.baidu.com/search/spider.htm)"
77.21.146.166 - - [27/Oct/2011:10:58:02 +0200] "GET /pioneros HTTP/1.1" 301 357 "-" "findlinks/2.0.2 (+http://wortschatz.uni-leipzig.de/findlinks/)"
77.21.146.166 - - [27/Oct/2011:10:58:02 +0200] "GET /pioneros/ HTTP/1.1" 200 22907 "-" "findlinks/2.0.2 (+http://wortschatz.uni-leipzig.de/findlinks/)"
208.80.194.36 - - [28/Oct/2011:00:16:56 +0200] "GET / HTTP/1.0" 200 44 "-" "Mozilla/4.0 (compatible; MSIE 6.0; Windows NT 5.1; BT Openworld BB; SV1; YPC 3.2.0; .NET CLR 1.1.4322)"
119.63.196.18 - - [28/Oct/2011:06:13:21 +0200] "GET /robots.txt HTTP/1.1" 404 262 "-" "Baiduspider+(+http://www.baidu.com/search/spider.htm)"
123.125.71.41 - - [28/Oct/2011:07:30:08 +0200] "GET /robots.txt HTTP/1.1" 404 262 "-" "Baiduspider+(+http://www.baidu.com/search/spider.htm)"
66.219.58.41 - - [28/Oct/2011:11:53:39 +0200] "GET /robots.txt HTTP/1.1" 404 262 "-" "MLBot (www.metadatalabs.com/mlbot)"
66.219.58.41 - - [28/Oct/2011:11:53:39 +0200] "GET /pioneros/index.php?ruti=ruti14 HTTP/1.1" 200 3112 "-" "MLBot (www.metadatalabs.com/mlbot)"
66.219.58.41 - - [28/Oct/2011:12:03:34 +0200] "GET /pioneros/index.php?ruti=ruti18 HTTP/1.1" 200 3941 "-" "MLBot (www.metadatalabs.com/mlbot)"
66.219.58.41 - - [28/Oct/2011:12:11:02 +0200] "GET /pioneros/index.php?ruti=ruti1 HTTP/1.1" 200 3990 "-" "MLBot (www.metadatalabs.com/mlbot)"
66.219.58.41 - - [28/Oct/2011:12:16:47 +0200] "GET /pioneros/index.php?ruti=ruti4 HTTP/1.1" 200 3033 "-" "MLBot (www.metadatalabs.com/mlbot)"
66.219.58.41 - - [28/Oct/2011:12:21:42 +0200] "GET /pioneros/index.php?ruti=ruti0 HTTP/1.1" 200 3004 "-" "MLBot (www.metadatalabs.com/mlbot)"
66.219.58.41 - - [28/Oct/2011:12:25:24 +0200] "GET /pioneros/index.php?ruti=ruti2 HTTP/1.1" 200 5065 "-" "MLBot (www.metadatalabs.com/mlbot)"
66.219.58.41 - - [28/Oct/2011:12:28:10 +0200] "GET /pioneros/index.php?ruti=ruti6 HTTP/1.1" 200 3085 "-" "MLBot (www.metadatalabs.com/mlbot)"
66.219.58.41 - - [28/Oct/2011:12:31:42 +0200] "GET /pioneros/index.php?ruti=ruti11 HTTP/1.1" 200 4094 "-" "MLBot (www.metadatalabs.com/mlbot)"
66.219.58.41 - - [28/Oct/2011:12:33:57 +0200] "GET /pioneros/index.php?ruti=ruti17 HTTP/1.1" 200 2635 "-" "MLBot (www.metadatalabs.com/mlbot)"
66.219.58.41 - - [28/Oct/2011:12:35:46 +0200] "GET /pioneros/index.php?ruti=ruti5 HTTP/1.1" 200 3780 "-" "MLBot (www.metadatalabs.com/mlbot)"
66.219.58.41 - - [28/Oct/2011:13:05:18 +0200] "GET /pioneros/index.php?ruti=ruti8 HTTP/1.1" 200 5091 "-" "MLBot (www.metadatalabs.com/mlbot)"
66.219.58.41 - - [28/Oct/2011:13:06:27 +0200] "GET /pioneros/index.php?ruti=ruti9 HTTP/1.1" 200 5161 "-" "MLBot (www.metadatalabs.com/mlbot)"
66.219.58.41 - - [28/Oct/2011:13:07:48 +0200] "GET /pioneros/index.php?ruti=ruti7 HTTP/1.1" 200 4506 "-" "MLBot (www.metadatalabs.com/mlbot)"
66.219.58.41 - - [28/Oct/2011:13:09:02 +0200] "GET /pioneros/index.php?ruti=ruti15 HTTP/1.1" 200 5093 "-" "MLBot (www.metadatalabs.com/mlbot)"
66.219.58.41 - - [28/Oct/2011:13:10:27 +0200] "GET /pioneros/index.php?ruti=ruti3 HTTP/1.1" 200 3858 "-" "MLBot (www.metadatalabs.com/mlbot)"
66.219.58.41 - - [28/Oct/2011:13:11:31 +0200] "GET /pioneros/index.php?ruti=ruti10 HTTP/1.1" 200 3623 "-" "MLBot (www.metadatalabs.com/mlbot)"
95.108.158.239 - - [28/Oct/2011:19:16:01 +0200] "GET /robots.txt HTTP/1.1" 404 320 "-" "Mozilla/5.0 (compatible; YandexImages/3.0; +http://yandex.com/bots)"
208.115.111.73 - - [29/Oct/2011:01:12:19 +0200] "GET /robots.txt HTTP/1.1" 404 320 "-" "Mozilla/5.0 (compatible; Ezooms/1.0; ezooms.bot@gmail.com)"
208.115.111.73 - - [29/Oct/2011:01:42:51 +0200] "GET /pioneros/index.php?ruti=ruti10 HTTP/1.1" 200 19706 "-" "Mozilla/5.0 (compatible; Ezooms/1.0; ezooms.bot@gmail.com)"
77.21.146.166 - - [29/Oct/2011:02:25:02 +0200] "GET /robots.txt HTTP/1.1" 404 320 "-" "findlinks/2.0.2 (+http://wortschatz.uni-leipzig.de/findlinks/)"
208.115.111.73 - - [29/Oct/2011:05:11:10 +0200] "GET /robots.txt HTTP/1.1" 404 320 "-" "Mozilla/5.0 (compatible; Ezooms/1.0; ezooms.bot@gmail.com)"
123.125.71.59 - - [29/Oct/2011:05:33:04 +0200] "GET /robots.txt HTTP/1.1" 404 262 "-" "Baiduspider+(+http://www.baidu.com/search/spider.htm)"
50.17.47.47 - - [29/Oct/2011:06:22:03 +0200] "GET / HTTP/1.0" 200 44 "-" "Mozilla/5.0 (compatible; NetcraftSurveyAgent/1.0; +info@netcraft.com)"
208.115.111.73 - - [29/Oct/2011:06:47:48 +0200] "GET /pioneros/index.php?ruti=ruti11 HTTP/1.1" 200 19481 "-" "Mozilla/5.0 (compatible; Ezooms/1.0; ezooms.bot@gmail.com)"
119.63.196.105 - - [29/Oct/2011:06:54:20 +0200] "GET /robots.txt HTTP/1.1" 404 262 "-" "Baiduspider+(+http://www.baidu.com/search/spider.htm)"
208.115.111.73 - - [29/Oct/2011:09:05:01 +0200] "GET /robots.txt HTTP/1.1" 404 320 "-" "Mozilla/5.0 (compatible; Ezooms/1.0; ezooms.bot@gmail.com)"
157.55.16.87 - - [29/Oct/2011:10:16:27 +0200] "GET /robots.txt HTTP/1.1" 404 320 "-" "Mozilla/5.0 (compatible; bingbot/2.0; +http://www.bing.com/bingbot.htm)"
95.108.158.239 - - [29/Oct/2011:10:17:34 +0200] "GET /robots.txt HTTP/1.1" 404 320 "-" "Mozilla/5.0 (compatible; YandexImages/3.0; +http://yandex.com/bots)"
208.115.111.73 - - [29/Oct/2011:10:46:03 +0200] "GET /pioneros/index.php?ruti=ruti12 HTTP/1.1" 200 26657 "-" "Mozilla/5.0 (compatible; Ezooms/1.0; ezooms.bot@gmail.com)"
95.108.158.239 - - [29/Oct/2011:13:23:12 +0200] "GET /imagenes/iconos/marca_cruz_roja-rally_a_mali-8x8.png HTTP/1.1" 304 - "-" "Mozilla/5.0 (compatible; YandexImages/3.0; +http://yandex.com/bots)"
208.115.111.73 - - [29/Oct/2011:17:08:35 +0200] "GET /robots.txt HTTP/1.1" 404 320 "-" "Mozilla/5.0 (compatible; Ezooms/1.0; ezooms.bot@gmail.com)"
208.115.111.73 - - [29/Oct/2011:18:44:05 +0200] "GET /pioneros/index.php?ruti=ruti14 HTTP/1.1" 200 14912 "-" "Mozilla/5.0 (compatible; Ezooms/1.0; ezooms.bot@gmail.com)"
208.115.111.73 - - [29/Oct/2011:21:05:06 +0200] "GET /robots.txt HTTP/1.1" 404 320 "-" "Mozilla/5.0 (compatible; Ezooms/1.0; ezooms.bot@gmail.com)"
208.115.111.73 - - [29/Oct/2011:22:41:46 +0200] "GET /pioneros/index.php?ruti=ruti15 HTTP/1.1" 200 28860 "-" "Mozilla/5.0 (compatible; Ezooms/1.0; ezooms.bot@gmail.com)"
157.55.16.229 - - [30/Oct/2011:01:00:07 +0200] "GET /robots.txt HTTP/1.1" 404 320 "-" "Mozilla/5.0 (compatible; bingbot/2.0; +http://www.bing.com/bingbot.htm)"
157.55.16.229 - - [30/Oct/2011:01:01:03 +0200] "GET /pioneros/index.php?ruti=ruti7 HTTP/1.1" 200 4506 "-" "Mozilla/5.0 (compatible; bingbot/2.0; +http://www.bing.com/bingbot.htm)"
208.115.111.73 - - [30/Oct/2011:01:06:27 +0200] "GET /robots.txt HTTP/1.1" 404 320 "-" "Mozilla/5.0 (compatible; Ezooms/1.0; ezooms.bot@gmail.com)"
208.115.111.73 - - [30/Oct/2011:02:03:15 +0100] "GET /pioneros/index.php?ruti=ruti16 HTTP/1.1" 200 14132 "-" "Mozilla/5.0 (compatible; Ezooms/1.0; ezooms.bot@gmail.com)"
208.115.111.73 - - [30/Oct/2011:03:50:55 +0100] "GET /robots.txt HTTP/1.1" 404 320 "-" "Mozilla/5.0 (compatible; Ezooms/1.0; ezooms.bot@gmail.com)"
208.115.111.73 - - [30/Oct/2011:05:36:26 +0100] "GET /pioneros/index.php?ruti=ruti16 HTTP/1.1" 200 14132 "-" "Mozilla/5.0 (compatible; Ezooms/1.0; ezooms.bot@gmail.com)"
208.115.111.73 - - [30/Oct/2011:08:07:58 +0100] "GET /robots.txt HTTP/1.1" 404 320 "-" "Mozilla/5.0 (compatible; Ezooms/1.0; ezooms.bot@gmail.com)"
208.115.111.73 - - [30/Oct/2011:09:43:23 +0100] "GET /pioneros/index.php?ruti=ruti17 HTTP/1.1" 200 12655 "-" "Mozilla/5.0 (compatible; Ezooms/1.0; ezooms.bot@gmail.com)"
66.249.72.142 - - [30/Oct/2011:10:49:33 +0100] "GET /robots.txt HTTP/1.1" 404 262 "-" "Mozilla/5.0 (compatible; Googlebot/2.1; +http://www.google.com/bot.html)"
66.249.72.142 - - [30/Oct/2011:10:49:33 +0100] "GET /pioneros/ HTTP/1.1" 200 3990 "-" "Mozilla/5.0 (compatible; Googlebot/2.1; +http://www.google.com/bot.html)"
208.115.111.73 - - [30/Oct/2011:12:07:08 +0100] "GET /robots.txt HTTP/1.1" 404 320 "-" "Mozilla/5.0 (compatible; Ezooms/1.0; ezooms.bot@gmail.com)"
66.249.72.142 - - [30/Oct/2011:12:53:32 +0100] "GET /pioneros/index.php?ruti=ruti10 HTTP/1.1" 200 3623 "-" "Mozilla/5.0 (compatible; Googlebot/2.1; +http://www.google.com/bot.html)"
208.80.194.28 - - [30/Oct/2011:13:18:45 +0100] "GET / HTTP/1.0" 200 44 "-" "Mozilla/4.0 (compatible; MSIE 6.0; America Online Browser 1.1; Windows NT 5.1; {67CD47A3-0C32-0CB1-9CAD-BCC171109CEE}; .NET CLR 1.1.4322; Hotbar 4.6.1)"
208.115.111.73 - - [30/Oct/2011:13:44:47 +0100] "GET /pioneros/index.php?ruti=ruti18 HTTP/1.1" 200 19912 "-" "Mozilla/5.0 (compatible; Ezooms/1.0; ezooms.bot@gmail.com)"
123.125.71.42 - - [30/Oct/2011:22:39:22 +0100] "GET /robots.txt HTTP/1.1" 404 262 "-" "Baiduspider+(+http://www.baidu.com/search/spider.htm)"
91.64.156.191 - - [31/Oct/2011:03:14:04 +0100] "GET /robots.txt HTTP/1.0" 404 320 "-" "Mozilla/5.0 (compatible; MJ12bot/v1.4.0; http://www.majestic12.co.uk/bot.php?+)"
91.64.156.191 - - [31/Oct/2011:03:14:05 +0100] "GET /pioneros/index.php?ruti=ruti10 HTTP/1.0" 200 3623 "-" "Mozilla/5.0 (compatible; MJ12bot/v1.4.0; http://www.majestic12.co.uk/bot.php?+)"
199.19.106.16 - - [31/Oct/2011:07:10:32 +0100] "GET /robots.txt HTTP/1.0" 404 320 "-" "Mozilla/5.0 (compatible; MJ12bot/v1.4.0; http://www.majestic12.co.uk/bot.php?+)"
199.19.106.16 - - [31/Oct/2011:07:10:34 +0100] "GET /pioneros/index.php?ruti=ruti10 HTTP/1.0" 200 3623 "-" "Mozilla/5.0 (compatible; MJ12bot/v1.4.0; http://www.majestic12.co.uk/bot.php?+)"
207.46.13.49 - - [31/Oct/2011:07:52:41 +0100] "GET /robots.txt HTTP/1.1" 404 320 "-" "Mozilla/5.0 (compatible; bingbot/2.0; +http://www.bing.com/bingbot.htm)"
207.46.13.49 - - [31/Oct/2011:07:53:22 +0100] "GET /pioneros/index-sepulveda.php HTTP/1.1" 200 12750 "-" "Mozilla/5.0 (compatible; bingbot/2.0; +http://www.bing.com/bingbot.htm)"
66.249.72.142 - - [31/Oct/2011:09:27:30 +0100] "GET /robots.txt HTTP/1.1" 404 262 "-" "Mozilla/5.0 (compatible; Googlebot/2.1; +http://www.google.com/bot.html)"
66.249.72.142 - - [31/Oct/2011:09:27:30 +0100] "GET /pioneros/index.php?ruti=ruti3 HTTP/1.1" 200 3858 "-" "Mozilla/5.0 (compatible; Googlebot/2.1; +http://www.google.com/bot.html)"
66.249.72.142 - - [31/Oct/2011:19:26:01 +0100] "GET /imagenes/iconos/marca_cruz_roja-rally_a_mali-8x8.png HTTP/1.1" 304 - "-" "Googlebot-Image/1.0"
66.249.72.142 - - [31/Oct/2011:19:40:09 +0100] "GET /imagenes/maquetacion/imagen_cabecera-3.jpg HTTP/1.1" 304 - "-" "Googlebot-Image/1.0"
123.125.71.43 - - [31/Oct/2011:21:32:52 +0100] "GET /robots.txt HTTP/1.1" 404 262 "-" "Baiduspider+(+http://www.baidu.com/search/spider.htm)"
208.80.194.35 - - [01/Nov/2011:00:53:34 +0100] "GET / HTTP/1.0" 200 44 "-" "Mozilla/4.0 (compatible; MSIE 6.0; AOL 8.0; Windows 98)"
208.115.111.73 - - [01/Nov/2011:16:06:50 +0100] "GET /robots.txt HTTP/1.1" 404 320 "-" "Mozilla/5.0 (compatible; Ezooms/1.0; ezooms.bot@gmail.com)"
208.115.111.73 - - [01/Nov/2011:16:35:24 +0100] "GET /pioneros/ HTTP/1.1" 200 22907 "-" "Mozilla/5.0 (compatible; Ezooms/1.0; ezooms.bot@gmail.com)"
208.80.194.26 - - [02/Nov/2011:08:15:47 +0100] "GET / HTTP/1.0" 200 44 "-" "Mozilla/4.0 (compatible; MSIE 7.0; Windows NT 5.1; .NET CLR 1.0.3705; .NET CLR 1.1.4322; Media Center PC 4.0; .NET CLR 2.0.50727; .NET CLR 3.0.04506.30; MEGAUPLOAD 1.0)"
139.18.2.17 - - [02/Nov/2011:08:56:48 +0100] "GET /pioneros HTTP/1.1" 301 357 "-" "findlinks/2.1.5 (+http://wortschatz.uni-leipzig.de/findlinks/)"
139.18.2.17 - - [02/Nov/2011:08:56:48 +0100] "GET /pioneros/ HTTP/1.1" 200 22907 "-" "findlinks/2.1.5 (+http://wortschatz.uni-leipzig.de/findlinks/)"
213.186.122.2 - - [02/Nov/2011:16:39:21 +0100] "GET /robots.txt HTTP/1.1" 404 262 "-" "Mozilla/5.0 (compatible; AhrefsBot/1.0; +http://ahrefs.com/robot/)"
213.186.122.2 - - [02/Nov/2011:16:39:22 +0100] "GET /pioneros/ HTTP/1.1" 200 3990 "-" "Mozilla/5.0 (compatible; AhrefsBot/1.0; +http://ahrefs.com/robot/)"
213.186.122.2 - - [02/Nov/2011:16:39:25 +0100] "GET /pioneros/index.php?ruti=ruti1 HTTP/1.1" 200 3990 "-" "Mozilla/5.0 (compatible; AhrefsBot/1.0; +http://ahrefs.com/robot/)"
213.186.122.2 - - [02/Nov/2011:16:39:26 +0100] "GET /pioneros/index.php?ruti=ruti10 HTTP/1.1" 200 3623 "-" "Mozilla/5.0 (compatible; AhrefsBot/1.0; +http://ahrefs.com/robot/)"
213.186.122.2 - - [02/Nov/2011:16:40:56 +0100] "GET /pioneros/index.php?ruti=ruti11 HTTP/1.1" 200 4094 "-" "Mozilla/5.0 (compatible; AhrefsBot/1.0; +http://ahrefs.com/robot/)"
213.186.122.2 - - [02/Nov/2011:16:40:56 +0100] "GET /pioneros/index.php?ruti=ruti12 HTTP/1.1" 200 5364 "-" "Mozilla/5.0 (compatible; AhrefsBot/1.0; +http://ahrefs.com/robot/)"
213.186.122.2 - - [02/Nov/2011:16:41:08 +0100] "GET /pioneros/index.php?ruti=ruti14 HTTP/1.1" 200 3112 "-" "Mozilla/5.0 (compatible; AhrefsBot/1.0; +http://ahrefs.com/robot/)"
213.186.122.2 - - [02/Nov/2011:16:41:09 +0100] "GET /pioneros/index.php?ruti=ruti15 HTTP/1.1" 200 5093 "-" "Mozilla/5.0 (compatible; AhrefsBot/1.0; +http://ahrefs.com/robot/)"
213.186.122.2 - - [02/Nov/2011:16:41:10 +0100] "GET /pioneros/index.php?ruti=ruti16 HTTP/1.1" 200 2986 "-" "Mozilla/5.0 (compatible; AhrefsBot/1.0; +http://ahrefs.com/robot/)"
213.186.122.2 - - [02/Nov/2011:16:41:11 +0100] "GET /pioneros/index.php?ruti=ruti17 HTTP/1.1" 200 2635 "-" "Mozilla/5.0 (compatible; AhrefsBot/1.0; +http://ahrefs.com/robot/)"
213.186.122.2 - - [02/Nov/2011:16:41:12 +0100] "GET /pioneros/index.php?ruti=ruti18 HTTP/1.1" 200 3941 "-" "Mozilla/5.0 (compatible; AhrefsBot/1.0; +http://ahrefs.com/robot/)"
213.186.122.2 - - [02/Nov/2011:16:41:13 +0100] "GET /pioneros/index.php?ruti=ruti2 HTTP/1.1" 200 5065 "-" "Mozilla/5.0 (compatible; AhrefsBot/1.0; +http://ahrefs.com/robot/)"
213.186.122.2 - - [02/Nov/2011:16:41:14 +0100] "GET /pioneros/index.php?ruti=ruti3 HTTP/1.1" 200 3858 "-" "Mozilla/5.0 (compatible; AhrefsBot/1.0; +http://ahrefs.com/robot/)"
213.186.122.2 - - [02/Nov/2011:16:41:15 +0100] "GET /pioneros/index.php?ruti=ruti4 HTTP/1.1" 200 3033 "-" "Mozilla/5.0 (compatible; AhrefsBot/1.0; +http://ahrefs.com/robot/)"
213.186.122.2 - - [02/Nov/2011:16:41:16 +0100] "GET /pioneros/index.php?ruti=ruti5 HTTP/1.1" 200 3780 "-" "Mozilla/5.0 (compatible; AhrefsBot/1.0; +http://ahrefs.com/robot/)"
213.186.122.2 - - [02/Nov/2011:16:41:17 +0100] "GET /pioneros/index.php?ruti=ruti6 HTTP/1.1" 200 3085 "-" "Mozilla/5.0 (compatible; AhrefsBot/1.0; +http://ahrefs.com/robot/)"
213.186.122.2 - - [02/Nov/2011:16:41:18 +0100] "GET /pioneros/index.php?ruti=ruti7 HTTP/1.1" 200 4506 "-" "Mozilla/5.0 (compatible; AhrefsBot/1.0; +http://ahrefs.com/robot/)"
213.186.122.2 - - [02/Nov/2011:16:41:20 +0100] "GET /pioneros/index.php?ruti=ruti8 HTTP/1.1" 200 5091 "-" "Mozilla/5.0 (compatible; AhrefsBot/1.0; +http://ahrefs.com/robot/)"
213.186.122.2 - - [02/Nov/2011:16:41:23 +0100] "GET /pioneros/index.php?ruti=ruti9 HTTP/1.1" 200 5161 "-" "Mozilla/5.0 (compatible; AhrefsBot/1.0; +http://ahrefs.com/robot/)"
123.125.71.59 - - [02/Nov/2011:17:21:58 +0100] "GET /robots.txt HTTP/1.1" 404 262 "-" "Baiduspider+(+http://www.baidu.com/search/spider.htm)"
207.46.13.95 - - [03/Nov/2011:01:10:02 +0100] "GET /robots.txt HTTP/1.1" 404 320 "-" "Mozilla/5.0 (compatible; bingbot/2.0; +http://www.bing.com/bingbot.htm)"
208.80.194.32 - - [03/Nov/2011:18:21:16 +0100] "GET / HTTP/1.0" 200 44 "-" "Mozilla/4.0 (compatible; MSIE 6.0; Windows NT 5.1; SV1; SIMBAR={D96099EE-3F2D-4254-88CE-6854C6CE8459}; MSIECrawler)"
207.46.194.123 - - [03/Nov/2011:18:28:44 +0100] "GET /robots.txt HTTP/1.1" 404 262 "-" "msnbot-media/1.1 (+http://search.msn.com/msnbot.htm)"
207.46.194.123 - - [03/Nov/2011:18:28:44 +0100] "GET /imagenes/maquetacion/imagen_cabecera-3.jpg HTTP/1.1" 200 14086 "-" "msnbot-media/1.1 (+http://search.msn.com/msnbot.htm)"
207.46.194.123 - - [03/Nov/2011:18:28:44 +0100] "GET /pioneros/ HTTP/1.1" 200 3990 "-" "msnbot-media/1.1 (+http://search.msn.com/msnbot.htm)"
157.55.16.86 - - [03/Nov/2011:21:51:23 +0100] "GET /robots.txt HTTP/1.1" 404 320 "-" "Mozilla/5.0 (compatible; bingbot/2.0; +http://www.bing.com/bingbot.htm)"
157.55.16.86 - - [03/Nov/2011:21:52:16 +0100] "GET /pioneros/index.php?ruti=ruti14 HTTP/1.1" 200 3112 "-" "Mozilla/5.0 (compatible; bingbot/2.0; +http://www.bing.com/bingbot.htm)"
123.125.71.49 - - [03/Nov/2011:23:44:04 +0100] "GET /robots.txt HTTP/1.1" 404 262 "-" "Baiduspider+(+http://www.baidu.com/search/spider.htm)"
88.131.106.4 - - [04/Nov/2011:13:06:13 +0100] "GET /robots.txt HTTP/1.0" 404 262 "-" "Mozilla/5.0 (Windows; U; Windows NT 5.1; en-US) Speedy Spider (http://www.entireweb.com/about/search_tech/speedy_spider/)"
88.131.106.3 - - [04/Nov/2011:13:06:13 +0100] "GET /pioneros/index.php?ruti=ruti8 HTTP/1.0" 200 5091 "-" "Mozilla/5.0 (Windows; U; Windows NT 5.1; en-US) Speedy Spider (http://www.entireweb.com/about/search_tech/speedy_spider/)"
207.46.204.224 - - [04/Nov/2011:22:26:46 +0100] "GET /robots.txt HTTP/1.1" 404 320 "-" "Mozilla/5.0 (compatible; bingbot/2.0; +http://www.bing.com/bingbot.htm)"
207.46.204.224 - - [04/Nov/2011:22:27:27 +0100] "GET /pioneros/index-sepulveda.php HTTP/1.1" 200 12750 "-" "Mozilla/5.0 (compatible; bingbot/2.0; +http://www.bing.com/bingbot.htm)"
95.108.151.244 - - [05/Nov/2011:09:50:17 +0100] "GET /robots.txt HTTP/1.1" 408 335 "-" "Mozilla/5.0 (compatible; YandexBot/3.0; +http://yandex.com/bots)"
95.108.151.244 - - [05/Nov/2011:09:50:17 +0100] "GET /robots.txt HTTP/1.1" 404 320 "-" "Mozilla/5.0 (compatible; YandexBot/3.0; +http://yandex.com/bots)"
95.108.151.244 - - [05/Nov/2011:09:50:18 +0100] "GET / HTTP/1.1" 408 263 "-" "Mozilla/5.0 (compatible; YandexBot/3.0; +http://yandex.com/bots)"
95.108.151.244 - - [05/Nov/2011:09:50:18 +0100] "GET / HTTP/1.1" 200 49 "-" "Mozilla/5.0 (compatible; YandexBot/3.0; +http://yandex.com/bots)"
95.108.151.244 - - [05/Nov/2011:09:50:19 +0100] "GET / HTTP/1.1" 200 49 "-" "Mozilla/5.0 (compatible; YandexBot/3.0; +http://yandex.com/bots)"
178.154.160.30 - - [05/Nov/2011:10:19:23 +0100] "GET /robots.txt HTTP/1.1" 404 320 "-" "Mozilla/5.0 (compatible; YandexBot/3.0; +http://yandex.com/bots)"
178.154.160.30 - - [05/Nov/2011:10:19:24 +0100] "GET /pioneros/index.php?ruti=ruti10 HTTP/1.1" 200 3623 "-" "Mozilla/5.0 (compatible; YandexBot/3.0; +http://yandex.com/bots)"
123.125.71.52 - - [05/Nov/2011:18:49:03 +0100] "GET /robots.txt HTTP/1.1" 404 262 "-" "Baiduspider+(+http://www.baidu.com/search/spider.htm)"
77.20.40.89 - - [05/Nov/2011:19:54:36 +0100] "GET /pioneros HTTP/1.1" 301 357 "-" "findlinks/2.0.2 (+http://wortschatz.uni-leipzig.de/findlinks/)"
77.20.40.89 - - [05/Nov/2011:19:54:37 +0100] "GET /pioneros/ HTTP/1.1" 200 22907 "-" "findlinks/2.0.2 (+http://wortschatz.uni-leipzig.de/findlinks/)"
208.115.111.73 - - [05/Nov/2011:20:02:05 +0100] "GET /robots.txt HTTP/1.1" 404 320 "-" "Mozilla/5.0 (compatible; Ezooms/1.0; ezooms.bot@gmail.com)"
208.115.111.73 - - [05/Nov/2011:22:18:04 +0100] "GET /pioneros/index.php?ruti=ruti1 HTTP/1.1" 200 22907 "-" "Mozilla/5.0 (compatible; Ezooms/1.0; ezooms.bot@gmail.com)"
208.115.111.73 - - [06/Nov/2011:00:01:43 +0100] "GET /robots.txt HTTP/1.1" 404 320 "-" "Mozilla/5.0 (compatible; Ezooms/1.0; ezooms.bot@gmail.com)"
96.31.166.228 - - [06/Nov/2011:01:03:47 +0100] "GET /robots.txt HTTP/1.1" 404 320 "-" "Mozilla/5.0 (compatible; Search17Bot/1.1; http://www.search17.com/bot.php)"
96.31.166.228 - - [06/Nov/2011:01:03:47 +0100] "GET / HTTP/1.1" 200 49 "-" "Mozilla/5.0 (compatible; Search17Bot/1.1; http://www.search17.com/bot.php)"
208.80.194.37 - - [06/Nov/2011:01:21:06 +0100] "GET / HTTP/1.0" 200 44 "-" "Mozilla/4.0 (compatible; MSIE 6.0; Windows NT 5.1; SV1; (R1 1.1); .NET CLR 2.0.50727)"
208.115.111.73 - - [06/Nov/2011:01:42:07 +0100] "GET /pioneros/index.php?ruti=ruti0 HTTP/1.1" 200 16674 "-" "Mozilla/5.0 (compatible; Ezooms/1.0; ezooms.bot@gmail.com)"
207.46.204.224 - - [06/Nov/2011:01:54:33 +0100] "GET /robots.txt HTTP/1.1" 404 320 "-" "Mozilla/5.0 (compatible; bingbot/2.0; +http://www.bing.com/bingbot.htm)"
207.46.204.224 - - [06/Nov/2011:01:55:25 +0100] "GET /pioneros/index-sepulveda.php HTTP/1.1" 200 12750 "-" "Mozilla/5.0 (compatible; bingbot/2.0; +http://www.bing.com/bingbot.htm)"
208.115.111.73 - - [06/Nov/2011:04:06:01 +0100] "GET /robots.txt HTTP/1.1" 404 320 "-" "Mozilla/5.0 (compatible; Ezooms/1.0; ezooms.bot@gmail.com)"
208.115.111.73 - - [06/Nov/2011:05:47:04 +0100] "GET /pioneros/index.php?ruti=ruti3 HTTP/1.1" 200 17912 "-" "Mozilla/5.0 (compatible; Ezooms/1.0; ezooms.bot@gmail.com)"
95.108.151.244 - - [06/Nov/2011:07:07:40 +0100] "GET /robots.txt HTTP/1.1" 404 320 "-" "Mozilla/5.0 (compatible; YandexBot/3.0; +http://yandex.com/bots)"
95.108.151.244 - - [06/Nov/2011:07:07:41 +0100] "GET / HTTP/1.1" 200 49 "-" "Mozilla/5.0 (compatible; YandexBot/3.0; +http://yandex.com/bots)"
95.108.151.244 - - [06/Nov/2011:07:07:42 +0100] "GET / HTTP/1.1" 200 49 "-" "Mozilla/5.0 (compatible; YandexBot/3.0; +http://yandex.com/bots)"
208.115.111.73 - - [06/Nov/2011:08:03:15 +0100] "GET /robots.txt HTTP/1.1" 404 320 "-" "Mozilla/5.0 (compatible; Ezooms/1.0; ezooms.bot@gmail.com)"
208.115.111.73 - - [06/Nov/2011:10:11:21 +0100] "GET /pioneros/index.php?ruti=ruti2 HTTP/1.1" 200 27984 "-" "Mozilla/5.0 (compatible; Ezooms/1.0; ezooms.bot@gmail.com)"
176.74.192.82 - - [06/Nov/2011:11:28:57 +0100] "GET /pioneros HTTP/1.1" 301 270 "http://www.rallyamali.com/" "Mozilla/4.5 (compatible; HTTrack 3.0x; Windows 98)"
176.74.192.82 - - [06/Nov/2011:11:29:02 +0100] "GET /pioneros/ HTTP/1.1" 200 3990 "http://www.rallyamali.com/www.rallyamali.com/index.html" "Mozilla/4.5 (compatible; HTTrack 3.0x; Windows 98)"
