207.46.199.198 - - [19/Nov/2010:19:54:23 +0100] "GET /robots.txt HTTP/1.1" 404 320 "-" "Mozilla/5.0 (compatible; bingbot/2.0; +http://www.bing.com/bingbot.htm)"
95.108.246.252 - - [19/Nov/2010:20:01:43 +0100] "GET /robots.txt HTTP/1.1" 404 320 "-" "Mozilla/5.0 (compatible; YandexBot/3.0; +http://yandex.com/bots)"
207.46.199.180 - - [19/Nov/2010:20:34:08 +0100] "GET /robots.txt HTTP/1.1" 404 320 "-" "Mozilla/5.0 (compatible; bingbot/2.0; +http://www.bing.com/bingbot.htm)"
123.125.66.35 - - [19/Nov/2010:22:41:59 +0100] "GET /robots.txt HTTP/1.1" 404 262 "-" "Baiduspider+(+http://www.baidu.com/search/spider.htm)"
95.108.246.252 - - [19/Nov/2010:23:36:07 +0100] "GET /pioneros/index.php?ruti=ruti10 HTTP/1.1" 200 3623 "-" "Mozilla/5.0 (compatible; YandexBot/3.0; +http://yandex.com/bots)"
67.195.114.56 - - [20/Nov/2010:01:31:06 +0100] "GET /robots.txt HTTP/1.0" 404 262 "-" "Mozilla/5.0 (compatible; Yahoo! Slurp; http://help.yahoo.com/help/us/ysearch/slurp)"
67.195.114.56 - - [20/Nov/2010:01:31:07 +0100] "GET /pioneros/index.php?ruti=ruti3 HTTP/1.0" 200 3858 "-" "Mozilla/5.0 (compatible; Yahoo! Slurp; http://help.yahoo.com/help/us/ysearch/slurp)"
95.108.246.252 - - [20/Nov/2010:06:13:23 +0100] "GET /pioneros HTTP/1.1" 301 270 "-" "Mozilla/5.0 (compatible; YandexBot/3.0; +http://yandex.com/bots)"
95.108.246.252 - - [20/Nov/2010:06:13:25 +0100] "GET /pioneros/ HTTP/1.1" 200 3990 "-" "Mozilla/5.0 (compatible; YandexBot/3.0; +http://yandex.com/bots)"
65.52.110.66 - - [20/Nov/2010:09:19:57 +0100] "GET /robots.txt HTTP/1.1" 404 320 "-" "Mozilla/5.0 (compatible; bingbot/2.0; +http://www.bing.com/bingbot.htm)"
65.52.110.66 - - [20/Nov/2010:09:22:30 +0100] "GET /pioneros/index.php?ruti=ruti4 HTTP/1.1" 200 3033 "-" "Mozilla/5.0 (compatible; bingbot/2.0; +http://www.bing.com/bingbot.htm)"
95.108.151.244 - - [20/Nov/2010:11:54:58 +0100] "GET /robots.txt HTTP/1.1" 404 320 "-" "Mozilla/5.0 (compatible; YandexBot/3.0; MirrorDetector; +http://yandex.com/bots)"
95.108.151.244 - - [20/Nov/2010:11:54:58 +0100] "GET / HTTP/1.1" 200 49 "-" "Mozilla/5.0 (compatible; YandexBot/3.0; MirrorDetector; +http://yandex.com/bots)"
95.108.151.244 - - [20/Nov/2010:11:54:59 +0100] "GET / HTTP/1.1" 200 49 "-" "Mozilla/5.0 (compatible; YandexBot/3.0; MirrorDetector; +http://yandex.com/bots)"
67.195.114.56 - - [20/Nov/2010:15:37:11 +0100] "GET /robots.txt HTTP/1.0" 404 262 "-" "Mozilla/5.0 (compatible; Yahoo! Slurp; http://help.yahoo.com/help/us/ysearch/slurp)"
67.195.114.56 - - [20/Nov/2010:15:37:12 +0100] "GET /pioneros/index.php?ruti=ruti14 HTTP/1.0" 200 3112 "-" "Mozilla/5.0 (compatible; Yahoo! Slurp; http://help.yahoo.com/help/us/ysearch/slurp)"
123.125.66.105 - - [20/Nov/2010:15:49:50 +0100] "GET /robots.txt HTTP/1.1" 404 262 "-" "Baiduspider+(+http://www.baidu.com/search/spider.htm)"
67.195.114.56 - - [20/Nov/2010:19:35:24 +0100] "GET /robots.txt HTTP/1.0" 404 262 "-" "Mozilla/5.0 (compatible; Yahoo! Slurp; http://help.yahoo.com/help/us/ysearch/slurp)"
67.195.114.56 - - [20/Nov/2010:19:35:25 +0100] "GET /pioneros/index.php?ruti=ruti18 HTTP/1.0" 200 3941 "-" "Mozilla/5.0 (compatible; Yahoo! Slurp; http://help.yahoo.com/help/us/ysearch/slurp)"
208.80.194.30 - - [21/Nov/2010:01:10:07 +0100] "GET / HTTP/1.0" 200 44 "-" "Mozilla/4.0 (compatible; MSIE 7.0; Windows NT 5.1; IEMB3; .NET CLR 1.1.4322; .NET CLR 2.0.50727; .NET CLR 3.0.04506.30)"
67.195.114.56 - - [21/Nov/2010:04:05:04 +0100] "GET /pioneros/ HTTP/1.0" 200 3990 "-" "Mozilla/5.0 (compatible; Yahoo! Slurp; http://help.yahoo.com/help/us/ysearch/slurp)"
157.55.16.230 - - [21/Nov/2010:07:03:11 +0100] "GET /robots.txt HTTP/1.1" 404 320 "-" "Mozilla/5.0 (compatible; bingbot/2.0; +http://www.bing.com/bingbot.htm)"
157.55.16.230 - - [21/Nov/2010:07:17:32 +0100] "GET /pioneros/index.php?ruti=ruti15 HTTP/1.1" 200 5093 "-" "Mozilla/5.0 (compatible; bingbot/2.0; +http://www.bing.com/bingbot.htm)"
207.46.13.42 - - [21/Nov/2010:08:09:54 +0100] "GET /robots.txt HTTP/1.1" 404 320 "-" "Mozilla/5.0 (compatible; bingbot/2.0; +http://www.bing.com/bingbot.htm)"
207.46.13.42 - - [21/Nov/2010:08:13:59 +0100] "GET /pioneros/ HTTP/1.1" 200 3990 "-" "Mozilla/5.0 (compatible; bingbot/2.0; +http://www.bing.com/bingbot.htm)"
67.195.114.56 - - [21/Nov/2010:10:54:15 +0100] "GET /robots.txt HTTP/1.0" 404 262 "-" "Mozilla/5.0 (compatible; Yahoo! Slurp; http://help.yahoo.com/help/us/ysearch/slurp)"
67.195.114.56 - - [21/Nov/2010:10:54:16 +0100] "GET /pioneros/index.php?ruti=ruti11 HTTP/1.0" 200 4094 "-" "Mozilla/5.0 (compatible; Yahoo! Slurp; http://help.yahoo.com/help/us/ysearch/slurp)"
67.195.114.56 - - [21/Nov/2010:10:57:12 +0100] "GET /pioneros/index.php?ruti=ruti16 HTTP/1.0" 200 2986 "-" "Mozilla/5.0 (compatible; Yahoo! Slurp; http://help.yahoo.com/help/us/ysearch/slurp)"
157.55.116.39 - - [21/Nov/2010:15:50:10 +0100] "GET /robots.txt HTTP/1.1" 404 262 "-" "msnbot/2.0b (+http://search.msn.com/msnbot.htm)._"
157.55.116.39 - - [21/Nov/2010:15:50:10 +0100] "GET /pioneros/index.php?ruti=ruti5 HTTP/1.1" 200 3780 "-" "msnbot/2.0b (+http://search.msn.com/msnbot.htm)._"
220.181.108.76 - - [21/Nov/2010:17:29:24 +0100] "GET /pioneros HTTP/1.1" 301 270 "-" "Baiduspider+(+http://www.baidu.com/search/spider.htm)"
220.181.108.82 - - [21/Nov/2010:17:29:26 +0100] "GET /pioneros/ HTTP/1.1" 200 3990 "-" "Baiduspider+(+http://www.baidu.com/search/spider.htm)"
157.55.116.39 - - [21/Nov/2010:17:58:28 +0100] "GET /pioneros/index.php?ruti=ruti16 HTTP/1.1" 200 2986 "-" "msnbot/2.0b (+http://search.msn.com/msnbot.htm)._"
157.55.116.39 - - [21/Nov/2010:17:58:29 +0100] "GET /pioneros/index.php?ruti=ruti3 HTTP/1.1" 200 3858 "-" "msnbot/2.0b (+http://search.msn.com/msnbot.htm)._"
157.55.116.39 - - [21/Nov/2010:19:26:18 +0100] "GET /pioneros/index.php?ruti=ruti9 HTTP/1.1" 200 5161 "-" "msnbot/2.0b (+http://search.msn.com/msnbot.htm)._"
157.55.116.39 - - [21/Nov/2010:19:40:03 +0100] "GET /pioneros/index.php?ruti=ruti15 HTTP/1.1" 200 5093 "-" "msnbot/2.0b (+http://search.msn.com/msnbot.htm)._"
157.55.116.39 - - [21/Nov/2010:20:53:38 +0100] "GET /pioneros/index.php?ruti=ruti4 HTTP/1.1" 200 3033 "-" "msnbot/2.0b (+http://search.msn.com/msnbot.htm)._"
157.55.116.39 - - [21/Nov/2010:22:04:44 +0100] "GET /pioneros/index.php?ruti=ruti7 HTTP/1.1" 200 4506 "-" "msnbot/2.0b (+http://search.msn.com/msnbot.htm)._"
67.195.114.56 - - [21/Nov/2010:22:55:19 +0100] "GET /robots.txt HTTP/1.0" 404 262 "-" "Mozilla/5.0 (compatible; Yahoo! Slurp; http://help.yahoo.com/help/us/ysearch/slurp)"
67.195.114.56 - - [21/Nov/2010:22:55:20 +0100] "GET / HTTP/1.0" 200 49 "-" "Mozilla/5.0 (compatible; Yahoo! Slurp; http://help.yahoo.com/help/us/ysearch/slurp)"
67.195.114.56 - - [22/Nov/2010:03:49:18 +0100] "GET /pioneros/index.php?ruti=ruti8 HTTP/1.0" 200 5091 "-" "Mozilla/5.0 (compatible; Yahoo! Slurp; http://help.yahoo.com/help/us/ysearch/slurp)"
67.195.114.56 - - [22/Nov/2010:12:07:47 +0100] "GET /robots.txt HTTP/1.0" 404 262 "-" "Mozilla/5.0 (compatible; Yahoo! Slurp; http://help.yahoo.com/help/us/ysearch/slurp)"
67.195.114.56 - - [22/Nov/2010:12:07:48 +0100] "GET /pioneros/index.php?ruti=ruti6 HTTP/1.0" 200 3085 "-" "Mozilla/5.0 (compatible; Yahoo! Slurp; http://help.yahoo.com/help/us/ysearch/slurp)"
208.80.194.34 - - [22/Nov/2010:15:47:51 +0100] "GET / HTTP/1.0" 200 44 "-" "Mozilla/4.0 (compatible; MSIE 6.0; Windows NT 5.1; SV1; Avant Browser; InfoPath.1)"
208.115.111.249 - - [22/Nov/2010:16:24:06 +0100] "GET /robots.txt HTTP/1.1" 404 262 "-" "Mozilla/5.0 (compatible; DotBot/1.1; http://www.dotnetdotcom.org/, crawler@dotnetdotcom.org)"
67.195.114.56 - - [22/Nov/2010:20:05:05 +0100] "GET /robots.txt HTTP/1.0" 404 262 "-" "Mozilla/5.0 (compatible; Yahoo! Slurp; http://help.yahoo.com/help/us/ysearch/slurp)"
67.195.114.56 - - [22/Nov/2010:20:05:05 +0100] "GET /pioneros/index.php?ruti=ruti15 HTTP/1.0" 200 5093 "-" "Mozilla/5.0 (compatible; Yahoo! Slurp; http://help.yahoo.com/help/us/ysearch/slurp)"
208.115.111.249 - - [22/Nov/2010:20:57:49 +0100] "GET /pioneros/function.mysql-connect HTTP/1.1" 404 276 "-" "Mozilla/5.0 (compatible; DotBot/1.1; http://www.dotnetdotcom.org/, crawler@dotnetdotcom.org)"
207.46.13.143 - - [22/Nov/2010:21:13:44 +0100] "GET /robots.txt HTTP/1.1" 404 320 "-" "Mozilla/5.0 (compatible; bingbot/2.0; +http://www.bing.com/bingbot.htm)"
207.46.13.143 - - [22/Nov/2010:21:14:59 +0100] "GET /pioneros/index.php?ruti=ruti18 HTTP/1.1" 200 3941 "-" "Mozilla/5.0 (compatible; bingbot/2.0; +http://www.bing.com/bingbot.htm)"
95.108.246.252 - - [23/Nov/2010:04:23:35 +0100] "GET /robots.txt HTTP/1.1" 404 320 "-" "Mozilla/5.0 (compatible; YandexBot/3.0; +http://yandex.com/bots)"
67.195.114.56 - - [23/Nov/2010:05:14:46 +0100] "GET /pioneros/index.php?ruti=ruti2 HTTP/1.0" 200 5065 "-" "Mozilla/5.0 (compatible; Yahoo! Slurp; http://help.yahoo.com/help/us/ysearch/slurp)"
67.195.114.56 - - [23/Nov/2010:06:46:57 +0100] "GET /pioneros/index.php?ruti=ruti10 HTTP/1.0" 200 3623 "-" "Mozilla/5.0 (compatible; Yahoo! Slurp; http://help.yahoo.com/help/us/ysearch/slurp)"
95.108.246.252 - - [23/Nov/2010:07:54:13 +0100] "GET /pioneros/index.php?ruti=ruti10 HTTP/1.1" 200 3623 "-" "Mozilla/5.0 (compatible; YandexBot/3.0; +http://yandex.com/bots)"
95.108.246.252 - - [23/Nov/2010:07:54:15 +0100] "GET /pioneros HTTP/1.1" 301 270 "-" "Mozilla/5.0 (compatible; YandexBot/3.0; +http://yandex.com/bots)"
123.125.66.40 - - [23/Nov/2010:07:58:49 +0100] "GET /robots.txt HTTP/1.1" 404 262 "-" "Baiduspider+(+http://www.baidu.com/search/spider.htm)"
208.115.111.249 - - [23/Nov/2010:11:42:42 +0100] "GET /robots.txt HTTP/1.1" 404 262 "-" "Mozilla/5.0 (compatible; DotBot/1.1; http://www.dotnetdotcom.org/, crawler@dotnetdotcom.org)"
123.125.66.44 - - [23/Nov/2010:15:58:05 +0100] "GET /robots.txt HTTP/1.1" 404 262 "-" "Baiduspider+(+http://www.baidu.com/search/spider.htm)"
67.195.114.56 - - [23/Nov/2010:15:59:47 +0100] "GET /robots.txt HTTP/1.0" 404 262 "-" "Mozilla/5.0 (compatible; Yahoo! Slurp; http://help.yahoo.com/help/us/ysearch/slurp)"
67.195.114.56 - - [23/Nov/2010:15:59:48 +0100] "GET /pioneros/index.php?ruti=ruti5 HTTP/1.0" 200 3780 "-" "Mozilla/5.0 (compatible; Yahoo! Slurp; http://help.yahoo.com/help/us/ysearch/slurp)"
208.115.111.249 - - [23/Nov/2010:17:06:40 +0100] "GET /pioneros/index.php?ruti=ruti0 HTTP/1.1" 200 3004 "-" "Mozilla/5.0 (compatible; DotBot/1.1; http://www.dotnetdotcom.org/, crawler@dotnetdotcom.org)"
208.115.111.249 - - [23/Nov/2010:17:06:45 +0100] "GET /pioneros/index2.php?ruti=ruti6 HTTP/1.1" 200 302 "-" "Mozilla/5.0 (compatible; DotBot/1.1; http://www.dotnetdotcom.org/, crawler@dotnetdotcom.org)"
95.108.246.252 - - [24/Nov/2010:01:07:22 +0100] "GET /robots.txt HTTP/1.1" 404 320 "-" "Mozilla/5.0 (compatible; YandexBot/3.0; +http://yandex.com/bots)"
95.108.246.252 - - [24/Nov/2010:01:07:30 +0100] "GET /pioneros/ HTTP/1.1" 200 3990 "-" "Mozilla/5.0 (compatible; YandexBot/3.0; +http://yandex.com/bots)"
207.46.13.84 - - [24/Nov/2010:04:40:25 +0100] "GET /robots.txt HTTP/1.1" 404 320 "-" "Mozilla/5.0 (compatible; bingbot/2.0; +http://www.bing.com/bingbot.htm)"
207.46.13.84 - - [24/Nov/2010:04:45:28 +0100] "GET /pioneros/ HTTP/1.1" 200 3990 "-" "Mozilla/5.0 (compatible; bingbot/2.0; +http://www.bing.com/bingbot.htm)"
208.80.194.26 - - [24/Nov/2010:05:53:29 +0100] "GET / HTTP/1.0" 200 44 "-" "Mozilla/4.0 (compatible; MSIE 7.0; Windows NT 5.1; .NET CLR 1.0.3705; .NET CLR 1.1.4322; Media Center PC 4.0; yie6_SBC)"
67.195.114.56 - - [24/Nov/2010:10:05:44 +0100] "GET /robots.txt HTTP/1.0" 404 262 "-" "Mozilla/5.0 (compatible; Yahoo! Slurp; http://help.yahoo.com/help/us/ysearch/slurp)"
67.195.114.56 - - [24/Nov/2010:10:05:44 +0100] "GET /pioneros/index.php?ruti=ruti0 HTTP/1.0" 200 3004 "-" "Mozilla/5.0 (compatible; Yahoo! Slurp; http://help.yahoo.com/help/us/ysearch/slurp)"
67.195.114.56 - - [24/Nov/2010:10:15:09 +0100] "GET /pioneros/index.php?ruti=ruti9 HTTP/1.0" 200 5161 "-" "Mozilla/5.0 (compatible; Yahoo! Slurp; http://help.yahoo.com/help/us/ysearch/slurp)"
67.195.114.56 - - [24/Nov/2010:20:49:27 +0100] "GET /robots.txt HTTP/1.0" 404 262 "-" "Mozilla/5.0 (compatible; Yahoo! Slurp; http://help.yahoo.com/help/us/ysearch/slurp)"
67.195.114.56 - - [24/Nov/2010:20:49:28 +0100] "GET /pioneros/index.php?ruti=ruti7 HTTP/1.0" 200 4506 "-" "Mozilla/5.0 (compatible; Yahoo! Slurp; http://help.yahoo.com/help/us/ysearch/slurp)"
67.195.114.56 - - [24/Nov/2010:22:34:10 +0100] "GET /pioneros/index.php?ruti=ruti12 HTTP/1.0" 200 5364 "-" "Mozilla/5.0 (compatible; Yahoo! Slurp; http://help.yahoo.com/help/us/ysearch/slurp)"
95.108.246.252 - - [24/Nov/2010:23:03:12 +0100] "GET /pioneros/index.php?ruti=ruti10 HTTP/1.1" 200 3623 "-" "Mozilla/5.0 (compatible; YandexBot/3.0; +http://yandex.com/bots)"
95.108.246.252 - - [24/Nov/2010:23:03:14 +0100] "GET /pioneros HTTP/1.1" 301 270 "-" "Mozilla/5.0 (compatible; YandexBot/3.0; +http://yandex.com/bots)"
95.108.246.252 - - [25/Nov/2010:01:07:20 +0100] "GET /robots.txt HTTP/1.1" 404 320 "-" "Mozilla/5.0 (compatible; YandexBot/3.0; +http://yandex.com/bots)"
95.108.246.252 - - [25/Nov/2010:01:07:22 +0100] "GET /pioneros/ HTTP/1.1" 200 3990 "-" "Mozilla/5.0 (compatible; YandexBot/3.0; +http://yandex.com/bots)"
207.46.13.97 - - [25/Nov/2010:04:15:00 +0100] "GET /robots.txt HTTP/1.1" 404 320 "-" "Mozilla/5.0 (compatible; bingbot/2.0; +http://www.bing.com/bingbot.htm)"
207.46.13.97 - - [25/Nov/2010:04:20:04 +0100] "GET / HTTP/1.1" 200 49 "-" "Mozilla/5.0 (compatible; bingbot/2.0; +http://www.bing.com/bingbot.htm)"
88.131.106.22 - - [25/Nov/2010:10:10:04 +0100] "GET /robots.txt HTTP/1.0" 404 262 "-" "Mozilla/5.0 (Windows; U; Windows NT 5.1; en-US) Speedy Spider (http://www.entireweb.com/about/search_tech/speedy_spider/)"
88.131.106.22 - - [25/Nov/2010:10:10:05 +0100] "GET /pioneros/index.php?ruti=ruti8 HTTP/1.0" 200 5091 "-" "Mozilla/5.0 (Windows; U; Windows NT 5.1; en-US) Speedy Spider (http://www.entireweb.com/about/search_tech/speedy_spider/)"
67.195.114.56 - - [25/Nov/2010:13:23:12 +0100] "GET /robots.txt HTTP/1.0" 404 262 "-" "Mozilla/5.0 (compatible; Yahoo! Slurp; http://help.yahoo.com/help/us/ysearch/slurp)"
67.195.114.56 - - [25/Nov/2010:13:23:12 +0100] "GET /pioneros/index.php?ruti=ruti4 HTTP/1.0" 200 3033 "-" "Mozilla/5.0 (compatible; Yahoo! Slurp; http://help.yahoo.com/help/us/ysearch/slurp)"
208.80.194.35 - - [25/Nov/2010:18:52:33 +0100] "GET / HTTP/1.0" 200 44 "-" "Mozilla/4.0 (compatible; MSIE 6.0; Windows NT 5.1; {2445D3B9-918D-85FC-0EC7-658F8FD33CBB}; FunWebProducts; .NET CLR 1.1.4322; .NET CLR 2.0.50727)"
50.16.36.135 - - [26/Nov/2010:11:05:35 +0100] "HEAD / HTTP/1.1" 200 - "http://www.netcraft.com/survey/" "Mozilla/4.0 (compatible; Netcraft Web Server Survey)"
123.125.66.32 - - [26/Nov/2010:15:52:59 +0100] "GET /robots.txt HTTP/1.1" 404 262 "-" "Baiduspider+(+http://www.baidu.com/search/spider.htm)"
194.72.238.61 - - [26/Nov/2010:16:33:48 +0100] "HEAD / HTTP/1.1" 200 - "http://www.netcraft.com/survey/" "Mozilla/4.0 (compatible; Netcraft Web Server Survey)"
119.63.193.55 - - [26/Nov/2010:17:18:19 +0100] "GET / HTTP/1.1" 200 44 "-" "Baiduspider+(+http://www.baidu.jp/spider/)"
157.55.116.39 - - [26/Nov/2010:17:38:30 +0100] "GET /robots.txt HTTP/1.1" 404 262 "-" "msnbot/2.0b (+http://search.msn.com/msnbot.htm)._"
157.55.116.39 - - [26/Nov/2010:17:38:31 +0100] "GET /pioneros/index.php?ruti=ruti10 HTTP/1.1" 200 3623 "-" "msnbot/2.0b (+http://search.msn.com/msnbot.htm)._"
157.55.116.39 - - [26/Nov/2010:17:38:33 +0100] "GET /pioneros/index.php?ruti=ruti3 HTTP/1.1" 200 3858 "-" "msnbot/2.0b (+http://search.msn.com/msnbot.htm)._"
157.55.116.39 - - [26/Nov/2010:18:25:20 +0100] "GET /pioneros/index.php?ruti=ruti17 HTTP/1.1" 200 2635 "-" "msnbot/2.0b (+http://search.msn.com/msnbot.htm)._"
157.55.116.39 - - [26/Nov/2010:18:25:35 +0100] "GET /pioneros/index.php?ruti=ruti12 HTTP/1.1" 200 5364 "-" "msnbot/2.0b (+http://search.msn.com/msnbot.htm)._"
157.55.116.39 - - [26/Nov/2010:18:25:43 +0100] "GET /pioneros/index.php?ruti=ruti4 HTTP/1.1" 200 3033 "-" "msnbot/2.0b (+http://search.msn.com/msnbot.htm)._"
88.131.106.22 - - [26/Nov/2010:20:56:40 +0100] "GET /robots.txt HTTP/1.0" 404 262 "-" "Mozilla/5.0 (Windows; U; Windows NT 5.1; en-US) Speedy Spider (http://www.entireweb.com/about/search_tech/speedy_spider/)"
88.131.106.22 - - [26/Nov/2010:20:56:41 +0100] "GET /pioneros/index.php?ruti=ruti9 HTTP/1.0" 200 5161 "-" "Mozilla/5.0 (Windows; U; Windows NT 5.1; en-US) Speedy Spider (http://www.entireweb.com/about/search_tech/speedy_spider/)"
85.86.111.24 - - [26/Nov/2010:21:26:17 +0100] "GET /pioneros HTTP/1.1" 301 270 "http://www.blogger.com/feeds/8881601054570886824/posts/default" "Mozilla/4.0 (compatible; MSIE 8.0; Windows NT 6.1; WOW64; Trident/4.0; SLCC2; .NET CLR 2.0.50727; .NET CLR 3.5.30729; .NET CLR 3.0.30729; Media Center PC 6.0; InfoPath.2; OfficeLiveConnector.1.5; OfficeLivePatch.1.3; .NET4.0C; AskTbMP3P2/5.8.0.12304)"
85.86.111.24 - - [26/Nov/2010:21:26:17 +0100] "GET /pioneros/ HTTP/1.1" 200 3990 "http://www.blogger.com/feeds/8881601054570886824/posts/default" "Mozilla/4.0 (compatible; MSIE 8.0; Windows NT 6.1; WOW64; Trident/4.0; SLCC2; .NET CLR 2.0.50727; .NET CLR 3.5.30729; .NET CLR 3.0.30729; Media Center PC 6.0; InfoPath.2; OfficeLiveConnector.1.5; OfficeLivePatch.1.3; .NET4.0C; AskTbMP3P2/5.8.0.12304)"
85.86.111.24 - - [26/Nov/2010:21:26:17 +0100] "GET /imagenes/maquetacion/imagen_cabecera-3.jpg HTTP/1.1" 200 14086 "http://mapas.rallyamali.com/pioneros/" "Mozilla/4.0 (compatible; MSIE 8.0; Windows NT 6.1; WOW64; Trident/4.0; SLCC2; .NET CLR 2.0.50727; .NET CLR 3.5.30729; .NET CLR 3.0.30729; Media Center PC 6.0; InfoPath.2; OfficeLiveConnector.1.5; OfficeLivePatch.1.3; .NET4.0C; AskTbMP3P2/5.8.0.12304)"
85.86.111.24 - - [26/Nov/2010:21:26:17 +0100] "GET /imagenes/iconos/marca_cruz_roja-rally_a_mali-8x8.png HTTP/1.1" 200 281 "http://mapas.rallyamali.com/pioneros/" "Mozilla/4.0 (compatible; MSIE 8.0; Windows NT 6.1; WOW64; Trident/4.0; SLCC2; .NET CLR 2.0.50727; .NET CLR 3.5.30729; .NET CLR 3.0.30729; Media Center PC 6.0; InfoPath.2; OfficeLiveConnector.1.5; OfficeLivePatch.1.3; .NET4.0C; AskTbMP3P2/5.8.0.12304)"
85.86.111.24 - - [26/Nov/2010:21:26:24 +0100] "GET /pioneros/index.php?ruti=ruti2 HTTP/1.1" 200 5065 "http://mapas.rallyamali.com/pioneros/" "Mozilla/4.0 (compatible; MSIE 8.0; Windows NT 6.1; WOW64; Trident/4.0; SLCC2; .NET CLR 2.0.50727; .NET CLR 3.5.30729; .NET CLR 3.0.30729; Media Center PC 6.0; InfoPath.2; OfficeLiveConnector.1.5; OfficeLivePatch.1.3; .NET4.0C; AskTbMP3P2/5.8.0.12304)"
85.86.111.24 - - [26/Nov/2010:21:26:30 +0100] "GET /pioneros/index.php?ruti=ruti17 HTTP/1.1" 200 2635 "http://mapas.rallyamali.com/pioneros/index.php?ruti=ruti2" "Mozilla/4.0 (compatible; MSIE 8.0; Windows NT 6.1; WOW64; Trident/4.0; SLCC2; .NET CLR 2.0.50727; .NET CLR 3.5.30729; .NET CLR 3.0.30729; Media Center PC 6.0; InfoPath.2; OfficeLiveConnector.1.5; OfficeLivePatch.1.3; .NET4.0C; AskTbMP3P2/5.8.0.12304)"
157.55.116.39 - - [26/Nov/2010:22:53:41 +0100] "GET /pioneros/index.php?ruti=ruti9 HTTP/1.1" 200 5161 "-" "msnbot/2.0b (+http://search.msn.com/msnbot.htm)._"
157.55.116.39 - - [26/Nov/2010:22:54:32 +0100] "GET /pioneros/index.php?ruti=ruti15 HTTP/1.1" 200 5093 "-" "msnbot/2.0b (+http://search.msn.com/msnbot.htm)._"
208.80.194.29 - - [27/Nov/2010:07:37:34 +0100] "GET / HTTP/1.0" 200 44 "-" "Mozilla/4.0 (compatible; MSIE 6.0; Windows NT 5.1; SV1; FunWebProducts; .NET CLR 1.1.4322; .NET CLR 2.0.50727; SpamBlockerUtility 4.8.0; ZangoToolbar 4.8.3)"
67.195.114.56 - - [27/Nov/2010:08:21:31 +0100] "GET /robots.txt HTTP/1.0" 404 262 "-" "Mozilla/5.0 (compatible; Yahoo! Slurp; http://help.yahoo.com/help/us/ysearch/slurp)"
67.195.114.56 - - [27/Nov/2010:08:21:32 +0100] "GET /pioneros HTTP/1.0" 301 270 "-" "Mozilla/5.0 (compatible; Yahoo! Slurp; http://help.yahoo.com/help/us/ysearch/slurp)"
67.195.114.56 - - [27/Nov/2010:08:21:32 +0100] "GET /pioneros/ HTTP/1.0" 200 3990 "-" "Mozilla/5.0 (compatible; Yahoo! Slurp; http://help.yahoo.com/help/us/ysearch/slurp)"
67.195.114.56 - - [27/Nov/2010:11:25:22 +0100] "GET /robots.txt HTTP/1.0" 404 262 "-" "Mozilla/5.0 (compatible; Yahoo! Slurp; http://help.yahoo.com/help/us/ysearch/slurp)"
67.195.114.56 - - [27/Nov/2010:11:25:22 +0100] "GET /pioneros/index.php?ruti=ruti17 HTTP/1.0" 200 2635 "-" "Mozilla/5.0 (compatible; Yahoo! Slurp; http://help.yahoo.com/help/us/ysearch/slurp)"
67.195.114.56 - - [27/Nov/2010:15:41:44 +0100] "GET /pioneros/index.php?ruti=ruti14 HTTP/1.0" 200 3112 "-" "Mozilla/5.0 (compatible; Yahoo! Slurp; http://help.yahoo.com/help/us/ysearch/slurp)"
119.63.193.55 - - [27/Nov/2010:17:18:16 +0100] "GET / HTTP/1.1" 200 44 "-" "Baiduspider+(+http://www.baidu.jp/spider/)"
67.195.114.56 - - [28/Nov/2010:00:24:23 +0100] "GET /robots.txt HTTP/1.0" 404 262 "-" "Mozilla/5.0 (compatible; Yahoo! Slurp; http://help.yahoo.com/help/us/ysearch/slurp)"
67.195.114.56 - - [28/Nov/2010:00:24:23 +0100] "GET /pioneros/index.php?ruti=ruti1 HTTP/1.0" 200 3990 "-" "Mozilla/5.0 (compatible; Yahoo! Slurp; http://help.yahoo.com/help/us/ysearch/slurp)"
119.63.193.55 - - [28/Nov/2010:17:18:12 +0100] "GET / HTTP/1.1" 200 44 "-" "Baiduspider+(+http://www.baidu.jp/spider/)"
208.115.111.249 - - [28/Nov/2010:17:47:37 +0100] "GET /robots.txt HTTP/1.1" 404 262 "-" "Mozilla/5.0 (compatible; DotBot/1.1; http://www.dotnetdotcom.org/, crawler@dotnetdotcom.org)"
208.80.194.29 - - [28/Nov/2010:20:10:27 +0100] "GET / HTTP/1.0" 200 44 "-" "Mozilla/4.0 (compatible; MSIE 6.0; Windows NT 5.1; Hotbar 4.5.1.0; SV1; .NET CLR 1.1.4322; IEMB3)"
95.108.246.252 - - [28/Nov/2010:20:48:31 +0100] "GET /robots.txt HTTP/1.1" 404 320 "-" "Mozilla/5.0 (compatible; YandexBot/3.0; +http://yandex.com/bots)"
208.115.111.249 - - [28/Nov/2010:21:58:11 +0100] "GET /pioneros/index.php?ruti=ruti11 HTTP/1.1" 200 4094 "-" "Mozilla/5.0 (compatible; DotBot/1.1; http://www.dotnetdotcom.org/, crawler@dotnetdotcom.org)"
208.115.111.249 - - [28/Nov/2010:21:58:16 +0100] "GET /pioneros/index.php?ruti=ruti12 HTTP/1.1" 200 5364 "-" "Mozilla/5.0 (compatible; DotBot/1.1; http://www.dotnetdotcom.org/, crawler@dotnetdotcom.org)"
67.195.114.56 - - [28/Nov/2010:23:02:30 +0100] "GET /robots.txt HTTP/1.0" 404 262 "-" "Mozilla/5.0 (compatible; Yahoo! Slurp; http://help.yahoo.com/help/us/ysearch/slurp)"
67.195.114.56 - - [28/Nov/2010:23:02:30 +0100] "GET / HTTP/1.0" 200 49 "-" "Mozilla/5.0 (compatible; Yahoo! Slurp; http://help.yahoo.com/help/us/ysearch/slurp)"
123.125.66.35 - - [29/Nov/2010:02:49:41 +0100] "GET /robots.txt HTTP/1.1" 404 262 "-" "Baiduspider+(+http://www.baidu.com/search/spider.htm)"
67.195.114.56 - - [29/Nov/2010:02:57:00 +0100] "GET /robots.txt HTTP/1.0" 404 262 "-" "Mozilla/5.0 (compatible; Yahoo! Slurp; http://help.yahoo.com/help/us/ysearch/slurp)"
67.195.114.56 - - [29/Nov/2010:02:57:00 +0100] "GET /pioneros/index.php?ruti=ruti3 HTTP/1.0" 200 3858 "-" "Mozilla/5.0 (compatible; Yahoo! Slurp; http://help.yahoo.com/help/us/ysearch/slurp)"
95.108.246.252 - - [29/Nov/2010:03:16:26 +0100] "GET /pioneros/index.php?ruti=ruti10 HTTP/1.1" 200 3623 "-" "Mozilla/5.0 (compatible; YandexBot/3.0; +http://yandex.com/bots)"
207.46.195.241 - - [29/Nov/2010:07:40:52 +0100] "GET /robots.txt HTTP/1.1" 404 320 "-" "Mozilla/5.0 (compatible; bingbot/2.0; +http://www.bing.com/bingbot.htm)"
207.46.195.241 - - [29/Nov/2010:07:41:43 +0100] "GET /pioneros/ HTTP/1.1" 200 3990 "-" "Mozilla/5.0 (compatible; bingbot/2.0; +http://www.bing.com/bingbot.htm)"
67.195.114.56 - - [29/Nov/2010:07:58:59 +0100] "GET /pioneros/index.php?ruti=ruti18 HTTP/1.0" 200 3941 "-" "Mozilla/5.0 (compatible; Yahoo! Slurp; http://help.yahoo.com/help/us/ysearch/slurp)"
95.108.246.252 - - [29/Nov/2010:08:45:23 +0100] "GET /pioneros HTTP/1.1" 301 270 "-" "Mozilla/5.0 (compatible; YandexBot/3.0; +http://yandex.com/bots)"
66.249.71.122 - - [29/Nov/2010:15:36:09 +0100] "GET /robots.txt HTTP/1.1" 404 262 "-" "Mozilla/5.0 (compatible; Googlebot/2.1; +http://www.google.com/bot.html)"
66.249.71.122 - - [29/Nov/2010:15:36:09 +0100] "GET /pioneros/index.php?ruti=ruti2 HTTP/1.1" 200 5065 "-" "Mozilla/5.0 (compatible; Googlebot/2.1; +http://www.google.com/bot.html)"
119.63.193.55 - - [29/Nov/2010:17:18:07 +0100] "GET / HTTP/1.1" 200 44 "-" "Baiduspider+(+http://www.baidu.jp/spider/)"
67.195.114.56 - - [30/Nov/2010:03:37:40 +0100] "GET /robots.txt HTTP/1.0" 404 262 "-" "Mozilla/5.0 (compatible; Yahoo! Slurp; http://help.yahoo.com/help/us/ysearch/slurp)"
67.195.114.56 - - [30/Nov/2010:03:37:41 +0100] "GET /pioneros/index.php?ruti=ruti11 HTTP/1.0" 200 4094 "-" "Mozilla/5.0 (compatible; Yahoo! Slurp; http://help.yahoo.com/help/us/ysearch/slurp)"
208.80.194.32 - - [30/Nov/2010:09:02:08 +0100] "GET / HTTP/1.0" 200 44 "-" "Mozilla/4.0 (compatible; MSIE 6.0; Windows NT 5.1; SV1; (R1 1.5); Media Center PC 3.0; .NET CLR 1.0.3705; .NET CLR 2.0.50727; .NET CLR 3.0.04506.30)"
67.195.114.56 - - [30/Nov/2010:16:57:43 +0100] "GET /robots.txt HTTP/1.0" 404 262 "-" "Mozilla/5.0 (compatible; Yahoo! Slurp; http://help.yahoo.com/help/us/ysearch/slurp)"
67.195.114.56 - - [30/Nov/2010:16:57:43 +0100] "GET /pioneros/index.php?ruti=ruti16 HTTP/1.0" 200 2986 "-" "Mozilla/5.0 (compatible; Yahoo! Slurp; http://help.yahoo.com/help/us/ysearch/slurp)"
119.63.193.55 - - [30/Nov/2010:17:18:06 +0100] "GET / HTTP/1.1" 200 44 "-" "Baiduspider+(+http://www.baidu.jp/spider/)"
69.28.58.26 - - [30/Nov/2010:17:37:51 +0100] "GET /robots.txt HTTP/1.0" 404 320 "-" "page_test (larbin2.6.3@unspecified.mail)"
69.28.58.26 - - [30/Nov/2010:17:37:51 +0100] "GET / HTTP/1.0" 200 44 "-" "page_test larbin2.6.3@unspecified.mail"
67.195.114.56 - - [01/Dec/2010:03:37:39 +0100] "GET /robots.txt HTTP/1.0" 404 262 "-" "Mozilla/5.0 (compatible; Yahoo! Slurp; http://help.yahoo.com/help/us/ysearch/slurp)"
67.195.114.56 - - [01/Dec/2010:03:37:40 +0100] "GET /pioneros/ HTTP/1.0" 200 3990 "-" "Mozilla/5.0 (compatible; Yahoo! Slurp; http://help.yahoo.com/help/us/ysearch/slurp)"
123.125.66.46 - - [01/Dec/2010:07:26:14 +0100] "GET /robots.txt HTTP/1.1" 404 262 "-" "Baiduspider+(+http://www.baidu.com/search/spider.htm)"
67.195.114.56 - - [01/Dec/2010:10:06:57 +0100] "GET /pioneros/index.php?ruti=ruti0 HTTP/1.0" 200 3004 "-" "Mozilla/5.0 (compatible; Yahoo! Slurp; http://help.yahoo.com/help/us/ysearch/slurp)"
65.52.110.65 - - [01/Dec/2010:12:21:01 +0100] "GET /robots.txt HTTP/1.1" 404 320 "-" "Mozilla/5.0 (compatible; bingbot/2.0; +http://www.bing.com/bingbot.htm)"
65.52.110.65 - - [01/Dec/2010:12:24:32 +0100] "GET /pioneros/ HTTP/1.1" 200 3990 "-" "Mozilla/5.0 (compatible; bingbot/2.0; +http://www.bing.com/bingbot.htm)"
119.63.193.55 - - [01/Dec/2010:17:18:02 +0100] "GET / HTTP/1.1" 200 44 "-" "Baiduspider+(+http://www.baidu.jp/spider/)"
67.195.114.56 - - [01/Dec/2010:18:05:04 +0100] "GET /robots.txt HTTP/1.0" 404 262 "-" "Mozilla/5.0 (compatible; Yahoo! Slurp; http://help.yahoo.com/help/us/ysearch/slurp)"
67.195.114.56 - - [01/Dec/2010:18:05:04 +0100] "GET /pioneros/index.php?ruti=ruti15 HTTP/1.0" 200 5093 "-" "Mozilla/5.0 (compatible; Yahoo! Slurp; http://help.yahoo.com/help/us/ysearch/slurp)"
95.108.246.252 - - [01/Dec/2010:20:04:42 +0100] "GET /robots.txt HTTP/1.1" 404 320 "-" "Mozilla/5.0 (compatible; YandexBot/3.0; +http://yandex.com/bots)"
95.108.246.252 - - [01/Dec/2010:22:08:46 +0100] "GET / HTTP/1.1" 200 49 "-" "Mozilla/5.0 (compatible; YandexBot/3.0; +http://yandex.com/bots)"
208.80.194.29 - - [01/Dec/2010:22:18:28 +0100] "GET / HTTP/1.0" 200 44 "-" "Mozilla/4.0 (compatible; MSIE 7.0; Windows NT 5.1; .NET CLR 1.0.3705; .NET CLR 1.1.4322; .NET CLR 2.0.50727; MSN 9.0;MSN 9.1; MSNbMSNI; MSNmen-gb; MSNcOTH)"
95.108.246.252 - - [01/Dec/2010:22:42:40 +0100] "GET /pioneros HTTP/1.1" 301 270 "-" "Mozilla/5.0 (compatible; YandexBot/3.0; +http://yandex.com/bots)"
95.108.246.252 - - [01/Dec/2010:22:42:43 +0100] "GET /pioneros/ HTTP/1.1" 200 3990 "-" "Mozilla/5.0 (compatible; YandexBot/3.0; +http://yandex.com/bots)"
95.108.246.252 - - [01/Dec/2010:23:41:04 +0100] "GET /pioneros/index.php?ruti=ruti10 HTTP/1.1" 200 3623 "-" "Mozilla/5.0 (compatible; YandexBot/3.0; +http://yandex.com/bots)"
123.125.66.43 - - [02/Dec/2010:07:16:04 +0100] "GET /robots.txt HTTP/1.1" 404 262 "-" "Baiduspider+(+http://www.baidu.com/search/spider.htm)"
67.195.114.56 - - [02/Dec/2010:13:38:48 +0100] "GET /robots.txt HTTP/1.0" 404 262 "-" "Mozilla/5.0 (compatible; Yahoo! Slurp; http://help.yahoo.com/help/us/ysearch/slurp)"
67.195.114.56 - - [02/Dec/2010:13:38:48 +0100] "GET /pioneros/index.php?ruti=ruti2 HTTP/1.0" 200 5065 "-" "Mozilla/5.0 (compatible; Yahoo! Slurp; http://help.yahoo.com/help/us/ysearch/slurp)"
207.46.199.200 - - [02/Dec/2010:20:40:35 +0100] "GET /robots.txt HTTP/1.1" 404 320 "-" "Mozilla/5.0 (compatible; bingbot/2.0; +http://www.bing.com/bingbot.htm)"
67.195.114.56 - - [02/Dec/2010:21:05:35 +0100] "GET /pioneros/index.php?ruti=ruti7 HTTP/1.0" 200 4506 "-" "Mozilla/5.0 (compatible; Yahoo! Slurp; http://help.yahoo.com/help/us/ysearch/slurp)"
207.46.199.198 - - [02/Dec/2010:21:28:57 +0100] "GET /robots.txt HTTP/1.1" 404 320 "-" "Mozilla/5.0 (compatible; bingbot/2.0; +http://www.bing.com/bingbot.htm)"
67.195.114.56 - - [02/Dec/2010:21:37:26 +0100] "GET /pioneros/index.php?ruti=ruti9 HTTP/1.0" 200 5161 "-" "Mozilla/5.0 (compatible; Yahoo! Slurp; http://help.yahoo.com/help/us/ysearch/slurp)"
67.195.114.56 - - [02/Dec/2010:23:59:02 +0100] "GET /robots.txt HTTP/1.0" 404 262 "-" "Mozilla/5.0 (compatible; Yahoo! Slurp; http://help.yahoo.com/help/us/ysearch/slurp)"
67.195.114.56 - - [02/Dec/2010:23:59:02 +0100] "GET /pioneros/index.php?ruti=ruti6 HTTP/1.0" 200 3085 "-" "Mozilla/5.0 (compatible; Yahoo! Slurp; http://help.yahoo.com/help/us/ysearch/slurp)"
67.195.114.56 - - [03/Dec/2010:00:17:45 +0100] "GET /pioneros/index.php?ruti=ruti10 HTTP/1.0" 200 3623 "-" "Mozilla/5.0 (compatible; Yahoo! Slurp; http://help.yahoo.com/help/us/ysearch/slurp)"
65.52.109.59 - - [03/Dec/2010:03:19:05 +0100] "GET /robots.txt HTTP/1.1" 404 320 "-" "Mozilla/5.0 (compatible; bingbot/2.0; +http://www.bing.com/bingbot.htm)"
65.52.109.59 - - [03/Dec/2010:04:03:58 +0100] "GET /pioneros/ HTTP/1.1" 200 3990 "-" "Mozilla/5.0 (compatible; bingbot/2.0; +http://www.bing.com/bingbot.htm)"
67.195.114.56 - - [03/Dec/2010:08:58:03 +0100] "GET /pioneros/index.php?ruti=ruti8 HTTP/1.0" 200 5091 "-" "Mozilla/5.0 (compatible; Yahoo! Slurp; http://help.yahoo.com/help/us/ysearch/slurp)"
67.195.114.56 - - [03/Dec/2010:09:59:59 +0100] "GET /pioneros/index.php?ruti=ruti5 HTTP/1.0" 200 3780 "-" "Mozilla/5.0 (compatible; Yahoo! Slurp; http://help.yahoo.com/help/us/ysearch/slurp)"
208.80.194.33 - - [03/Dec/2010:11:18:48 +0100] "GET / HTTP/1.0" 200 44 "-" "Mozilla/4.0 (compatible; MSIE 7.0; Windows NT 6.0; (R1 1.5); SLCC1; .NET CLR 2.0.50727; Media Center PC 5.0; .NET CLR 3.0.04506; .NET CLR 1.1.4322)"
67.195.114.56 - - [03/Dec/2010:13:49:35 +0100] "GET /robots.txt HTTP/1.0" 404 262 "-" "Mozilla/5.0 (compatible; Yahoo! Slurp; http://help.yahoo.com/help/us/ysearch/slurp)"
67.195.114.56 - - [03/Dec/2010:13:49:36 +0100] "GET /pioneros/index.php?ruti=ruti12 HTTP/1.0" 200 5364 "-" "Mozilla/5.0 (compatible; Yahoo! Slurp; http://help.yahoo.com/help/us/ysearch/slurp)"
66.249.66.52 - - [03/Dec/2010:17:52:50 +0100] "GET /robots.txt HTTP/1.1" 404 262 "-" "Mozilla/5.0 (compatible; Googlebot/2.1; +http://www.google.com/bot.html)"
66.249.66.52 - - [03/Dec/2010:17:52:50 +0100] "GET /pioneros/ HTTP/1.1" 200 3990 "-" "Mozilla/5.0 (compatible; Googlebot/2.1; +http://www.google.com/bot.html)"
174.129.104.242 - - [04/Dec/2010:05:01:26 +0100] "GET / HTTP/1.0" 200 44 "-" "Mozilla/5.0 (compatible; NetcraftSurveyAgent/1.0; +info@netcraft.com)"
123.125.66.45 - - [04/Dec/2010:12:37:45 +0100] "GET /robots.txt HTTP/1.1" 404 262 "-" "Baiduspider+(+http://www.baidu.com/search/spider.htm)"
67.195.114.56 - - [04/Dec/2010:15:14:37 +0100] "GET /robots.txt HTTP/1.0" 404 262 "-" "Mozilla/5.0 (compatible; Yahoo! Slurp; http://help.yahoo.com/help/us/ysearch/slurp)"
67.195.114.56 - - [04/Dec/2010:15:14:38 +0100] "GET /pioneros HTTP/1.0" 301 270 "-" "Mozilla/5.0 (compatible; Yahoo! Slurp; http://help.yahoo.com/help/us/ysearch/slurp)"
67.195.114.56 - - [04/Dec/2010:15:14:38 +0100] "GET /pioneros/ HTTP/1.0" 200 3990 "-" "Mozilla/5.0 (compatible; Yahoo! Slurp; http://help.yahoo.com/help/us/ysearch/slurp)"
66.249.66.52 - - [04/Dec/2010:19:24:55 +0100] "GET /robots.txt HTTP/1.1" 404 262 "-" "Mozilla/5.0 (compatible; Googlebot/2.1; +http://www.google.com/bot.html)"
66.249.66.52 - - [04/Dec/2010:19:24:55 +0100] "GET /pioneros HTTP/1.1" 301 270 "-" "Mozilla/5.0 (compatible; Googlebot/2.1; +http://www.google.com/bot.html)"
66.249.66.52 - - [04/Dec/2010:19:24:56 +0100] "GET /pioneros/ HTTP/1.1" 200 3990 "-" "Mozilla/5.0 (compatible; Googlebot/2.1; +http://www.google.com/bot.html)"
208.80.194.35 - - [05/Dec/2010:00:14:18 +0100] "GET / HTTP/1.0" 200 44 "-" "Mozilla/4.0 (compatible; MSIE 6.0; Windows NT 5.1; SV1; InfoPath.2; Maxthon 2.0)"
66.249.66.52 - - [05/Dec/2010:05:40:51 +0100] "GET /pioneros/index.php?ruti=ruti16 HTTP/1.1" 200 2986 "-" "Mozilla/5.0 (compatible; Googlebot/2.1; +http://www.google.com/bot.html)"
67.195.114.56 - - [06/Dec/2010:06:21:15 +0100] "GET /robots.txt HTTP/1.0" 404 262 "-" "Mozilla/5.0 (compatible; Yahoo! Slurp; http://help.yahoo.com/help/us/ysearch/slurp)"
67.195.114.56 - - [06/Dec/2010:06:21:15 +0100] "GET / HTTP/1.0" 200 49 "-" "Mozilla/5.0 (compatible; Yahoo! Slurp; http://help.yahoo.com/help/us/ysearch/slurp)"
67.195.114.56 - - [06/Dec/2010:09:24:19 +0100] "GET /pioneros/index.php?ruti=ruti14 HTTP/1.0" 200 3112 "-" "Mozilla/5.0 (compatible; Yahoo! Slurp; http://help.yahoo.com/help/us/ysearch/slurp)"
208.80.194.29 - - [06/Dec/2010:13:43:24 +0100] "GET / HTTP/1.0" 200 44 "-" "Mozilla/4.0 (compatible; MSIE 7.0; Windows NT 5.1; .NET CLR 1.0.3705; Media Center PC 2.8; .NET CLR 1.1.4322; IEMB3; IEMB3)"
208.115.111.249 - - [06/Dec/2010:16:21:12 +0100] "GET /robots.txt HTTP/1.1" 404 262 "-" "Mozilla/5.0 (compatible; DotBot/1.1; http://www.dotnetdotcom.org/, crawler@dotnetdotcom.org)"
208.115.111.249 - - [06/Dec/2010:20:11:29 +0100] "GET /robots.txt HTTP/1.1" 404 262 "-" "Mozilla/5.0 (compatible; DotBot/1.1; http://www.dotnetdotcom.org/, crawler@dotnetdotcom.org)"
208.115.111.249 - - [06/Dec/2010:20:44:00 +0100] "GET /pioneros HTTP/1.1" 301 270 "-" "Mozilla/5.0 (compatible; DotBot/1.1; http://www.dotnetdotcom.org/, crawler@dotnetdotcom.org)"
208.115.111.249 - - [06/Dec/2010:20:44:04 +0100] "GET /pioneros/ HTTP/1.1" 200 3990 "-" "Mozilla/5.0 (compatible; DotBot/1.1; http://www.dotnetdotcom.org/, crawler@dotnetdotcom.org)"
208.115.111.249 - - [06/Dec/2010:20:44:10 +0100] "GET /pioneros/index.php?ruti=ruti0 HTTP/1.1" 200 3004 "-" "Mozilla/5.0 (compatible; DotBot/1.1; http://www.dotnetdotcom.org/, crawler@dotnetdotcom.org)"
208.115.111.249 - - [06/Dec/2010:20:44:15 +0100] "GET /pioneros/index.php?ruti=ruti11 HTTP/1.1" 200 4094 "-" "Mozilla/5.0 (compatible; DotBot/1.1; http://www.dotnetdotcom.org/, crawler@dotnetdotcom.org)"
95.108.246.252 - - [06/Dec/2010:21:23:14 +0100] "GET /robots.txt HTTP/1.1" 404 320 "-" "Mozilla/5.0 (compatible; YandexBot/3.0; +http://yandex.com/bots)"
208.115.111.249 - - [06/Dec/2010:23:56:56 +0100] "GET /robots.txt HTTP/1.1" 404 262 "-" "Mozilla/5.0 (compatible; DotBot/1.1; http://www.dotnetdotcom.org/, crawler@dotnetdotcom.org)"
208.115.111.249 - - [07/Dec/2010:00:27:47 +0100] "GET /pioneros/index.php?ruti=ruti1 HTTP/1.1" 200 3990 "-" "Mozilla/5.0 (compatible; DotBot/1.1; http://www.dotnetdotcom.org/, crawler@dotnetdotcom.org)"
208.115.111.249 - - [07/Dec/2010:00:27:51 +0100] "GET /pioneros/index.php?ruti=ruti12 HTTP/1.1" 200 5364 "-" "Mozilla/5.0 (compatible; DotBot/1.1; http://www.dotnetdotcom.org/, crawler@dotnetdotcom.org)"
208.115.111.249 - - [07/Dec/2010:00:27:56 +0100] "GET /pioneros/index.php?ruti=ruti14 HTTP/1.1" 200 3112 "-" "Mozilla/5.0 (compatible; DotBot/1.1; http://www.dotnetdotcom.org/, crawler@dotnetdotcom.org)"
208.115.111.249 - - [07/Dec/2010:00:28:00 +0100] "GET /pioneros/index.php?ruti=ruti15 HTTP/1.1" 200 5093 "-" "Mozilla/5.0 (compatible; DotBot/1.1; http://www.dotnetdotcom.org/, crawler@dotnetdotcom.org)"
208.115.111.249 - - [07/Dec/2010:00:28:05 +0100] "GET /pioneros/index.php?ruti=ruti16 HTTP/1.1" 200 2986 "-" "Mozilla/5.0 (compatible; DotBot/1.1; http://www.dotnetdotcom.org/, crawler@dotnetdotcom.org)"
208.115.111.249 - - [07/Dec/2010:00:28:10 +0100] "GET /pioneros/index.php?ruti=ruti17 HTTP/1.1" 200 2635 "-" "Mozilla/5.0 (compatible; DotBot/1.1; http://www.dotnetdotcom.org/, crawler@dotnetdotcom.org)"
208.115.111.249 - - [07/Dec/2010:00:28:15 +0100] "GET /pioneros/index.php?ruti=ruti18 HTTP/1.1" 200 3941 "-" "Mozilla/5.0 (compatible; DotBot/1.1; http://www.dotnetdotcom.org/, crawler@dotnetdotcom.org)"
208.115.111.249 - - [07/Dec/2010:00:28:20 +0100] "GET /pioneros/index.php?ruti=ruti3 HTTP/1.1" 200 3858 "-" "Mozilla/5.0 (compatible; DotBot/1.1; http://www.dotnetdotcom.org/, crawler@dotnetdotcom.org)"
208.115.111.249 - - [07/Dec/2010:00:28:25 +0100] "GET /pioneros/index.php?ruti=ruti4 HTTP/1.1" 200 3033 "-" "Mozilla/5.0 (compatible; DotBot/1.1; http://www.dotnetdotcom.org/, crawler@dotnetdotcom.org)"
208.115.111.249 - - [07/Dec/2010:00:28:30 +0100] "GET /pioneros/index.php?ruti=ruti5 HTTP/1.1" 200 3780 "-" "Mozilla/5.0 (compatible; DotBot/1.1; http://www.dotnetdotcom.org/, crawler@dotnetdotcom.org)"
207.46.195.236 - - [07/Dec/2010:02:27:40 +0100] "GET /robots.txt HTTP/1.1" 404 320 "-" "Mozilla/5.0 (compatible; bingbot/2.0; +http://www.bing.com/bingbot.htm)"
207.46.195.236 - - [07/Dec/2010:02:33:10 +0100] "GET /pioneros/index.php?ruti=ruti5 HTTP/1.1" 200 3780 "-" "Mozilla/5.0 (compatible; bingbot/2.0; +http://www.bing.com/bingbot.htm)"
95.108.246.252 - - [07/Dec/2010:03:35:50 +0100] "GET / HTTP/1.1" 200 49 "-" "Mozilla/5.0 (compatible; YandexBot/3.0; +http://yandex.com/bots)"
208.115.111.249 - - [07/Dec/2010:04:12:19 +0100] "GET /pioneros/index.php?ruti=ruti10 HTTP/1.1" 200 3623 "-" "Mozilla/5.0 (compatible; DotBot/1.1; http://www.dotnetdotcom.org/, crawler@dotnetdotcom.org)"
208.115.111.249 - - [07/Dec/2010:04:12:20 +0100] "GET /pioneros/index.php?ruti=ruti2 HTTP/1.1" 200 5065 "-" "Mozilla/5.0 (compatible; DotBot/1.1; http://www.dotnetdotcom.org/, crawler@dotnetdotcom.org)"
208.115.111.249 - - [07/Dec/2010:04:12:30 +0100] "GET /pioneros/index.php?ruti=ruti6 HTTP/1.1" 200 3085 "-" "Mozilla/5.0 (compatible; DotBot/1.1; http://www.dotnetdotcom.org/, crawler@dotnetdotcom.org)"
208.115.111.249 - - [07/Dec/2010:04:12:35 +0100] "GET /pioneros/index.php?ruti=ruti7 HTTP/1.1" 200 4506 "-" "Mozilla/5.0 (compatible; DotBot/1.1; http://www.dotnetdotcom.org/, crawler@dotnetdotcom.org)"
208.115.111.249 - - [07/Dec/2010:04:12:40 +0100] "GET /pioneros/index.php?ruti=ruti8 HTTP/1.1" 200 5091 "-" "Mozilla/5.0 (compatible; DotBot/1.1; http://www.dotnetdotcom.org/, crawler@dotnetdotcom.org)"
208.115.111.249 - - [07/Dec/2010:04:12:45 +0100] "GET /pioneros/index.php?ruti=ruti9 HTTP/1.1" 200 5161 "-" "Mozilla/5.0 (compatible; DotBot/1.1; http://www.dotnetdotcom.org/, crawler@dotnetdotcom.org)"
95.108.246.252 - - [07/Dec/2010:04:55:07 +0100] "GET /pioneros HTTP/1.1" 301 270 "-" "Mozilla/5.0 (compatible; YandexBot/3.0; +http://yandex.com/bots)"
95.108.246.252 - - [07/Dec/2010:10:24:44 +0100] "GET /pioneros/index.php?ruti=ruti10 HTTP/1.1" 408 263 "-" "Mozilla/5.0 (compatible; YandexBot/3.0; +http://yandex.com/bots)"
95.108.246.252 - - [07/Dec/2010:10:24:45 +0100] "GET /pioneros/index.php?ruti=ruti10 HTTP/1.1" 200 3623 "-" "Mozilla/5.0 (compatible; YandexBot/3.0; +http://yandex.com/bots)"
95.108.246.252 - - [07/Dec/2010:13:57:10 +0100] "GET /pioneros HTTP/1.1" 301 270 "-" "Mozilla/5.0 (compatible; YandexBot/3.0; +http://yandex.com/bots)"
95.108.246.252 - - [07/Dec/2010:13:57:12 +0100] "GET /pioneros/ HTTP/1.1" 408 263 "-" "Mozilla/5.0 (compatible; YandexBot/3.0; +http://yandex.com/bots)"
95.108.246.252 - - [07/Dec/2010:13:57:13 +0100] "GET /pioneros/ HTTP/1.1" 200 3990 "-" "Mozilla/5.0 (compatible; YandexBot/3.0; +http://yandex.com/bots)"
95.108.246.252 - - [07/Dec/2010:23:04:30 +0100] "GET /robots.txt HTTP/1.1" 404 320 "-" "Mozilla/5.0 (compatible; YandexBot/3.0; +http://yandex.com/bots)"
208.80.194.29 - - [08/Dec/2010:03:06:26 +0100] "GET / HTTP/1.0" 200 44 "-" "Mozilla/4.0 (compatible; MSIE 7.0; Windows NT 5.1; .NET CLR 1.1.4322; MSN 9.0; MSNbMSNI; MSNmen-us; MSNcOTH)"
207.46.13.144 - - [08/Dec/2010:05:34:34 +0100] "GET /robots.txt HTTP/1.1" 404 320 "-" "Mozilla/5.0 (compatible; bingbot/2.0; +http://www.bing.com/bingbot.htm)"
207.46.13.144 - - [08/Dec/2010:06:04:02 +0100] "GET /pioneros/ HTTP/1.1" 200 3990 "-" "Mozilla/5.0 (compatible; bingbot/2.0; +http://www.bing.com/bingbot.htm)"
95.108.246.252 - - [08/Dec/2010:06:17:15 +0100] "GET / HTTP/1.1" 200 49 "-" "Mozilla/5.0 (compatible; YandexBot/3.0; +http://yandex.com/bots)"
95.108.246.252 - - [08/Dec/2010:07:06:24 +0100] "GET /pioneros/index.php?ruti=ruti10 HTTP/1.1" 200 3623 "-" "Mozilla/5.0 (compatible; YandexBot/3.0; +http://yandex.com/bots)"
67.195.114.56 - - [08/Dec/2010:08:05:12 +0100] "GET /robots.txt HTTP/1.0" 404 262 "-" "Mozilla/5.0 (compatible; Yahoo! Slurp; http://help.yahoo.com/help/us/ysearch/slurp)"
67.195.114.56 - - [08/Dec/2010:08:05:13 +0100] "GET /pioneros/index.php?ruti=ruti17 HTTP/1.0" 200 2635 "-" "Mozilla/5.0 (compatible; Yahoo! Slurp; http://help.yahoo.com/help/us/ysearch/slurp)"
67.195.114.56 - - [08/Dec/2010:10:08:27 +0100] "GET /robots.txt HTTP/1.0" 404 262 "-" "Mozilla/5.0 (compatible; Yahoo! Slurp; http://help.yahoo.com/help/us/ysearch/slurp)"
67.195.114.56 - - [08/Dec/2010:10:08:27 +0100] "GET /pioneros/index.php?ruti=ruti0 HTTP/1.0" 200 3004 "-" "Mozilla/5.0 (compatible; Yahoo! Slurp; http://help.yahoo.com/help/us/ysearch/slurp)"
67.195.114.56 - - [08/Dec/2010:11:47:12 +0100] "GET /pioneros/index.php?ruti=ruti4 HTTP/1.0" 200 3033 "-" "Mozilla/5.0 (compatible; Yahoo! Slurp; http://help.yahoo.com/help/us/ysearch/slurp)"
67.195.114.56 - - [08/Dec/2010:16:55:17 +0100] "GET /pioneros/index.php?ruti=ruti1 HTTP/1.0" 200 3990 "-" "Mozilla/5.0 (compatible; Yahoo! Slurp; http://help.yahoo.com/help/us/ysearch/slurp)"
208.80.194.35 - - [09/Dec/2010:16:01:52 +0100] "GET / HTTP/1.0" 200 44 "-" "Mozilla/4.0 (compatible; MSIE 6.0; Windows NT 5.1; SV1; Hotbar 4.4.2.0; FunWebProducts; .NET CLR 1.0.3705; PeoplePal 3.0; .NET CLR 1.1.4322; PeoplePal 6.2)"
67.195.114.56 - - [09/Dec/2010:17:59:18 +0100] "GET /robots.txt HTTP/1.0" 404 262 "-" "Mozilla/5.0 (compatible; Yahoo! Slurp; http://help.yahoo.com/help/us/ysearch/slurp)"
67.195.114.56 - - [09/Dec/2010:17:59:18 +0100] "GET /pioneros/index.php?ruti=ruti3 HTTP/1.0" 200 3858 "-" "Mozilla/5.0 (compatible; Yahoo! Slurp; http://help.yahoo.com/help/us/ysearch/slurp)"
95.108.246.252 - - [09/Dec/2010:19:22:51 +0100] "GET /robots.txt HTTP/1.1" 404 320 "-" "Mozilla/5.0 (compatible; YandexBot/3.0; +http://yandex.com/bots)"
95.108.246.252 - - [10/Dec/2010:00:38:21 +0100] "GET / HTTP/1.1" 200 49 "-" "Mozilla/5.0 (compatible; YandexBot/3.0; +http://yandex.com/bots)"
123.125.66.18 - - [10/Dec/2010:01:56:19 +0100] "GET /robots.txt HTTP/1.1" 404 262 "-" "Baiduspider+(+http://www.baidu.com/search/spider.htm)"
67.195.114.56 - - [10/Dec/2010:02:11:47 +0100] "GET /robots.txt HTTP/1.0" 404 262 "-" "Mozilla/5.0 (compatible; Yahoo! Slurp; http://help.yahoo.com/help/us/ysearch/slurp)"
67.195.114.56 - - [10/Dec/2010:02:11:48 +0100] "GET /pioneros/index.php?ruti=ruti16 HTTP/1.0" 200 2986 "-" "Mozilla/5.0 (compatible; Yahoo! Slurp; http://help.yahoo.com/help/us/ysearch/slurp)"
95.108.246.252 - - [10/Dec/2010:05:51:02 +0100] "GET /pioneros/index.php?ruti=ruti10 HTTP/1.1" 200 3623 "-" "Mozilla/5.0 (compatible; YandexBot/3.0; +http://yandex.com/bots)"
123.125.66.34 - - [10/Dec/2010:08:34:32 +0100] "GET /robots.txt HTTP/1.1" 404 262 "-" "Baiduspider+(+http://www.baidu.com/search/spider.htm)"
95.108.246.252 - - [10/Dec/2010:11:29:55 +0100] "GET /pioneros HTTP/1.1" 301 270 "-" "Mozilla/5.0 (compatible; YandexBot/3.0; +http://yandex.com/bots)"
95.108.246.252 - - [10/Dec/2010:11:29:57 +0100] "GET /pioneros/ HTTP/1.1" 200 3990 "-" "Mozilla/5.0 (compatible; YandexBot/3.0; +http://yandex.com/bots)"
67.195.114.56 - - [10/Dec/2010:17:21:44 +0100] "GET /robots.txt HTTP/1.0" 404 262 "-" "Mozilla/5.0 (compatible; Yahoo! Slurp; http://help.yahoo.com/help/us/ysearch/slurp)"
67.195.114.56 - - [10/Dec/2010:17:21:45 +0100] "GET /pioneros/index.php?ruti=ruti11 HTTP/1.0" 200 4094 "-" "Mozilla/5.0 (compatible; Yahoo! Slurp; http://help.yahoo.com/help/us/ysearch/slurp)"
65.52.110.56 - - [10/Dec/2010:18:43:32 +0100] "GET /robots.txt HTTP/1.1" 404 320 "-" "Mozilla/5.0 (compatible; bingbot/2.0; +http://www.bing.com/bingbot.htm)"
65.52.110.56 - - [10/Dec/2010:19:12:48 +0100] "GET /pioneros/ HTTP/1.1" 200 3990 "-" "Mozilla/5.0 (compatible; bingbot/2.0; +http://www.bing.com/bingbot.htm)"
67.195.114.56 - - [10/Dec/2010:20:51:19 +0100] "GET /pioneros/index.php?ruti=ruti18 HTTP/1.0" 200 3941 "-" "Mozilla/5.0 (compatible; Yahoo! Slurp; http://help.yahoo.com/help/us/ysearch/slurp)"
119.63.198.111 - - [11/Dec/2010:01:15:16 +0100] "GET /pioneros HTTP/1.1" 301 270 "-" "Baiduspider+(+http://www.baidu.jp/spider/)"
119.63.198.121 - - [11/Dec/2010:01:15:17 +0100] "GET /pioneros/ HTTP/1.1" 200 3990 "-" "Baiduspider+(+http://www.baidu.jp/spider/)"
207.46.195.235 - - [11/Dec/2010:01:52:02 +0100] "GET /robots.txt HTTP/1.1" 404 320 "-" "Mozilla/5.0 (compatible; bingbot/2.0; +http://www.bing.com/bingbot.htm)"
207.46.195.235 - - [11/Dec/2010:02:00:21 +0100] "GET / HTTP/1.1" 200 49 "-" "Mozilla/5.0 (compatible; bingbot/2.0; +http://www.bing.com/bingbot.htm)"
67.195.114.56 - - [11/Dec/2010:03:45:12 +0100] "GET /robots.txt HTTP/1.0" 404 262 "-" "Mozilla/5.0 (compatible; Yahoo! Slurp; http://help.yahoo.com/help/us/ysearch/slurp)"
67.195.114.56 - - [11/Dec/2010:03:45:12 +0100] "GET /pioneros/ HTTP/1.0" 200 3990 "-" "Mozilla/5.0 (compatible; Yahoo! Slurp; http://help.yahoo.com/help/us/ysearch/slurp)"
208.80.194.28 - - [11/Dec/2010:05:18:59 +0100] "GET / HTTP/1.0" 200 44 "-" "Mozilla/4.0 (compatible; MSIE 6.0; Windows NT 5.1; FunWebProducts; Hotbar 4.3.2.0)"
220.181.108.85 - - [12/Dec/2010:08:21:45 +0100] "GET /pioneros HTTP/1.1" 301 270 "-" "Baiduspider+(+http://www.baidu.com/search/spider.htm)"
220.181.108.94 - - [12/Dec/2010:08:21:46 +0100] "GET /pioneros/ HTTP/1.1" 200 3990 "-" "Baiduspider+(+http://www.baidu.com/search/spider.htm)"
67.195.114.56 - - [12/Dec/2010:13:47:36 +0100] "GET /robots.txt HTTP/1.0" 404 262 "-" "Mozilla/5.0 (compatible; Yahoo! Slurp; http://help.yahoo.com/help/us/ysearch/slurp)"
67.195.114.56 - - [12/Dec/2010:13:47:36 +0100] "GET /pioneros HTTP/1.0" 301 270 "-" "Mozilla/5.0 (compatible; Yahoo! Slurp; http://help.yahoo.com/help/us/ysearch/slurp)"
67.195.114.56 - - [12/Dec/2010:13:47:37 +0100] "GET /pioneros/ HTTP/1.0" 200 3990 "-" "Mozilla/5.0 (compatible; Yahoo! Slurp; http://help.yahoo.com/help/us/ysearch/slurp)"
67.195.114.56 - - [12/Dec/2010:16:11:35 +0100] "GET /robots.txt HTTP/1.0" 404 262 "-" "Mozilla/5.0 (compatible; Yahoo! Slurp; http://help.yahoo.com/help/us/ysearch/slurp)"
67.195.114.56 - - [12/Dec/2010:16:11:35 +0100] "GET /pioneros/index.php?ruti=ruti15 HTTP/1.0" 200 5093 "-" "Mozilla/5.0 (compatible; Yahoo! Slurp; http://help.yahoo.com/help/us/ysearch/slurp)"
66.249.72.87 - - [12/Dec/2010:16:29:52 +0100] "GET /robots.txt HTTP/1.1" 404 262 "-" "Mozilla/5.0 (compatible; Googlebot/2.1; +http://www.google.com/bot.html)"
66.249.72.87 - - [12/Dec/2010:16:29:52 +0100] "GET /pioneros/index.php?ruti=ruti3 HTTP/1.1" 200 3858 "-" "Mozilla/5.0 (compatible; Googlebot/2.1; +http://www.google.com/bot.html)"
208.80.194.37 - - [12/Dec/2010:18:07:09 +0100] "GET / HTTP/1.0" 200 44 "-" "Mozilla/4.0 (compatible; MSIE 6.0; Windows NT 5.1; YPC 3.2.0; (R1 1.5; yplus 5.3.04b); .NET CLR 1.0.3705)"
67.195.114.56 - - [12/Dec/2010:21:25:37 +0100] "GET /pioneros/index.php?ruti=ruti7 HTTP/1.0" 200 4506 "-" "Mozilla/5.0 (compatible; Yahoo! Slurp; http://help.yahoo.com/help/us/ysearch/slurp)"
123.125.66.41 - - [13/Dec/2010:02:04:42 +0100] "GET /robots.txt HTTP/1.1" 404 262 "-" "Baiduspider+(+http://www.baidu.com/search/spider.htm)"
67.195.114.56 - - [13/Dec/2010:06:23:20 +0100] "GET /robots.txt HTTP/1.0" 404 262 "-" "Mozilla/5.0 (compatible; Yahoo! Slurp; http://help.yahoo.com/help/us/ysearch/slurp)"
67.195.114.56 - - [13/Dec/2010:06:23:21 +0100] "GET / HTTP/1.0" 200 49 "-" "Mozilla/5.0 (compatible; Yahoo! Slurp; http://help.yahoo.com/help/us/ysearch/slurp)"
207.46.204.236 - - [13/Dec/2010:08:29:23 +0100] "GET /robots.txt HTTP/1.1" 404 320 "-" "Mozilla/5.0 (compatible; bingbot/2.0; +http://www.bing.com/bingbot.htm)"
207.46.204.236 - - [13/Dec/2010:08:47:03 +0100] "GET /pioneros/ HTTP/1.1" 200 3990 "-" "Mozilla/5.0 (compatible; bingbot/2.0; +http://www.bing.com/bingbot.htm)"
67.195.114.56 - - [13/Dec/2010:08:59:27 +0100] "GET /pioneros/index.php?ruti=ruti2 HTTP/1.0" 200 5065 "-" "Mozilla/5.0 (compatible; Yahoo! Slurp; http://help.yahoo.com/help/us/ysearch/slurp)"
207.46.199.184 - - [13/Dec/2010:16:03:17 +0100] "GET /robots.txt HTTP/1.1" 404 320 "-" "Mozilla/5.0 (compatible; bingbot/2.0; +http://www.bing.com/bingbot.htm)"
207.46.199.199 - - [13/Dec/2010:16:37:45 +0100] "GET /robots.txt HTTP/1.1" 404 320 "-" "Mozilla/5.0 (compatible; bingbot/2.0; +http://www.bing.com/bingbot.htm)"
95.108.246.252 - - [13/Dec/2010:19:52:10 +0100] "GET /robots.txt HTTP/1.1" 404 320 "-" "Mozilla/5.0 (compatible; YandexBot/3.0; +http://yandex.com/bots)"
67.195.114.56 - - [13/Dec/2010:22:37:17 +0100] "GET /robots.txt HTTP/1.0" 404 262 "-" "Mozilla/5.0 (compatible; Yahoo! Slurp; http://help.yahoo.com/help/us/ysearch/slurp)"
67.195.114.56 - - [13/Dec/2010:22:37:18 +0100] "GET /pioneros/index.php?ruti=ruti9 HTTP/1.0" 200 5161 "-" "Mozilla/5.0 (compatible; Yahoo! Slurp; http://help.yahoo.com/help/us/ysearch/slurp)"
119.63.198.23 - - [13/Dec/2010:23:44:49 +0100] "GET /robots.txt HTTP/1.1" 404 262 "-" "Baiduspider+(+http://www.baidu.com/search/spider.htm)"
123.125.66.42 - - [14/Dec/2010:01:16:20 +0100] "GET /robots.txt HTTP/1.1" 404 262 "-" "Baiduspider+(+http://www.baidu.com/search/spider.htm)"
