95.108.246.252 - - [14/Dec/2010:01:29:39 +0100] "GET / HTTP/1.1" 200 49 "-" "Mozilla/5.0 (compatible; YandexBot/3.0; +http://yandex.com/bots)"
67.195.114.56 - - [14/Dec/2010:04:55:14 +0100] "GET /robots.txt HTTP/1.0" 404 262 "-" "Mozilla/5.0 (compatible; Yahoo! Slurp; http://help.yahoo.com/help/us/ysearch/slurp)"
67.195.114.56 - - [14/Dec/2010:04:55:14 +0100] "GET /pioneros/index.php?ruti=ruti10 HTTP/1.0" 200 3623 "-" "Mozilla/5.0 (compatible; Yahoo! Slurp; http://help.yahoo.com/help/us/ysearch/slurp)"
208.80.194.33 - - [14/Dec/2010:06:52:13 +0100] "GET / HTTP/1.0" 200 44 "-" "Mozilla/4.0 (compatible; MSIE 7.0; Windows NT 5.1; YPC 3.2.0; (R1 1.3; yplus 5.1.04b); .NET CLR 1.1.4322)"
66.249.72.87 - - [14/Dec/2010:07:14:59 +0100] "GET /robots.txt HTTP/1.1" 404 262 "-" "Mozilla/5.0 (compatible; Googlebot/2.1; +http://www.google.com/bot.html)"
66.249.72.87 - - [14/Dec/2010:07:14:59 +0100] "GET /pioneros/index.php?ruti=ruti5 HTTP/1.1" 200 3780 "-" "Mozilla/5.0 (compatible; Googlebot/2.1; +http://www.google.com/bot.html)"
95.108.246.252 - - [14/Dec/2010:08:15:12 +0100] "GET /pioneros HTTP/1.1" 301 270 "-" "Mozilla/5.0 (compatible; YandexBot/3.0; +http://yandex.com/bots)"
95.108.246.252 - - [14/Dec/2010:08:15:14 +0100] "GET /pioneros/ HTTP/1.1" 200 3990 "-" "Mozilla/5.0 (compatible; YandexBot/3.0; +http://yandex.com/bots)"
95.108.246.252 - - [14/Dec/2010:10:31:58 +0100] "GET /pioneros/index.php?ruti=ruti10 HTTP/1.1" 200 3623 "-" "Mozilla/5.0 (compatible; YandexBot/3.0; +http://yandex.com/bots)"
67.195.114.56 - - [14/Dec/2010:12:47:53 +0100] "GET /pioneros/index.php?ruti=ruti5 HTTP/1.0" 200 3780 "-" "Mozilla/5.0 (compatible; Yahoo! Slurp; http://help.yahoo.com/help/us/ysearch/slurp)"
220.181.108.86 - - [14/Dec/2010:20:14:59 +0100] "GET /pioneros HTTP/1.1" 301 270 "-" "Baiduspider+(+http://www.baidu.com/search/spider.htm)"
220.181.108.89 - - [14/Dec/2010:20:15:00 +0100] "GET /pioneros/ HTTP/1.1" 200 3990 "-" "Baiduspider+(+http://www.baidu.com/search/spider.htm)"
95.108.246.252 - - [14/Dec/2010:20:31:16 +0100] "GET /robots.txt HTTP/1.1" 404 320 "-" "Mozilla/5.0 (compatible; YandexBot/3.0; +http://yandex.com/bots)"
67.195.114.56 - - [14/Dec/2010:23:23:12 +0100] "GET /robots.txt HTTP/1.0" 404 262 "-" "Mozilla/5.0 (compatible; Yahoo! Slurp; http://help.yahoo.com/help/us/ysearch/slurp)"
67.195.114.56 - - [14/Dec/2010:23:23:13 +0100] "GET /pioneros/index.php?ruti=ruti6 HTTP/1.0" 200 3085 "-" "Mozilla/5.0 (compatible; Yahoo! Slurp; http://help.yahoo.com/help/us/ysearch/slurp)"
67.195.114.56 - - [15/Dec/2010:02:50:24 +0100] "GET /pioneros/index.php?ruti=ruti12 HTTP/1.0" 200 5364 "-" "Mozilla/5.0 (compatible; Yahoo! Slurp; http://help.yahoo.com/help/us/ysearch/slurp)"
95.108.246.252 - - [15/Dec/2010:02:54:19 +0100] "GET /robots.txt HTTP/1.1" 404 320 "-" "Mozilla/5.0 (compatible; YandexBot/3.0; +http://yandex.com/bots)"
119.63.198.28 - - [15/Dec/2010:05:45:12 +0100] "GET /robots.txt HTTP/1.1" 404 262 "-" "Baiduspider+(+http://www.baidu.com/search/spider.htm)"
67.195.114.56 - - [15/Dec/2010:10:09:09 +0100] "GET /robots.txt HTTP/1.0" 404 262 "-" "Mozilla/5.0 (compatible; Yahoo! Slurp; http://help.yahoo.com/help/us/ysearch/slurp)"
67.195.114.56 - - [15/Dec/2010:10:09:10 +0100] "GET /pioneros/index.php?ruti=ruti0 HTTP/1.0" 200 3004 "-" "Mozilla/5.0 (compatible; Yahoo! Slurp; http://help.yahoo.com/help/us/ysearch/slurp)"
67.195.114.56 - - [15/Dec/2010:16:35:08 +0100] "GET /pioneros/index.php?ruti=ruti8 HTTP/1.0" 200 5091 "-" "Mozilla/5.0 (compatible; Yahoo! Slurp; http://help.yahoo.com/help/us/ysearch/slurp)"
95.108.246.252 - - [15/Dec/2010:19:34:29 +0100] "GET /robots.txt HTTP/1.1" 404 320 "-" "Mozilla/5.0 (compatible; YandexBot/3.0; +http://yandex.com/bots)"
208.80.194.26 - - [15/Dec/2010:19:40:55 +0100] "GET / HTTP/1.0" 200 44 "-" "Mozilla/4.0 (compatible; MSIE 7.0; AOL 9.0; Windows NT 5.1; .NET CLR 2.0.50727; .NET CLR 1.1.4322)"
95.108.246.252 - - [16/Dec/2010:00:47:45 +0100] "GET / HTTP/1.1" 200 49 "-" "Mozilla/5.0 (compatible; YandexBot/3.0; +http://yandex.com/bots)"
92.243.84.187 - - [16/Dec/2010:03:17:00 +0100] "GET /plugins/editors/tinymce/jscripts/tiny_mce/plugins/tinybrowser/tinybrowser.php?type=file&folder= HTTP/1.0" 404 387 "http://mapas.rallyamali.com/plugins/editors/tinymce/jscripts/tiny_mce/plugins/tinybrowser/tinybrowser.php?type=file&folder=" "Mozilla/4.0 (compatible; MSIE 6.0; Windows 98; Win 9x 4.90)"
95.108.246.252 - - [16/Dec/2010:06:49:37 +0100] "GET /pioneros HTTP/1.1" 301 270 "-" "Mozilla/5.0 (compatible; YandexBot/3.0; +http://yandex.com/bots)"
95.108.246.252 - - [16/Dec/2010:06:49:39 +0100] "GET /pioneros/ HTTP/1.1" 200 3990 "-" "Mozilla/5.0 (compatible; YandexBot/3.0; +http://yandex.com/bots)"
119.63.198.34 - - [16/Dec/2010:08:41:40 +0100] "GET /robots.txt HTTP/1.1" 404 262 "-" "Baiduspider+(+http://www.baidu.com/search/spider.htm)"
208.115.111.249 - - [16/Dec/2010:19:44:25 +0100] "GET /robots.txt HTTP/1.1" 404 262 "-" "Mozilla/5.0 (compatible; DotBot/1.1; http://www.dotnetdotcom.org/, crawler@dotnetdotcom.org)"
208.115.111.249 - - [17/Dec/2010:00:12:53 +0100] "GET /pioneros/function.mysql-connect HTTP/1.1" 404 276 "-" "Mozilla/5.0 (compatible; DotBot/1.1; http://www.dotnetdotcom.org/, crawler@dotnetdotcom.org)"
207.46.13.90 - - [17/Dec/2010:05:29:28 +0100] "GET /robots.txt HTTP/1.1" 404 320 "-" "Mozilla/5.0 (compatible; bingbot/2.0; +http://www.bing.com/bingbot.htm)"
207.46.13.90 - - [17/Dec/2010:05:35:48 +0100] "GET /pioneros/ HTTP/1.1" 200 3990 "-" "Mozilla/5.0 (compatible; bingbot/2.0; +http://www.bing.com/bingbot.htm)"
123.125.66.27 - - [17/Dec/2010:05:59:35 +0100] "GET /robots.txt HTTP/1.1" 404 262 "-" "Baiduspider+(+http://www.baidu.com/search/spider.htm)"
95.108.246.252 - - [17/Dec/2010:06:51:48 +0100] "GET /robots.txt HTTP/1.1" 404 320 "-" "Mozilla/5.0 (compatible; YandexBot/3.0; +http://yandex.com/bots)"
95.108.246.252 - - [17/Dec/2010:06:51:50 +0100] "GET /pioneros/index.php?ruti=ruti0 HTTP/1.1" 200 3004 "-" "Mozilla/5.0 (compatible; YandexBot/3.0; +http://yandex.com/bots)"
207.46.199.184 - - [17/Dec/2010:07:12:45 +0100] "GET /robots.txt HTTP/1.1" 404 320 "-" "Mozilla/5.0 (compatible; bingbot/2.0; +http://www.bing.com/bingbot.htm)"
208.80.194.29 - - [17/Dec/2010:08:17:18 +0100] "GET / HTTP/1.0" 200 44 "-" "Mozilla/4.0 (compatible; MSIE 6.0; Windows NT 5.1; SV1; FunWebProducts; .NET CLR 1.1.4322; InfoPath.2; .NET CLR 2.0.50727)"
119.63.198.3 - - [17/Dec/2010:11:06:56 +0100] "GET /robots.txt HTTP/1.1" 404 262 "-" "Baiduspider+(+http://www.baidu.com/search/spider.htm)"
208.115.111.249 - - [17/Dec/2010:13:54:19 +0100] "GET /robots.txt HTTP/1.1" 404 262 "-" "Mozilla/5.0 (compatible; DotBot/1.1; http://www.dotnetdotcom.org/, crawler@dotnetdotcom.org)"
208.115.111.249 - - [17/Dec/2010:18:02:56 +0100] "GET /pioneros/index2.php?ruti=ruti6 HTTP/1.1" 200 302 "-" "Mozilla/5.0 (compatible; DotBot/1.1; http://www.dotnetdotcom.org/, crawler@dotnetdotcom.org)"
95.108.246.252 - - [17/Dec/2010:19:28:43 +0100] "GET /robots.txt HTTP/1.1" 404 320 "-" "Mozilla/5.0 (compatible; YandexBot/3.0; +http://yandex.com/bots)"
95.108.246.252 - - [17/Dec/2010:19:32:30 +0100] "GET / HTTP/1.1" 200 49 "-" "Mozilla/5.0 (compatible; YandexBot/3.0; +http://yandex.com/bots)"
67.195.114.56 - - [17/Dec/2010:19:35:50 +0100] "GET /robots.txt HTTP/1.0" 404 262 "-" "Mozilla/5.0 (compatible; Yahoo! Slurp; http://help.yahoo.com/help/us/ysearch/slurp)"
67.195.114.56 - - [17/Dec/2010:19:35:50 +0100] "GET /pioneros/index.php?ruti=ruti14 HTTP/1.0" 200 3112 "-" "Mozilla/5.0 (compatible; Yahoo! Slurp; http://help.yahoo.com/help/us/ysearch/slurp)"
95.108.246.252 - - [18/Dec/2010:02:31:16 +0100] "GET /pioneros/index.php?ruti=ruti10 HTTP/1.1" 200 3623 "-" "Mozilla/5.0 (compatible; YandexBot/3.0; +http://yandex.com/bots)"
123.125.66.112 - - [18/Dec/2010:03:23:39 +0100] "GET /robots.txt HTTP/1.1" 404 262 "-" "Baiduspider+(+http://www.baidu.com/search/spider.htm)"
95.108.246.252 - - [18/Dec/2010:07:43:09 +0100] "GET /pioneros HTTP/1.1" 301 270 "-" "Mozilla/5.0 (compatible; YandexBot/3.0; +http://yandex.com/bots)"
95.108.246.252 - - [18/Dec/2010:07:43:11 +0100] "GET /pioneros/ HTTP/1.1" 200 3990 "-" "Mozilla/5.0 (compatible; YandexBot/3.0; +http://yandex.com/bots)"
119.63.198.3 - - [18/Dec/2010:15:05:30 +0100] "GET /robots.txt HTTP/1.1" 404 262 "-" "Baiduspider+(+http://www.baidu.com/search/spider.htm)"
67.195.114.56 - - [18/Dec/2010:18:16:14 +0100] "GET /robots.txt HTTP/1.0" 404 262 "-" "Mozilla/5.0 (compatible; Yahoo! Slurp; http://help.yahoo.com/help/us/ysearch/slurp)"
67.195.114.56 - - [18/Dec/2010:18:16:15 +0100] "GET /pioneros/index.php?ruti=ruti17 HTTP/1.0" 200 2635 "-" "Mozilla/5.0 (compatible; Yahoo! Slurp; http://help.yahoo.com/help/us/ysearch/slurp)"
123.125.66.108 - - [19/Dec/2010:10:08:20 +0100] "GET /robots.txt HTTP/1.1" 404 262 "-" "Baiduspider+(+http://www.baidu.com/search/spider.htm)"
119.63.198.52 - - [19/Dec/2010:15:25:08 +0100] "GET /robots.txt HTTP/1.1" 404 262 "-" "Baiduspider+(+http://www.baidu.com/search/spider.htm)"
67.195.114.56 - - [19/Dec/2010:17:51:33 +0100] "GET /robots.txt HTTP/1.0" 404 262 "-" "Mozilla/5.0 (compatible; Yahoo! Slurp; http://help.yahoo.com/help/us/ysearch/slurp)"
67.195.114.56 - - [19/Dec/2010:17:51:34 +0100] "GET /pioneros HTTP/1.0" 301 270 "-" "Mozilla/5.0 (compatible; Yahoo! Slurp; http://help.yahoo.com/help/us/ysearch/slurp)"
67.195.114.56 - - [19/Dec/2010:17:51:34 +0100] "GET /pioneros/ HTTP/1.0" 200 3990 "-" "Mozilla/5.0 (compatible; Yahoo! Slurp; http://help.yahoo.com/help/us/ysearch/slurp)"
95.108.246.252 - - [19/Dec/2010:19:17:04 +0100] "GET /robots.txt HTTP/1.1" 404 320 "-" "Mozilla/5.0 (compatible; YandexBot/3.0; +http://yandex.com/bots)"
67.195.114.56 - - [19/Dec/2010:20:09:10 +0100] "GET /pioneros/index.php?ruti=ruti1 HTTP/1.0" 200 3990 "-" "Mozilla/5.0 (compatible; Yahoo! Slurp; http://help.yahoo.com/help/us/ysearch/slurp)"
95.108.246.252 - - [19/Dec/2010:23:30:12 +0100] "GET / HTTP/1.1" 200 49 "-" "Mozilla/5.0 (compatible; YandexBot/3.0; +http://yandex.com/bots)"
207.46.13.144 - - [20/Dec/2010:00:40:30 +0100] "GET /robots.txt HTTP/1.1" 404 320 "-" "Mozilla/5.0 (compatible; bingbot/2.0; +http://www.bing.com/bingbot.htm)"
207.46.13.144 - - [20/Dec/2010:00:42:58 +0100] "GET /pioneros/ HTTP/1.1" 200 3990 "-" "Mozilla/5.0 (compatible; bingbot/2.0; +http://www.bing.com/bingbot.htm)"
95.108.246.252 - - [20/Dec/2010:04:19:49 +0100] "GET /pioneros/index.php?ruti=ruti10 HTTP/1.1" 200 3623 "-" "Mozilla/5.0 (compatible; YandexBot/3.0; +http://yandex.com/bots)"
208.80.194.26 - - [20/Dec/2010:05:31:34 +0100] "GET / HTTP/1.0" 200 44 "-" "Mozilla/4.0 (compatible; MSIE 6.0; Windows NT 5.1; {C003EE2C-D2BE-5B12-A372-394DCF9DA4D4})"
67.195.114.56 - - [20/Dec/2010:06:24:46 +0100] "GET /robots.txt HTTP/1.0" 404 262 "-" "Mozilla/5.0 (compatible; Yahoo! Slurp; http://help.yahoo.com/help/us/ysearch/slurp)"
67.195.114.56 - - [20/Dec/2010:06:24:47 +0100] "GET / HTTP/1.0" 200 49 "-" "Mozilla/5.0 (compatible; Yahoo! Slurp; http://help.yahoo.com/help/us/ysearch/slurp)"
66.249.67.49 - - [20/Dec/2010:08:00:03 +0100] "GET /robots.txt HTTP/1.1" 404 262 "-" "Mozilla/5.0 (compatible; Googlebot/2.1; +http://www.google.com/bot.html)"
66.249.67.49 - - [20/Dec/2010:08:00:03 +0100] "GET /pioneros/index.php?ruti=ruti15 HTTP/1.1" 200 5093 "-" "Mozilla/5.0 (compatible; Googlebot/2.1; +http://www.google.com/bot.html)"
95.108.246.252 - - [20/Dec/2010:09:09:24 +0100] "GET /pioneros HTTP/1.1" 301 270 "-" "Mozilla/5.0 (compatible; YandexBot/3.0; +http://yandex.com/bots)"
95.108.246.252 - - [20/Dec/2010:09:09:26 +0100] "GET /pioneros/ HTTP/1.1" 408 263 "-" "Mozilla/5.0 (compatible; YandexBot/3.0; +http://yandex.com/bots)"
95.108.246.252 - - [20/Dec/2010:09:09:26 +0100] "GET /pioneros/ HTTP/1.1" 200 3990 "-" "Mozilla/5.0 (compatible; YandexBot/3.0; +http://yandex.com/bots)"
95.108.246.252 - - [20/Dec/2010:10:58:16 +0100] "GET /pioneros/index.php?ruti=ruti3 HTTP/1.1" 200 3858 "-" "Mozilla/5.0 (compatible; YandexBot/3.0; +http://yandex.com/bots)"
67.195.114.56 - - [20/Dec/2010:16:58:55 +0100] "GET /robots.txt HTTP/1.0" 404 262 "-" "Mozilla/5.0 (compatible; Yahoo! Slurp; http://help.yahoo.com/help/us/ysearch/slurp)"
67.195.114.56 - - [20/Dec/2010:16:58:55 +0100] "GET /pioneros/index.php?ruti=ruti16 HTTP/1.0" 200 2986 "-" "Mozilla/5.0 (compatible; Yahoo! Slurp; http://help.yahoo.com/help/us/ysearch/slurp)"
66.249.67.49 - - [20/Dec/2010:17:20:36 +0100] "GET /robots.txt HTTP/1.1" 404 262 "-" "Mozilla/5.0 (compatible; Googlebot/2.1; +http://www.google.com/bot.html)"
119.63.198.36 - - [20/Dec/2010:18:24:42 +0100] "GET /robots.txt HTTP/1.1" 404 262 "-" "Baiduspider+(+http://www.baidu.com/search/spider.htm)"
67.195.114.56 - - [21/Dec/2010:00:52:32 +0100] "GET /robots.txt HTTP/1.0" 404 262 "-" "Mozilla/5.0 (compatible; Yahoo! Slurp; http://help.yahoo.com/help/us/ysearch/slurp)"
67.195.114.56 - - [21/Dec/2010:00:52:32 +0100] "GET /pioneros/index.php?ruti=ruti18 HTTP/1.0" 200 3941 "-" "Mozilla/5.0 (compatible; Yahoo! Slurp; http://help.yahoo.com/help/us/ysearch/slurp)"
208.80.194.28 - - [21/Dec/2010:01:38:58 +0100] "GET / HTTP/1.0" 200 44 "-" "Mozilla/4.0 (compatible; MSIE 7.0; AOL 9.0; Windows NT 5.1; .NET CLR 1.0.3705; .NET CLR 1.1.4322; Media Center PC 3.1; IEMB3)"
66.219.58.38 - - [21/Dec/2010:04:07:28 +0100] "GET /robots.txt HTTP/1.1" 404 262 "-" "MLBot (www.metadatalabs.com/mlbot)"
66.219.58.38 - - [21/Dec/2010:04:07:29 +0100] "GET /pioneros/index.php?ruti=ruti4 HTTP/1.1" 200 3033 "-" "MLBot (www.metadatalabs.com/mlbot)"
66.219.58.38 - - [21/Dec/2010:04:17:25 +0100] "GET /pioneros/index.php?ruti=ruti14 HTTP/1.1" 200 3112 "-" "MLBot (www.metadatalabs.com/mlbot)"
66.219.58.38 - - [21/Dec/2010:04:24:55 +0100] "GET /pioneros/index.php?ruti=ruti6 HTTP/1.1" 200 3085 "-" "MLBot (www.metadatalabs.com/mlbot)"
66.219.58.38 - - [21/Dec/2010:04:30:50 +0100] "GET /pioneros/index.php?ruti=ruti15 HTTP/1.1" 200 5093 "-" "MLBot (www.metadatalabs.com/mlbot)"
66.219.58.38 - - [21/Dec/2010:04:35:46 +0100] "GET /pioneros/index.php?ruti=ruti3 HTTP/1.1" 200 3858 "-" "MLBot (www.metadatalabs.com/mlbot)"
66.219.58.38 - - [21/Dec/2010:04:39:48 +0100] "GET /pioneros/index.php?ruti=ruti8 HTTP/1.1" 200 5091 "-" "MLBot (www.metadatalabs.com/mlbot)"
66.219.58.38 - - [21/Dec/2010:04:43:02 +0100] "GET /pioneros/index.php?ruti=ruti2 HTTP/1.1" 200 5065 "-" "MLBot (www.metadatalabs.com/mlbot)"
66.219.58.38 - - [21/Dec/2010:04:45:44 +0100] "GET /pioneros/index.php?ruti=ruti12 HTTP/1.1" 200 5364 "-" "MLBot (www.metadatalabs.com/mlbot)"
66.219.58.38 - - [21/Dec/2010:04:47:41 +0100] "GET /pioneros/index.php?ruti=ruti1 HTTP/1.1" 200 3990 "-" "MLBot (www.metadatalabs.com/mlbot)"
66.219.58.38 - - [21/Dec/2010:04:49:33 +0100] "GET /pioneros/index.php?ruti=ruti0 HTTP/1.1" 200 3004 "-" "MLBot (www.metadatalabs.com/mlbot)"
66.219.58.38 - - [21/Dec/2010:04:51:09 +0100] "GET /pioneros/index.php?ruti=ruti9 HTTP/1.1" 200 5161 "-" "MLBot (www.metadatalabs.com/mlbot)"
66.219.58.38 - - [21/Dec/2010:04:52:42 +0100] "GET /pioneros/index.php?ruti=ruti16 HTTP/1.1" 200 2986 "-" "MLBot (www.metadatalabs.com/mlbot)"
66.219.58.38 - - [21/Dec/2010:04:54:36 +0100] "GET /pioneros/index.php?ruti=ruti11 HTTP/1.1" 200 4094 "-" "MLBot (www.metadatalabs.com/mlbot)"
66.219.58.38 - - [21/Dec/2010:04:56:30 +0100] "GET /pioneros/index.php?ruti=ruti17 HTTP/1.1" 200 2635 "-" "MLBot (www.metadatalabs.com/mlbot)"
66.219.58.38 - - [21/Dec/2010:04:58:05 +0100] "GET /pioneros/index.php?ruti=ruti18 HTTP/1.1" 200 3941 "-" "MLBot (www.metadatalabs.com/mlbot)"
66.219.58.38 - - [21/Dec/2010:04:59:41 +0100] "GET /pioneros/index.php?ruti=ruti5 HTTP/1.1" 200 3780 "-" "MLBot (www.metadatalabs.com/mlbot)"
119.63.198.57 - - [21/Dec/2010:09:47:05 +0100] "GET /robots.txt HTTP/1.1" 404 262 "-" "Baiduspider+(+http://www.baidu.com/search/spider.htm)"
67.195.114.56 - - [21/Dec/2010:16:24:00 +0100] "GET /robots.txt HTTP/1.0" 404 262 "-" "Mozilla/5.0 (compatible; Yahoo! Slurp; http://help.yahoo.com/help/us/ysearch/slurp)"
67.195.114.56 - - [21/Dec/2010:16:24:01 +0100] "GET /pioneros/ HTTP/1.0" 200 3990 "-" "Mozilla/5.0 (compatible; Yahoo! Slurp; http://help.yahoo.com/help/us/ysearch/slurp)"
67.195.114.56 - - [21/Dec/2010:19:09:26 +0100] "GET /pioneros/index.php?ruti=ruti3 HTTP/1.0" 200 3858 "-" "Mozilla/5.0 (compatible; Yahoo! Slurp; http://help.yahoo.com/help/us/ysearch/slurp)"
95.108.246.252 - - [21/Dec/2010:19:15:24 +0100] "GET /robots.txt HTTP/1.1" 404 320 "-" "Mozilla/5.0 (compatible; YandexBot/3.0; +http://yandex.com/bots)"
95.108.246.252 - - [22/Dec/2010:00:22:31 +0100] "GET / HTTP/1.1" 200 49 "-" "Mozilla/5.0 (compatible; YandexBot/3.0; +http://yandex.com/bots)"
95.108.246.252 - - [22/Dec/2010:09:10:30 +0100] "GET /pioneros HTTP/1.1" 301 270 "-" "Mozilla/5.0 (compatible; YandexBot/3.0; +http://yandex.com/bots)"
95.108.246.252 - - [22/Dec/2010:09:10:33 +0100] "GET /pioneros/ HTTP/1.1" 200 3990 "-" "Mozilla/5.0 (compatible; YandexBot/3.0; +http://yandex.com/bots)"
67.195.114.56 - - [22/Dec/2010:10:10:56 +0100] "GET /robots.txt HTTP/1.0" 404 262 "-" "Mozilla/5.0 (compatible; Yahoo! Slurp; http://help.yahoo.com/help/us/ysearch/slurp)"
67.195.114.56 - - [22/Dec/2010:10:10:56 +0100] "GET /pioneros/index.php?ruti=ruti0 HTTP/1.0" 200 3004 "-" "Mozilla/5.0 (compatible; Yahoo! Slurp; http://help.yahoo.com/help/us/ysearch/slurp)"
66.249.72.116 - - [22/Dec/2010:11:43:42 +0100] "GET /robots.txt HTTP/1.1" 404 262 "-" "Mozilla/5.0 (compatible; Googlebot/2.1; +http://www.google.com/bot.html)"
66.249.72.116 - - [22/Dec/2010:11:43:42 +0100] "GET /pioneros/index.php?ruti=ruti17 HTTP/1.1" 200 2635 "-" "Mozilla/5.0 (compatible; Googlebot/2.1; +http://www.google.com/bot.html)"
67.195.114.56 - - [22/Dec/2010:12:00:20 +0100] "GET /robots.txt HTTP/1.0" 404 262 "-" "Mozilla/5.0 (compatible; Yahoo! Slurp; http://help.yahoo.com/help/us/ysearch/slurp)"
67.195.114.56 - - [22/Dec/2010:12:00:21 +0100] "GET /pioneros/index.php?ruti=ruti4 HTTP/1.0" 200 3033 "-" "Mozilla/5.0 (compatible; Yahoo! Slurp; http://help.yahoo.com/help/us/ysearch/slurp)"
95.108.246.252 - - [22/Dec/2010:12:43:24 +0100] "GET /pioneros/index.php?ruti=ruti10 HTTP/1.1" 200 3623 "-" "Mozilla/5.0 (compatible; YandexBot/3.0; +http://yandex.com/bots)"
208.80.194.26 - - [22/Dec/2010:13:50:27 +0100] "GET / HTTP/1.0" 200 44 "-" "Mozilla/4.0 (compatible; MSIE 7.0; Windows NT 5.1; {0F47802C-547B-437A-B13A-B4B2CA09FE27}; FunWebProducts; .NET CLR 1.1.4322; .NET CLR 1.0.3705; Creative ZENcast v1.02.10; .NET CLR 2.0.50727)"
119.63.198.35 - - [22/Dec/2010:14:30:50 +0100] "GET /robots.txt HTTP/1.1" 404 262 "-" "Baiduspider+(+http://www.baidu.com/search/spider.htm)"
67.195.114.56 - - [22/Dec/2010:15:57:39 +0100] "GET /pioneros/index.php?ruti=ruti11 HTTP/1.0" 200 4094 "-" "Mozilla/5.0 (compatible; Yahoo! Slurp; http://help.yahoo.com/help/us/ysearch/slurp)"
123.125.66.53 - - [23/Dec/2010:05:31:23 +0100] "GET /robots.txt HTTP/1.1" 404 262 "-" "Baiduspider+(+http://www.baidu.com/search/spider.htm)"
66.249.72.43 - - [23/Dec/2010:07:09:20 +0100] "GET /robots.txt HTTP/1.1" 404 262 "-" "Mozilla/5.0 (compatible; Googlebot/2.1; +http://www.google.com/bot.html)"
66.249.72.43 - - [23/Dec/2010:07:09:20 +0100] "GET /pioneros/index.php?ruti=ruti15 HTTP/1.1" 200 5093 "-" "Mozilla/5.0 (compatible; Googlebot/2.1; +http://www.google.com/bot.html)"
207.46.204.193 - - [23/Dec/2010:09:01:56 +0100] "GET /robots.txt HTTP/1.1" 404 320 "-" "Mozilla/5.0 (compatible; bingbot/2.0; +http://www.bing.com/bingbot.htm)"
207.46.204.193 - - [23/Dec/2010:09:03:21 +0100] "GET /pioneros/index.php?ruti=ruti11 HTTP/1.1" 200 4094 "-" "Mozilla/5.0 (compatible; bingbot/2.0; +http://www.bing.com/bingbot.htm)"
207.46.204.197 - - [23/Dec/2010:11:23:13 +0100] "GET /robots.txt HTTP/1.1" 404 320 "-" "Mozilla/5.0 (compatible; bingbot/2.0; +http://www.bing.com/bingbot.htm)"
207.46.204.197 - - [23/Dec/2010:11:25:46 +0100] "GET /pioneros/index.php?ruti=ruti0 HTTP/1.1" 200 3004 "-" "Mozilla/5.0 (compatible; bingbot/2.0; +http://www.bing.com/bingbot.htm)"
119.63.198.3 - - [23/Dec/2010:13:26:03 +0100] "GET /robots.txt HTTP/1.1" 404 262 "-" "Baiduspider+(+http://www.baidu.com/search/spider.htm)"
67.195.114.56 - - [23/Dec/2010:13:36:53 +0100] "GET /robots.txt HTTP/1.0" 404 262 "-" "Mozilla/5.0 (compatible; Yahoo! Slurp; http://help.yahoo.com/help/us/ysearch/slurp)"
67.195.114.56 - - [23/Dec/2010:13:36:54 +0100] "GET /pioneros/index.php?ruti=ruti7 HTTP/1.0" 200 4506 "-" "Mozilla/5.0 (compatible; Yahoo! Slurp; http://help.yahoo.com/help/us/ysearch/slurp)"
95.108.246.252 - - [23/Dec/2010:22:45:55 +0100] "GET /robots.txt HTTP/1.1" 404 320 "-" "Mozilla/5.0 (compatible; YandexBot/3.0; +http://yandex.com/bots)"
207.46.204.229 - - [24/Dec/2010:00:19:03 +0100] "GET /robots.txt HTTP/1.1" 404 320 "-" "Mozilla/5.0 (compatible; bingbot/2.0; +http://www.bing.com/bingbot.htm)"
66.249.72.43 - - [24/Dec/2010:00:38:00 +0100] "GET /robots.txt HTTP/1.1" 404 262 "-" "Mozilla/5.0 (compatible; Googlebot/2.1; +http://www.google.com/bot.html)"
66.249.72.43 - - [24/Dec/2010:00:38:00 +0100] "GET /pioneros/ HTTP/1.1" 200 3990 "-" "Mozilla/5.0 (compatible; Googlebot/2.1; +http://www.google.com/bot.html)"
207.46.204.229 - - [24/Dec/2010:00:41:23 +0100] "GET /pioneros/index.php?ruti=ruti8 HTTP/1.1" 200 5091 "-" "Mozilla/5.0 (compatible; bingbot/2.0; +http://www.bing.com/bingbot.htm)"
208.80.194.27 - - [24/Dec/2010:01:31:35 +0100] "GET / HTTP/1.0" 200 44 "-" "Mozilla/4.0 (compatible; MSIE 6.0; Windows NT 5.0; FunWebProducts; MRA 4.8 (build 01709); MEGAUPLOAD 1.0)"
123.125.66.26 - - [24/Dec/2010:04:57:55 +0100] "GET /robots.txt HTTP/1.1" 404 262 "-" "Baiduspider+(+http://www.baidu.com/search/spider.htm)"
67.195.114.56 - - [24/Dec/2010:08:33:22 +0100] "GET /robots.txt HTTP/1.0" 404 262 "-" "Mozilla/5.0 (compatible; Yahoo! Slurp; http://help.yahoo.com/help/us/ysearch/slurp)"
67.195.114.56 - - [24/Dec/2010:08:33:22 +0100] "GET /pioneros/index.php?ruti=ruti9 HTTP/1.0" 200 5161 "-" "Mozilla/5.0 (compatible; Yahoo! Slurp; http://help.yahoo.com/help/us/ysearch/slurp)"
95.108.246.252 - - [24/Dec/2010:10:39:15 +0100] "GET /pioneros/index.php?ruti=ruti3 HTTP/1.1" 200 3858 "-" "Mozilla/5.0 (compatible; YandexBot/3.0; +http://yandex.com/bots)"
119.63.198.35 - - [24/Dec/2010:13:43:47 +0100] "GET /robots.txt HTTP/1.1" 404 262 "-" "Baiduspider+(+http://www.baidu.com/search/spider.htm)"
66.220.158.249 - - [24/Dec/2010:13:44:07 +0100] "GET /pioneros/ HTTP/1.1" 206 3990 "-" "facebookexternalhit/1.1 (+http://www.facebook.com/externalhit_uatext.php)"
207.46.13.52 - - [24/Dec/2010:17:40:49 +0100] "GET /robots.txt HTTP/1.1" 404 320 "-" "Mozilla/5.0 (compatible; bingbot/2.0; +http://www.bing.com/bingbot.htm)"
207.46.13.52 - - [24/Dec/2010:17:51:29 +0100] "GET /pioneros/index.php?ruti=ruti6 HTTP/1.1" 200 3085 "-" "Mozilla/5.0 (compatible; bingbot/2.0; +http://www.bing.com/bingbot.htm)"
88.18.143.128 - - [24/Dec/2010:19:28:43 +0100] "GET /pioneros/index.php?ruti=ruti14 HTTP/1.1" 200 3112 "http://blogs.rallyamali.com/" "Mozilla/4.0 (compatible; MSIE 8.0; Windows NT 6.1; WOW64; Trident/4.0; GTB6.6; SLCC2; .NET CLR 2.0.50727; .NET CLR 3.5.30729; .NET CLR 3.0.30729; Media Center PC 6.0; InfoPath.2)"
88.18.143.128 - - [24/Dec/2010:19:28:44 +0100] "GET /imagenes/maquetacion/imagen_cabecera-3.jpg HTTP/1.1" 200 14086 "http://mapas.rallyamali.com/pioneros/index.php?ruti=ruti14" "Mozilla/4.0 (compatible; MSIE 8.0; Windows NT 6.1; WOW64; Trident/4.0; GTB6.6; SLCC2; .NET CLR 2.0.50727; .NET CLR 3.5.30729; .NET CLR 3.0.30729; Media Center PC 6.0; InfoPath.2)"
88.18.143.128 - - [24/Dec/2010:19:28:44 +0100] "GET /imagenes/iconos/marca_cruz_roja-rally_a_mali-8x8.png HTTP/1.1" 200 281 "http://mapas.rallyamali.com/pioneros/index.php?ruti=ruti14" "Mozilla/4.0 (compatible; MSIE 8.0; Windows NT 6.1; WOW64; Trident/4.0; GTB6.6; SLCC2; .NET CLR 2.0.50727; .NET CLR 3.5.30729; .NET CLR 3.0.30729; Media Center PC 6.0; InfoPath.2)"
88.18.143.128 - - [24/Dec/2010:19:28:45 +0100] "GET /favicon.ico HTTP/1.1" 404 261 "-" "Mozilla/4.0 (compatible; MSIE 8.0; Windows NT 6.1; WOW64; Trident/4.0; GTB6.6; SLCC2; .NET CLR 2.0.50727; .NET CLR 3.5.30729; .NET CLR 3.0.30729; Media Center PC 6.0; InfoPath.2)"
88.18.143.128 - - [24/Dec/2010:19:28:50 +0100] "GET /pioneros/index.php?ruti=ruti6 HTTP/1.1" 200 3085 "http://mapas.rallyamali.com/pioneros/index.php?ruti=ruti14" "Mozilla/4.0 (compatible; MSIE 8.0; Windows NT 6.1; WOW64; Trident/4.0; GTB6.6; SLCC2; .NET CLR 2.0.50727; .NET CLR 3.5.30729; .NET CLR 3.0.30729; Media Center PC 6.0; InfoPath.2)"
88.18.143.128 - - [24/Dec/2010:19:28:50 +0100] "GET /favicon.ico HTTP/1.1" 404 261 "-" "Mozilla/4.0 (compatible; MSIE 8.0; Windows NT 6.1; WOW64; Trident/4.0; GTB6.6; SLCC2; .NET CLR 2.0.50727; .NET CLR 3.5.30729; .NET CLR 3.0.30729; Media Center PC 6.0; InfoPath.2)"
88.18.143.128 - - [24/Dec/2010:19:28:56 +0100] "GET /pioneros/index.php?ruti=ruti7 HTTP/1.1" 200 4506 "http://blogs.rallyamali.com/" "Mozilla/4.0 (compatible; MSIE 8.0; Windows NT 6.1; WOW64; Trident/4.0; GTB6.6; SLCC2; .NET CLR 2.0.50727; .NET CLR 3.5.30729; .NET CLR 3.0.30729; Media Center PC 6.0; InfoPath.2)"
88.18.143.128 - - [24/Dec/2010:19:28:56 +0100] "GET /imagenes/maquetacion/imagen_cabecera-3.jpg HTTP/1.1" 304 - "http://mapas.rallyamali.com/pioneros/index.php?ruti=ruti7" "Mozilla/4.0 (compatible; MSIE 8.0; Windows NT 6.1; WOW64; Trident/4.0; GTB6.6; SLCC2; .NET CLR 2.0.50727; .NET CLR 3.5.30729; .NET CLR 3.0.30729; Media Center PC 6.0; InfoPath.2)"
88.18.143.128 - - [24/Dec/2010:19:28:56 +0100] "GET /imagenes/iconos/marca_cruz_roja-rally_a_mali-8x8.png HTTP/1.1" 304 - "http://mapas.rallyamali.com/pioneros/index.php?ruti=ruti7" "Mozilla/4.0 (compatible; MSIE 8.0; Windows NT 6.1; WOW64; Trident/4.0; GTB6.6; SLCC2; .NET CLR 2.0.50727; .NET CLR 3.5.30729; .NET CLR 3.0.30729; Media Center PC 6.0; InfoPath.2)"
95.108.246.252 - - [24/Dec/2010:20:06:45 +0100] "GET /robots.txt HTTP/1.1" 404 320 "-" "Mozilla/5.0 (compatible; YandexBot/3.0; +http://yandex.com/bots)"
95.108.246.252 - - [24/Dec/2010:23:51:41 +0100] "GET / HTTP/1.1" 200 49 "-" "Mozilla/5.0 (compatible; YandexBot/3.0; +http://yandex.com/bots)"
95.108.246.252 - - [24/Dec/2010:23:51:43 +0100] "GET /pioneros/index.php?ruti=ruti10 HTTP/1.1" 200 3623 "-" "Mozilla/5.0 (compatible; YandexBot/3.0; +http://yandex.com/bots)"
67.195.114.56 - - [25/Dec/2010:01:11:42 +0100] "GET /robots.txt HTTP/1.0" 404 262 "-" "Mozilla/5.0 (compatible; Yahoo! Slurp; http://help.yahoo.com/help/us/ysearch/slurp)"
67.195.114.56 - - [25/Dec/2010:01:11:43 +0100] "GET /pioneros/index.php?ruti=ruti2 HTTP/1.0" 200 5065 "-" "Mozilla/5.0 (compatible; Yahoo! Slurp; http://help.yahoo.com/help/us/ysearch/slurp)"
95.108.246.252 - - [25/Dec/2010:06:33:15 +0100] "GET /pioneros HTTP/1.1" 301 270 "-" "Mozilla/5.0 (compatible; YandexBot/3.0; +http://yandex.com/bots)"
95.108.246.252 - - [25/Dec/2010:06:33:17 +0100] "GET /pioneros/ HTTP/1.1" 200 3990 "-" "Mozilla/5.0 (compatible; YandexBot/3.0; +http://yandex.com/bots)"
207.46.204.243 - - [25/Dec/2010:08:36:47 +0100] "GET /robots.txt HTTP/1.1" 404 320 "-" "Mozilla/5.0 (compatible; bingbot/2.0; +http://www.bing.com/bingbot.htm)"
207.46.204.243 - - [25/Dec/2010:08:39:46 +0100] "GET /pioneros/ HTTP/1.1" 200 3990 "-" "Mozilla/5.0 (compatible; bingbot/2.0; +http://www.bing.com/bingbot.htm)"
208.80.194.36 - - [25/Dec/2010:13:03:42 +0100] "GET / HTTP/1.0" 200 44 "-" "Mozilla/4.0 (compatible; MSIE 6.0; Windows NT 5.0; VZ_IE6; iebar; acc=; acc=vonner)"
119.63.198.42 - - [25/Dec/2010:14:04:14 +0100] "GET /robots.txt HTTP/1.1" 404 262 "-" "Baiduspider+(+http://www.baidu.com/search/spider.htm)"
66.249.72.43 - - [25/Dec/2010:15:26:34 +0100] "GET /robots.txt HTTP/1.1" 404 262 "-" "Mozilla/5.0 (compatible; Googlebot/2.1; +http://www.google.com/bot.html)"
66.249.72.43 - - [25/Dec/2010:15:26:34 +0100] "GET /pioneros/index.php?ruti=ruti15 HTTP/1.1" 200 5093 "-" "Mozilla/5.0 (compatible; Googlebot/2.1; +http://www.google.com/bot.html)"
50.16.94.56 - - [25/Dec/2010:22:27:18 +0100] "HEAD / HTTP/1.1" 200 - "http://www.netcraft.com/survey/" "Mozilla/4.0 (compatible; Netcraft Web Server Survey)"
67.195.114.56 - - [25/Dec/2010:23:43:16 +0100] "GET /robots.txt HTTP/1.0" 404 262 "-" "Mozilla/5.0 (compatible; Yahoo! Slurp; http://help.yahoo.com/help/us/ysearch/slurp)"
67.195.114.56 - - [25/Dec/2010:23:43:16 +0100] "GET /pioneros/index.php?ruti=ruti15 HTTP/1.0" 200 5093 "-" "Mozilla/5.0 (compatible; Yahoo! Slurp; http://help.yahoo.com/help/us/ysearch/slurp)"
157.55.116.39 - - [26/Dec/2010:06:59:59 +0100] "GET /robots.txt HTTP/1.1" 404 262 "-" "msnbot/2.0b (+http://search.msn.com/msnbot.htm)._"
157.55.116.39 - - [26/Dec/2010:07:00:00 +0100] "GET /pioneros/index.php?ruti=ruti5 HTTP/1.1" 200 3780 "-" "msnbot/2.0b (+http://search.msn.com/msnbot.htm)._"
67.195.114.56 - - [26/Dec/2010:07:07:24 +0100] "GET /pioneros/index.php?ruti=ruti10 HTTP/1.0" 200 3623 "-" "Mozilla/5.0 (compatible; Yahoo! Slurp; http://help.yahoo.com/help/us/ysearch/slurp)"
157.55.116.39 - - [26/Dec/2010:08:10:12 +0100] "GET /pioneros/index.php?ruti=ruti9 HTTP/1.1" 200 5161 "-" "msnbot/2.0b (+http://search.msn.com/msnbot.htm)._"
157.55.116.39 - - [26/Dec/2010:08:38:17 +0100] "GET /pioneros/ HTTP/1.1" 200 3990 "-" "msnbot/2.0b (+http://search.msn.com/msnbot.htm)._"
67.195.114.56 - - [26/Dec/2010:09:56:28 +0100] "GET /robots.txt HTTP/1.0" 404 262 "-" "Mozilla/5.0 (compatible; Yahoo! Slurp; http://help.yahoo.com/help/us/ysearch/slurp)"
67.195.114.56 - - [26/Dec/2010:09:56:29 +0100] "GET /pioneros/index.php?ruti=ruti5 HTTP/1.0" 200 3780 "-" "Mozilla/5.0 (compatible; Yahoo! Slurp; http://help.yahoo.com/help/us/ysearch/slurp)"
157.55.116.39 - - [26/Dec/2010:11:21:50 +0100] "GET /pioneros/index.php?ruti=ruti10 HTTP/1.1" 200 3623 "-" "msnbot/2.0b (+http://search.msn.com/msnbot.htm)._"
157.55.116.39 - - [26/Dec/2010:11:21:52 +0100] "GET /pioneros/index.php?ruti=ruti16 HTTP/1.1" 200 2986 "-" "msnbot/2.0b (+http://search.msn.com/msnbot.htm)._"
157.55.116.39 - - [26/Dec/2010:11:21:54 +0100] "GET /pioneros/index.php?ruti=ruti12 HTTP/1.1" 200 5364 "-" "msnbot/2.0b (+http://search.msn.com/msnbot.htm)._"
157.55.116.39 - - [26/Dec/2010:14:04:14 +0100] "GET /pioneros/index.php?ruti=ruti7 HTTP/1.1" 200 4506 "-" "msnbot/2.0b (+http://search.msn.com/msnbot.htm)._"
67.195.114.56 - - [26/Dec/2010:14:32:52 +0100] "GET /pioneros/index.php?ruti=ruti12 HTTP/1.0" 200 5364 "-" "Mozilla/5.0 (compatible; Yahoo! Slurp; http://help.yahoo.com/help/us/ysearch/slurp)"
95.108.158.239 - - [26/Dec/2010:14:39:28 +0100] "GET /robots.txt HTTP/1.1" 404 320 "-" "Mozilla/5.0 (compatible; YandexImages/3.0; +http://yandex.com/bots)"
95.108.158.239 - - [26/Dec/2010:17:11:11 +0100] "GET / HTTP/1.1" 200 44 "-" "Mozilla/5.0 (compatible; YandexImages/3.0; +http://yandex.com/bots)"
67.195.114.56 - - [26/Dec/2010:19:59:21 +0100] "GET /pioneros/index.php?ruti=ruti6 HTTP/1.0" 200 3085 "-" "Mozilla/5.0 (compatible; Yahoo! Slurp; http://help.yahoo.com/help/us/ysearch/slurp)"
95.108.158.239 - - [26/Dec/2010:20:06:45 +0100] "GET /imagenes/iconos/marca_cruz_roja-rally_a_mali-8x8.png HTTP/1.1" 200 281 "-" "Mozilla/5.0 (compatible; YandexImages/3.0; +http://yandex.com/bots)"
95.108.158.239 - - [26/Dec/2010:21:04:54 +0100] "GET /imagenes/maquetacion/imagen_cabecera-3.jpg HTTP/1.1" 200 14086 "-" "Mozilla/5.0 (compatible; YandexImages/3.0; +http://yandex.com/bots)"
207.46.195.106 - - [26/Dec/2010:22:12:10 +0100] "GET /robots.txt HTTP/1.1" 404 320 "-" "Mozilla/5.0 (compatible; bingbot/2.0; +http://www.bing.com/bingbot.htm)"
207.46.195.106 - - [26/Dec/2010:22:16:59 +0100] "GET /pioneros/index.php?ruti=ruti17 HTTP/1.1" 200 2635 "-" "Mozilla/5.0 (compatible; bingbot/2.0; +http://www.bing.com/bingbot.htm)"
207.46.195.106 - - [26/Dec/2010:22:55:25 +0100] "GET /pioneros/index.php?ruti=ruti3 HTTP/1.1" 200 3858 "-" "Mozilla/5.0 (compatible; bingbot/2.0; +http://www.bing.com/bingbot.htm)"
67.195.114.56 - - [27/Dec/2010:00:39:28 +0100] "GET /robots.txt HTTP/1.0" 404 262 "-" "Mozilla/5.0 (compatible; Yahoo! Slurp; http://help.yahoo.com/help/us/ysearch/slurp)"
67.195.114.56 - - [27/Dec/2010:00:39:29 +0100] "GET /pioneros/index.php?ruti=ruti8 HTTP/1.0" 200 5091 "-" "Mozilla/5.0 (compatible; Yahoo! Slurp; http://help.yahoo.com/help/us/ysearch/slurp)"
208.80.194.26 - - [27/Dec/2010:00:40:02 +0100] "GET / HTTP/1.0" 200 44 "-" "Mozilla/4.0 (compatible; MSIE 7.0; America Online Browser 1.7-embedded; rev1.7; Windows NT 5.1; .NET CLR 1.0.3705; .NET CLR 1.1.4322; Media Center PC 4.0; .NET CLR 2.0.50727)"
123.125.66.26 - - [27/Dec/2010:05:26:11 +0100] "GET /robots.txt HTTP/1.1" 404 262 "-" "Baiduspider+(+http://www.baidu.com/search/spider.htm)"
208.115.111.249 - - [27/Dec/2010:06:28:30 +0100] "GET /robots.txt HTTP/1.1" 404 262 "-" "Mozilla/5.0 (compatible; DotBot/1.1; http://www.dotnetdotcom.org/, crawler@dotnetdotcom.org)"
67.195.114.56 - - [27/Dec/2010:06:32:03 +0100] "GET / HTTP/1.0" 200 49 "-" "Mozilla/5.0 (compatible; Yahoo! Slurp; http://help.yahoo.com/help/us/ysearch/slurp)"
95.108.246.252 - - [27/Dec/2010:06:58:02 +0100] "GET /robots.txt HTTP/1.1" 404 320 "-" "Mozilla/5.0 (compatible; YandexBot/3.0; +http://yandex.com/bots)"
119.63.198.57 - - [27/Dec/2010:07:02:08 +0100] "GET /robots.txt HTTP/1.1" 404 262 "-" "Baiduspider+(+http://www.baidu.com/search/spider.htm)"
208.115.111.249 - - [27/Dec/2010:10:57:45 +0100] "GET /pioneros/index2.php?ruti=ruti6 HTTP/1.1" 200 302 "-" "Mozilla/5.0 (compatible; DotBot/1.1; http://www.dotnetdotcom.org/, crawler@dotnetdotcom.org)"
207.46.204.197 - - [27/Dec/2010:11:17:25 +0100] "GET /robots.txt HTTP/1.1" 404 320 "-" "Mozilla/5.0 (compatible; bingbot/2.0; +http://www.bing.com/bingbot.htm)"
207.46.204.197 - - [27/Dec/2010:11:23:57 +0100] "GET / HTTP/1.1" 200 49 "-" "Mozilla/5.0 (compatible; bingbot/2.0; +http://www.bing.com/bingbot.htm)"
67.195.114.56 - - [27/Dec/2010:14:03:57 +0100] "GET /robots.txt HTTP/1.0" 404 262 "-" "Mozilla/5.0 (compatible; Yahoo! Slurp; http://help.yahoo.com/help/us/ysearch/slurp)"
67.195.114.56 - - [27/Dec/2010:14:03:58 +0100] "GET /pioneros HTTP/1.0" 301 270 "-" "Mozilla/5.0 (compatible; Yahoo! Slurp; http://help.yahoo.com/help/us/ysearch/slurp)"
67.195.114.56 - - [27/Dec/2010:14:03:58 +0100] "GET /pioneros/ HTTP/1.0" 200 3990 "-" "Mozilla/5.0 (compatible; Yahoo! Slurp; http://help.yahoo.com/help/us/ysearch/slurp)"
95.108.246.252 - - [27/Dec/2010:14:49:36 +0100] "GET / HTTP/1.1" 200 49 "-" "Mozilla/5.0 (compatible; YandexBot/3.0; +http://yandex.com/bots)"
95.108.246.252 - - [27/Dec/2010:20:31:07 +0100] "GET /pioneros HTTP/1.1" 301 270 "-" "Mozilla/5.0 (compatible; YandexBot/3.0; +http://yandex.com/bots)"
95.108.246.252 - - [27/Dec/2010:20:31:09 +0100] "GET /pioneros/ HTTP/1.1" 200 3990 "-" "Mozilla/5.0 (compatible; YandexBot/3.0; +http://yandex.com/bots)"
69.28.58.23 - - [27/Dec/2010:22:17:00 +0100] "GET /robots.txt HTTP/1.0" 404 320 "-" "Mozilla/4.0 (compatible; MSIE 6.0; Windows NT 5.0) (larbin2.6.3@unspecified.mail)"
69.28.58.23 - - [27/Dec/2010:22:17:00 +0100] "GET / HTTP/1.0" 200 44 "-" "Mozilla/4.0 (compatible; MSIE 6.0; Windows NT 5.0) larbin2.6.3@unspecified.mail"
95.108.246.252 - - [28/Dec/2010:03:52:05 +0100] "GET /robots.txt HTTP/1.1" 404 320 "-" "Mozilla/5.0 (compatible; YandexBot/3.0; +http://yandex.com/bots)"
123.125.66.51 - - [28/Dec/2010:05:30:58 +0100] "GET /robots.txt HTTP/1.1" 404 262 "-" "Baiduspider+(+http://www.baidu.com/search/spider.htm)"
95.108.246.252 - - [28/Dec/2010:06:22:29 +0100] "GET /pioneros/index.php?ruti=ruti3 HTTP/1.1" 200 3858 "-" "Mozilla/5.0 (compatible; YandexBot/3.0; +http://yandex.com/bots)"
119.63.198.43 - - [28/Dec/2010:09:50:42 +0100] "GET /robots.txt HTTP/1.1" 404 262 "-" "Baiduspider+(+http://www.baidu.com/search/spider.htm)"
208.80.194.29 - - [28/Dec/2010:11:59:25 +0100] "GET / HTTP/1.0" 200 44 "-" "Mozilla/4.0 (compatible; MSIE 7.0; Windows NT 5.1; Comcast Install 1.0; InfoPath.2; .NET CLR 1.1.4322)"
207.46.199.47 - - [28/Dec/2010:13:37:25 +0100] "GET /robots.txt HTTP/1.1" 404 320 "-" "Mozilla/5.0 (compatible; bingbot/2.0; +http://www.bing.com/bingbot.htm)"
207.46.199.47 - - [28/Dec/2010:13:41:54 +0100] "GET /pioneros/index.php?ruti=ruti14 HTTP/1.1" 200 3112 "-" "Mozilla/5.0 (compatible; bingbot/2.0; +http://www.bing.com/bingbot.htm)"
65.52.110.66 - - [28/Dec/2010:14:48:38 +0100] "GET /robots.txt HTTP/1.1" 404 320 "-" "Mozilla/5.0 (compatible; bingbot/2.0; +http://www.bing.com/bingbot.htm)"
65.52.110.66 - - [28/Dec/2010:14:54:25 +0100] "GET /pioneros/index.php?ruti=ruti4 HTTP/1.1" 200 3033 "-" "Mozilla/5.0 (compatible; bingbot/2.0; +http://www.bing.com/bingbot.htm)"
207.46.195.227 - - [28/Dec/2010:16:17:38 +0100] "GET /robots.txt HTTP/1.1" 404 320 "-" "Mozilla/5.0 (compatible; bingbot/2.0; +http://www.bing.com/bingbot.htm)"
207.46.195.227 - - [28/Dec/2010:16:52:24 +0100] "GET /pioneros/ HTTP/1.1" 200 3990 "-" "Mozilla/5.0 (compatible; bingbot/2.0; +http://www.bing.com/bingbot.htm)"
81.33.82.210 - - [29/Dec/2010:00:10:08 +0100] "GET /favicon.ico HTTP/1.1" 404 261 "-" "Mozilla/4.0 (compatible; MSIE 8.0; Windows NT 6.0; Trident/4.0; SLCC1; .NET CLR 2.0.50727; OfficeLiveConnector.1.3; OfficeLivePatch.0.0; .NET CLR 3.5.30729; .NET CLR 3.0.30618; .NET4.0C; MSN OptimizedIE8;ESES)"
81.33.82.210 - - [29/Dec/2010:00:10:08 +0100] "GET /pioneros/index.php?ruti=ruti18 HTTP/1.1" 200 3941 "http://blogs.rallyamali.com/" "Mozilla/4.0 (compatible; MSIE 8.0; Windows NT 6.0; Trident/4.0; SLCC1; .NET CLR 2.0.50727; OfficeLiveConnector.1.3; OfficeLivePatch.0.0; .NET CLR 3.5.30729; .NET CLR 3.0.30618; .NET4.0C; MSN OptimizedIE8;ESES)"
81.33.82.210 - - [29/Dec/2010:00:10:09 +0100] "GET /imagenes/maquetacion/imagen_cabecera-3.jpg HTTP/1.1" 200 14086 "http://mapas.rallyamali.com/pioneros/index.php?ruti=ruti18" "Mozilla/4.0 (compatible; MSIE 8.0; Windows NT 6.0; Trident/4.0; SLCC1; .NET CLR 2.0.50727; OfficeLiveConnector.1.3; OfficeLivePatch.0.0; .NET CLR 3.5.30729; .NET CLR 3.0.30618; .NET4.0C; MSN OptimizedIE8;ESES)"
81.33.82.210 - - [29/Dec/2010:00:10:10 +0100] "GET /imagenes/iconos/marca_cruz_roja-rally_a_mali-8x8.png HTTP/1.1" 200 281 "http://mapas.rallyamali.com/pioneros/index.php?ruti=ruti18" "Mozilla/4.0 (compatible; MSIE 8.0; Windows NT 6.0; Trident/4.0; SLCC1; .NET CLR 2.0.50727; OfficeLiveConnector.1.3; OfficeLivePatch.0.0; .NET CLR 3.5.30729; .NET CLR 3.0.30618; .NET4.0C; MSN OptimizedIE8;ESES)"
81.33.82.210 - - [29/Dec/2010:00:10:10 +0100] "GET /favicon.ico HTTP/1.1" 404 261 "-" "Mozilla/4.0 (compatible; MSIE 8.0; Windows NT 6.0; Trident/4.0; SLCC1; .NET CLR 2.0.50727; OfficeLiveConnector.1.3; OfficeLivePatch.0.0; .NET CLR 3.5.30729; .NET CLR 3.0.30618; .NET4.0C; MSN OptimizedIE8;ESES)"
81.33.82.210 - - [29/Dec/2010:00:10:31 +0100] "GET /pioneros/index.php?ruti=ruti18 HTTP/1.1" 200 3941 "http://mapas.rallyamali.com/pioneros/index.php?ruti=ruti18" "Mozilla/4.0 (compatible; MSIE 8.0; Windows NT 6.0; Trident/4.0; SLCC1; .NET CLR 2.0.50727; OfficeLiveConnector.1.3; OfficeLivePatch.0.0; .NET CLR 3.5.30729; .NET CLR 3.0.30618; .NET4.0C; MSN OptimizedIE8;ESES)"
81.33.82.210 - - [29/Dec/2010:00:10:34 +0100] "GET /pioneros/index.php?ruti=ruti18 HTTP/1.1" 200 3941 "http://mapas.rallyamali.com/pioneros/index.php?ruti=ruti18" "Mozilla/4.0 (compatible; MSIE 8.0; Windows NT 6.0; Trident/4.0; SLCC1; .NET CLR 2.0.50727; OfficeLiveConnector.1.3; OfficeLivePatch.0.0; .NET CLR 3.5.30729; .NET CLR 3.0.30618; .NET4.0C; MSN OptimizedIE8;ESES)"
81.33.82.210 - - [29/Dec/2010:00:10:42 +0100] "GET /pioneros/index.php?ruti=ruti15 HTTP/1.1" 200 5093 "http://mapas.rallyamali.com/pioneros/index.php?ruti=ruti18" "Mozilla/4.0 (compatible; MSIE 8.0; Windows NT 6.0; Trident/4.0; SLCC1; .NET CLR 2.0.50727; OfficeLiveConnector.1.3; OfficeLivePatch.0.0; .NET CLR 3.5.30729; .NET CLR 3.0.30618; .NET4.0C; MSN OptimizedIE8;ESES)"
81.33.82.210 - - [29/Dec/2010:00:10:49 +0100] "GET /pioneros/index.php?ruti=ruti18 HTTP/1.1" 200 3941 "http://mapas.rallyamali.com/pioneros/index.php?ruti=ruti15" "Mozilla/4.0 (compatible; MSIE 8.0; Windows NT 6.0; Trident/4.0; SLCC1; .NET CLR 2.0.50727; OfficeLiveConnector.1.3; OfficeLivePatch.0.0; .NET CLR 3.5.30729; .NET CLR 3.0.30618; .NET4.0C; MSN OptimizedIE8;ESES)"
81.33.82.210 - - [29/Dec/2010:00:11:29 +0100] "GET /pioneros/index.php?ruti=ruti18 HTTP/1.1" 200 3941 "http://blogs.rallyamali.com/" "Mozilla/4.0 (compatible; MSIE 8.0; Windows NT 6.0; Trident/4.0; SLCC1; .NET CLR 2.0.50727; OfficeLiveConnector.1.3; OfficeLivePatch.0.0; .NET CLR 3.5.30729; .NET CLR 3.0.30618; .NET4.0C; MSN OptimizedIE8;ESES)"
81.33.82.210 - - [29/Dec/2010:00:11:29 +0100] "GET /imagenes/maquetacion/imagen_cabecera-3.jpg HTTP/1.1" 304 - "http://mapas.rallyamali.com/pioneros/index.php?ruti=ruti18" "Mozilla/4.0 (compatible; MSIE 8.0; Windows NT 6.0; Trident/4.0; SLCC1; .NET CLR 2.0.50727; OfficeLiveConnector.1.3; OfficeLivePatch.0.0; .NET CLR 3.5.30729; .NET CLR 3.0.30618; .NET4.0C; MSN OptimizedIE8;ESES)"
81.33.82.210 - - [29/Dec/2010:00:11:29 +0100] "GET /imagenes/iconos/marca_cruz_roja-rally_a_mali-8x8.png HTTP/1.1" 304 - "http://mapas.rallyamali.com/pioneros/index.php?ruti=ruti18" "Mozilla/4.0 (compatible; MSIE 8.0; Windows NT 6.0; Trident/4.0; SLCC1; .NET CLR 2.0.50727; OfficeLiveConnector.1.3; OfficeLivePatch.0.0; .NET CLR 3.5.30729; .NET CLR 3.0.30618; .NET4.0C; MSN OptimizedIE8;ESES)"
95.108.246.252 - - [29/Dec/2010:01:27:10 +0100] "GET / HTTP/1.1" 200 49 "-" "Mozilla/5.0 (compatible; YandexBot/3.0; +http://yandex.com/bots)"
67.195.114.56 - - [29/Dec/2010:03:33:40 +0100] "GET /robots.txt HTTP/1.0" 404 262 "-" "Mozilla/5.0 (compatible; Yahoo! Slurp; http://help.yahoo.com/help/us/ysearch/slurp)"
67.195.114.56 - - [29/Dec/2010:03:33:41 +0100] "GET /pioneros/index.php?ruti=ruti14 HTTP/1.0" 200 3112 "-" "Mozilla/5.0 (compatible; Yahoo! Slurp; http://help.yahoo.com/help/us/ysearch/slurp)"
95.108.246.252 - - [29/Dec/2010:07:40:33 +0100] "GET /robots.txt HTTP/1.1" 404 320 "-" "Mozilla/5.0 (compatible; YandexBot/3.0; +http://yandex.com/bots)"
67.195.114.56 - - [29/Dec/2010:10:12:25 +0100] "GET /robots.txt HTTP/1.0" 404 262 "-" "Mozilla/5.0 (compatible; Yahoo! Slurp; http://help.yahoo.com/help/us/ysearch/slurp)"
67.195.114.56 - - [29/Dec/2010:10:12:26 +0100] "GET /pioneros/index.php?ruti=ruti0 HTTP/1.0" 200 3004 "-" "Mozilla/5.0 (compatible; Yahoo! Slurp; http://help.yahoo.com/help/us/ysearch/slurp)"
119.63.198.24 - - [29/Dec/2010:11:13:46 +0100] "GET /robots.txt HTTP/1.1" 404 262 "-" "Baiduspider+(+http://www.baidu.com/search/spider.htm)"
95.108.246.252 - - [29/Dec/2010:11:53:24 +0100] "GET /pioneros/index.php?ruti=ruti10 HTTP/1.1" 200 3623 "-" "Mozilla/5.0 (compatible; YandexBot/3.0; +http://yandex.com/bots)"
208.115.111.249 - - [29/Dec/2010:14:00:23 +0100] "GET /robots.txt HTTP/1.1" 404 262 "-" "Mozilla/5.0 (compatible; DotBot/1.1; http://www.dotnetdotcom.org/, crawler@dotnetdotcom.org)"
95.108.246.252 - - [29/Dec/2010:14:31:25 +0100] "GET /pioneros HTTP/1.1" 301 270 "-" "Mozilla/5.0 (compatible; YandexBot/3.0; +http://yandex.com/bots)"
95.108.246.252 - - [29/Dec/2010:14:31:27 +0100] "GET /pioneros/ HTTP/1.1" 200 3990 "-" "Mozilla/5.0 (compatible; YandexBot/3.0; +http://yandex.com/bots)"
207.46.204.231 - - [29/Dec/2010:16:22:02 +0100] "GET /robots.txt HTTP/1.1" 404 320 "-" "Mozilla/5.0 (compatible; bingbot/2.0; +http://www.bing.com/bingbot.htm)"
207.46.204.231 - - [29/Dec/2010:16:35:50 +0100] "GET /pioneros/index.php?ruti=ruti15 HTTP/1.1" 200 5093 "-" "Mozilla/5.0 (compatible; bingbot/2.0; +http://www.bing.com/bingbot.htm)"
208.115.111.249 - - [29/Dec/2010:18:33:51 +0100] "GET /pioneros/function.mysql-connect HTTP/1.1" 404 276 "-" "Mozilla/5.0 (compatible; DotBot/1.1; http://www.dotnetdotcom.org/, crawler@dotnetdotcom.org)"
174.129.158.5 - - [29/Dec/2010:23:01:52 +0100] "GET / HTTP/1.0" 200 44 "-" "Mozilla/5.0 (compatible; NetcraftSurveyAgent/1.0; +info@netcraft.com)"
208.80.194.27 - - [30/Dec/2010:00:08:05 +0100] "GET / HTTP/1.0" 200 44 "-" "Mozilla/4.0 (compatible; MSIE 6.0; Windows NT 5.1; YPC 3.2.0; SV1; FunWebProducts; .NET CLR 1.1.4322; ZangoToolbar 4.8.3)"
119.63.198.55 - - [30/Dec/2010:12:13:10 +0100] "GET /robots.txt HTTP/1.1" 404 262 "-" "Baiduspider+(+http://www.baidu.com/search/spider.htm)"
95.108.246.252 - - [30/Dec/2010:19:40:31 +0100] "GET /robots.txt HTTP/1.1" 404 320 "-" "Mozilla/5.0 (compatible; YandexBot/3.0; +http://yandex.com/bots)"
95.108.246.252 - - [30/Dec/2010:23:26:52 +0100] "GET / HTTP/1.1" 200 49 "-" "Mozilla/5.0 (compatible; YandexBot/3.0; +http://yandex.com/bots)"
95.108.246.252 - - [31/Dec/2010:03:49:54 +0100] "GET /pioneros/index.php?ruti=ruti0 HTTP/1.1" 200 3004 "-" "Mozilla/5.0 (compatible; YandexBot/3.0; +http://yandex.com/bots)"
65.52.110.67 - - [31/Dec/2010:04:05:02 +0100] "GET /robots.txt HTTP/1.1" 404 320 "-" "Mozilla/5.0 (compatible; bingbot/2.0; +http://www.bing.com/bingbot.htm)"
65.52.110.67 - - [31/Dec/2010:04:17:28 +0100] "GET /pioneros/index.php?ruti=ruti18 HTTP/1.1" 200 3941 "-" "Mozilla/5.0 (compatible; bingbot/2.0; +http://www.bing.com/bingbot.htm)"
67.195.114.56 - - [31/Dec/2010:07:48:11 +0100] "GET /robots.txt HTTP/1.0" 404 262 "-" "Mozilla/5.0 (compatible; Yahoo! Slurp; http://help.yahoo.com/help/us/ysearch/slurp)"
67.195.114.56 - - [31/Dec/2010:07:48:11 +0100] "GET /pioneros/index.php?ruti=ruti17 HTTP/1.0" 200 2635 "-" "Mozilla/5.0 (compatible; Yahoo! Slurp; http://help.yahoo.com/help/us/ysearch/slurp)"
95.108.246.252 - - [31/Dec/2010:09:33:00 +0100] "GET /pioneros HTTP/1.1" 301 270 "-" "Mozilla/5.0 (compatible; YandexBot/3.0; +http://yandex.com/bots)"
95.108.246.252 - - [31/Dec/2010:09:33:02 +0100] "GET /pioneros/ HTTP/1.1" 200 3990 "-" "Mozilla/5.0 (compatible; YandexBot/3.0; +http://yandex.com/bots)"
95.108.246.252 - - [31/Dec/2010:11:05:42 +0100] "GET /pioneros/index.php?ruti=ruti10 HTTP/1.1" 200 3623 "-" "Mozilla/5.0 (compatible; YandexBot/3.0; +http://yandex.com/bots)"
208.80.194.28 - - [31/Dec/2010:12:25:11 +0100] "GET / HTTP/1.0" 200 44 "-" "Mozilla/4.0 (compatible; MSIE 6.0; Windows NT 5.1; FunWebProducts; iP-CMPQ-HDD; .NET CLR 1.1.4322)"
119.63.198.44 - - [31/Dec/2010:13:12:32 +0100] "GET /robots.txt HTTP/1.1" 404 262 "-" "Baiduspider+(+http://www.baidu.com/search/spider.htm)"
67.195.114.56 - - [01/Jan/2011:02:54:08 +0100] "GET /robots.txt HTTP/1.0" 404 262 "-" "Mozilla/5.0 (compatible; Yahoo! Slurp; http://help.yahoo.com/help/us/ysearch/slurp)"
67.195.114.56 - - [01/Jan/2011:02:54:09 +0100] "GET /pioneros/index.php?ruti=ruti1 HTTP/1.0" 200 3990 "-" "Mozilla/5.0 (compatible; Yahoo! Slurp; http://help.yahoo.com/help/us/ysearch/slurp)"
67.195.114.56 - - [01/Jan/2011:09:14:22 +0100] "GET /robots.txt HTTP/1.0" 404 262 "-" "Mozilla/5.0 (compatible; Yahoo! Slurp; http://help.yahoo.com/help/us/ysearch/slurp)"
67.195.114.56 - - [01/Jan/2011:09:14:23 +0100] "GET /pioneros/index.php?ruti=ruti16 HTTP/1.0" 200 2986 "-" "Mozilla/5.0 (compatible; Yahoo! Slurp; http://help.yahoo.com/help/us/ysearch/slurp)"
96.31.166.228 - - [01/Jan/2011:11:08:01 +0100] "GET /robots.txt HTTP/1.1" 404 320 "-" "Mozilla/5.0 (compatible; Search17Bot/1.1; http://www.search17.com/bot.php)"
96.31.166.228 - - [01/Jan/2011:11:08:01 +0100] "GET / HTTP/1.1" 200 49 "-" "Mozilla/5.0 (compatible; Search17Bot/1.1; http://www.search17.com/bot.php)"
208.115.111.249 - - [01/Jan/2011:12:48:42 +0100] "GET /robots.txt HTTP/1.1" 404 262 "-" "Mozilla/5.0 (compatible; DotBot/1.1; http://www.dotnetdotcom.org/, crawler@dotnetdotcom.org)"
119.63.198.59 - - [01/Jan/2011:14:01:40 +0100] "GET /robots.txt HTTP/1.1" 404 262 "-" "Baiduspider+(+http://www.baidu.com/search/spider.htm)"
208.115.111.249 - - [01/Jan/2011:16:43:23 +0100] "GET /robots.txt HTTP/1.1" 404 262 "-" "Mozilla/5.0 (compatible; DotBot/1.1; http://www.dotnetdotcom.org/, crawler@dotnetdotcom.org)"
208.115.111.249 - - [01/Jan/2011:17:15:37 +0100] "GET /pioneros HTTP/1.1" 301 270 "-" "Mozilla/5.0 (compatible; DotBot/1.1; http://www.dotnetdotcom.org/, crawler@dotnetdotcom.org)"
95.108.246.252 - - [01/Jan/2011:20:24:23 +0100] "GET /robots.txt HTTP/1.1" 404 320 "-" "Mozilla/5.0 (compatible; YandexBot/3.0; +http://yandex.com/bots)"
208.115.111.249 - - [01/Jan/2011:20:38:51 +0100] "GET /robots.txt HTTP/1.1" 404 262 "-" "Mozilla/5.0 (compatible; DotBot/1.1; http://www.dotnetdotcom.org/, crawler@dotnetdotcom.org)"
208.115.111.249 - - [01/Jan/2011:21:06:30 +0100] "GET /pioneros/ HTTP/1.1" 200 3990 "-" "Mozilla/5.0 (compatible; DotBot/1.1; http://www.dotnetdotcom.org/, crawler@dotnetdotcom.org)"
208.115.111.249 - - [01/Jan/2011:21:06:33 +0100] "GET /pioneros/index.php?ruti=ruti0 HTTP/1.1" 200 3004 "-" "Mozilla/5.0 (compatible; DotBot/1.1; http://www.dotnetdotcom.org/, crawler@dotnetdotcom.org)"
208.115.111.249 - - [01/Jan/2011:21:06:37 +0100] "GET /pioneros/index.php?ruti=ruti11 HTTP/1.1" 200 4094 "-" "Mozilla/5.0 (compatible; DotBot/1.1; http://www.dotnetdotcom.org/, crawler@dotnetdotcom.org)"
208.115.111.249 - - [01/Jan/2011:21:06:42 +0100] "GET /pioneros/index.php?ruti=ruti12 HTTP/1.1" 200 5364 "-" "Mozilla/5.0 (compatible; DotBot/1.1; http://www.dotnetdotcom.org/, crawler@dotnetdotcom.org)"
208.115.111.249 - - [01/Jan/2011:21:06:47 +0100] "GET /pioneros/index.php?ruti=ruti14 HTTP/1.1" 200 3112 "-" "Mozilla/5.0 (compatible; DotBot/1.1; http://www.dotnetdotcom.org/, crawler@dotnetdotcom.org)"
208.115.111.249 - - [01/Jan/2011:21:06:52 +0100] "GET /pioneros/index.php?ruti=ruti15 HTTP/1.1" 200 5093 "-" "Mozilla/5.0 (compatible; DotBot/1.1; http://www.dotnetdotcom.org/, crawler@dotnetdotcom.org)"
208.115.111.249 - - [01/Jan/2011:21:06:57 +0100] "GET /pioneros/index.php?ruti=ruti16 HTTP/1.1" 200 2986 "-" "Mozilla/5.0 (compatible; DotBot/1.1; http://www.dotnetdotcom.org/, crawler@dotnetdotcom.org)"
208.115.111.249 - - [01/Jan/2011:21:07:02 +0100] "GET /pioneros/index.php?ruti=ruti17 HTTP/1.1" 200 2635 "-" "Mozilla/5.0 (compatible; DotBot/1.1; http://www.dotnetdotcom.org/, crawler@dotnetdotcom.org)"
208.115.111.249 - - [01/Jan/2011:21:07:07 +0100] "GET /pioneros/index.php?ruti=ruti18 HTTP/1.1" 200 3941 "-" "Mozilla/5.0 (compatible; DotBot/1.1; http://www.dotnetdotcom.org/, crawler@dotnetdotcom.org)"
95.108.246.252 - - [01/Jan/2011:23:39:26 +0100] "GET / HTTP/1.1" 200 49 "-" "Mozilla/5.0 (compatible; YandexBot/3.0; +http://yandex.com/bots)"
