208.80.194.26 - - [26/Sep/2011:11:30:32 +0200] "GET / HTTP/1.0" 200 44 "-" "Mozilla/4.0 (compatible; MSIE 7.0; Windows NT 5.1; Crazy Browser 1.0.5; .NET CLR 1.1.4322; .NET CLR 2.0.50727)"
88.131.106.5 - - [26/Sep/2011:16:50:46 +0200] "GET /robots.txt HTTP/1.0" 404 262 "-" "Mozilla/5.0 (Windows; U; Windows NT 5.1; en-US) Speedy Spider (http://www.entireweb.com/about/search_tech/speedy_spider/)"
88.131.106.3 - - [26/Sep/2011:16:50:46 +0200] "GET /pioneros/index.php?ruti=ruti9 HTTP/1.0" 200 5161 "-" "Mozilla/5.0 (Windows; U; Windows NT 5.1; en-US) Speedy Spider (http://www.entireweb.com/about/search_tech/speedy_spider/)"
95.108.158.239 - - [26/Sep/2011:22:22:28 +0200] "GET /robots.txt HTTP/1.1" 404 320 "-" "Mozilla/5.0 (compatible; YandexImages/3.0; +http://yandex.com/bots)"
95.108.158.239 - - [27/Sep/2011:01:27:00 +0200] "GET /imagenes/iconos/marca_cruz_roja-rally_a_mali-8x8.png HTTP/1.1" 304 - "-" "Mozilla/5.0 (compatible; YandexImages/3.0; +http://yandex.com/bots)"
174.129.80.205 - - [27/Sep/2011:03:42:40 +0200] "GET / HTTP/1.0" 200 44 "-" "Mozilla/5.0 (compatible; NetcraftSurveyAgent/1.0; +info@netcraft.com)"
67.195.115.242 - - [27/Sep/2011:05:11:01 +0200] "GET /robots.txt HTTP/1.0" 404 262 "-" "Mozilla/5.0 (compatible; Yahoo! Slurp; http://help.yahoo.com/help/us/ysearch/slurp)"
67.195.115.242 - - [27/Sep/2011:05:11:02 +0200] "GET /pioneros/index.php?ruti=ruti15 HTTP/1.0" 200 5093 "-" "Mozilla/5.0 (compatible; Yahoo! Slurp; http://help.yahoo.com/help/us/ysearch/slurp)"
67.195.115.242 - - [27/Sep/2011:07:33:05 +0200] "GET /pioneros/index.php?ruti=ruti3 HTTP/1.0" 200 3858 "-" "Mozilla/5.0 (compatible; Yahoo! Slurp; http://help.yahoo.com/help/us/ysearch/slurp)"
67.195.115.242 - - [27/Sep/2011:08:10:51 +0200] "GET /pioneros/index.php?ruti=ruti9 HTTP/1.0" 200 5161 "-" "Mozilla/5.0 (compatible; Yahoo! Slurp; http://help.yahoo.com/help/us/ysearch/slurp)"
213.186.122.2 - - [27/Sep/2011:10:14:53 +0200] "GET /robots.txt HTTP/1.1" 404 262 "-" "Mozilla/5.0 (compatible; AhrefsBot/1.0; +http://ahrefs.com/robot/)"
213.186.122.2 - - [27/Sep/2011:10:14:54 +0200] "GET /pioneros/ HTTP/1.1" 200 3990 "-" "Mozilla/5.0 (compatible; AhrefsBot/1.0; +http://ahrefs.com/robot/)"
213.186.122.2 - - [27/Sep/2011:10:14:55 +0200] "GET /pioneros/index.php?ruti=ruti1 HTTP/1.1" 200 3990 "-" "Mozilla/5.0 (compatible; AhrefsBot/1.0; +http://ahrefs.com/robot/)"
213.186.122.2 - - [27/Sep/2011:10:14:56 +0200] "GET /pioneros/index.php?ruti=ruti10 HTTP/1.1" 200 3623 "-" "Mozilla/5.0 (compatible; AhrefsBot/1.0; +http://ahrefs.com/robot/)"
213.186.122.2 - - [27/Sep/2011:10:14:58 +0200] "GET /pioneros/index.php?ruti=ruti11 HTTP/1.1" 200 4094 "-" "Mozilla/5.0 (compatible; AhrefsBot/1.0; +http://ahrefs.com/robot/)"
213.186.122.2 - - [27/Sep/2011:10:14:59 +0200] "GET /pioneros/index.php?ruti=ruti12 HTTP/1.1" 200 5364 "-" "Mozilla/5.0 (compatible; AhrefsBot/1.0; +http://ahrefs.com/robot/)"
213.186.122.2 - - [27/Sep/2011:10:15:00 +0200] "GET /pioneros/index.php?ruti=ruti14 HTTP/1.1" 200 3112 "-" "Mozilla/5.0 (compatible; AhrefsBot/1.0; +http://ahrefs.com/robot/)"
213.186.122.2 - - [27/Sep/2011:10:15:01 +0200] "GET /pioneros/index.php?ruti=ruti15 HTTP/1.1" 200 5093 "-" "Mozilla/5.0 (compatible; AhrefsBot/1.0; +http://ahrefs.com/robot/)"
213.186.122.2 - - [27/Sep/2011:10:15:02 +0200] "GET /pioneros/index.php?ruti=ruti16 HTTP/1.1" 200 2986 "-" "Mozilla/5.0 (compatible; AhrefsBot/1.0; +http://ahrefs.com/robot/)"
213.186.122.2 - - [27/Sep/2011:10:15:03 +0200] "GET /pioneros/index.php?ruti=ruti17 HTTP/1.1" 200 2635 "-" "Mozilla/5.0 (compatible; AhrefsBot/1.0; +http://ahrefs.com/robot/)"
213.186.122.2 - - [27/Sep/2011:10:15:04 +0200] "GET /pioneros/index.php?ruti=ruti18 HTTP/1.1" 200 3941 "-" "Mozilla/5.0 (compatible; AhrefsBot/1.0; +http://ahrefs.com/robot/)"
213.186.122.2 - - [27/Sep/2011:10:15:05 +0200] "GET /pioneros/index.php?ruti=ruti2 HTTP/1.1" 200 5065 "-" "Mozilla/5.0 (compatible; AhrefsBot/1.0; +http://ahrefs.com/robot/)"
213.186.122.2 - - [27/Sep/2011:10:15:06 +0200] "GET /pioneros/index.php?ruti=ruti3 HTTP/1.1" 200 3858 "-" "Mozilla/5.0 (compatible; AhrefsBot/1.0; +http://ahrefs.com/robot/)"
213.186.122.2 - - [27/Sep/2011:10:15:07 +0200] "GET /pioneros/index.php?ruti=ruti4 HTTP/1.1" 200 3033 "-" "Mozilla/5.0 (compatible; AhrefsBot/1.0; +http://ahrefs.com/robot/)"
213.186.122.2 - - [27/Sep/2011:10:15:08 +0200] "GET /pioneros/index.php?ruti=ruti5 HTTP/1.1" 200 3780 "-" "Mozilla/5.0 (compatible; AhrefsBot/1.0; +http://ahrefs.com/robot/)"
213.186.122.2 - - [27/Sep/2011:10:15:09 +0200] "GET /pioneros/index.php?ruti=ruti6 HTTP/1.1" 200 3085 "-" "Mozilla/5.0 (compatible; AhrefsBot/1.0; +http://ahrefs.com/robot/)"
213.186.122.2 - - [27/Sep/2011:10:15:10 +0200] "GET /pioneros/index.php?ruti=ruti7 HTTP/1.1" 200 4506 "-" "Mozilla/5.0 (compatible; AhrefsBot/1.0; +http://ahrefs.com/robot/)"
213.186.122.2 - - [27/Sep/2011:10:15:11 +0200] "GET /pioneros/index.php?ruti=ruti8 HTTP/1.1" 200 5091 "-" "Mozilla/5.0 (compatible; AhrefsBot/1.0; +http://ahrefs.com/robot/)"
213.186.122.2 - - [27/Sep/2011:10:15:12 +0200] "GET /pioneros/index.php?ruti=ruti9 HTTP/1.1" 200 5161 "-" "Mozilla/5.0 (compatible; AhrefsBot/1.0; +http://ahrefs.com/robot/)"
95.108.158.239 - - [27/Sep/2011:18:40:58 +0200] "GET /imagenes/iconos/marca_cruz_roja-rally_a_mali-8x8.png HTTP/1.1" 304 - "-" "Mozilla/5.0 (compatible; YandexImages/3.0; +http://yandex.com/bots)"
123.125.71.42 - - [27/Sep/2011:19:10:14 +0200] "GET /robots.txt HTTP/1.1" 404 262 "-" "Baiduspider+(+http://www.baidu.com/search/spider.htm)"
208.80.194.30 - - [27/Sep/2011:23:00:33 +0200] "GET / HTTP/1.0" 200 44 "-" "Mozilla/4.0 (compatible; MSIE 7.0; Windows NT 5.1; .NET CLR 2.0.50727; .NET CLR 3.0.04506.30; FDM)"
67.195.115.242 - - [28/Sep/2011:02:53:29 +0200] "GET /robots.txt HTTP/1.0" 404 262 "-" "Mozilla/5.0 (compatible; Yahoo! Slurp; http://help.yahoo.com/help/us/ysearch/slurp)"
67.195.115.242 - - [28/Sep/2011:02:53:29 +0200] "GET /pioneros/index.php?ruti=ruti5 HTTP/1.0" 200 3780 "-" "Mozilla/5.0 (compatible; Yahoo! Slurp; http://help.yahoo.com/help/us/ysearch/slurp)"
67.195.115.242 - - [28/Sep/2011:08:53:23 +0200] "GET /pioneros/index.php?ruti=ruti6 HTTP/1.0" 200 3085 "-" "Mozilla/5.0 (compatible; Yahoo! Slurp; http://help.yahoo.com/help/us/ysearch/slurp)"
67.195.115.242 - - [28/Sep/2011:13:52:58 +0200] "GET /pioneros/index.php?ruti=ruti1 HTTP/1.0" 200 3990 "-" "Mozilla/5.0 (compatible; Yahoo! Slurp; http://help.yahoo.com/help/us/ysearch/slurp)"
67.195.115.242 - - [28/Sep/2011:16:38:14 +0200] "GET /robots.txt HTTP/1.0" 404 262 "-" "Mozilla/5.0 (compatible; Yahoo! Slurp; http://help.yahoo.com/help/us/ysearch/slurp)"
67.195.115.242 - - [28/Sep/2011:16:38:14 +0200] "GET /pioneros/index.php?ruti=ruti11 HTTP/1.0" 200 4094 "-" "Mozilla/5.0 (compatible; Yahoo! Slurp; http://help.yahoo.com/help/us/ysearch/slurp)"
95.108.158.239 - - [28/Sep/2011:17:37:42 +0200] "GET /robots.txt HTTP/1.1" 404 320 "-" "Mozilla/5.0 (compatible; YandexImages/3.0; +http://yandex.com/bots)"
95.108.158.239 - - [28/Sep/2011:19:05:54 +0200] "GET /imagenes/iconos/marca_cruz_roja-rally_a_mali-8x8.png HTTP/1.1" 304 - "-" "Mozilla/5.0 (compatible; YandexImages/3.0; +http://yandex.com/bots)"
67.195.115.242 - - [29/Sep/2011:01:33:13 +0200] "GET /pioneros/index.php?ruti=ruti8 HTTP/1.0" 200 5091 "-" "Mozilla/5.0 (compatible; Yahoo! Slurp; http://help.yahoo.com/help/us/ysearch/slurp)"
67.195.115.242 - - [29/Sep/2011:04:46:14 +0200] "GET /robots.txt HTTP/1.0" 404 262 "-" "Mozilla/5.0 (compatible; Yahoo! Slurp; http://help.yahoo.com/help/us/ysearch/slurp)"
67.195.115.242 - - [29/Sep/2011:04:46:15 +0200] "GET /pioneros HTTP/1.0" 301 270 "-" "Mozilla/5.0 (compatible; Yahoo! Slurp; http://help.yahoo.com/help/us/ysearch/slurp)"
67.195.115.242 - - [29/Sep/2011:04:46:15 +0200] "GET /pioneros/ HTTP/1.0" 200 3990 "-" "Mozilla/5.0 (compatible; Yahoo! Slurp; http://help.yahoo.com/help/us/ysearch/slurp)"
208.80.194.33 - - [29/Sep/2011:07:09:47 +0200] "GET / HTTP/1.0" 200 44 "-" "Mozilla/4.0 (compatible; MSIE 7.0; Windows NT 5.1; .NET CLR 1.1.4322; MSN 9.0; MSNbMSNI; MSNmen-us; MSNcIA; MPLUS)"
77.20.40.169 - - [29/Sep/2011:09:50:10 +0200] "GET /pioneros HTTP/1.1" 301 357 "-" "findlinks/2.0.2 (+http://wortschatz.uni-leipzig.de/findlinks/)"
77.20.40.169 - - [29/Sep/2011:09:50:10 +0200] "GET /pioneros/ HTTP/1.1" 200 22907 "-" "findlinks/2.0.2 (+http://wortschatz.uni-leipzig.de/findlinks/)"
66.249.71.8 - - [29/Sep/2011:23:47:20 +0200] "GET /robots.txt HTTP/1.1" 404 262 "-" "Mozilla/5.0 (compatible; Googlebot/2.1; +http://www.google.com/bot.html)"
66.249.71.8 - - [29/Sep/2011:23:47:20 +0200] "GET /pioneros/index.php?ruti=ruti14 HTTP/1.1" 200 3112 "-" "Mozilla/5.0 (compatible; Googlebot/2.1; +http://www.google.com/bot.html)"
207.46.204.240 - - [30/Sep/2011:00:48:41 +0200] "GET /robots.txt HTTP/1.1" 404 320 "-" "Mozilla/5.0 (compatible; bingbot/2.0; +http://www.bing.com/bingbot.htm)"
207.46.204.240 - - [30/Sep/2011:00:50:12 +0200] "GET /pioneros/index.php?ruti=ruti1 HTTP/1.1" 200 3990 "-" "Mozilla/5.0 (compatible; bingbot/2.0; +http://www.bing.com/bingbot.htm)"
220.181.108.151 - - [30/Sep/2011:05:10:34 +0200] "GET /robots.txt HTTP/1.1" 404 262 "-" "Baiduspider+(+http://www.baidu.com/search/spider.htm)"
67.195.115.242 - - [30/Sep/2011:09:24:13 +0200] "GET /robots.txt HTTP/1.0" 404 262 "-" "Mozilla/5.0 (compatible; Yahoo! Slurp; http://help.yahoo.com/help/us/ysearch/slurp)"
67.195.115.242 - - [30/Sep/2011:09:24:13 +0200] "GET /pioneros/index.php?ruti=ruti14 HTTP/1.0" 200 3112 "-" "Mozilla/5.0 (compatible; Yahoo! Slurp; http://help.yahoo.com/help/us/ysearch/slurp)"
67.195.115.242 - - [30/Sep/2011:11:26:24 +0200] "GET /pioneros/index.php?ruti=ruti12 HTTP/1.0" 200 5364 "-" "Mozilla/5.0 (compatible; Yahoo! Slurp; http://help.yahoo.com/help/us/ysearch/slurp)"
69.84.207.147 - - [30/Sep/2011:11:32:20 +0200] "GET /pioneros HTTP/1.1" 301 357 "-" "Mozilla/4.0 (compatible; MSIE 7.0;Windows NT 5.1;.NET CLR 1.1.4322;.NET CLR 2.0.50727;.NET CLR 3.0.04506.30) Lightspeedsystems"
69.84.207.147 - - [30/Sep/2011:11:32:20 +0200] "GET /pioneros/ HTTP/1.1" 200 22907 "-" "Mozilla/4.0 (compatible; MSIE 7.0;Windows NT 5.1;.NET CLR 1.1.4322;.NET CLR 2.0.50727;.NET CLR 3.0.04506.30) Lightspeedsystems"
69.84.207.147 - - [30/Sep/2011:11:32:23 +0200] "GET /pioneros/index.php?ruti=ruti2 HTTP/1.1" 200 27984 "-" "Mozilla/4.0 (compatible; MSIE 7.0;Windows NT 5.1;.NET CLR 1.1.4322;.NET CLR 2.0.50727;.NET CLR 3.0.04506.30) Lightspeedsystems"
69.84.207.147 - - [30/Sep/2011:11:32:24 +0200] "GET /pioneros/index.php?ruti=ruti4 HTTP/1.1" 200 13973 "-" "Mozilla/4.0 (compatible; MSIE 7.0;Windows NT 5.1;.NET CLR 1.1.4322;.NET CLR 2.0.50727;.NET CLR 3.0.04506.30) Lightspeedsystems"
69.84.207.147 - - [30/Sep/2011:11:32:25 +0200] "GET /pioneros/index.php?ruti=ruti6 HTTP/1.1" 200 15366 "-" "Mozilla/4.0 (compatible; MSIE 7.0;Windows NT 5.1;.NET CLR 1.1.4322;.NET CLR 2.0.50727;.NET CLR 3.0.04506.30) Lightspeedsystems"
69.84.207.147 - - [30/Sep/2011:11:32:25 +0200] "GET /pioneros/index.php?ruti=ruti7 HTTP/1.1" 200 27923 "-" "Mozilla/4.0 (compatible; MSIE 7.0;Windows NT 5.1;.NET CLR 1.1.4322;.NET CLR 2.0.50727;.NET CLR 3.0.04506.30) Lightspeedsystems"
69.84.207.147 - - [30/Sep/2011:11:32:26 +0200] "GET /pioneros/index.php?ruti=ruti3 HTTP/1.1" 200 17912 "-" "Mozilla/4.0 (compatible; MSIE 7.0;Windows NT 5.1;.NET CLR 1.1.4322;.NET CLR 2.0.50727;.NET CLR 3.0.04506.30) Lightspeedsystems"
69.84.207.147 - - [30/Sep/2011:11:32:26 +0200] "GET /pioneros/index.php?ruti=ruti8 HTTP/1.1" 200 29886 "-" "Mozilla/4.0 (compatible; MSIE 7.0;Windows NT 5.1;.NET CLR 1.1.4322;.NET CLR 2.0.50727;.NET CLR 3.0.04506.30) Lightspeedsystems"
69.84.207.147 - - [30/Sep/2011:11:32:26 +0200] "GET /pioneros/index.php?ruti=ruti5 HTTP/1.1" 200 19248 "-" "Mozilla/4.0 (compatible; MSIE 7.0;Windows NT 5.1;.NET CLR 1.1.4322;.NET CLR 2.0.50727;.NET CLR 3.0.04506.30) Lightspeedsystems"
69.84.207.147 - - [30/Sep/2011:11:32:27 +0200] "GET /pioneros/index.php?ruti=ruti9 HTTP/1.1" 200 30324 "-" "Mozilla/4.0 (compatible; MSIE 7.0;Windows NT 5.1;.NET CLR 1.1.4322;.NET CLR 2.0.50727;.NET CLR 3.0.04506.30) Lightspeedsystems"
69.84.207.147 - - [30/Sep/2011:11:32:27 +0200] "GET /pioneros/index.php?ruti=ruti0 HTTP/1.1" 200 16674 "-" "Mozilla/4.0 (compatible; MSIE 7.0;Windows NT 5.1;.NET CLR 1.1.4322;.NET CLR 2.0.50727;.NET CLR 3.0.04506.30) Lightspeedsystems"
69.84.207.147 - - [30/Sep/2011:11:32:28 +0200] "GET /pioneros/index.php?ruti=ruti1 HTTP/1.1" 200 22907 "-" "Mozilla/4.0 (compatible; MSIE 7.0;Windows NT 5.1;.NET CLR 1.1.4322;.NET CLR 2.0.50727;.NET CLR 3.0.04506.30) Lightspeedsystems"
69.84.207.147 - - [30/Sep/2011:11:32:31 +0200] "GET /pioneros/index.php?ruti=ruti12 HTTP/1.1" 200 26657 "-" "Mozilla/4.0 (compatible; MSIE 7.0;Windows NT 5.1;.NET CLR 1.1.4322;.NET CLR 2.0.50727;.NET CLR 3.0.04506.30) Lightspeedsystems"
69.84.207.147 - - [30/Sep/2011:11:32:33 +0200] "GET /pioneros/index.php?ruti=ruti18 HTTP/1.1" 200 19912 "-" "Mozilla/4.0 (compatible; MSIE 7.0;Windows NT 5.1;.NET CLR 1.1.4322;.NET CLR 2.0.50727;.NET CLR 3.0.04506.30) Lightspeedsystems"
69.84.207.147 - - [30/Sep/2011:11:32:34 +0200] "GET /pioneros/index.php?ruti=ruti10 HTTP/1.1" 200 19706 "-" "Mozilla/4.0 (compatible; MSIE 7.0;Windows NT 5.1;.NET CLR 1.1.4322;.NET CLR 2.0.50727;.NET CLR 3.0.04506.30) Lightspeedsystems"
69.84.207.147 - - [30/Sep/2011:11:32:37 +0200] "GET /pioneros/index.php?ruti=ruti15 HTTP/1.1" 200 28860 "-" "Mozilla/4.0 (compatible; MSIE 7.0;Windows NT 5.1;.NET CLR 1.1.4322;.NET CLR 2.0.50727;.NET CLR 3.0.04506.30) Lightspeedsystems"
69.84.207.147 - - [30/Sep/2011:11:32:39 +0200] "GET /pioneros/index.php?ruti=ruti16 HTTP/1.1" 200 14132 "-" "Mozilla/4.0 (compatible; MSIE 7.0;Windows NT 5.1;.NET CLR 1.1.4322;.NET CLR 2.0.50727;.NET CLR 3.0.04506.30) Lightspeedsystems"
69.84.207.147 - - [30/Sep/2011:11:32:39 +0200] "GET /pioneros/index.php?ruti=ruti14 HTTP/1.1" 200 14912 "-" "Mozilla/4.0 (compatible; MSIE 7.0;Windows NT 5.1;.NET CLR 1.1.4322;.NET CLR 2.0.50727;.NET CLR 3.0.04506.30) Lightspeedsystems"
69.84.207.147 - - [30/Sep/2011:11:32:39 +0200] "GET /pioneros/index.php?ruti=ruti17 HTTP/1.1" 200 12655 "-" "Mozilla/4.0 (compatible; MSIE 7.0;Windows NT 5.1;.NET CLR 1.1.4322;.NET CLR 2.0.50727;.NET CLR 3.0.04506.30) Lightspeedsystems"
69.84.207.147 - - [30/Sep/2011:11:32:40 +0200] "GET /pioneros/index.php?ruti=ruti11 HTTP/1.1" 200 19481 "-" "Mozilla/4.0 (compatible; MSIE 7.0;Windows NT 5.1;.NET CLR 1.1.4322;.NET CLR 2.0.50727;.NET CLR 3.0.04506.30) Lightspeedsystems"
94.23.203.62 - - [30/Sep/2011:12:16:01 +0200] "GET /muieblackcat HTTP/1.1" 404 264 "-" "-"
94.23.203.62 - - [30/Sep/2011:12:16:01 +0200] "GET //scripts/setup.php HTTP/1.1" 404 265 "-" "-"
94.23.203.62 - - [30/Sep/2011:12:16:02 +0200] "GET //db/scripts/setup.php HTTP/1.1" 404 267 "-" "-"
94.23.203.62 - - [30/Sep/2011:12:16:02 +0200] "GET //dbadmin/scripts/setup.php HTTP/1.1" 404 272 "-" "-"
94.23.203.62 - - [30/Sep/2011:12:16:03 +0200] "GET //myadmin/scripts/setup.php HTTP/1.1" 404 272 "-" "-"
94.23.203.62 - - [30/Sep/2011:12:16:03 +0200] "GET //mysql/scripts/setup.php HTTP/1.1" 404 271 "-" "-"
94.23.203.62 - - [30/Sep/2011:12:16:03 +0200] "GET //mysqladmin/scripts/setup.php HTTP/1.1" 404 274 "-" "-"
94.23.203.62 - - [30/Sep/2011:12:16:03 +0200] "GET //phpadmin/scripts/setup.php HTTP/1.1" 404 272 "-" "-"
94.23.203.62 - - [30/Sep/2011:12:16:04 +0200] "GET //phpMyAdmin/scripts/setup.php HTTP/1.1" 404 273 "-" "-"
94.23.203.62 - - [30/Sep/2011:12:16:04 +0200] "GET //phpmyadmin/scripts/setup.php HTTP/1.1" 401 364 "-" "-"
94.23.203.62 - - [30/Sep/2011:12:16:04 +0200] "GET //phpmyadmin1/scripts/setup.php HTTP/1.1" 404 274 "-" "-"
94.23.203.62 - - [30/Sep/2011:12:16:04 +0200] "GET //phpmyadmin2/scripts/setup.php HTTP/1.1" 404 274 "-" "-"
94.23.203.62 - - [30/Sep/2011:12:16:05 +0200] "GET //pma/scripts/setup.php HTTP/1.1" 404 269 "-" "-"
69.84.207.147 - - [30/Sep/2011:13:39:10 +0200] "GET /imagenes/maquetacion/imagen_cabecera-3.jpg HTTP/1.1" 200 14086 "-" "Mozilla/4.0 (compatible; MSIE 7.0;Windows NT 5.1;.NET CLR 1.1.4322;.NET CLR 2.0.50727;.NET CLR 3.0.04506.30)"
208.80.194.28 - - [30/Sep/2011:15:58:49 +0200] "GET / HTTP/1.0" 200 44 "-" "Mozilla/4.0 (compatible; MSIE 7.0; Windows NT 5.1; .NET CLR 1.0.3705; Media Center PC 3.1; .NET CLR 1.1.4322; IEMB3; IEMB3; yplus 5.6.04b)"
94.23.203.62 - - [30/Sep/2011:17:01:47 +0200] "GET /muieblackcat HTTP/1.1" 404 264 "-" "-"
94.23.203.62 - - [30/Sep/2011:17:01:47 +0200] "GET //scripts/setup.php HTTP/1.1" 404 265 "-" "-"
94.23.203.62 - - [30/Sep/2011:17:01:48 +0200] "GET //db/scripts/setup.php HTTP/1.1" 404 267 "-" "-"
94.23.203.62 - - [30/Sep/2011:17:01:48 +0200] "GET //dbadmin/scripts/setup.php HTTP/1.1" 404 272 "-" "-"
94.23.203.62 - - [30/Sep/2011:17:01:49 +0200] "GET //myadmin/scripts/setup.php HTTP/1.1" 404 272 "-" "-"
94.23.203.62 - - [30/Sep/2011:17:01:49 +0200] "GET //mysql/scripts/setup.php HTTP/1.1" 404 271 "-" "-"
94.23.203.62 - - [30/Sep/2011:17:01:49 +0200] "GET //mysqladmin/scripts/setup.php HTTP/1.1" 404 274 "-" "-"
94.23.203.62 - - [30/Sep/2011:17:01:49 +0200] "GET //phpadmin/scripts/setup.php HTTP/1.1" 404 272 "-" "-"
94.23.203.62 - - [30/Sep/2011:17:01:49 +0200] "GET //phpMyAdmin/scripts/setup.php HTTP/1.1" 404 273 "-" "-"
94.23.203.62 - - [30/Sep/2011:17:01:50 +0200] "GET //phpmyadmin/scripts/setup.php HTTP/1.1" 401 364 "-" "-"
94.23.203.62 - - [30/Sep/2011:17:01:50 +0200] "GET //phpmyadmin1/scripts/setup.php HTTP/1.1" 404 274 "-" "-"
94.23.203.62 - - [30/Sep/2011:17:01:50 +0200] "GET //phpmyadmin2/scripts/setup.php HTTP/1.1" 404 274 "-" "-"
94.23.203.62 - - [30/Sep/2011:17:01:50 +0200] "GET //pma/scripts/setup.php HTTP/1.1" 404 269 "-" "-"
67.195.115.242 - - [30/Sep/2011:19:51:39 +0200] "GET /robots.txt HTTP/1.0" 404 262 "-" "Mozilla/5.0 (compatible; Yahoo! Slurp; http://help.yahoo.com/help/us/ysearch/slurp)"
67.195.115.242 - - [30/Sep/2011:19:51:40 +0200] "GET /pioneros/index.php?ruti=ruti2 HTTP/1.0" 200 5065 "-" "Mozilla/5.0 (compatible; Yahoo! Slurp; http://help.yahoo.com/help/us/ysearch/slurp)"
123.125.71.43 - - [01/Oct/2011:05:46:26 +0200] "GET /robots.txt HTTP/1.1" 404 262 "-" "Baiduspider+(+http://www.baidu.com/search/spider.htm)"
67.195.115.242 - - [01/Oct/2011:11:48:04 +0200] "GET /robots.txt HTTP/1.0" 404 262 "-" "Mozilla/5.0 (compatible; Yahoo! Slurp; http://help.yahoo.com/help/us/ysearch/slurp)"
67.195.115.242 - - [01/Oct/2011:11:48:04 +0200] "GET /pioneros/index.php?ruti=ruti17 HTTP/1.0" 200 2635 "-" "Mozilla/5.0 (compatible; Yahoo! Slurp; http://help.yahoo.com/help/us/ysearch/slurp)"
67.195.115.242 - - [01/Oct/2011:15:04:56 +0200] "GET /pioneros/index.php?ruti=ruti18 HTTP/1.0" 200 3941 "-" "Mozilla/5.0 (compatible; Yahoo! Slurp; http://help.yahoo.com/help/us/ysearch/slurp)"
207.46.204.240 - - [02/Oct/2011:00:05:38 +0200] "GET /robots.txt HTTP/1.1" 404 320 "-" "Mozilla/5.0 (compatible; bingbot/2.0; +http://www.bing.com/bingbot.htm)"
207.46.204.240 - - [02/Oct/2011:00:07:10 +0200] "GET /pioneros/index.php?ruti=ruti2 HTTP/1.1" 200 5065 "-" "Mozilla/5.0 (compatible; bingbot/2.0; +http://www.bing.com/bingbot.htm)"
208.80.194.35 - - [02/Oct/2011:00:13:34 +0200] "GET / HTTP/1.0" 200 44 "-" "Mozilla/4.0 (compatible; MSIE 7.0; America Online Browser 1.1; Windows NT 5.1; (R1 1.5); .NET CLR 2.0.50727; InfoPath.1)"
123.125.71.40 - - [02/Oct/2011:05:14:04 +0200] "GET /robots.txt HTTP/1.1" 404 262 "-" "Baiduspider+(+http://www.baidu.com/search/spider.htm)"
77.20.40.169 - - [03/Oct/2011:01:48:05 +0200] "GET /robots.txt HTTP/1.1" 404 320 "-" "findlinks/2.0.2 (+http://wortschatz.uni-leipzig.de/findlinks/)"
67.195.115.242 - - [03/Oct/2011:02:54:41 +0200] "GET /robots.txt HTTP/1.0" 404 262 "-" "Mozilla/5.0 (compatible; Yahoo! Slurp; http://help.yahoo.com/help/us/ysearch/slurp)"
67.195.115.242 - - [03/Oct/2011:02:54:42 +0200] "GET /pioneros/ HTTP/1.0" 200 3990 "-" "Mozilla/5.0 (compatible; Yahoo! Slurp; http://help.yahoo.com/help/us/ysearch/slurp)"
67.195.115.242 - - [03/Oct/2011:03:19:02 +0200] "GET /pioneros/index.php?ruti=ruti16 HTTP/1.0" 200 2986 "-" "Mozilla/5.0 (compatible; Yahoo! Slurp; http://help.yahoo.com/help/us/ysearch/slurp)"
67.195.115.242 - - [03/Oct/2011:08:28:54 +0200] "GET /robots.txt HTTP/1.0" 404 262 "-" "Mozilla/5.0 (compatible; Yahoo! Slurp; http://help.yahoo.com/help/us/ysearch/slurp)"
67.195.115.242 - - [03/Oct/2011:08:28:55 +0200] "GET /pioneros/index.php?ruti=ruti4 HTTP/1.0" 200 3033 "-" "Mozilla/5.0 (compatible; Yahoo! Slurp; http://help.yahoo.com/help/us/ysearch/slurp)"
123.125.71.57 - - [03/Oct/2011:10:12:30 +0200] "GET /robots.txt HTTP/1.1" 404 262 "-" "Baiduspider+(+http://www.baidu.com/search/spider.htm)"
208.80.194.30 - - [03/Oct/2011:18:59:39 +0200] "GET / HTTP/1.0" 200 44 "-" "Mozilla/4.0 (compatible; MSIE 7.0; Windows NT 5.1; .NET CLR 1.0.3705; .NET CLR 1.1.4322; Media Center PC 4.0; .NET CLR 2.0.50727; ImageShack Toolbar 3.0.6)"
193.47.80.46 - - [03/Oct/2011:23:52:05 +0200] "GET /robots.txt HTTP/1.1" 404 262 "-" "Mozilla/5.0 (compatible; Exabot/3.0; +http://www.exabot.com/go/robot)"
193.47.80.46 - - [03/Oct/2011:23:52:05 +0200] "GET /pioneros/ HTTP/1.1" 200 3990 "-" "Mozilla/5.0 (compatible; Exabot/3.0; +http://www.exabot.com/go/robot)"
67.195.115.242 - - [04/Oct/2011:05:12:18 +0200] "GET /robots.txt HTTP/1.0" 404 262 "-" "Mozilla/5.0 (compatible; Yahoo! Slurp; http://help.yahoo.com/help/us/ysearch/slurp)"
67.195.115.242 - - [04/Oct/2011:05:12:18 +0200] "GET /pioneros/index.php?ruti=ruti15 HTTP/1.0" 200 5093 "-" "Mozilla/5.0 (compatible; Yahoo! Slurp; http://help.yahoo.com/help/us/ysearch/slurp)"
67.195.115.242 - - [04/Oct/2011:07:23:46 +0200] "GET /pioneros/index.php?ruti=ruti7 HTTP/1.0" 200 4506 "-" "Mozilla/5.0 (compatible; Yahoo! Slurp; http://help.yahoo.com/help/us/ysearch/slurp)"
95.108.151.244 - - [04/Oct/2011:20:33:23 +0200] "GET /robots.txt HTTP/1.1" 408 335 "-" "Mozilla/5.0 (compatible; YandexBot/3.0; +http://yandex.com/bots)"
95.108.151.244 - - [04/Oct/2011:20:33:23 +0200] "GET /robots.txt HTTP/1.1" 404 320 "-" "Mozilla/5.0 (compatible; YandexBot/3.0; +http://yandex.com/bots)"
95.108.151.244 - - [04/Oct/2011:20:33:24 +0200] "GET / HTTP/1.1" 408 263 "-" "Mozilla/5.0 (compatible; YandexBot/3.0; +http://yandex.com/bots)"
95.108.151.244 - - [04/Oct/2011:20:33:24 +0200] "GET / HTTP/1.1" 200 49 "-" "Mozilla/5.0 (compatible; YandexBot/3.0; +http://yandex.com/bots)"
95.108.151.244 - - [04/Oct/2011:20:33:25 +0200] "GET / HTTP/1.1" 408 263 "-" "Mozilla/5.0 (compatible; YandexBot/3.0; +http://yandex.com/bots)"
95.108.151.244 - - [04/Oct/2011:20:33:25 +0200] "GET / HTTP/1.1" 200 49 "-" "Mozilla/5.0 (compatible; YandexBot/3.0; +http://yandex.com/bots)"
123.125.71.45 - - [04/Oct/2011:22:49:55 +0200] "GET /robots.txt HTTP/1.1" 404 262 "-" "Baiduspider+(+http://www.baidu.com/search/spider.htm)"
67.195.115.242 - - [05/Oct/2011:01:12:35 +0200] "GET /robots.txt HTTP/1.0" 404 262 "-" "Mozilla/5.0 (compatible; Yahoo! Slurp; http://help.yahoo.com/help/us/ysearch/slurp)"
67.195.115.242 - - [05/Oct/2011:01:12:36 +0200] "GET /pioneros/index.php?ruti=ruti9 HTTP/1.0" 200 5161 "-" "Mozilla/5.0 (compatible; Yahoo! Slurp; http://help.yahoo.com/help/us/ysearch/slurp)"
208.80.194.29 - - [05/Oct/2011:02:59:16 +0200] "GET / HTTP/1.0" 200 44 "-" "Mozilla/4.0 (compatible; MSIE 6.0; Windows NT 5.1; SV1; SIMBAR={519BC635-072B-4221-92BE-A79971A35075}; .NET CLR 2.0.50727)"
67.195.115.242 - - [05/Oct/2011:13:53:54 +0200] "GET /robots.txt HTTP/1.0" 404 262 "-" "Mozilla/5.0 (compatible; Yahoo! Slurp; http://help.yahoo.com/help/us/ysearch/slurp)"
67.195.115.242 - - [05/Oct/2011:13:53:54 +0200] "GET /pioneros/index.php?ruti=ruti1 HTTP/1.0" 200 3990 "-" "Mozilla/5.0 (compatible; Yahoo! Slurp; http://help.yahoo.com/help/us/ysearch/slurp)"
220.181.108.85 - - [05/Oct/2011:16:15:09 +0200] "GET /pioneros HTTP/1.1" 301 270 "-" "Mozilla/5.0 (compatible; Baiduspider/2.0; +http://www.baidu.com/search/spider.html)"
220.181.108.81 - - [05/Oct/2011:16:15:09 +0200] "GET /pioneros/ HTTP/1.1" 200 3990 "-" "Mozilla/5.0 (compatible; Baiduspider/2.0; +http://www.baidu.com/search/spider.html)"
67.195.115.242 - - [05/Oct/2011:16:40:23 +0200] "GET /robots.txt HTTP/1.0" 404 262 "-" "Mozilla/5.0 (compatible; Yahoo! Slurp; http://help.yahoo.com/help/us/ysearch/slurp)"
67.195.115.242 - - [05/Oct/2011:16:40:23 +0200] "GET /pioneros/index.php?ruti=ruti11 HTTP/1.0" 200 4094 "-" "Mozilla/5.0 (compatible; Yahoo! Slurp; http://help.yahoo.com/help/us/ysearch/slurp)"
123.125.71.38 - - [05/Oct/2011:20:51:48 +0200] "GET /robots.txt HTTP/1.1" 404 262 "-" "Baiduspider+(+http://www.baidu.com/search/spider.htm)"
67.195.115.242 - - [06/Oct/2011:01:35:10 +0200] "GET /pioneros/index.php?ruti=ruti8 HTTP/1.0" 200 5091 "-" "Mozilla/5.0 (compatible; Yahoo! Slurp; http://help.yahoo.com/help/us/ysearch/slurp)"
207.46.204.240 - - [06/Oct/2011:07:16:44 +0200] "GET /robots.txt HTTP/1.1" 404 320 "-" "Mozilla/5.0 (compatible; bingbot/2.0; +http://www.bing.com/bingbot.htm)"
207.46.204.240 - - [06/Oct/2011:07:17:32 +0200] "GET /pioneros/index.php?ruti=ruti5 HTTP/1.1" 200 3780 "-" "Mozilla/5.0 (compatible; bingbot/2.0; +http://www.bing.com/bingbot.htm)"
123.125.71.56 - - [06/Oct/2011:08:38:33 +0200] "GET /robots.txt HTTP/1.1" 404 262 "-" "Baiduspider+(+http://www.baidu.com/search/spider.htm)"
208.80.194.26 - - [06/Oct/2011:10:48:32 +0200] "GET / HTTP/1.0" 200 44 "-" "Mozilla/4.0 (compatible; MSIE 7.0; Windows NT 5.1; YPC 3.2.0; Media Center PC 3.0; .NET CLR 1.0.3705; yplus 5.5.04b)"
67.195.115.242 - - [06/Oct/2011:17:17:46 +0200] "GET /robots.txt HTTP/1.0" 404 262 "-" "Mozilla/5.0 (compatible; Yahoo! Slurp; http://help.yahoo.com/help/us/ysearch/slurp)"
67.195.115.242 - - [06/Oct/2011:17:17:46 +0200] "GET /pioneros HTTP/1.0" 301 270 "-" "Mozilla/5.0 (compatible; Yahoo! Slurp; http://help.yahoo.com/help/us/ysearch/slurp)"
67.195.115.242 - - [06/Oct/2011:17:17:47 +0200] "GET /pioneros/ HTTP/1.0" 200 3990 "-" "Mozilla/5.0 (compatible; Yahoo! Slurp; http://help.yahoo.com/help/us/ysearch/slurp)"
213.186.122.2 - - [07/Oct/2011:06:15:00 +0200] "GET /robots.txt HTTP/1.1" 404 262 "-" "Mozilla/5.0 (compatible; AhrefsBot/1.0; +http://ahrefs.com/robot/)"
213.186.122.2 - - [07/Oct/2011:06:15:01 +0200] "GET /pioneros/ HTTP/1.1" 200 3990 "-" "Mozilla/5.0 (compatible; AhrefsBot/1.0; +http://ahrefs.com/robot/)"
213.186.122.2 - - [07/Oct/2011:06:15:02 +0200] "GET /pioneros/index.php?ruti=ruti10 HTTP/1.1" 200 3623 "-" "Mozilla/5.0 (compatible; AhrefsBot/1.0; +http://ahrefs.com/robot/)"
213.186.122.2 - - [07/Oct/2011:06:15:03 +0200] "GET /pioneros/index.php?ruti=ruti2 HTTP/1.1" 200 5065 "-" "Mozilla/5.0 (compatible; AhrefsBot/1.0; +http://ahrefs.com/robot/)"
67.195.115.242 - - [07/Oct/2011:09:26:27 +0200] "GET /robots.txt HTTP/1.0" 404 262 "-" "Mozilla/5.0 (compatible; Yahoo! Slurp; http://help.yahoo.com/help/us/ysearch/slurp)"
67.195.115.242 - - [07/Oct/2011:09:26:28 +0200] "GET /pioneros/index.php?ruti=ruti14 HTTP/1.0" 200 3112 "-" "Mozilla/5.0 (compatible; Yahoo! Slurp; http://help.yahoo.com/help/us/ysearch/slurp)"
67.195.115.242 - - [07/Oct/2011:11:29:09 +0200] "GET /pioneros/index.php?ruti=ruti12 HTTP/1.0" 200 5364 "-" "Mozilla/5.0 (compatible; Yahoo! Slurp; http://help.yahoo.com/help/us/ysearch/slurp)"
208.80.194.29 - - [07/Oct/2011:17:56:50 +0200] "GET / HTTP/1.0" 200 44 "-" "Mozilla/4.0 (compatible; MSIE 6.0; Windows NT 5.1; AT&T CSM 6)"
67.195.115.242 - - [07/Oct/2011:20:25:51 +0200] "GET /robots.txt HTTP/1.0" 404 262 "-" "Mozilla/5.0 (compatible; Yahoo! Slurp; http://help.yahoo.com/help/us/ysearch/slurp)"
67.195.115.242 - - [07/Oct/2011:20:25:52 +0200] "GET /pioneros/index.php?ruti=ruti2 HTTP/1.0" 200 5065 "-" "Mozilla/5.0 (compatible; Yahoo! Slurp; http://help.yahoo.com/help/us/ysearch/slurp)"
123.125.71.41 - - [07/Oct/2011:23:38:06 +0200] "GET /robots.txt HTTP/1.1" 404 262 "-" "Baiduspider+(+http://www.baidu.com/search/spider.htm)"
67.195.115.242 - - [08/Oct/2011:01:17:57 +0200] "GET /pioneros/index.php?ruti=ruti10 HTTP/1.0" 200 3623 "-" "Mozilla/5.0 (compatible; Yahoo! Slurp; http://help.yahoo.com/help/us/ysearch/slurp)"
67.195.115.242 - - [08/Oct/2011:11:50:11 +0200] "GET /robots.txt HTTP/1.0" 404 262 "-" "Mozilla/5.0 (compatible; Yahoo! Slurp; http://help.yahoo.com/help/us/ysearch/slurp)"
67.195.115.242 - - [08/Oct/2011:11:50:12 +0200] "GET /pioneros/index.php?ruti=ruti17 HTTP/1.0" 200 2635 "-" "Mozilla/5.0 (compatible; Yahoo! Slurp; http://help.yahoo.com/help/us/ysearch/slurp)"
67.195.115.242 - - [08/Oct/2011:15:05:58 +0200] "GET /pioneros/index.php?ruti=ruti18 HTTP/1.0" 200 3941 "-" "Mozilla/5.0 (compatible; Yahoo! Slurp; http://help.yahoo.com/help/us/ysearch/slurp)"
123.125.71.43 - - [08/Oct/2011:17:11:06 +0200] "GET /robots.txt HTTP/1.1" 404 262 "-" "Baiduspider+(+http://www.baidu.com/search/spider.htm)"
200.119.41.154 - - [08/Oct/2011:18:15:22 +0200] "GET /favicon.ico HTTP/1.1" 404 261 "-" "Mozilla/5.0 (Windows; U; Windows NT 6.0; es-ES; rv:1.9.2.23) Gecko/20110920 Firefox/3.6.23 GTB7.1 (.NET CLR 3.5.30729)"
208.80.194.26 - - [09/Oct/2011:02:05:11 +0200] "GET / HTTP/1.0" 200 44 "-" "Mozilla/4.0 (compatible; MSIE 7.0; Windows NT 5.1; .NET CLR 1.0.3705; .NET CLR 1.1.4322; Media Center PC 3.1; SpamBlockerUtility 4.8.4; yplus 5.1.02b)"
66.219.58.41 - - [09/Oct/2011:03:42:39 +0200] "GET /robots.txt HTTP/1.1" 404 262 "-" "MLBot (www.metadatalabs.com/mlbot)"
66.219.58.41 - - [09/Oct/2011:03:42:39 +0200] "GET /pioneros/index.php?ruti=ruti10 HTTP/1.1" 200 3623 "-" "MLBot (www.metadatalabs.com/mlbot)"
66.219.58.41 - - [09/Oct/2011:03:52:23 +0200] "GET /pioneros/index.php?ruti=ruti8 HTTP/1.1" 200 5091 "-" "MLBot (www.metadatalabs.com/mlbot)"
66.219.58.41 - - [09/Oct/2011:04:00:17 +0200] "GET /pioneros/index.php?ruti=ruti6 HTTP/1.1" 200 3085 "-" "MLBot (www.metadatalabs.com/mlbot)"
66.219.58.41 - - [09/Oct/2011:04:06:27 +0200] "GET /pioneros/index.php?ruti=ruti1 HTTP/1.1" 200 3990 "-" "MLBot (www.metadatalabs.com/mlbot)"
66.219.58.41 - - [09/Oct/2011:04:11:23 +0200] "GET /pioneros/index.php?ruti=ruti7 HTTP/1.1" 200 4506 "-" "MLBot (www.metadatalabs.com/mlbot)"
66.219.58.41 - - [09/Oct/2011:04:15:24 +0200] "GET /pioneros/index.php?ruti=ruti0 HTTP/1.1" 200 3004 "-" "MLBot (www.metadatalabs.com/mlbot)"
66.219.58.41 - - [09/Oct/2011:04:18:26 +0200] "GET /pioneros/index.php?ruti=ruti4 HTTP/1.1" 200 3033 "-" "MLBot (www.metadatalabs.com/mlbot)"
66.219.58.41 - - [09/Oct/2011:04:21:27 +0200] "GET /pioneros/index.php?ruti=ruti15 HTTP/1.1" 200 5093 "-" "MLBot (www.metadatalabs.com/mlbot)"
66.219.58.41 - - [09/Oct/2011:04:23:42 +0200] "GET /pioneros/index.php?ruti=ruti2 HTTP/1.1" 200 5065 "-" "MLBot (www.metadatalabs.com/mlbot)"
66.219.58.41 - - [09/Oct/2011:04:25:30 +0200] "GET /pioneros/index.php?ruti=ruti3 HTTP/1.1" 200 3858 "-" "MLBot (www.metadatalabs.com/mlbot)"
66.219.58.41 - - [09/Oct/2011:04:27:29 +0200] "GET /pioneros/index.php?ruti=ruti11 HTTP/1.1" 200 4094 "-" "MLBot (www.metadatalabs.com/mlbot)"
66.219.58.41 - - [09/Oct/2011:04:28:52 +0200] "GET /pioneros/index.php?ruti=ruti14 HTTP/1.1" 200 3112 "-" "MLBot (www.metadatalabs.com/mlbot)"
66.219.58.41 - - [09/Oct/2011:04:30:51 +0200] "GET /pioneros/index.php?ruti=ruti9 HTTP/1.1" 200 5161 "-" "MLBot (www.metadatalabs.com/mlbot)"
66.219.58.41 - - [09/Oct/2011:04:32:37 +0200] "GET /pioneros/index.php?ruti=ruti5 HTTP/1.1" 200 3780 "-" "MLBot (www.metadatalabs.com/mlbot)"
66.219.58.41 - - [09/Oct/2011:04:33:45 +0200] "GET /pioneros/index.php?ruti=ruti12 HTTP/1.1" 200 5364 "-" "MLBot (www.metadatalabs.com/mlbot)"
123.125.71.49 - - [09/Oct/2011:13:15:38 +0200] "GET /robots.txt HTTP/1.1" 404 262 "-" "Baiduspider+(+http://www.baidu.com/search/spider.htm)"
66.249.71.8 - - [09/Oct/2011:14:19:22 +0200] "GET /robots.txt HTTP/1.1" 404 262 "-" "Mozilla/5.0 (compatible; Googlebot/2.1; +http://www.google.com/bot.html)"
66.249.71.8 - - [09/Oct/2011:14:19:23 +0200] "GET /pioneros/ HTTP/1.1" 200 3990 "-" "Mozilla/5.0 (compatible; Googlebot/2.1; +http://www.google.com/bot.html)"
77.20.40.173 - - [10/Oct/2011:00:56:43 +0200] "GET /pioneros HTTP/1.1" 301 357 "-" "findlinks/2.0.2 (+http://wortschatz.uni-leipzig.de/findlinks/)"
77.20.40.173 - - [10/Oct/2011:00:56:43 +0200] "GET /pioneros/ HTTP/1.1" 200 22907 "-" "findlinks/2.0.2 (+http://wortschatz.uni-leipzig.de/findlinks/)"
67.195.115.242 - - [10/Oct/2011:02:55:35 +0200] "GET /robots.txt HTTP/1.0" 404 262 "-" "Mozilla/5.0 (compatible; Yahoo! Slurp; http://help.yahoo.com/help/us/ysearch/slurp)"
67.195.115.242 - - [10/Oct/2011:02:55:36 +0200] "GET /pioneros/ HTTP/1.0" 200 3990 "-" "Mozilla/5.0 (compatible; Yahoo! Slurp; http://help.yahoo.com/help/us/ysearch/slurp)"
67.195.115.242 - - [10/Oct/2011:03:19:40 +0200] "GET /pioneros/index.php?ruti=ruti16 HTTP/1.0" 200 2986 "-" "Mozilla/5.0 (compatible; Yahoo! Slurp; http://help.yahoo.com/help/us/ysearch/slurp)"
123.125.71.13 - - [10/Oct/2011:04:21:28 +0200] "GET /robots.txt HTTP/1.1" 404 262 "-" "Baiduspider+(+http://www.baidu.com/search/spider.htm)"
207.46.204.240 - - [10/Oct/2011:06:37:57 +0200] "GET /robots.txt HTTP/1.1" 404 320 "-" "Mozilla/5.0 (compatible; bingbot/2.0; +http://www.bing.com/bingbot.htm)"
207.46.204.240 - - [10/Oct/2011:06:38:42 +0200] "GET /pioneros/index.php?ruti=ruti15 HTTP/1.1" 200 5093 "-" "Mozilla/5.0 (compatible; bingbot/2.0; +http://www.bing.com/bingbot.htm)"
207.46.204.240 - - [10/Oct/2011:06:38:42 +0200] "GET /pioneros/index.php?ruti=ruti0 HTTP/1.1" 200 3004 "-" "Mozilla/5.0 (compatible; bingbot/2.0; +http://www.bing.com/bingbot.htm)"
67.195.115.242 - - [10/Oct/2011:08:30:26 +0200] "GET /robots.txt HTTP/1.0" 404 262 "-" "Mozilla/5.0 (compatible; Yahoo! Slurp; http://help.yahoo.com/help/us/ysearch/slurp)"
67.195.115.242 - - [10/Oct/2011:08:30:26 +0200] "GET /pioneros/index.php?ruti=ruti4 HTTP/1.0" 200 3033 "-" "Mozilla/5.0 (compatible; Yahoo! Slurp; http://help.yahoo.com/help/us/ysearch/slurp)"
208.80.194.26 - - [10/Oct/2011:09:13:30 +0200] "GET / HTTP/1.0" 200 44 "-" "Mozilla/4.0 (compatible; MSIE 6.0; Windows NT 5.1; SV1; YPC 3.0.0; FunWebProducts)"
95.108.158.239 - - [11/Oct/2011:02:31:31 +0200] "GET /robots.txt HTTP/1.1" 404 320 "-" "Mozilla/5.0 (compatible; YandexImages/3.0; +http://yandex.com/bots)"
95.108.158.239 - - [11/Oct/2011:03:10:47 +0200] "GET /imagenes/maquetacion/imagen_cabecera-3.jpg HTTP/1.1" 304 - "-" "Mozilla/5.0 (compatible; YandexImages/3.0; +http://yandex.com/bots)"
67.195.115.242 - - [11/Oct/2011:05:14:00 +0200] "GET /robots.txt HTTP/1.0" 404 262 "-" "Mozilla/5.0 (compatible; Yahoo! Slurp; http://help.yahoo.com/help/us/ysearch/slurp)"
67.195.115.242 - - [11/Oct/2011:05:14:01 +0200] "GET /pioneros/index.php?ruti=ruti15 HTTP/1.0" 200 5093 "-" "Mozilla/5.0 (compatible; Yahoo! Slurp; http://help.yahoo.com/help/us/ysearch/slurp)"
67.195.115.242 - - [11/Oct/2011:06:23:25 +0200] "GET / HTTP/1.0" 200 49 "-" "Mozilla/5.0 (compatible; Yahoo! Slurp; http://help.yahoo.com/help/us/ysearch/slurp)"
67.195.115.242 - - [11/Oct/2011:07:34:02 +0200] "GET /pioneros/index.php?ruti=ruti7 HTTP/1.0" 200 4506 "-" "Mozilla/5.0 (compatible; Yahoo! Slurp; http://help.yahoo.com/help/us/ysearch/slurp)"
67.195.115.242 - - [11/Oct/2011:07:36:38 +0200] "GET /pioneros/index.php?ruti=ruti3 HTTP/1.0" 200 3858 "-" "Mozilla/5.0 (compatible; Yahoo! Slurp; http://help.yahoo.com/help/us/ysearch/slurp)"
65.52.110.34 - - [11/Oct/2011:12:04:43 +0200] "GET /robots.txt HTTP/1.1" 404 320 "-" "Mozilla/5.0 (compatible; bingbot/2.0; +http://www.bing.com/bingbot.htm)"
65.52.110.34 - - [11/Oct/2011:12:05:40 +0200] "GET /pioneros/index.php?ruti=ruti3 HTTP/1.1" 200 3858 "-" "Mozilla/5.0 (compatible; bingbot/2.0; +http://www.bing.com/bingbot.htm)"
78.46.39.12 - - [11/Oct/2011:13:16:35 +0200] "GET /robots.txt HTTP/1.1" 404 320 "-" "Mozilla/5.0 (compatible; NerdByNature.Bot; http://www.nerdbynature.net/bot)"
78.46.39.12 - - [11/Oct/2011:13:16:35 +0200] "GET / HTTP/1.1" 200 44 "-" "Mozilla/5.0 (compatible; NerdByNature.Bot; http://www.nerdbynature.net/bot)"
65.52.110.34 - - [11/Oct/2011:14:05:22 +0200] "GET /robots.txt HTTP/1.1" 404 320 "-" "Mozilla/5.0 (compatible; bingbot/2.0; +http://www.bing.com/bingbot.htm)"
65.52.110.34 - - [11/Oct/2011:14:06:02 +0200] "GET /pioneros/index.php?ruti=ruti16 HTTP/1.1" 200 2986 "-" "Mozilla/5.0 (compatible; bingbot/2.0; +http://www.bing.com/bingbot.htm)"
208.80.194.33 - - [11/Oct/2011:16:42:17 +0200] "GET / HTTP/1.0" 200 44 "-" "Mozilla/4.0 (compatible; MSIE 7.0; Windows NT 5.1; ezn73ie5-1; .NET CLR 1.1.4322)"
67.195.115.242 - - [12/Oct/2011:02:57:18 +0200] "GET /robots.txt HTTP/1.0" 404 262 "-" "Mozilla/5.0 (compatible; Yahoo! Slurp; http://help.yahoo.com/help/us/ysearch/slurp)"
67.195.115.242 - - [12/Oct/2011:02:57:18 +0200] "GET /pioneros/index.php?ruti=ruti5 HTTP/1.0" 200 3780 "-" "Mozilla/5.0 (compatible; Yahoo! Slurp; http://help.yahoo.com/help/us/ysearch/slurp)"
67.195.115.242 - - [12/Oct/2011:04:57:23 +0200] "GET /pioneros/index.php?ruti=ruti9 HTTP/1.0" 200 5161 "-" "Mozilla/5.0 (compatible; Yahoo! Slurp; http://help.yahoo.com/help/us/ysearch/slurp)"
65.52.110.34 - - [12/Oct/2011:05:30:24 +0200] "GET /robots.txt HTTP/1.1" 404 320 "-" "Mozilla/5.0 (compatible; bingbot/2.0; +http://www.bing.com/bingbot.htm)"
65.52.110.34 - - [12/Oct/2011:05:31:02 +0200] "GET /pioneros/ HTTP/1.1" 200 3990 "-" "Mozilla/5.0 (compatible; bingbot/2.0; +http://www.bing.com/bingbot.htm)"
67.195.115.242 - - [12/Oct/2011:13:56:09 +0200] "GET /robots.txt HTTP/1.0" 404 262 "-" "Mozilla/5.0 (compatible; Yahoo! Slurp; http://help.yahoo.com/help/us/ysearch/slurp)"
67.195.115.242 - - [12/Oct/2011:13:56:09 +0200] "GET /pioneros/index.php?ruti=ruti1 HTTP/1.0" 200 3990 "-" "Mozilla/5.0 (compatible; Yahoo! Slurp; http://help.yahoo.com/help/us/ysearch/slurp)"
67.195.115.242 - - [12/Oct/2011:16:43:38 +0200] "GET /pioneros/index.php?ruti=ruti11 HTTP/1.0" 200 4094 "-" "Mozilla/5.0 (compatible; Yahoo! Slurp; http://help.yahoo.com/help/us/ysearch/slurp)"
65.52.110.34 - - [12/Oct/2011:20:18:16 +0200] "GET /robots.txt HTTP/1.1" 404 320 "-" "Mozilla/5.0 (compatible; bingbot/2.0; +http://www.bing.com/bingbot.htm)"
65.52.110.34 - - [12/Oct/2011:20:19:03 +0200] "GET / HTTP/1.1" 200 49 "-" "Mozilla/5.0 (compatible; bingbot/2.0; +http://www.bing.com/bingbot.htm)"
65.52.110.34 - - [12/Oct/2011:23:21:00 +0200] "GET /robots.txt HTTP/1.1" 404 320 "-" "Mozilla/5.0 (compatible; bingbot/2.0; +http://www.bing.com/bingbot.htm)"
65.52.110.34 - - [12/Oct/2011:23:21:33 +0200] "GET /pioneros/index.php?ruti=ruti9 HTTP/1.1" 200 5161 "-" "Mozilla/5.0 (compatible; bingbot/2.0; +http://www.bing.com/bingbot.htm)"
208.80.194.26 - - [13/Oct/2011:00:03:10 +0200] "GET / HTTP/1.0" 200 44 "-" "Mozilla/4.0 (compatible; MSIE 6.0; Windows NT 5.1; F; FunWebProducts; SV1; .NET CLR 1.0.3705; yplus 5.6.04b)"
95.108.158.239 - - [13/Oct/2011:01:00:11 +0200] "GET /robots.txt HTTP/1.1" 404 320 "-" "Mozilla/5.0 (compatible; YandexImages/3.0; +http://yandex.com/bots)"
67.195.115.242 - - [13/Oct/2011:01:36:29 +0200] "GET /robots.txt HTTP/1.0" 404 262 "-" "Mozilla/5.0 (compatible; Yahoo! Slurp; http://help.yahoo.com/help/us/ysearch/slurp)"
67.195.115.242 - - [13/Oct/2011:01:36:29 +0200] "GET /pioneros/index.php?ruti=ruti8 HTTP/1.0" 200 5091 "-" "Mozilla/5.0 (compatible; Yahoo! Slurp; http://help.yahoo.com/help/us/ysearch/slurp)"
95.108.158.239 - - [13/Oct/2011:02:16:54 +0200] "GET /imagenes/iconos/marca_cruz_roja-rally_a_mali-8x8.png HTTP/1.1" 304 - "-" "Mozilla/5.0 (compatible; YandexImages/3.0; +http://yandex.com/bots)"
220.181.94.224 - - [13/Oct/2011:10:34:14 +0200] "GET /robots.txt HTTP/1.1" 404 320 "-" "-"
220.181.94.224 - - [13/Oct/2011:10:44:56 +0200] "GET /pioneros/index-sepulveda.php HTTP/1.1" 200 12750 "-" "Sogou web spider/4.0(+http://www.sogou.com/docs/help/webmasters.htm#07)"
220.181.94.224 - - [13/Oct/2011:10:59:53 +0200] "GET /pioneros/imagen_mapa-sepulveda.php HTTP/1.1" 200 311 "-" "Sogou web spider/4.0(+http://www.sogou.com/docs/help/webmasters.htm#07)"
66.249.72.145 - - [13/Oct/2011:13:21:01 +0200] "GET /robots.txt HTTP/1.1" 404 262 "-" "Mozilla/5.0 (compatible; Googlebot/2.1; +http://www.google.com/bot.html)"
66.249.72.145 - - [13/Oct/2011:13:21:01 +0200] "GET /pioneros/index.php?ruti=ruti8 HTTP/1.1" 200 5091 "-" "Mozilla/5.0 (compatible; Googlebot/2.1; +http://www.google.com/bot.html)"
220.181.108.81 - - [13/Oct/2011:14:58:16 +0200] "GET /pioneros HTTP/1.1" 301 270 "-" "Mozilla/5.0 (compatible; Baiduspider/2.0; +http://www.baidu.com/search/spider.html)"
220.181.108.83 - - [13/Oct/2011:14:58:17 +0200] "GET /pioneros/ HTTP/1.1" 200 3990 "-" "Mozilla/5.0 (compatible; Baiduspider/2.0; +http://www.baidu.com/search/spider.html)"
123.125.71.59 - - [13/Oct/2011:19:41:21 +0200] "GET /robots.txt HTTP/1.1" 404 262 "-" "Baiduspider+(+http://www.baidu.com/search/spider.htm)"
65.52.110.34 - - [13/Oct/2011:23:15:05 +0200] "GET /robots.txt HTTP/1.1" 404 320 "-" "Mozilla/5.0 (compatible; bingbot/2.0; +http://www.bing.com/bingbot.htm)"
65.52.110.34 - - [13/Oct/2011:23:16:01 +0200] "GET /pioneros/index.php?ruti=ruti11 HTTP/1.1" 200 4094 "-" "Mozilla/5.0 (compatible; bingbot/2.0; +http://www.bing.com/bingbot.htm)"
95.108.158.239 - - [13/Oct/2011:23:52:16 +0200] "GET /robots.txt HTTP/1.1" 404 320 "-" "Mozilla/5.0 (compatible; YandexImages/3.0; +http://yandex.com/bots)"
95.108.158.239 - - [14/Oct/2011:01:49:29 +0200] "GET /imagenes/iconos/marca_cruz_roja-rally_a_mali-8x8.png HTTP/1.1" 304 - "-" "Mozilla/5.0 (compatible; YandexImages/3.0; +http://yandex.com/bots)"
193.47.80.46 - - [14/Oct/2011:05:09:55 +0200] "GET /robots.txt HTTP/1.1" 404 262 "-" "Mozilla/5.0 (compatible; Exabot/3.0; +http://www.exabot.com/go/robot)"
193.47.80.46 - - [14/Oct/2011:05:09:55 +0200] "GET /pioneros/index.php?ruti=ruti2 HTTP/1.1" 200 5065 "-" "Mozilla/5.0 (compatible; Exabot/3.0; +http://www.exabot.com/go/robot)"
193.47.80.46 - - [14/Oct/2011:05:09:57 +0200] "GET /pioneros/index.php?ruti=ruti6 HTTP/1.1" 200 3085 "-" "Mozilla/5.0 (compatible; Exabot/3.0; +http://www.exabot.com/go/robot)"
193.47.80.46 - - [14/Oct/2011:05:10:00 +0200] "GET /pioneros/index.php?ruti=ruti7 HTTP/1.1" 200 4506 "-" "Mozilla/5.0 (compatible; Exabot/3.0; +http://www.exabot.com/go/robot)"
193.47.80.46 - - [14/Oct/2011:05:10:03 +0200] "GET /pioneros/index.php?ruti=ruti3 HTTP/1.1" 200 3858 "-" "Mozilla/5.0 (compatible; Exabot/3.0; +http://www.exabot.com/go/robot)"
193.47.80.46 - - [14/Oct/2011:05:10:05 +0200] "GET /pioneros/index.php?ruti=ruti8 HTTP/1.1" 200 5091 "-" "Mozilla/5.0 (compatible; Exabot/3.0; +http://www.exabot.com/go/robot)"
193.47.80.46 - - [14/Oct/2011:05:10:08 +0200] "GET /pioneros/index.php?ruti=ruti18 HTTP/1.1" 200 3941 "-" "Mozilla/5.0 (compatible; Exabot/3.0; +http://www.exabot.com/go/robot)"
193.47.80.46 - - [14/Oct/2011:05:10:10 +0200] "GET /pioneros/index.php?ruti=ruti5 HTTP/1.1" 200 3780 "-" "Mozilla/5.0 (compatible; Exabot/3.0; +http://www.exabot.com/go/robot)"
193.47.80.46 - - [14/Oct/2011:05:10:13 +0200] "GET /pioneros/index.php?ruti=ruti4 HTTP/1.1" 200 3033 "-" "Mozilla/5.0 (compatible; Exabot/3.0; +http://www.exabot.com/go/robot)"
193.47.80.46 - - [14/Oct/2011:05:10:16 +0200] "GET /pioneros/index.php?ruti=ruti11 HTTP/1.1" 200 4094 "-" "Mozilla/5.0 (compatible; Exabot/3.0; +http://www.exabot.com/go/robot)"
193.47.80.46 - - [14/Oct/2011:05:10:18 +0200] "GET /pioneros/index.php?ruti=ruti16 HTTP/1.1" 200 2986 "-" "Mozilla/5.0 (compatible; Exabot/3.0; +http://www.exabot.com/go/robot)"
67.195.115.242 - - [14/Oct/2011:06:06:49 +0200] "GET /robots.txt HTTP/1.0" 404 262 "-" "Mozilla/5.0 (compatible; Yahoo! Slurp; http://help.yahoo.com/help/us/ysearch/slurp)"
67.195.115.242 - - [14/Oct/2011:06:06:50 +0200] "GET /pioneros HTTP/1.0" 301 270 "-" "Mozilla/5.0 (compatible; Yahoo! Slurp; http://help.yahoo.com/help/us/ysearch/slurp)"
67.195.115.242 - - [14/Oct/2011:06:06:50 +0200] "GET /pioneros/ HTTP/1.0" 200 3990 "-" "Mozilla/5.0 (compatible; Yahoo! Slurp; http://help.yahoo.com/help/us/ysearch/slurp)"
208.80.194.26 - - [14/Oct/2011:07:35:00 +0200] "GET / HTTP/1.0" 200 44 "-" "Mozilla/4.0 (compatible; MSIE 6.0; Windows NT 5.1; istb 702; SV1; FunWebProducts; .NET CLR 1.1.4322)"
67.195.115.242 - - [14/Oct/2011:09:28:19 +0200] "GET /pioneros/index.php?ruti=ruti14 HTTP/1.0" 200 3112 "-" "Mozilla/5.0 (compatible; Yahoo! Slurp; http://help.yahoo.com/help/us/ysearch/slurp)"
67.195.115.242 - - [14/Oct/2011:11:14:45 +0200] "GET /pioneros/index.php?ruti=ruti6 HTTP/1.0" 200 3085 "-" "Mozilla/5.0 (compatible; Yahoo! Slurp; http://help.yahoo.com/help/us/ysearch/slurp)"
67.195.115.242 - - [14/Oct/2011:17:16:13 +0200] "GET /robots.txt HTTP/1.0" 404 262 "-" "Mozilla/5.0 (compatible; Yahoo! Slurp; http://help.yahoo.com/help/us/ysearch/slurp)"
67.195.115.242 - - [14/Oct/2011:17:16:13 +0200] "GET /pioneros/index.php?ruti=ruti12 HTTP/1.0" 200 5364 "-" "Mozilla/5.0 (compatible; Yahoo! Slurp; http://help.yahoo.com/help/us/ysearch/slurp)"
123.125.71.25 - - [14/Oct/2011:19:00:47 +0200] "GET /robots.txt HTTP/1.1" 404 262 "-" "Baiduspider+(+http://www.baidu.com/search/spider.htm)"
67.195.115.242 - - [14/Oct/2011:20:27:24 +0200] "GET /pioneros/index.php?ruti=ruti2 HTTP/1.0" 200 5065 "-" "Mozilla/5.0 (compatible; Yahoo! Slurp; http://help.yahoo.com/help/us/ysearch/slurp)"
119.63.196.21 - - [15/Oct/2011:00:19:09 +0200] "GET /robots.txt HTTP/1.1" 404 262 "-" "Baiduspider+(+http://www.baidu.com/search/spider.htm)"
95.108.158.239 - - [15/Oct/2011:05:25:17 +0200] "GET /robots.txt HTTP/1.1" 404 320 "-" "Mozilla/5.0 (compatible; YandexImages/3.0; +http://yandex.com/bots)"
213.186.122.2 - - [15/Oct/2011:08:02:39 +0200] "GET /robots.txt HTTP/1.1" 404 262 "-" "Mozilla/5.0 (compatible; AhrefsBot/1.0; +http://ahrefs.com/robot/)"
213.186.122.2 - - [15/Oct/2011:08:02:40 +0200] "GET /pioneros/ HTTP/1.1" 200 3990 "-" "Mozilla/5.0 (compatible; AhrefsBot/1.0; +http://ahrefs.com/robot/)"
213.186.122.2 - - [15/Oct/2011:08:02:41 +0200] "GET /pioneros/index.php?ruti=ruti1 HTTP/1.1" 200 3990 "-" "Mozilla/5.0 (compatible; AhrefsBot/1.0; +http://ahrefs.com/robot/)"
213.186.122.2 - - [15/Oct/2011:08:02:42 +0200] "GET /pioneros/index.php?ruti=ruti10 HTTP/1.1" 200 3623 "-" "Mozilla/5.0 (compatible; AhrefsBot/1.0; +http://ahrefs.com/robot/)"
213.186.122.2 - - [15/Oct/2011:08:02:43 +0200] "GET /pioneros/index.php?ruti=ruti11 HTTP/1.1" 200 4094 "-" "Mozilla/5.0 (compatible; AhrefsBot/1.0; +http://ahrefs.com/robot/)"
213.186.122.2 - - [15/Oct/2011:08:02:44 +0200] "GET /pioneros/index.php?ruti=ruti12 HTTP/1.1" 200 5364 "-" "Mozilla/5.0 (compatible; AhrefsBot/1.0; +http://ahrefs.com/robot/)"
213.186.122.2 - - [15/Oct/2011:08:02:46 +0200] "GET /pioneros/index.php?ruti=ruti14 HTTP/1.1" 200 3112 "-" "Mozilla/5.0 (compatible; AhrefsBot/1.0; +http://ahrefs.com/robot/)"
213.186.122.2 - - [15/Oct/2011:08:02:47 +0200] "GET /pioneros/index.php?ruti=ruti15 HTTP/1.1" 200 5093 "-" "Mozilla/5.0 (compatible; AhrefsBot/1.0; +http://ahrefs.com/robot/)"
213.186.122.2 - - [15/Oct/2011:08:02:48 +0200] "GET /pioneros/index.php?ruti=ruti16 HTTP/1.1" 200 2986 "-" "Mozilla/5.0 (compatible; AhrefsBot/1.0; +http://ahrefs.com/robot/)"
213.186.122.2 - - [15/Oct/2011:08:02:49 +0200] "GET /pioneros/index.php?ruti=ruti17 HTTP/1.1" 200 2635 "-" "Mozilla/5.0 (compatible; AhrefsBot/1.0; +http://ahrefs.com/robot/)"
213.186.122.2 - - [15/Oct/2011:08:02:50 +0200] "GET /pioneros/index.php?ruti=ruti18 HTTP/1.1" 200 3941 "-" "Mozilla/5.0 (compatible; AhrefsBot/1.0; +http://ahrefs.com/robot/)"
213.186.122.2 - - [15/Oct/2011:08:02:51 +0200] "GET /pioneros/index.php?ruti=ruti2 HTTP/1.1" 200 5065 "-" "Mozilla/5.0 (compatible; AhrefsBot/1.0; +http://ahrefs.com/robot/)"
213.186.122.2 - - [15/Oct/2011:08:02:52 +0200] "GET /pioneros/index.php?ruti=ruti3 HTTP/1.1" 200 3858 "-" "Mozilla/5.0 (compatible; AhrefsBot/1.0; +http://ahrefs.com/robot/)"
213.186.122.2 - - [15/Oct/2011:08:02:53 +0200] "GET /pioneros/index.php?ruti=ruti4 HTTP/1.1" 200 3033 "-" "Mozilla/5.0 (compatible; AhrefsBot/1.0; +http://ahrefs.com/robot/)"
213.186.122.2 - - [15/Oct/2011:08:02:54 +0200] "GET /pioneros/index.php?ruti=ruti5 HTTP/1.1" 200 3780 "-" "Mozilla/5.0 (compatible; AhrefsBot/1.0; +http://ahrefs.com/robot/)"
213.186.122.2 - - [15/Oct/2011:08:02:55 +0200] "GET /pioneros/index.php?ruti=ruti6 HTTP/1.1" 200 3085 "-" "Mozilla/5.0 (compatible; AhrefsBot/1.0; +http://ahrefs.com/robot/)"
213.186.122.2 - - [15/Oct/2011:08:02:56 +0200] "GET /pioneros/index.php?ruti=ruti7 HTTP/1.1" 200 4506 "-" "Mozilla/5.0 (compatible; AhrefsBot/1.0; +http://ahrefs.com/robot/)"
213.186.122.2 - - [15/Oct/2011:08:03:00 +0200] "GET /pioneros/index.php?ruti=ruti8 HTTP/1.1" 200 5091 "-" "Mozilla/5.0 (compatible; AhrefsBot/1.0; +http://ahrefs.com/robot/)"
213.186.122.2 - - [15/Oct/2011:08:03:01 +0200] "GET /pioneros/index.php?ruti=ruti9 HTTP/1.1" 200 5161 "-" "Mozilla/5.0 (compatible; AhrefsBot/1.0; +http://ahrefs.com/robot/)"
123.125.71.42 - - [15/Oct/2011:09:27:23 +0200] "GET /robots.txt HTTP/1.1" 404 262 "-" "Baiduspider+(+http://www.baidu.com/search/spider.htm)"
95.108.158.239 - - [15/Oct/2011:10:11:10 +0200] "GET /imagenes/iconos/marca_cruz_roja-rally_a_mali-8x8.png HTTP/1.1" 304 - "-" "Mozilla/5.0 (compatible; YandexImages/3.0; +http://yandex.com/bots)"
207.46.204.241 - - [15/Oct/2011:11:24:01 +0200] "GET /robots.txt HTTP/1.1" 404 320 "-" "Mozilla/5.0 (compatible; bingbot/2.0; +http://www.bing.com/bingbot.htm)"
207.46.204.241 - - [15/Oct/2011:11:25:02 +0200] "GET /pioneros/index.php?ruti=ruti6 HTTP/1.1" 200 3085 "-" "Mozilla/5.0 (compatible; bingbot/2.0; +http://www.bing.com/bingbot.htm)"
67.195.115.242 - - [15/Oct/2011:13:21:33 +0200] "GET /robots.txt HTTP/1.0" 404 262 "-" "Mozilla/5.0 (compatible; Yahoo! Slurp; http://help.yahoo.com/help/us/ysearch/slurp)"
67.195.115.242 - - [15/Oct/2011:13:21:33 +0200] "GET /pioneros/index.php?ruti=ruti17 HTTP/1.0" 200 2635 "-" "Mozilla/5.0 (compatible; Yahoo! Slurp; http://help.yahoo.com/help/us/ysearch/slurp)"
67.195.115.242 - - [15/Oct/2011:15:06:46 +0200] "GET /pioneros/index.php?ruti=ruti18 HTTP/1.0" 200 3941 "-" "Mozilla/5.0 (compatible; Yahoo! Slurp; http://help.yahoo.com/help/us/ysearch/slurp)"
208.80.194.29 - - [15/Oct/2011:16:00:05 +0200] "GET / HTTP/1.0" 200 44 "-" "Mozilla/4.0 (compatible; MSIE 7.0; Windows NT 5.1; SIMBAR={213466ED-A9BE-4fd7-8230-02E867AB43D4}; .NET CLR 1.1.4322; .NET CLR 2.0.50727; InfoPath.1)"
