88.191.84.127 - - [04/Aug/2011:13:30:33 +0200] "GET //db/scripts/setup.php HTTP/1.1" 404 267 "-" "-"
88.191.84.127 - - [04/Aug/2011:13:30:33 +0200] "GET //dbadmin/scripts/setup.php HTTP/1.1" 404 272 "-" "-"
88.191.84.127 - - [04/Aug/2011:13:30:33 +0200] "GET //myadmin/scripts/setup.php HTTP/1.1" 404 272 "-" "-"
88.191.84.127 - - [04/Aug/2011:13:30:34 +0200] "GET //mysql/scripts/setup.php HTTP/1.1" 404 271 "-" "-"
88.191.84.127 - - [04/Aug/2011:13:30:34 +0200] "GET //mysqladmin/scripts/setup.php HTTP/1.1" 404 274 "-" "-"
88.191.84.127 - - [04/Aug/2011:13:30:34 +0200] "GET //typo3/phpmyadmin/scripts/setup.php HTTP/1.1" 404 277 "-" "-"
88.191.84.127 - - [04/Aug/2011:13:30:35 +0200] "GET //phpadmin/scripts/setup.php HTTP/1.1" 404 272 "-" "-"
88.191.84.127 - - [04/Aug/2011:13:30:35 +0200] "GET //phpMyAdmin/scripts/setup.php HTTP/1.1" 404 273 "-" "-"
88.191.84.127 - - [04/Aug/2011:13:30:35 +0200] "GET //phpmyadmin/scripts/setup.php HTTP/1.1" 401 364 "-" "-"
88.191.84.127 - - [04/Aug/2011:13:30:36 +0200] "GET //phpmyadmin1/scripts/setup.php HTTP/1.1" 404 274 "-" "-"
88.191.84.127 - - [04/Aug/2011:13:30:36 +0200] "GET //phpmyadmin2/scripts/setup.php HTTP/1.1" 404 274 "-" "-"
88.191.84.127 - - [04/Aug/2011:13:30:36 +0200] "GET //pma/scripts/setup.php HTTP/1.1" 404 269 "-" "-"
88.191.84.127 - - [04/Aug/2011:13:30:37 +0200] "GET //web/phpMyAdmin/scripts/setup.php HTTP/1.1" 404 276 "-" "-"
88.191.84.127 - - [04/Aug/2011:13:30:37 +0200] "GET //xampp/phpmyadmin/scripts/setup.php HTTP/1.1" 404 278 "-" "-"
88.191.84.127 - - [04/Aug/2011:13:30:37 +0200] "GET //web/scripts/setup.php HTTP/1.1" 404 269 "-" "-"
88.191.84.127 - - [04/Aug/2011:13:30:38 +0200] "GET //php-my-admin/scripts/setup.php HTTP/1.1" 404 275 "-" "-"
88.191.84.127 - - [04/Aug/2011:13:30:38 +0200] "GET //websql/scripts/setup.php HTTP/1.1" 404 271 "-" "-"
88.191.84.127 - - [04/Aug/2011:13:30:38 +0200] "GET //phpmyadmin/scripts/setup.php HTTP/1.1" 401 364 "-" "-"
88.191.84.127 - - [04/Aug/2011:13:30:39 +0200] "GET //phpMyAdmin/scripts/setup.php HTTP/1.1" 404 273 "-" "-"
88.191.84.127 - - [04/Aug/2011:13:30:39 +0200] "GET //phpMyAdmin-2/scripts/setup.php HTTP/1.1" 404 275 "-" "-"
88.191.84.127 - - [04/Aug/2011:13:30:39 +0200] "GET //php-my-admin/scripts/setup.php HTTP/1.1" 404 275 "-" "-"
88.191.84.127 - - [04/Aug/2011:13:30:40 +0200] "GET //phpMyAdmin-2.2.3/scripts/setup.php HTTP/1.1" 404 276 "-" "-"
88.191.84.127 - - [04/Aug/2011:13:30:40 +0200] "GET //phpMyAdmin-2.2.6/scripts/setup.php HTTP/1.1" 404 277 "-" "-"
88.191.84.127 - - [04/Aug/2011:13:30:40 +0200] "GET //phpMyAdmin-2.5.1/scripts/setup.php HTTP/1.1" 404 278 "-" "-"
88.191.84.127 - - [04/Aug/2011:13:30:41 +0200] "GET //phpMyAdmin-2.5.4/scripts/setup.php HTTP/1.1" 404 278 "-" "-"
88.191.84.127 - - [04/Aug/2011:13:30:41 +0200] "GET //phpMyAdmin-2.5.5-rc1/scripts/setup.php HTTP/1.1" 404 281 "-" "-"
88.191.84.127 - - [04/Aug/2011:13:30:41 +0200] "GET //phpMyAdmin-2.5.5-rc2/scripts/setup.php HTTP/1.1" 404 281 "-" "-"
88.191.84.127 - - [04/Aug/2011:13:30:42 +0200] "GET //phpMyAdmin-2.5.5/scripts/setup.php HTTP/1.1" 404 278 "-" "-"
88.191.84.127 - - [04/Aug/2011:13:30:42 +0200] "GET //phpMyAdmin-2.5.5-pl1/scripts/setup.php HTTP/1.1" 404 281 "-" "-"
88.191.84.127 - - [04/Aug/2011:13:30:42 +0200] "GET //phpMyAdmin-2.5.6-rc1/scripts/setup.php HTTP/1.1" 404 281 "-" "-"
88.191.84.127 - - [04/Aug/2011:13:30:43 +0200] "GET //phpMyAdmin-2.5.6-rc2/scripts/setup.php HTTP/1.1" 404 281 "-" "-"
88.191.84.127 - - [04/Aug/2011:13:30:43 +0200] "GET //phpMyAdmin-2.5.6/scripts/setup.php HTTP/1.1" 404 278 "-" "-"
88.191.84.127 - - [04/Aug/2011:13:30:43 +0200] "GET //phpMyAdmin-2.5.7/scripts/setup.php HTTP/1.1" 404 278 "-" "-"
88.191.84.127 - - [04/Aug/2011:13:30:44 +0200] "GET //phpMyAdmin-2.5.7-pl1/scripts/setup.php HTTP/1.1" 404 281 "-" "-"
88.191.84.127 - - [04/Aug/2011:13:30:44 +0200] "GET //phpMyAdmin-2.6.0-alpha/scripts/setup.php HTTP/1.1" 404 282 "-" "-"
88.191.84.127 - - [04/Aug/2011:13:30:44 +0200] "GET //phpMyAdmin-2.6.0-alpha2/scripts/setup.php HTTP/1.1" 404 283 "-" "-"
88.191.84.127 - - [04/Aug/2011:13:30:45 +0200] "GET //phpMyAdmin-2.6.0-beta1/scripts/setup.php HTTP/1.1" 404 282 "-" "-"
88.191.84.127 - - [04/Aug/2011:13:30:45 +0200] "GET //phpMyAdmin-2.6.0-beta2/scripts/setup.php HTTP/1.1" 404 282 "-" "-"
88.191.84.127 - - [04/Aug/2011:13:30:45 +0200] "GET //phpMyAdmin-2.6.0-rc1/scripts/setup.php HTTP/1.1" 404 281 "-" "-"
88.191.84.127 - - [04/Aug/2011:13:30:46 +0200] "GET //phpMyAdmin-2.6.0-rc2/scripts/setup.php HTTP/1.1" 404 281 "-" "-"
88.191.84.127 - - [04/Aug/2011:13:30:46 +0200] "GET //phpMyAdmin-2.6.0-rc3/scripts/setup.php HTTP/1.1" 404 282 "-" "-"
88.191.84.127 - - [04/Aug/2011:13:30:46 +0200] "GET //phpMyAdmin-2.6.0/scripts/setup.php HTTP/1.1" 404 278 "-" "-"
88.191.84.127 - - [04/Aug/2011:13:30:47 +0200] "GET //phpMyAdmin-2.6.0-pl1/scripts/setup.php HTTP/1.1" 404 281 "-" "-"
88.191.84.127 - - [04/Aug/2011:13:30:47 +0200] "GET //phpMyAdmin-2.6.0-pl2/scripts/setup.php HTTP/1.1" 404 281 "-" "-"
88.191.84.127 - - [04/Aug/2011:13:30:47 +0200] "GET //phpMyAdmin-2.6.0-pl3/scripts/setup.php HTTP/1.1" 404 282 "-" "-"
88.191.84.127 - - [04/Aug/2011:13:30:48 +0200] "GET //phpMyAdmin-2.6.1-rc1/scripts/setup.php HTTP/1.1" 404 281 "-" "-"
88.191.84.127 - - [04/Aug/2011:13:30:48 +0200] "GET //phpMyAdmin-2.6.1-rc2/scripts/setup.php HTTP/1.1" 404 281 "-" "-"
88.191.84.127 - - [04/Aug/2011:13:30:48 +0200] "GET //phpMyAdmin-2.6.1/scripts/setup.php HTTP/1.1" 404 278 "-" "-"
88.191.84.127 - - [04/Aug/2011:13:30:49 +0200] "GET //phpMyAdmin-2.6.1-pl1/scripts/setup.php HTTP/1.1" 404 281 "-" "-"
88.191.84.127 - - [04/Aug/2011:13:30:49 +0200] "GET //phpMyAdmin-2.6.1-pl2/scripts/setup.php HTTP/1.1" 404 281 "-" "-"
88.191.84.127 - - [04/Aug/2011:13:30:49 +0200] "GET //phpMyAdmin-2.6.1-pl3/scripts/setup.php HTTP/1.1" 404 281 "-" "-"
88.191.84.127 - - [04/Aug/2011:13:30:50 +0200] "GET //phpMyAdmin-2.6.2-rc1/scripts/setup.php HTTP/1.1" 404 281 "-" "-"
88.191.84.127 - - [04/Aug/2011:13:30:50 +0200] "GET //phpMyAdmin-2.6.2-beta1/scripts/setup.php HTTP/1.1" 404 282 "-" "-"
88.191.84.127 - - [04/Aug/2011:13:30:50 +0200] "GET //phpMyAdmin-2.6.2-rc1/scripts/setup.php HTTP/1.1" 404 281 "-" "-"
88.191.84.127 - - [04/Aug/2011:13:30:51 +0200] "GET //phpMyAdmin-2.6.2/scripts/setup.php HTTP/1.1" 404 278 "-" "-"
88.191.84.127 - - [04/Aug/2011:13:30:51 +0200] "GET //phpMyAdmin-2.6.2-pl1/scripts/setup.php HTTP/1.1" 404 281 "-" "-"
88.191.84.127 - - [04/Aug/2011:13:30:51 +0200] "GET //phpMyAdmin-2.6.3/scripts/setup.php HTTP/1.1" 404 279 "-" "-"
88.191.84.127 - - [04/Aug/2011:13:30:52 +0200] "GET //phpMyAdmin-2.6.3-rc1/scripts/setup.php HTTP/1.1" 404 281 "-" "-"
88.191.84.127 - - [04/Aug/2011:13:30:52 +0200] "GET //phpMyAdmin-2.6.3/scripts/setup.php HTTP/1.1" 404 279 "-" "-"
88.191.84.127 - - [04/Aug/2011:13:30:52 +0200] "GET //phpMyAdmin-2.6.3-pl1/scripts/setup.php HTTP/1.1" 404 281 "-" "-"
88.191.84.127 - - [04/Aug/2011:13:30:53 +0200] "GET //phpMyAdmin-2.6.4-rc1/scripts/setup.php HTTP/1.1" 404 281 "-" "-"
88.191.84.127 - - [04/Aug/2011:13:30:53 +0200] "GET //phpMyAdmin-2.6.4-pl1/scripts/setup.php HTTP/1.1" 404 281 "-" "-"
88.191.84.127 - - [04/Aug/2011:13:30:53 +0200] "GET //phpMyAdmin-2.6.4-pl2/scripts/setup.php HTTP/1.1" 404 281 "-" "-"
88.191.84.127 - - [04/Aug/2011:13:30:54 +0200] "GET //phpMyAdmin-2.6.4-pl3/scripts/setup.php HTTP/1.1" 404 282 "-" "-"
88.191.84.127 - - [04/Aug/2011:13:30:54 +0200] "GET //phpMyAdmin-2.6.4-pl4/scripts/setup.php HTTP/1.1" 404 281 "-" "-"
88.191.84.127 - - [04/Aug/2011:13:30:54 +0200] "GET //phpMyAdmin-2.6.4/scripts/setup.php HTTP/1.1" 404 278 "-" "-"
88.191.84.127 - - [04/Aug/2011:13:30:55 +0200] "GET //phpMyAdmin-2.7.0-beta1/scripts/setup.php HTTP/1.1" 404 282 "-" "-"
88.191.84.127 - - [04/Aug/2011:13:30:55 +0200] "GET //phpMyAdmin-2.7.0-rc1/scripts/setup.php HTTP/1.1" 404 281 "-" "-"
88.191.84.127 - - [04/Aug/2011:13:30:55 +0200] "GET //phpMyAdmin-2.7.0-pl1/scripts/setup.php HTTP/1.1" 404 281 "-" "-"
88.191.84.127 - - [04/Aug/2011:13:30:56 +0200] "GET //phpMyAdmin-2.7.0-pl2/scripts/setup.php HTTP/1.1" 404 281 "-" "-"
88.191.84.127 - - [04/Aug/2011:13:30:56 +0200] "GET //phpMyAdmin-2.7.0/scripts/setup.php HTTP/1.1" 404 278 "-" "-"
88.191.84.127 - - [04/Aug/2011:13:30:56 +0200] "GET //phpMyAdmin-2.8.0-beta1/scripts/setup.php HTTP/1.1" 404 282 "-" "-"
88.191.84.127 - - [04/Aug/2011:13:30:57 +0200] "GET //phpMyAdmin-2.8.0-rc1/scripts/setup.php HTTP/1.1" 404 281 "-" "-"
88.191.84.127 - - [04/Aug/2011:13:30:57 +0200] "GET //phpMyAdmin-2.8.0-rc2/scripts/setup.php HTTP/1.1" 404 281 "-" "-"
88.191.84.127 - - [04/Aug/2011:13:30:57 +0200] "GET //phpMyAdmin-2.8.0/scripts/setup.php HTTP/1.1" 404 278 "-" "-"
88.191.84.127 - - [04/Aug/2011:13:30:58 +0200] "GET //phpMyAdmin-2.8.0.1/scripts/setup.php HTTP/1.1" 404 280 "-" "-"
88.191.84.127 - - [04/Aug/2011:13:30:58 +0200] "GET //phpMyAdmin-2.8.0.2/scripts/setup.php HTTP/1.1" 404 280 "-" "-"
88.191.84.127 - - [04/Aug/2011:13:30:58 +0200] "GET //phpMyAdmin-2.8.0.3/scripts/setup.php HTTP/1.1" 404 280 "-" "-"
88.191.84.127 - - [04/Aug/2011:13:30:59 +0200] "GET //phpMyAdmin-2.8.0.4/scripts/setup.php HTTP/1.1" 404 280 "-" "-"
88.191.84.127 - - [04/Aug/2011:13:30:59 +0200] "GET //phpMyAdmin-2.8.1-rc1/scripts/setup.php HTTP/1.1" 404 281 "-" "-"
88.191.84.127 - - [04/Aug/2011:13:30:59 +0200] "GET //phpMyAdmin-2.8.1/scripts/setup.php HTTP/1.1" 404 278 "-" "-"
88.191.84.127 - - [04/Aug/2011:13:31:00 +0200] "GET //phpMyAdmin-2.8.2/scripts/setup.php HTTP/1.1" 404 278 "-" "-"
88.191.84.127 - - [04/Aug/2011:13:31:00 +0200] "GET //sqlmanager/scripts/setup.php HTTP/1.1" 404 274 "-" "-"
88.191.84.127 - - [04/Aug/2011:13:31:00 +0200] "GET //mysqlmanager/scripts/setup.php HTTP/1.1" 404 276 "-" "-"
88.191.84.127 - - [04/Aug/2011:13:31:01 +0200] "GET //p/m/a/scripts/setup.php HTTP/1.1" 404 270 "-" "-"
88.191.84.127 - - [04/Aug/2011:13:31:01 +0200] "GET //PMA2005/scripts/setup.php HTTP/1.1" 404 272 "-" "-"
88.191.84.127 - - [04/Aug/2011:13:31:01 +0200] "GET //pma2005/scripts/setup.php HTTP/1.1" 404 272 "-" "-"
88.191.84.127 - - [04/Aug/2011:13:31:01 +0200] "GET //phpmanager/scripts/setup.php HTTP/1.1" 404 273 "-" "-"
88.191.84.127 - - [04/Aug/2011:13:31:02 +0200] "GET //php-myadmin/scripts/setup.php HTTP/1.1" 404 274 "-" "-"
88.191.84.127 - - [04/Aug/2011:13:31:02 +0200] "GET //phpmy-admin/scripts/setup.php HTTP/1.1" 404 274 "-" "-"
88.191.84.127 - - [04/Aug/2011:13:31:02 +0200] "GET //webadmin/scripts/setup.php HTTP/1.1" 404 273 "-" "-"
88.191.84.127 - - [04/Aug/2011:13:31:03 +0200] "GET //sqlweb/scripts/setup.php HTTP/1.1" 404 271 "-" "-"
88.191.84.127 - - [04/Aug/2011:13:31:03 +0200] "GET //websql/scripts/setup.php HTTP/1.1" 404 271 "-" "-"
88.191.84.127 - - [04/Aug/2011:13:31:03 +0200] "GET //webdb/scripts/setup.php HTTP/1.1" 404 271 "-" "-"
88.191.84.127 - - [04/Aug/2011:13:31:04 +0200] "GET //mysqladmin/scripts/setup.php HTTP/1.1" 404 274 "-" "-"
88.191.84.127 - - [04/Aug/2011:13:31:04 +0200] "GET //mysql-admin/scripts/setup.php HTTP/1.1" 404 275 "-" "-"
88.191.84.127 - - [04/Aug/2011:13:31:04 +0200] "GET //databaseadmin/scripts/setup.php HTTP/1.1" 404 275 "-" "-"
88.191.84.127 - - [04/Aug/2011:13:31:05 +0200] "GET //admm/scripts/setup.php HTTP/1.1" 404 269 "-" "-"
88.191.84.127 - - [04/Aug/2011:13:31:05 +0200] "GET //admn/scripts/setup.php HTTP/1.1" 404 269 "-" "-"
65.52.110.36 - - [04/Aug/2011:22:11:34 +0200] "GET /robots.txt HTTP/1.1" 404 320 "-" "Mozilla/5.0 (compatible; bingbot/2.0; +http://www.bing.com/bingbot.htm)"
65.52.110.36 - - [04/Aug/2011:22:12:37 +0200] "GET /pioneros/index.php?ruti=ruti1 HTTP/1.1" 200 3990 "-" "Mozilla/5.0 (compatible; bingbot/2.0; +http://www.bing.com/bingbot.htm)"
95.108.158.239 - - [04/Aug/2011:23:51:12 +0200] "GET /robots.txt HTTP/1.1" 404 320 "-" "Mozilla/5.0 (compatible; YandexImages/3.0; +http://yandex.com/bots)"
208.80.194.27 - - [05/Aug/2011:01:14:27 +0200] "GET / HTTP/1.0" 200 44 "-" "Mozilla/4.0 (compatible; MSIE 7.0; Windows NT 5.1; AT&T CSM7.0)"
95.108.158.239 - - [05/Aug/2011:05:22:52 +0200] "GET /imagenes/iconos/marca_cruz_roja-rally_a_mali-8x8.png HTTP/1.1" 304 - "-" "Mozilla/5.0 (compatible; YandexImages/3.0; +http://yandex.com/bots)"
123.125.71.42 - - [05/Aug/2011:16:00:40 +0200] "GET /robots.txt HTTP/1.1" 404 262 "-" "Baiduspider+(+http://www.baidu.com/search/spider.htm)"
67.195.115.242 - - [05/Aug/2011:16:31:52 +0200] "GET /robots.txt HTTP/1.0" 404 262 "-" "Mozilla/5.0 (compatible; Yahoo! Slurp; http://help.yahoo.com/help/us/ysearch/slurp)"
67.195.115.242 - - [05/Aug/2011:16:31:52 +0200] "GET /pioneros/index.php?ruti=ruti7 HTTP/1.0" 200 4506 "-" "Mozilla/5.0 (compatible; Yahoo! Slurp; http://help.yahoo.com/help/us/ysearch/slurp)"
67.195.115.242 - - [05/Aug/2011:17:51:28 +0200] "GET /pioneros/index.php?ruti=ruti2 HTTP/1.0" 200 5065 "-" "Mozilla/5.0 (compatible; Yahoo! Slurp; http://help.yahoo.com/help/us/ysearch/slurp)"
208.115.111.74 - - [05/Aug/2011:18:37:30 +0200] "GET /robots.txt HTTP/1.1" 404 320 "-" "Mozilla/5.0 (compatible; Ezooms/1.0; ezooms.bot@gmail.com)"
67.195.115.242 - - [05/Aug/2011:19:15:34 +0200] "GET /pioneros/index.php?ruti=ruti17 HTTP/1.0" 200 2635 "-" "Mozilla/5.0 (compatible; Yahoo! Slurp; http://help.yahoo.com/help/us/ysearch/slurp)"
208.115.111.74 - - [05/Aug/2011:19:20:49 +0200] "GET /pioneros/ HTTP/1.1" 200 22907 "-" "Mozilla/5.0 (compatible; Ezooms/1.0; ezooms.bot@gmail.com)"
77.20.40.173 - - [05/Aug/2011:22:07:04 +0200] "GET /robots.txt HTTP/1.1" 404 320 "-" "findlinks/2.0.2 (+http://wortschatz.uni-leipzig.de/findlinks/)"
95.108.158.239 - - [05/Aug/2011:23:06:58 +0200] "GET /robots.txt HTTP/1.1" 404 320 "-" "Mozilla/5.0 (compatible; YandexImages/3.0; +http://yandex.com/bots)"
67.195.115.242 - - [06/Aug/2011:04:04:03 +0200] "GET /robots.txt HTTP/1.0" 404 262 "-" "Mozilla/5.0 (compatible; Yahoo! Slurp; http://help.yahoo.com/help/us/ysearch/slurp)"
67.195.115.242 - - [06/Aug/2011:04:04:03 +0200] "GET /pioneros/index.php?ruti=ruti10 HTTP/1.0" 200 3623 "-" "Mozilla/5.0 (compatible; Yahoo! Slurp; http://help.yahoo.com/help/us/ysearch/slurp)"
95.108.158.239 - - [06/Aug/2011:04:05:18 +0200] "GET /imagenes/iconos/marca_cruz_roja-rally_a_mali-8x8.png HTTP/1.1" 304 - "-" "Mozilla/5.0 (compatible; YandexImages/3.0; +http://yandex.com/bots)"
95.108.246.252 - - [06/Aug/2011:13:16:22 +0200] "GET /robots.txt HTTP/1.1" 404 320 "-" "Mozilla/5.0 (compatible; YandexBot/3.0; +http://yandex.com/bots)"
95.108.246.252 - - [06/Aug/2011:13:16:24 +0200] "GET /pioneros/ HTTP/1.1" 200 3990 "-" "Mozilla/5.0 (compatible; YandexBot/3.0; +http://yandex.com/bots)"
213.186.122.2 - - [06/Aug/2011:15:22:30 +0200] "GET /robots.txt HTTP/1.1" 404 262 "-" "Mozilla/5.0 (compatible; SiteBot/0.1; +http://www.sitebot.org/robot/)"
213.186.122.2 - - [06/Aug/2011:15:22:31 +0200] "GET /pioneros HTTP/1.1" 301 270 "-" "Mozilla/5.0 (compatible; SiteBot/0.1; +http://www.sitebot.org/robot/)"
213.186.122.2 - - [06/Aug/2011:15:22:32 +0200] "GET /pioneros/ HTTP/1.1" 200 3990 "-" "Mozilla/5.0 (compatible; SiteBot/0.1; +http://www.sitebot.org/robot/)"
213.186.122.2 - - [06/Aug/2011:15:22:33 +0200] "GET /pioneros/index.php?ruti=ruti10 HTTP/1.1" 200 3623 "-" "Mozilla/5.0 (compatible; SiteBot/0.1; +http://www.sitebot.org/robot/)"
213.186.122.2 - - [06/Aug/2011:15:22:34 +0200] "GET /pioneros/index.php?ruti=ruti2 HTTP/1.1" 200 5065 "-" "Mozilla/5.0 (compatible; SiteBot/0.1; +http://www.sitebot.org/robot/)"
67.195.115.242 - - [06/Aug/2011:15:40:51 +0200] "GET /robots.txt HTTP/1.0" 404 262 "-" "Mozilla/5.0 (compatible; Yahoo! Slurp; http://help.yahoo.com/help/us/ysearch/slurp)"
67.195.115.242 - - [06/Aug/2011:15:40:51 +0200] "GET /pioneros/index.php?ruti=ruti11 HTTP/1.0" 200 4094 "-" "Mozilla/5.0 (compatible; Yahoo! Slurp; http://help.yahoo.com/help/us/ysearch/slurp)"
208.80.194.27 - - [06/Aug/2011:16:05:02 +0200] "GET / HTTP/1.0" 200 44 "-" "Mozilla/4.0 (compatible; MSIE 6.0; Windows NT 5.1; SV1; yie6_SBC; YPC 3.0.3; .NET CLR 1.1.4322)"
67.195.115.242 - - [06/Aug/2011:17:21:35 +0200] "GET /pioneros/index.php?ruti=ruti16 HTTP/1.0" 200 2986 "-" "Mozilla/5.0 (compatible; Yahoo! Slurp; http://help.yahoo.com/help/us/ysearch/slurp)"
208.115.111.74 - - [06/Aug/2011:18:42:07 +0200] "GET /robots.txt HTTP/1.1" 404 320 "-" "Mozilla/5.0 (compatible; Ezooms/1.0; ezooms.bot@gmail.com)"
208.115.111.74 - - [06/Aug/2011:19:44:37 +0200] "GET /pioneros/ HTTP/1.1" 200 22907 "-" "Mozilla/5.0 (compatible; Ezooms/1.0; ezooms.bot@gmail.com)"
95.108.246.252 - - [06/Aug/2011:21:01:57 +0200] "GET / HTTP/1.1" 200 49 "-" "Mozilla/5.0 (compatible; YandexBot/3.0; +http://yandex.com/bots)"
95.108.246.252 - - [06/Aug/2011:22:01:40 +0200] "GET /pioneros/index.php?ruti=ruti11 HTTP/1.1" 408 263 "-" "Mozilla/5.0 (compatible; YandexBot/3.0; +http://yandex.com/bots)"
95.108.246.252 - - [06/Aug/2011:22:01:40 +0200] "GET /pioneros/index.php?ruti=ruti11 HTTP/1.1" 200 4094 "-" "Mozilla/5.0 (compatible; YandexBot/3.0; +http://yandex.com/bots)"
67.195.115.242 - - [06/Aug/2011:22:44:02 +0200] "GET /robots.txt HTTP/1.0" 404 262 "-" "Mozilla/5.0 (compatible; Yahoo! Slurp; http://help.yahoo.com/help/us/ysearch/slurp)"
67.195.115.242 - - [06/Aug/2011:22:44:03 +0200] "GET /pioneros/ HTTP/1.0" 200 3990 "-" "Mozilla/5.0 (compatible; Yahoo! Slurp; http://help.yahoo.com/help/us/ysearch/slurp)"
95.108.246.252 - - [06/Aug/2011:23:05:59 +0200] "GET /pioneros/index.php?ruti=ruti9 HTTP/1.1" 200 5161 "-" "Mozilla/5.0 (compatible; YandexBot/3.0; +http://yandex.com/bots)"
95.108.246.252 - - [06/Aug/2011:23:40:16 +0200] "GET / HTTP/1.1" 200 49 "-" "Mozilla/5.0 (compatible; YandexBot/3.0; +http://yandex.com/bots)"
95.108.246.252 - - [06/Aug/2011:23:40:18 +0200] "GET /pioneros/index.php?ruti=ruti14 HTTP/1.1" 200 3112 "-" "Mozilla/5.0 (compatible; YandexBot/3.0; +http://yandex.com/bots)"
95.108.246.252 - - [06/Aug/2011:23:58:39 +0200] "GET /pioneros/index.php?ruti=ruti12 HTTP/1.1" 200 5364 "-" "Mozilla/5.0 (compatible; YandexBot/3.0; +http://yandex.com/bots)"
95.108.246.252 - - [07/Aug/2011:01:47:32 +0200] "GET /pioneros/index.php?ruti=ruti16 HTTP/1.1" 200 2986 "-" "Mozilla/5.0 (compatible; YandexBot/3.0; +http://yandex.com/bots)"
65.52.110.64 - - [07/Aug/2011:03:10:56 +0200] "GET /robots.txt HTTP/1.1" 404 320 "-" "Mozilla/5.0 (compatible; bingbot/2.0; +http://www.bing.com/bingbot.htm)"
65.52.110.64 - - [07/Aug/2011:03:11:58 +0200] "GET / HTTP/1.1" 200 49 "-" "Mozilla/5.0 (compatible; bingbot/2.0; +http://www.bing.com/bingbot.htm)"
157.55.112.201 - - [07/Aug/2011:03:13:31 +0200] "GET / HTTP/1.1" 200 49 "-" "Mozilla/5.0 (compatible; MSIE 9.0; Windows NT 6.1; Trident/5.0; WOW64; Trident/5.0)"
95.108.246.252 - - [07/Aug/2011:03:30:51 +0200] "GET /pioneros/index.php?ruti=ruti15 HTTP/1.1" 200 5093 "-" "Mozilla/5.0 (compatible; YandexBot/3.0; +http://yandex.com/bots)"
67.195.115.242 - - [07/Aug/2011:04:08:13 +0200] "GET / HTTP/1.0" 200 49 "-" "Mozilla/5.0 (compatible; Yahoo! Slurp; http://help.yahoo.com/help/us/ysearch/slurp)"
95.108.246.252 - - [07/Aug/2011:05:34:49 +0200] "GET /pioneros/index.php?ruti=ruti4 HTTP/1.1" 200 3033 "-" "Mozilla/5.0 (compatible; YandexBot/3.0; +http://yandex.com/bots)"
95.108.246.252 - - [07/Aug/2011:06:57:29 +0200] "GET /pioneros/index.php?ruti=ruti2 HTTP/1.1" 200 5065 "-" "Mozilla/5.0 (compatible; YandexBot/3.0; +http://yandex.com/bots)"
65.52.110.20 - - [07/Aug/2011:07:29:54 +0200] "GET /robots.txt HTTP/1.1" 404 320 "-" "Mozilla/5.0 (compatible; bingbot/2.0; +http://www.bing.com/bingbot.htm)"
65.52.110.20 - - [07/Aug/2011:07:30:58 +0200] "GET /pioneros/ HTTP/1.1" 200 3990 "-" "Mozilla/5.0 (compatible; bingbot/2.0; +http://www.bing.com/bingbot.htm)"
95.108.246.252 - - [07/Aug/2011:08:20:07 +0200] "GET /pioneros/index.php?ruti=ruti8 HTTP/1.1" 200 5091 "-" "Mozilla/5.0 (compatible; YandexBot/3.0; +http://yandex.com/bots)"
95.108.246.252 - - [07/Aug/2011:08:40:49 +0200] "GET /pioneros/index.php?ruti=ruti1 HTTP/1.1" 200 3990 "-" "Mozilla/5.0 (compatible; YandexBot/3.0; +http://yandex.com/bots)"
95.108.246.252 - - [07/Aug/2011:08:53:19 +0200] "GET /pioneros/index.php?ruti=ruti6 HTTP/1.1" 200 3085 "-" "Mozilla/5.0 (compatible; YandexBot/3.0; +http://yandex.com/bots)"
95.108.246.252 - - [07/Aug/2011:08:53:22 +0200] "GET /pioneros/index.php?ruti=ruti5 HTTP/1.1" 408 263 "-" "Mozilla/5.0 (compatible; YandexBot/3.0; +http://yandex.com/bots)"
95.108.246.252 - - [07/Aug/2011:08:53:22 +0200] "GET /pioneros/index.php?ruti=ruti5 HTTP/1.1" 200 3780 "-" "Mozilla/5.0 (compatible; YandexBot/3.0; +http://yandex.com/bots)"
95.108.246.252 - - [07/Aug/2011:09:52:10 +0200] "GET /pioneros/index.php?ruti=ruti10 HTTP/1.1" 408 263 "-" "Mozilla/5.0 (compatible; YandexBot/3.0; +http://yandex.com/bots)"
95.108.246.252 - - [07/Aug/2011:09:52:11 +0200] "GET /pioneros/index.php?ruti=ruti10 HTTP/1.1" 200 3623 "-" "Mozilla/5.0 (compatible; YandexBot/3.0; +http://yandex.com/bots)"
95.108.246.252 - - [07/Aug/2011:10:25:36 +0200] "GET /pioneros/index.php?ruti=ruti3 HTTP/1.1" 408 263 "-" "Mozilla/5.0 (compatible; YandexBot/3.0; +http://yandex.com/bots)"
95.108.246.252 - - [07/Aug/2011:10:25:36 +0200] "GET /pioneros/index.php?ruti=ruti3 HTTP/1.1" 200 3858 "-" "Mozilla/5.0 (compatible; YandexBot/3.0; +http://yandex.com/bots)"
95.108.246.252 - - [07/Aug/2011:11:48:04 +0200] "GET /pioneros/index.php?ruti=ruti7 HTTP/1.1" 200 4506 "-" "Mozilla/5.0 (compatible; YandexBot/3.0; +http://yandex.com/bots)"
95.108.246.252 - - [07/Aug/2011:12:18:42 +0200] "GET /pioneros/index.php?ruti=ruti18 HTTP/1.1" 200 3941 "-" "Mozilla/5.0 (compatible; YandexBot/3.0; +http://yandex.com/bots)"
71.185.78.98 - - [07/Aug/2011:12:55:53 +0200] "GET /pioneros/ HTTP/1.1" 200 22907 "-" "Mozilla/5.0 (Windows; U; Windows NT 5.1; en-US; rv:1.9.0.5) Gecko/2008120122 Firefox/3.0.5"
213.6.124.252 - - [07/Aug/2011:13:53:48 +0200] "GET /pioneros/ HTTP/1.1" 200 22907 "-" "Mozilla/4.0 (compatible; MSIE 6.0; Windows NT 5.1; SV1)"
211.154.144.215 - - [07/Aug/2011:14:52:53 +0200] "GET /pioneros/ HTTP/1.1" 200 22907 "-" "Mozilla/5.0 (Windows; U; Windows NT 5.1; en-US; rv:1.9.0.10) Gecko/2009042316 Firefox/3.0.10"
46.252.193.166 - - [07/Aug/2011:14:58:07 +0200] "GET /pioneros/ HTTP/1.1" 200 22907 "-" "Mozilla/5.0 (Windows; U; Windows NT 5.1; en-US; rv:1.9.0.5) Gecko/2008120122 Firefox/3.0.5"
95.108.246.252 - - [07/Aug/2011:15:26:18 +0200] "GET /robots.txt HTTP/1.1" 404 320 "-" "Mozilla/5.0 (compatible; YandexBot/3.0; +http://yandex.com/bots)"
217.72.91.180 - - [07/Aug/2011:16:04:36 +0200] "GET /pioneros/ HTTP/1.1" 200 22907 "-" "Mozilla/5.0 (Windows; U; Windows NT 5.1; en-US; rv:1.9.0.5) Gecko/2008120122 Firefox/3.0.5"
95.108.246.252 - - [07/Aug/2011:17:20:29 +0200] "GET /pioneros/index.php?ruti=ruti17 HTTP/1.1" 408 263 "-" "Mozilla/5.0 (compatible; YandexBot/3.0; +http://yandex.com/bots)"
95.108.246.252 - - [07/Aug/2011:17:20:29 +0200] "GET /pioneros/index.php?ruti=ruti17 HTTP/1.1" 200 2635 "-" "Mozilla/5.0 (compatible; YandexBot/3.0; +http://yandex.com/bots)"
220.181.94.224 - - [07/Aug/2011:20:30:00 +0200] "GET /robots.txt HTTP/1.1" 404 320 "-" "-"
220.181.94.224 - - [07/Aug/2011:20:30:09 +0200] "GET /pioneros/index-sepulveda.php HTTP/1.1" 200 12750 "-" "Sogou web spider/4.0(+http://www.sogou.com/docs/help/webmasters.htm#07)"
220.181.94.224 - - [08/Aug/2011:04:15:30 +0200] "GET /robots.txt HTTP/1.1" 404 320 "-" "-"
220.181.94.224 - - [08/Aug/2011:04:15:39 +0200] "GET /pioneros/imagen_mapa-sepulveda.php HTTP/1.1" 200 311 "-" "Sogou web spider/4.0(+http://www.sogou.com/docs/help/webmasters.htm#07)"
82.207.94.32 - - [08/Aug/2011:05:00:24 +0200] "GET /pioneros/ HTTP/1.1" 200 22907 "-" "Mozilla/5.0 (Windows NT 5.1; U; en) Opera 8.01"
112.184.203.66 - - [08/Aug/2011:06:42:18 +0200] "GET /pioneros/ HTTP/1.0" 200 22907 "-" "Mozilla/5.0 (Windows; U; Windows NT 5.1; en-US; rv:1.9.0.5) Gecko/2008120122 Firefox/3.0.5"
67.195.115.242 - - [08/Aug/2011:07:16:19 +0200] "GET /robots.txt HTTP/1.0" 404 262 "-" "Mozilla/5.0 (compatible; Yahoo! Slurp; http://help.yahoo.com/help/us/ysearch/slurp)"
67.195.115.242 - - [08/Aug/2011:07:16:20 +0200] "GET /pioneros HTTP/1.0" 301 270 "-" "Mozilla/5.0 (compatible; Yahoo! Slurp; http://help.yahoo.com/help/us/ysearch/slurp)"
67.195.115.242 - - [08/Aug/2011:07:16:20 +0200] "GET /pioneros/ HTTP/1.0" 200 3990 "-" "Mozilla/5.0 (compatible; Yahoo! Slurp; http://help.yahoo.com/help/us/ysearch/slurp)"
208.80.194.32 - - [08/Aug/2011:08:02:19 +0200] "GET / HTTP/1.0" 200 44 "-" "Mozilla/4.0 (compatible; MSIE 7.0; Windows NT 5.1; {EA59C1BF-4AF7-41F1-B08D-9C36874A627C}; .NET CLR 1.1.4322)"
88.131.106.22 - - [08/Aug/2011:10:31:26 +0200] "GET /robots.txt HTTP/1.0" 404 262 "-" "Mozilla/5.0 (Windows; U; Windows NT 5.1; en-US) Speedy Spider (http://www.entireweb.com/about/search_tech/speedy_spider/)"
88.131.106.22 - - [08/Aug/2011:10:31:27 +0200] "GET /pioneros/index-sepulveda.php HTTP/1.0" 200 12750 "-" "Mozilla/5.0 (Windows; U; Windows NT 5.1; en-US) Speedy Spider (http://www.entireweb.com/about/search_tech/speedy_spider/)"
24.123.110.50 - - [08/Aug/2011:10:32:33 +0200] "GET /pioneros/ HTTP/1.1" 200 22907 "-" "Mozilla/5.0 (Windows NT 5.1; U; en) Opera 8.01"
184.106.69.144 - - [08/Aug/2011:12:07:57 +0200] "GET /pioneros/index.php?ruti=ruti2 HTTP/1.1" 200 27984 "-" "Mozilla/4.0 (compatible; MSIE 6.0; Windows NT 5.1; SV1)"
184.106.69.144 - - [08/Aug/2011:12:07:59 +0200] "GET /pioneros/ HTTP/1.1" 200 22907 "-" "Mozilla/4.0 (compatible; MSIE 6.0; Windows NT 5.1; SV1)"
195.55.130.44 - - [08/Aug/2011:12:53:35 +0200] "GET /pioneros/ HTTP/1.1" 200 22907 "-" "Mozilla/4.0 (compatible; MSIE 6.0; Windows NT 5.1; SV1)"
216.151.162.44 - - [08/Aug/2011:12:53:40 +0200] "GET /pioneros/ HTTP/1.1" 200 22907 "-" "Mozilla/4.0 (compatible; MSIE 6.0; Windows NT 5.1; SV1)"
95.108.158.239 - - [08/Aug/2011:13:05:21 +0200] "GET /robots.txt HTTP/1.1" 404 320 "-" "Mozilla/5.0 (compatible; YandexImages/3.0; +http://yandex.com/bots)"
207.28.143.8 - - [08/Aug/2011:13:24:35 +0200] "GET /pioneros/ HTTP/1.1" 200 22907 "-" "Mozilla/5.0 (Windows NT 5.1; U; en) Opera 8.01"
95.108.158.239 - - [08/Aug/2011:14:36:39 +0200] "GET /imagenes/iconos/marca_cruz_roja-rally_a_mali-8x8.png HTTP/1.1" 304 - "-" "Mozilla/5.0 (compatible; YandexImages/3.0; +http://yandex.com/bots)"
95.108.246.252 - - [08/Aug/2011:20:41:42 +0200] "GET /robots.txt HTTP/1.1" 404 320 "-" "Mozilla/5.0 (compatible; YandexBot/3.0; +http://yandex.com/bots)"
220.181.108.104 - - [08/Aug/2011:20:51:32 +0200] "GET /robots.txt HTTP/1.1" 404 262 "-" "Baiduspider+(+http://www.baidu.com/search/spider.htm)"
67.195.115.242 - - [08/Aug/2011:21:25:44 +0200] "GET /robots.txt HTTP/1.0" 404 262 "-" "Mozilla/5.0 (compatible; Yahoo! Slurp; http://help.yahoo.com/help/us/ysearch/slurp)"
67.195.115.242 - - [08/Aug/2011:21:25:45 +0200] "GET /pioneros/index.php?ruti=ruti12 HTTP/1.0" 200 5364 "-" "Mozilla/5.0 (compatible; Yahoo! Slurp; http://help.yahoo.com/help/us/ysearch/slurp)"
95.108.246.252 - - [08/Aug/2011:22:35:32 +0200] "GET / HTTP/1.1" 200 49 "-" "Mozilla/5.0 (compatible; YandexBot/3.0; +http://yandex.com/bots)"
95.108.246.252 - - [09/Aug/2011:00:29:28 +0200] "GET /pioneros/index.php?ruti=ruti15 HTTP/1.1" 200 5093 "-" "Mozilla/5.0 (compatible; YandexBot/3.0; +http://yandex.com/bots)"
95.108.246.252 - - [09/Aug/2011:02:32:22 +0200] "GET /pioneros/index.php?ruti=ruti12 HTTP/1.1" 200 5364 "-" "Mozilla/5.0 (compatible; YandexBot/3.0; +http://yandex.com/bots)"
95.108.246.252 - - [09/Aug/2011:04:16:44 +0200] "GET /pioneros/index.php?ruti=ruti17 HTTP/1.1" 200 2635 "-" "Mozilla/5.0 (compatible; YandexBot/3.0; +http://yandex.com/bots)"
67.195.115.242 - - [09/Aug/2011:04:56:55 +0200] "GET /robots.txt HTTP/1.0" 404 262 "-" "Mozilla/5.0 (compatible; Yahoo! Slurp; http://help.yahoo.com/help/us/ysearch/slurp)"
67.195.115.242 - - [09/Aug/2011:04:56:55 +0200] "GET /pioneros/index.php?ruti=ruti15 HTTP/1.0" 200 5093 "-" "Mozilla/5.0 (compatible; Yahoo! Slurp; http://help.yahoo.com/help/us/ysearch/slurp)"
95.108.246.252 - - [09/Aug/2011:05:08:55 +0200] "GET /pioneros/index.php?ruti=ruti1 HTTP/1.1" 200 3990 "-" "Mozilla/5.0 (compatible; YandexBot/3.0; +http://yandex.com/bots)"
208.115.111.249 - - [09/Aug/2011:05:09:24 +0200] "GET /robots.txt HTTP/1.1" 404 262 "-" "Mozilla/5.0 (compatible; DotBot/1.1; http://www.dotnetdotcom.org/, crawler@dotnetdotcom.org)"
95.108.246.252 - - [09/Aug/2011:06:01:07 +0200] "GET /pioneros/index.php?ruti=ruti9 HTTP/1.1" 200 5161 "-" "Mozilla/5.0 (compatible; YandexBot/3.0; +http://yandex.com/bots)"
95.108.246.252 - - [09/Aug/2011:06:53:18 +0200] "GET /pioneros/index.php?ruti=ruti11 HTTP/1.1" 200 4094 "-" "Mozilla/5.0 (compatible; YandexBot/3.0; +http://yandex.com/bots)"
95.108.246.252 - - [09/Aug/2011:08:11:32 +0200] "GET /pioneros/index.php?ruti=ruti7 HTTP/1.1" 200 4506 "-" "Mozilla/5.0 (compatible; YandexBot/3.0; +http://yandex.com/bots)"
95.108.246.252 - - [09/Aug/2011:09:03:42 +0200] "GET /pioneros/index.php?ruti=ruti5 HTTP/1.1" 200 3780 "-" "Mozilla/5.0 (compatible; YandexBot/3.0; +http://yandex.com/bots)"
95.108.246.252 - - [09/Aug/2011:09:31:41 +0200] "GET /pioneros/index.php?ruti=ruti8 HTTP/1.1" 200 5091 "-" "Mozilla/5.0 (compatible; YandexBot/3.0; +http://yandex.com/bots)"
208.115.111.249 - - [09/Aug/2011:09:35:28 +0200] "GET /pioneros/function.mysql-connect HTTP/1.1" 404 276 "-" "Mozilla/5.0 (compatible; DotBot/1.1; http://www.dotnetdotcom.org/, crawler@dotnetdotcom.org)"
95.108.158.239 - - [09/Aug/2011:09:55:48 +0200] "GET /robots.txt HTTP/1.1" 404 320 "-" "Mozilla/5.0 (compatible; YandexImages/3.0; +http://yandex.com/bots)"
95.108.246.252 - - [09/Aug/2011:10:27:37 +0200] "GET /pioneros/index.php?ruti=ruti18 HTTP/1.1" 200 3941 "-" "Mozilla/5.0 (compatible; YandexBot/3.0; +http://yandex.com/bots)"
95.108.246.252 - - [09/Aug/2011:10:27:42 +0200] "GET /pioneros/index.php?ruti=ruti10 HTTP/1.1" 200 3623 "-" "Mozilla/5.0 (compatible; YandexBot/3.0; +http://yandex.com/bots)"
95.108.246.252 - - [09/Aug/2011:10:27:44 +0200] "GET /pioneros/index.php?ruti=ruti6 HTTP/1.1" 200 3085 "-" "Mozilla/5.0 (compatible; YandexBot/3.0; +http://yandex.com/bots)"
95.108.246.252 - - [09/Aug/2011:10:27:47 +0200] "GET /pioneros/index.php?ruti=ruti2 HTTP/1.1" 200 5065 "-" "Mozilla/5.0 (compatible; YandexBot/3.0; +http://yandex.com/bots)"
95.108.246.252 - - [09/Aug/2011:10:27:49 +0200] "GET /pioneros/ HTTP/1.1" 200 3990 "-" "Mozilla/5.0 (compatible; YandexBot/3.0; +http://yandex.com/bots)"
95.108.246.252 - - [09/Aug/2011:10:27:51 +0200] "GET /pioneros/index.php?ruti=ruti4 HTTP/1.1" 200 3033 "-" "Mozilla/5.0 (compatible; YandexBot/3.0; +http://yandex.com/bots)"
95.108.246.252 - - [09/Aug/2011:10:27:54 +0200] "GET /pioneros/index.php?ruti=ruti3 HTTP/1.1" 200 3858 "-" "Mozilla/5.0 (compatible; YandexBot/3.0; +http://yandex.com/bots)"
95.108.246.252 - - [09/Aug/2011:10:27:59 +0200] "GET /pioneros/index.php?ruti=ruti14 HTTP/1.1" 200 3112 "-" "Mozilla/5.0 (compatible; YandexBot/3.0; +http://yandex.com/bots)"
95.108.246.252 - - [09/Aug/2011:10:28:02 +0200] "GET /pioneros/index.php?ruti=ruti16 HTTP/1.1" 200 2986 "-" "Mozilla/5.0 (compatible; YandexBot/3.0; +http://yandex.com/bots)"
157.55.116.39 - - [09/Aug/2011:10:53:56 +0200] "GET /robots.txt HTTP/1.1" 404 262 "-" "msnbot/2.0b (+http://search.msn.com/msnbot.htm)._"
157.55.116.39 - - [09/Aug/2011:10:53:56 +0200] "GET /pioneros/index.php?ruti=ruti5 HTTP/1.1" 200 3780 "-" "msnbot/2.0b (+http://search.msn.com/msnbot.htm)._"
190.26.12.83 - - [09/Aug/2011:13:19:53 +0200] "GET /favicon.ico HTTP/1.1" 404 261 "-" "Mozilla/5.0 (X11; U; Linux i686; es-AR; rv:1.9.2.18) Gecko/20110628 Ubuntu/10.04 (lucid) Firefox/3.6.18"
95.108.158.239 - - [09/Aug/2011:22:40:21 +0200] "GET /imagenes/iconos/marca_cruz_roja-rally_a_mali-8x8.png HTTP/1.1" 304 - "-" "Mozilla/5.0 (compatible; YandexImages/3.0; +http://yandex.com/bots)"
208.80.194.27 - - [09/Aug/2011:23:55:59 +0200] "GET / HTTP/1.0" 200 44 "-" "Mozilla/4.0 (compatible; MSIE 7.0; Windows NT 5.1; SIMBAR={82361AD0-7470-4b1b-B9F9-060C3BA49FA9}; .NET CLR 1.1.4322)"
173.236.21.106 - - [10/Aug/2011:03:48:35 +0200] "GET /robots.txt HTTP/1.0" 404 320 "-" "Mozilla/5.0 (compatible; MJ12bot/v1.4.0; http://www.majestic12.co.uk/bot.php?+)"
173.236.21.106 - - [10/Aug/2011:03:48:36 +0200] "GET /pioneros/index.php?ruti=ruti10 HTTP/1.0" 200 3623 "-" "Mozilla/5.0 (compatible; MJ12bot/v1.4.0; http://www.majestic12.co.uk/bot.php?+)"
139.18.2.209 - - [10/Aug/2011:04:51:37 +0200] "GET /pioneros HTTP/1.1" 301 357 "-" "findlinks/2.0.1 (+http://wortschatz.uni-leipzig.de/findlinks/)"
139.18.2.209 - - [10/Aug/2011:04:51:38 +0200] "GET /pioneros/ HTTP/1.1" 200 22907 "-" "findlinks/2.0.1 (+http://wortschatz.uni-leipzig.de/findlinks/)"
67.195.115.242 - - [10/Aug/2011:06:09:08 +0200] "GET /robots.txt HTTP/1.0" 404 262 "-" "Mozilla/5.0 (compatible; Yahoo! Slurp; http://help.yahoo.com/help/us/ysearch/slurp)"
67.195.115.242 - - [10/Aug/2011:06:09:09 +0200] "GET /pioneros/index.php?ruti=ruti3 HTTP/1.0" 200 3858 "-" "Mozilla/5.0 (compatible; Yahoo! Slurp; http://help.yahoo.com/help/us/ysearch/slurp)"
66.249.72.142 - - [10/Aug/2011:07:41:41 +0200] "GET /robots.txt HTTP/1.1" 404 262 "-" "Mozilla/5.0 (compatible; Googlebot/2.1; +http://www.google.com/bot.html)"
66.249.72.142 - - [10/Aug/2011:07:41:41 +0200] "GET /pioneros/ HTTP/1.1" 200 3990 "-" "Mozilla/5.0 (compatible; Googlebot/2.1; +http://www.google.com/bot.html)"
66.249.72.142 - - [10/Aug/2011:07:58:57 +0200] "GET /imagenes/iconos/marca_cruz_roja-rally_a_mali-8x8.png HTTP/1.1" 304 - "-" "Googlebot-Image/1.0"
66.249.72.142 - - [10/Aug/2011:08:11:53 +0200] "GET /imagenes/maquetacion/imagen_cabecera-3.jpg HTTP/1.1" 304 - "-" "Googlebot-Image/1.0"
66.249.72.142 - - [10/Aug/2011:10:49:55 +0200] "GET /pioneros/index.php?ruti=ruti2 HTTP/1.1" 200 5065 "-" "Mozilla/5.0 (compatible; Googlebot/2.1; +http://www.google.com/bot.html)"
66.249.72.142 - - [10/Aug/2011:11:19:35 +0200] "GET /pioneros/index.php?ruti=ruti3 HTTP/1.1" 200 3858 "-" "Mozilla/5.0 (compatible; Googlebot/2.1; +http://www.google.com/bot.html)"
67.195.115.242 - - [10/Aug/2011:13:39:00 +0200] "GET /robots.txt HTTP/1.0" 404 262 "-" "Mozilla/5.0 (compatible; Yahoo! Slurp; http://help.yahoo.com/help/us/ysearch/slurp)"
67.195.115.242 - - [10/Aug/2011:13:39:00 +0200] "GET /pioneros/index.php?ruti=ruti1 HTTP/1.0" 200 3990 "-" "Mozilla/5.0 (compatible; Yahoo! Slurp; http://help.yahoo.com/help/us/ysearch/slurp)"
95.108.158.239 - - [10/Aug/2011:16:20:53 +0200] "GET /robots.txt HTTP/1.1" 404 320 "-" "Mozilla/5.0 (compatible; YandexImages/3.0; +http://yandex.com/bots)"
79.159.32.161 - - [10/Aug/2011:16:59:03 +0200] "GET /pioneros/index.php?ruti=ruti1 HTTP/1.1" 200 3990 "-" "Mozilla/5.0 (Macintosh; U; PPC Mac OS X 10_4_11; es) AppleWebKit/533.19.4 (KHTML, like Gecko) Version/4.1.3 Safari/533.19.4"
79.159.32.161 - - [10/Aug/2011:16:59:08 +0200] "GET /imagenes/maquetacion/imagen_cabecera-3.jpg HTTP/1.1" 200 14086 "http://mapas.rallyamali.com/pioneros/index.php?ruti=ruti1" "Mozilla/5.0 (Macintosh; U; PPC Mac OS X 10_4_11; es) AppleWebKit/533.19.4 (KHTML, like Gecko) Version/4.1.3 Safari/533.19.4"
79.159.32.161 - - [10/Aug/2011:16:59:08 +0200] "GET /imagenes/iconos/marca_cruz_roja-rally_a_mali-8x8.png HTTP/1.1" 200 281 "http://mapas.rallyamali.com/pioneros/index.php?ruti=ruti1" "Mozilla/5.0 (Macintosh; U; PPC Mac OS X 10_4_11; es) AppleWebKit/533.19.4 (KHTML, like Gecko) Version/4.1.3 Safari/533.19.4"
67.195.115.242 - - [10/Aug/2011:18:53:30 +0200] "GET /pioneros/index.php?ruti=ruti18 HTTP/1.0" 200 3941 "-" "Mozilla/5.0 (compatible; Yahoo! Slurp; http://help.yahoo.com/help/us/ysearch/slurp)"
95.108.158.239 - - [10/Aug/2011:19:12:59 +0200] "GET /imagenes/iconos/marca_cruz_roja-rally_a_mali-8x8.png HTTP/1.1" 304 - "-" "Mozilla/5.0 (compatible; YandexImages/3.0; +http://yandex.com/bots)"
95.108.158.239 - - [10/Aug/2011:19:41:35 +0200] "GET /imagenes/maquetacion/imagen_cabecera-3.jpg HTTP/1.1" 304 - "-" "Mozilla/5.0 (compatible; YandexImages/3.0; +http://yandex.com/bots)"
67.195.115.242 - - [11/Aug/2011:01:07:12 +0200] "GET /robots.txt HTTP/1.0" 404 262 "-" "Mozilla/5.0 (compatible; Yahoo! Slurp; http://help.yahoo.com/help/us/ysearch/slurp)"
67.195.115.242 - - [11/Aug/2011:01:07:13 +0200] "GET /pioneros/index.php?ruti=ruti8 HTTP/1.0" 200 5091 "-" "Mozilla/5.0 (compatible; Yahoo! Slurp; http://help.yahoo.com/help/us/ysearch/slurp)"
69.28.58.22 - - [11/Aug/2011:08:31:56 +0200] "GET /robots.txt HTTP/1.0" 404 320 "-" "Mozilla/4.0 (compatible; MSIE 6.0; Windows NT 5.0) (larbin2.6.3@unspecified.mail)"
69.28.58.22 - - [11/Aug/2011:08:31:57 +0200] "GET / HTTP/1.0" 200 44 "-" "Mozilla/4.0 (compatible; MSIE 6.0; Windows NT 5.0) larbin2.6.3@unspecified.mail"
208.80.194.26 - - [11/Aug/2011:11:27:07 +0200] "GET / HTTP/1.0" 200 44 "-" "Mozilla/4.0 (compatible; MSIE 6.0; Windows NT 5.1; {D2B77476-9D47-4CC5-8E77-F0B44D4F3CA2}; SIMBAR={4B973DE9-2AA6-43f7-AAC1-7BC04E3D5480}; .NET CLR 1.0.3705; .NET CLR 1.1.4322)"
95.108.158.239 - - [11/Aug/2011:13:05:08 +0200] "GET /robots.txt HTTP/1.1" 404 320 "-" "Mozilla/5.0 (compatible; YandexImages/3.0; +http://yandex.com/bots)"
95.123.229.208 - - [11/Aug/2011:14:27:56 +0200] "GET /pioneros/index.php?ruti=ruti1 HTTP/1.1" 200 3990 "-" "Mozilla/5.0 (Macintosh; U; PPC Mac OS X 10_4_11; es) AppleWebKit/533.19.4 (KHTML, like Gecko) Version/4.1.3 Safari/533.19.4"
95.123.229.208 - - [11/Aug/2011:14:27:57 +0200] "GET /imagenes/maquetacion/imagen_cabecera-3.jpg HTTP/1.1" 200 14086 "http://mapas.rallyamali.com/pioneros/index.php?ruti=ruti1" "Mozilla/5.0 (Macintosh; U; PPC Mac OS X 10_4_11; es) AppleWebKit/533.19.4 (KHTML, like Gecko) Version/4.1.3 Safari/533.19.4"
95.123.229.208 - - [11/Aug/2011:14:27:57 +0200] "GET /imagenes/iconos/marca_cruz_roja-rally_a_mali-8x8.png HTTP/1.1" 200 281 "http://mapas.rallyamali.com/pioneros/index.php?ruti=ruti1" "Mozilla/5.0 (Macintosh; U; PPC Mac OS X 10_4_11; es) AppleWebKit/533.19.4 (KHTML, like Gecko) Version/4.1.3 Safari/533.19.4"
208.115.111.74 - - [11/Aug/2011:14:47:24 +0200] "GET /robots.txt HTTP/1.1" 404 320 "-" "Mozilla/5.0 (compatible; Ezooms/1.0; ezooms.bot@gmail.com)"
67.195.115.242 - - [11/Aug/2011:16:04:42 +0200] "GET /robots.txt HTTP/1.0" 404 262 "-" "Mozilla/5.0 (compatible; Yahoo! Slurp; http://help.yahoo.com/help/us/ysearch/slurp)"
67.195.115.242 - - [11/Aug/2011:16:04:42 +0200] "GET /pioneros/index.php?ruti=ruti14 HTTP/1.0" 200 3112 "-" "Mozilla/5.0 (compatible; Yahoo! Slurp; http://help.yahoo.com/help/us/ysearch/slurp)"
208.115.111.74 - - [11/Aug/2011:16:45:52 +0200] "GET /pioneros/index.php?ruti=ruti1 HTTP/1.1" 200 22907 "-" "Mozilla/5.0 (compatible; Ezooms/1.0; ezooms.bot@gmail.com)"
95.108.158.239 - - [11/Aug/2011:18:42:31 +0200] "GET /imagenes/iconos/marca_cruz_roja-rally_a_mali-8x8.png HTTP/1.1" 304 - "-" "Mozilla/5.0 (compatible; YandexImages/3.0; +http://yandex.com/bots)"
67.195.115.242 - - [11/Aug/2011:21:58:57 +0200] "GET /robots.txt HTTP/1.0" 404 262 "-" "Mozilla/5.0 (compatible; Yahoo! Slurp; http://help.yahoo.com/help/us/ysearch/slurp)"
67.195.115.242 - - [11/Aug/2011:21:58:58 +0200] "GET /pioneros/index.php?ruti=ruti5 HTTP/1.0" 200 3780 "-" "Mozilla/5.0 (compatible; Yahoo! Slurp; http://help.yahoo.com/help/us/ysearch/slurp)"
208.115.111.74 - - [11/Aug/2011:22:42:17 +0200] "GET /robots.txt HTTP/1.1" 404 320 "-" "Mozilla/5.0 (compatible; Ezooms/1.0; ezooms.bot@gmail.com)"
208.115.111.74 - - [11/Aug/2011:23:32:12 +0200] "GET /pioneros/index.php?ruti=ruti3 HTTP/1.1" 200 17912 "-" "Mozilla/5.0 (compatible; Ezooms/1.0; ezooms.bot@gmail.com)"
67.195.115.242 - - [12/Aug/2011:00:21:47 +0200] "GET /pioneros/index.php?ruti=ruti4 HTTP/1.0" 200 3033 "-" "Mozilla/5.0 (compatible; Yahoo! Slurp; http://help.yahoo.com/help/us/ysearch/slurp)"
208.115.111.74 - - [12/Aug/2011:06:44:36 +0200] "GET /robots.txt HTTP/1.1" 404 320 "-" "Mozilla/5.0 (compatible; Ezooms/1.0; ezooms.bot@gmail.com)"
208.115.111.74 - - [12/Aug/2011:07:35:09 +0200] "GET /pioneros/index.php?ruti=ruti5 HTTP/1.1" 200 19248 "-" "Mozilla/5.0 (compatible; Ezooms/1.0; ezooms.bot@gmail.com)"
95.108.158.239 - - [12/Aug/2011:11:43:13 +0200] "GET /imagenes/iconos/marca_cruz_roja-rally_a_mali-8x8.png HTTP/1.1" 304 - "-" "Mozilla/5.0 (compatible; YandexImages/3.0; +http://yandex.com/bots)"
66.249.72.229 - - [12/Aug/2011:12:57:57 +0200] "GET /robots.txt HTTP/1.1" 404 262 "-" "Mozilla/5.0 (compatible; Googlebot/2.1; +http://www.google.com/bot.html)"
66.249.72.229 - - [12/Aug/2011:12:57:57 +0200] "GET /pioneros/index.php?ruti=ruti16 HTTP/1.1" 200 2986 "-" "Mozilla/5.0 (compatible; Googlebot/2.1; +http://www.google.com/bot.html)"
66.249.72.229 - - [12/Aug/2011:13:13:55 +0200] "GET /pioneros/index.php?ruti=ruti5 HTTP/1.1" 200 3780 "-" "Mozilla/5.0 (compatible; Googlebot/2.1; +http://www.google.com/bot.html)"
208.115.111.74 - - [12/Aug/2011:14:43:14 +0200] "GET /robots.txt HTTP/1.1" 404 320 "-" "Mozilla/5.0 (compatible; Ezooms/1.0; ezooms.bot@gmail.com)"
88.131.106.6 - - [12/Aug/2011:15:55:41 +0200] "GET /robots.txt HTTP/1.0" 404 262 "-" "Mozilla/5.0 (Windows; U; Windows NT 5.1; en-US) Speedy Spider (http://www.entireweb.com/about/search_tech/speedy_spider/)"
88.131.106.7 - - [12/Aug/2011:15:55:41 +0200] "GET /pioneros HTTP/1.0" 301 270 "-" "Mozilla/5.0 (Windows; U; Windows NT 5.1; en-US) Speedy Spider (http://www.entireweb.com/about/search_tech/speedy_spider/)"
88.131.106.5 - - [12/Aug/2011:15:55:41 +0200] "GET /pioneros/ HTTP/1.0" 200 3990 "-" "Mozilla/5.0 (Windows; U; Windows NT 5.1; en-US) Speedy Spider (http://www.entireweb.com/about/search_tech/speedy_spider/)"
208.115.111.249 - - [12/Aug/2011:16:30:36 +0200] "GET /robots.txt HTTP/1.1" 404 262 "-" "Mozilla/5.0 (compatible; DotBot/1.1; http://www.dotnetdotcom.org/, crawler@dotnetdotcom.org)"
67.195.115.242 - - [12/Aug/2011:16:34:07 +0200] "GET /robots.txt HTTP/1.0" 404 262 "-" "Mozilla/5.0 (compatible; Yahoo! Slurp; http://help.yahoo.com/help/us/ysearch/slurp)"
67.195.115.242 - - [12/Aug/2011:16:34:07 +0200] "GET /pioneros/index.php?ruti=ruti7 HTTP/1.0" 200 4506 "-" "Mozilla/5.0 (compatible; Yahoo! Slurp; http://help.yahoo.com/help/us/ysearch/slurp)"
208.115.111.74 - - [12/Aug/2011:16:39:25 +0200] "GET /pioneros/index.php?ruti=ruti7 HTTP/1.1" 200 27923 "-" "Mozilla/5.0 (compatible; Ezooms/1.0; ezooms.bot@gmail.com)"
67.195.115.242 - - [12/Aug/2011:18:12:46 +0200] "GET /pioneros/index.php?ruti=ruti2 HTTP/1.0" 200 5065 "-" "Mozilla/5.0 (compatible; Yahoo! Slurp; http://help.yahoo.com/help/us/ysearch/slurp)"
208.115.111.74 - - [12/Aug/2011:18:45:20 +0200] "GET /robots.txt HTTP/1.1" 404 320 "-" "Mozilla/5.0 (compatible; Ezooms/1.0; ezooms.bot@gmail.com)"
67.195.115.242 - - [12/Aug/2011:19:16:49 +0200] "GET /robots.txt HTTP/1.0" 404 262 "-" "Mozilla/5.0 (compatible; Yahoo! Slurp; http://help.yahoo.com/help/us/ysearch/slurp)"
67.195.115.242 - - [12/Aug/2011:19:16:50 +0200] "GET /pioneros/index.php?ruti=ruti17 HTTP/1.0" 200 2635 "-" "Mozilla/5.0 (compatible; Yahoo! Slurp; http://help.yahoo.com/help/us/ysearch/slurp)"
208.115.111.74 - - [12/Aug/2011:19:30:17 +0200] "GET /pioneros/ HTTP/1.1" 200 22907 "-" "Mozilla/5.0 (compatible; Ezooms/1.0; ezooms.bot@gmail.com)"
208.115.111.249 - - [12/Aug/2011:20:38:34 +0200] "GET /robots.txt HTTP/1.1" 404 262 "-" "Mozilla/5.0 (compatible; DotBot/1.1; http://www.dotnetdotcom.org/, crawler@dotnetdotcom.org)"
208.115.111.249 - - [12/Aug/2011:21:00:17 +0200] "GET /pioneros HTTP/1.1" 301 270 "-" "Mozilla/5.0 (compatible; DotBot/1.1; http://www.dotnetdotcom.org/, crawler@dotnetdotcom.org)"
208.115.111.74 - - [12/Aug/2011:22:46:26 +0200] "GET /robots.txt HTTP/1.1" 404 320 "-" "Mozilla/5.0 (compatible; Ezooms/1.0; ezooms.bot@gmail.com)"
208.115.111.74 - - [12/Aug/2011:23:37:35 +0200] "GET /pioneros/index.php?ruti=ruti9 HTTP/1.1" 200 30324 "-" "Mozilla/5.0 (compatible; Ezooms/1.0; ezooms.bot@gmail.com)"
208.80.194.29 - - [13/Aug/2011:00:35:06 +0200] "GET / HTTP/1.0" 200 44 "-" "Mozilla/4.0 (compatible; MSIE 7.0; Windows NT 5.1; FunWebProducts; .NET CLR 1.0.3705; .NET CLR 1.1.4322; Media Center PC 4.0; .NET CLR 2.0.50727; SpamBlockerUtility 4.8.6)"
208.115.111.249 - - [13/Aug/2011:00:43:02 +0200] "GET /robots.txt HTTP/1.1" 404 262 "-" "Mozilla/5.0 (compatible; DotBot/1.1; http://www.dotnetdotcom.org/, crawler@dotnetdotcom.org)"
208.115.111.249 - - [13/Aug/2011:01:01:59 +0200] "GET /pioneros/ HTTP/1.1" 200 3990 "-" "Mozilla/5.0 (compatible; DotBot/1.1; http://www.dotnetdotcom.org/, crawler@dotnetdotcom.org)"
208.115.111.249 - - [13/Aug/2011:01:02:03 +0200] "GET /pioneros/index.php?ruti=ruti0 HTTP/1.1" 200 3004 "-" "Mozilla/5.0 (compatible; DotBot/1.1; http://www.dotnetdotcom.org/, crawler@dotnetdotcom.org)"
208.115.111.249 - - [13/Aug/2011:01:02:08 +0200] "GET /pioneros/index.php?ruti=ruti11 HTTP/1.1" 200 4094 "-" "Mozilla/5.0 (compatible; DotBot/1.1; http://www.dotnetdotcom.org/, crawler@dotnetdotcom.org)"
208.115.111.249 - - [13/Aug/2011:01:02:12 +0200] "GET /pioneros/index.php?ruti=ruti12 HTTP/1.1" 200 5364 "-" "Mozilla/5.0 (compatible; DotBot/1.1; http://www.dotnetdotcom.org/, crawler@dotnetdotcom.org)"
208.115.111.249 - - [13/Aug/2011:05:00:44 +0200] "GET /robots.txt HTTP/1.1" 404 262 "-" "Mozilla/5.0 (compatible; DotBot/1.1; http://www.dotnetdotcom.org/, crawler@dotnetdotcom.org)"
208.115.111.249 - - [13/Aug/2011:05:16:15 +0200] "GET /pioneros/index.php?ruti=ruti1 HTTP/1.1" 200 3990 "-" "Mozilla/5.0 (compatible; DotBot/1.1; http://www.dotnetdotcom.org/, crawler@dotnetdotcom.org)"
208.115.111.249 - - [13/Aug/2011:05:16:18 +0200] "GET /pioneros/index.php?ruti=ruti14 HTTP/1.1" 200 3112 "-" "Mozilla/5.0 (compatible; DotBot/1.1; http://www.dotnetdotcom.org/, crawler@dotnetdotcom.org)"
208.115.111.249 - - [13/Aug/2011:05:16:22 +0200] "GET /pioneros/index.php?ruti=ruti15 HTTP/1.1" 200 5093 "-" "Mozilla/5.0 (compatible; DotBot/1.1; http://www.dotnetdotcom.org/, crawler@dotnetdotcom.org)"
208.115.111.249 - - [13/Aug/2011:05:16:27 +0200] "GET /pioneros/index.php?ruti=ruti16 HTTP/1.1" 200 2986 "-" "Mozilla/5.0 (compatible; DotBot/1.1; http://www.dotnetdotcom.org/, crawler@dotnetdotcom.org)"
208.115.111.249 - - [13/Aug/2011:05:16:32 +0200] "GET /pioneros/index.php?ruti=ruti17 HTTP/1.1" 200 2635 "-" "Mozilla/5.0 (compatible; DotBot/1.1; http://www.dotnetdotcom.org/, crawler@dotnetdotcom.org)"
208.115.111.249 - - [13/Aug/2011:05:16:37 +0200] "GET /pioneros/index.php?ruti=ruti18 HTTP/1.1" 200 3941 "-" "Mozilla/5.0 (compatible; DotBot/1.1; http://www.dotnetdotcom.org/, crawler@dotnetdotcom.org)"
208.115.111.249 - - [13/Aug/2011:05:16:42 +0200] "GET /pioneros/index.php?ruti=ruti3 HTTP/1.1" 200 3858 "-" "Mozilla/5.0 (compatible; DotBot/1.1; http://www.dotnetdotcom.org/, crawler@dotnetdotcom.org)"
208.115.111.249 - - [13/Aug/2011:05:16:47 +0200] "GET /pioneros/index.php?ruti=ruti4 HTTP/1.1" 200 3033 "-" "Mozilla/5.0 (compatible; DotBot/1.1; http://www.dotnetdotcom.org/, crawler@dotnetdotcom.org)"
208.115.111.249 - - [13/Aug/2011:05:16:53 +0200] "GET /pioneros/index.php?ruti=ruti5 HTTP/1.1" 200 3780 "-" "Mozilla/5.0 (compatible; DotBot/1.1; http://www.dotnetdotcom.org/, crawler@dotnetdotcom.org)"
208.115.111.249 - - [13/Aug/2011:05:16:58 +0200] "GET /pioneros/index.php?ruti=ruti6 HTTP/1.1" 200 3085 "-" "Mozilla/5.0 (compatible; DotBot/1.1; http://www.dotnetdotcom.org/, crawler@dotnetdotcom.org)"
95.108.246.252 - - [13/Aug/2011:05:48:45 +0200] "GET /robots.txt HTTP/1.1" 404 320 "-" "Mozilla/5.0 (compatible; YandexBot/3.0; +http://yandex.com/bots)"
66.249.72.229 - - [13/Aug/2011:07:27:51 +0200] "GET /robots.txt HTTP/1.1" 404 262 "-" "Mozilla/5.0 (compatible; Googlebot/2.1; +http://www.google.com/bot.html)"
66.249.72.229 - - [13/Aug/2011:07:27:51 +0200] "GET /pioneros/index.php?ruti=ruti0 HTTP/1.1" 200 3004 "-" "Mozilla/5.0 (compatible; Googlebot/2.1; +http://www.google.com/bot.html)"
95.108.246.252 - - [13/Aug/2011:08:16:59 +0200] "GET / HTTP/1.1" 200 49 "-" "Mozilla/5.0 (compatible; YandexBot/3.0; +http://yandex.com/bots)"
208.115.111.249 - - [13/Aug/2011:09:23:30 +0200] "GET /pioneros/index.php?ruti=ruti10 HTTP/1.1" 200 3623 "-" "Mozilla/5.0 (compatible; DotBot/1.1; http://www.dotnetdotcom.org/, crawler@dotnetdotcom.org)"
208.115.111.249 - - [13/Aug/2011:09:23:34 +0200] "GET /pioneros/index.php?ruti=ruti2 HTTP/1.1" 200 5065 "-" "Mozilla/5.0 (compatible; DotBot/1.1; http://www.dotnetdotcom.org/, crawler@dotnetdotcom.org)"
208.115.111.249 - - [13/Aug/2011:09:23:39 +0200] "GET /pioneros/index.php?ruti=ruti7 HTTP/1.1" 200 4506 "-" "Mozilla/5.0 (compatible; DotBot/1.1; http://www.dotnetdotcom.org/, crawler@dotnetdotcom.org)"
208.115.111.249 - - [13/Aug/2011:09:23:44 +0200] "GET /pioneros/index.php?ruti=ruti8 HTTP/1.1" 200 5091 "-" "Mozilla/5.0 (compatible; DotBot/1.1; http://www.dotnetdotcom.org/, crawler@dotnetdotcom.org)"
208.115.111.249 - - [13/Aug/2011:09:23:49 +0200] "GET /pioneros/index.php?ruti=ruti9 HTTP/1.1" 200 5161 "-" "Mozilla/5.0 (compatible; DotBot/1.1; http://www.dotnetdotcom.org/, crawler@dotnetdotcom.org)"
95.108.158.239 - - [13/Aug/2011:09:43:59 +0200] "GET /robots.txt HTTP/1.1" 404 320 "-" "Mozilla/5.0 (compatible; YandexImages/3.0; +http://yandex.com/bots)"
95.108.246.252 - - [13/Aug/2011:10:21:01 +0200] "GET /pioneros/index.php?ruti=ruti14 HTTP/1.1" 200 3112 "-" "Mozilla/5.0 (compatible; YandexBot/3.0; +http://yandex.com/bots)"
95.108.246.252 - - [13/Aug/2011:11:23:01 +0200] "GET /pioneros/index.php?ruti=ruti11 HTTP/1.1" 200 4094 "-" "Mozilla/5.0 (compatible; YandexBot/3.0; +http://yandex.com/bots)"
95.108.246.252 - - [13/Aug/2011:12:56:01 +0200] "GET /pioneros/index.php?ruti=ruti12 HTTP/1.1" 200 5364 "-" "Mozilla/5.0 (compatible; YandexBot/3.0; +http://yandex.com/bots)"
95.108.246.252 - - [13/Aug/2011:13:27:08 +0200] "GET /pioneros/index.php?ruti=ruti6 HTTP/1.1" 408 263 "-" "Mozilla/5.0 (compatible; YandexBot/3.0; +http://yandex.com/bots)"
95.108.246.252 - - [13/Aug/2011:13:27:09 +0200] "GET /pioneros/index.php?ruti=ruti6 HTTP/1.1" 200 3085 "-" "Mozilla/5.0 (compatible; YandexBot/3.0; +http://yandex.com/bots)"
95.108.158.239 - - [13/Aug/2011:13:38:46 +0200] "GET /imagenes/iconos/marca_cruz_roja-rally_a_mali-8x8.png HTTP/1.1" 304 - "-" "Mozilla/5.0 (compatible; YandexImages/3.0; +http://yandex.com/bots)"
95.108.246.252 - - [13/Aug/2011:14:01:46 +0200] "GET /pioneros/index.php?ruti=ruti18 HTTP/1.1" 200 3941 "-" "Mozilla/5.0 (compatible; YandexBot/3.0; +http://yandex.com/bots)"
