66.249.72.203 - - [21/May/2011:08:36:40 +0200] "GET /pioneros/index.php?ruti=ruti0 HTTP/1.1" 200 3004 "-" "Mozilla/5.0 (compatible; Googlebot/2.1; +http://www.google.com/bot.html)"
67.195.115.157 - - [21/May/2011:16:28:25 +0200] "GET /robots.txt HTTP/1.0" 404 262 "-" "Mozilla/5.0 (compatible; Yahoo! Slurp; http://help.yahoo.com/help/us/ysearch/slurp)"
67.195.115.157 - - [21/May/2011:16:28:25 +0200] "GET /pioneros/index.php?ruti=ruti9 HTTP/1.0" 200 5161 "-" "Mozilla/5.0 (compatible; Yahoo! Slurp; http://help.yahoo.com/help/us/ysearch/slurp)"
119.63.196.57 - - [21/May/2011:18:26:24 +0200] "GET / HTTP/1.1" 200 44 "-" "Baiduspider+(+http://www.baidu.jp/spider/)"
67.195.115.157 - - [21/May/2011:21:16:42 +0200] "GET /pioneros/index.php?ruti=ruti12 HTTP/1.0" 200 5364 "-" "Mozilla/5.0 (compatible; Yahoo! Slurp; http://help.yahoo.com/help/us/ysearch/slurp)"
95.108.246.252 - - [22/May/2011:01:04:17 +0200] "GET /robots.txt HTTP/1.1" 404 320 "-" "Mozilla/5.0 (compatible; YandexBot/3.0; +http://yandex.com/bots)"
207.46.204.243 - - [22/May/2011:05:17:42 +0200] "GET /robots.txt HTTP/1.1" 404 320 "-" "Mozilla/5.0 (compatible; bingbot/2.0; +http://www.bing.com/bingbot.htm)"
207.46.204.243 - - [22/May/2011:05:18:21 +0200] "GET /pioneros/ HTTP/1.1" 200 3990 "-" "Mozilla/5.0 (compatible; bingbot/2.0; +http://www.bing.com/bingbot.htm)"
95.108.246.252 - - [22/May/2011:10:13:57 +0200] "GET / HTTP/1.1" 200 49 "-" "Mozilla/5.0 (compatible; YandexBot/3.0; +http://yandex.com/bots)"
66.249.71.20 - - [22/May/2011:13:48:10 +0200] "GET /robots.txt HTTP/1.1" 404 262 "-" "Mozilla/5.0 (compatible; Googlebot/2.1; +http://www.google.com/bot.html)"
66.249.71.20 - - [22/May/2011:13:48:10 +0200] "GET /pioneros/index.php?ruti=ruti12 HTTP/1.1" 200 5364 "-" "Mozilla/5.0 (compatible; Googlebot/2.1; +http://www.google.com/bot.html)"
66.249.71.20 - - [22/May/2011:14:34:07 +0200] "GET /pioneros/index.php?ruti=ruti8 HTTP/1.1" 200 5091 "-" "Mozilla/5.0 (compatible; Googlebot/2.1; +http://www.google.com/bot.html)"
119.63.196.115 - - [22/May/2011:15:25:26 +0200] "GET /robots.txt HTTP/1.1" 404 262 "-" "Baiduspider+(+http://www.baidu.com/search/spider.htm)"
66.249.71.20 - - [22/May/2011:16:52:11 +0200] "GET /pioneros/index.php?ruti=ruti3 HTTP/1.1" 200 3858 "-" "Mozilla/5.0 (compatible; Googlebot/2.1; +http://www.google.com/bot.html)"
208.80.194.29 - - [22/May/2011:18:23:21 +0200] "GET / HTTP/1.0" 200 44 "-" "Mozilla/4.0 (compatible; MSIE 6.0; Windows NT 5.1; SV1; .NET CLR 2.0.50727; MSN 6.1; MSNbMSFT; MSNmen-us; MSNc22; MSNc22)"
119.63.196.116 - - [23/May/2011:18:26:00 +0200] "GET / HTTP/1.1" 200 44 "-" "Baiduspider+(+http://www.baidu.jp/spider/)"
94.23.228.116 - - [23/May/2011:23:52:43 +0200] "GET //scripts/setup.php HTTP/1.1" 404 265 "-" "-"
94.23.228.116 - - [23/May/2011:23:52:46 +0200] "GET //admin/pma/scripts/setup.php HTTP/1.1" 404 273 "-" "-"
94.23.228.116 - - [23/May/2011:23:52:49 +0200] "GET //db/scripts/setup.php HTTP/1.1" 404 267 "-" "-"
94.23.228.116 - - [23/May/2011:23:52:49 +0200] "GET //dbadmin/scripts/setup.php HTTP/1.1" 404 272 "-" "-"
94.23.228.116 - - [23/May/2011:23:52:50 +0200] "GET //myadmin/scripts/setup.php HTTP/1.1" 404 272 "-" "-"
94.23.228.116 - - [23/May/2011:23:52:50 +0200] "GET //mysql/scripts/setup.php HTTP/1.1" 404 271 "-" "-"
94.23.228.116 - - [23/May/2011:23:52:51 +0200] "GET //mysqladmin/scripts/setup.php HTTP/1.1" 404 274 "-" "-"
94.23.228.116 - - [23/May/2011:23:52:51 +0200] "GET //typo3/phpmyadmin/scripts/setup.php HTTP/1.1" 404 277 "-" "-"
94.23.228.116 - - [23/May/2011:23:52:51 +0200] "GET //phpadmin/scripts/setup.php HTTP/1.1" 404 272 "-" "-"
94.23.228.116 - - [23/May/2011:23:52:51 +0200] "GET //phpMyAdmin/scripts/setup.php HTTP/1.1" 404 273 "-" "-"
94.23.228.116 - - [23/May/2011:23:52:52 +0200] "GET //phpmyadmin/scripts/setup.php HTTP/1.1" 401 364 "-" "-"
94.23.228.116 - - [23/May/2011:23:53:01 +0200] "GET //web/phpMyAdmin/scripts/setup.php HTTP/1.1" 404 276 "-" "-"
94.23.228.116 - - [23/May/2011:23:53:01 +0200] "GET //xampp/phpmyadmin/scripts/setup.php HTTP/1.1" 404 278 "-" "-"
94.23.228.116 - - [23/May/2011:23:53:01 +0200] "GET //web/scripts/setup.php HTTP/1.1" 404 269 "-" "-"
94.23.228.116 - - [23/May/2011:23:53:04 +0200] "GET //websql/scripts/setup.php HTTP/1.1" 404 271 "-" "-"
94.23.228.116 - - [23/May/2011:23:53:04 +0200] "GET //phpmyadmin/scripts/setup.php HTTP/1.1" 401 364 "-" "-"
94.23.228.116 - - [23/May/2011:23:53:04 +0200] "GET //phpMyAdmin/scripts/setup.php HTTP/1.1" 404 273 "-" "-"
94.23.228.116 - - [23/May/2011:23:53:04 +0200] "GET //phpMyAdmin-2/scripts/setup.php HTTP/1.1" 404 275 "-" "-"
94.23.228.116 - - [23/May/2011:23:53:04 +0200] "GET //php-my-admin/scripts/setup.php HTTP/1.1" 404 275 "-" "-"
94.23.228.116 - - [23/May/2011:23:53:07 +0200] "GET //phpMyAdmin-2.2.6/scripts/setup.php HTTP/1.1" 404 277 "-" "-"
94.23.228.116 - - [23/May/2011:23:53:07 +0200] "GET //phpMyAdmin-2.5.1/scripts/setup.php HTTP/1.1" 404 278 "-" "-"
94.23.228.116 - - [23/May/2011:23:53:07 +0200] "GET //phpMyAdmin-2.5.4/scripts/setup.php HTTP/1.1" 404 278 "-" "-"
94.23.228.116 - - [23/May/2011:23:53:07 +0200] "GET //phpMyAdmin-2.5.5-rc1/scripts/setup.php HTTP/1.1" 404 281 "-" "-"
94.23.228.116 - - [23/May/2011:23:53:08 +0200] "GET //phpMyAdmin-2.5.5-rc2/scripts/setup.php HTTP/1.1" 404 281 "-" "-"
94.23.228.116 - - [23/May/2011:23:53:08 +0200] "GET //phpMyAdmin-2.5.5/scripts/setup.php HTTP/1.1" 404 278 "-" "-"
94.23.228.116 - - [23/May/2011:23:53:08 +0200] "GET //phpMyAdmin-2.5.5-pl1/scripts/setup.php HTTP/1.1" 404 281 "-" "-"
94.23.228.116 - - [23/May/2011:23:53:08 +0200] "GET //phpMyAdmin-2.5.6-rc1/scripts/setup.php HTTP/1.1" 404 281 "-" "-"
94.23.228.116 - - [23/May/2011:23:53:08 +0200] "GET //phpMyAdmin-2.5.6-rc2/scripts/setup.php HTTP/1.1" 404 281 "-" "-"
94.23.228.116 - - [23/May/2011:23:53:08 +0200] "GET //phpMyAdmin-2.5.6/scripts/setup.php HTTP/1.1" 404 278 "-" "-"
94.23.228.116 - - [23/May/2011:23:53:09 +0200] "GET //phpMyAdmin-2.5.7/scripts/setup.php HTTP/1.1" 404 278 "-" "-"
94.23.228.116 - - [23/May/2011:23:53:09 +0200] "GET //phpMyAdmin-2.5.7-pl1/scripts/setup.php HTTP/1.1" 404 281 "-" "-"
94.23.228.116 - - [23/May/2011:23:53:09 +0200] "GET //phpMyAdmin-2.6.0-alpha/scripts/setup.php HTTP/1.1" 404 282 "-" "-"
94.23.228.116 - - [23/May/2011:23:53:09 +0200] "GET //phpMyAdmin-2.6.0-alpha2/scripts/setup.php HTTP/1.1" 404 283 "-" "-"
94.23.228.116 - - [23/May/2011:23:53:10 +0200] "GET //phpMyAdmin-2.6.0-beta1/scripts/setup.php HTTP/1.1" 404 282 "-" "-"
94.23.228.116 - - [23/May/2011:23:53:13 +0200] "GET //phpMyAdmin-2.6.0-rc1/scripts/setup.php HTTP/1.1" 404 281 "-" "-"
94.23.228.116 - - [23/May/2011:23:53:16 +0200] "GET //phpMyAdmin-2.6.0-rc3/scripts/setup.php HTTP/1.1" 404 282 "-" "-"
94.23.228.116 - - [23/May/2011:23:53:25 +0200] "GET //phpMyAdmin-2.6.0-pl3/scripts/setup.php HTTP/1.1" 404 282 "-" "-"
94.23.228.116 - - [23/May/2011:23:53:31 +0200] "GET //phpMyAdmin-2.6.1/scripts/setup.php HTTP/1.1" 404 278 "-" "-"
94.23.228.116 - - [23/May/2011:23:53:34 +0200] "GET //phpMyAdmin-2.6.1-pl2/scripts/setup.php HTTP/1.1" 404 281 "-" "-"
94.23.228.116 - - [23/May/2011:23:53:34 +0200] "GET //phpMyAdmin-2.6.1-pl3/scripts/setup.php HTTP/1.1" 404 281 "-" "-"
94.23.228.116 - - [23/May/2011:23:53:34 +0200] "GET //phpMyAdmin-2.6.2-rc1/scripts/setup.php HTTP/1.1" 404 281 "-" "-"
94.23.228.116 - - [23/May/2011:23:53:34 +0200] "GET //phpMyAdmin-2.6.2-beta1/scripts/setup.php HTTP/1.1" 404 282 "-" "-"
94.23.228.116 - - [23/May/2011:23:53:43 +0200] "GET //phpMyAdmin-2.6.3/scripts/setup.php HTTP/1.1" 404 279 "-" "-"
94.23.228.116 - - [23/May/2011:23:53:43 +0200] "GET //phpMyAdmin-2.6.3-rc1/scripts/setup.php HTTP/1.1" 404 281 "-" "-"
94.23.228.116 - - [23/May/2011:23:53:43 +0200] "GET //phpMyAdmin-2.6.3/scripts/setup.php HTTP/1.1" 404 279 "-" "-"
94.23.228.116 - - [23/May/2011:23:53:46 +0200] "GET //phpMyAdmin-2.6.4-rc1/scripts/setup.php HTTP/1.1" 404 281 "-" "-"
94.23.228.116 - - [23/May/2011:23:53:55 +0200] "GET //phpMyAdmin-2.6.4-pl4/scripts/setup.php HTTP/1.1" 404 281 "-" "-"
94.23.228.116 - - [23/May/2011:23:54:01 +0200] "GET //phpMyAdmin-2.7.0-rc1/scripts/setup.php HTTP/1.1" 404 281 "-" "-"
94.23.228.116 - - [23/May/2011:23:54:01 +0200] "GET //phpMyAdmin-2.7.0-pl1/scripts/setup.php HTTP/1.1" 404 281 "-" "-"
94.23.228.116 - - [23/May/2011:23:54:01 +0200] "GET //phpMyAdmin-2.7.0-pl2/scripts/setup.php HTTP/1.1" 404 281 "-" "-"
94.23.228.116 - - [23/May/2011:23:54:02 +0200] "GET //phpMyAdmin-2.7.0/scripts/setup.php HTTP/1.1" 404 278 "-" "-"
94.23.228.116 - - [23/May/2011:23:54:02 +0200] "GET //phpMyAdmin-2.8.0-beta1/scripts/setup.php HTTP/1.1" 404 282 "-" "-"
94.23.228.116 - - [23/May/2011:23:54:02 +0200] "GET //phpMyAdmin-2.8.0-rc1/scripts/setup.php HTTP/1.1" 404 281 "-" "-"
94.23.228.116 - - [23/May/2011:23:54:03 +0200] "GET //phpMyAdmin-2.8.0-rc2/scripts/setup.php HTTP/1.1" 404 281 "-" "-"
94.23.228.116 - - [23/May/2011:23:54:03 +0200] "GET //phpMyAdmin-2.8.0/scripts/setup.php HTTP/1.1" 404 278 "-" "-"
94.23.228.116 - - [23/May/2011:23:54:03 +0200] "GET //phpMyAdmin-2.8.0.1/scripts/setup.php HTTP/1.1" 404 280 "-" "-"
94.23.228.116 - - [23/May/2011:23:54:04 +0200] "GET //phpMyAdmin-2.8.0.2/scripts/setup.php HTTP/1.1" 404 280 "-" "-"
94.23.228.116 - - [23/May/2011:23:54:04 +0200] "GET //phpMyAdmin-2.8.0.3/scripts/setup.php HTTP/1.1" 404 280 "-" "-"
94.23.228.116 - - [23/May/2011:23:54:04 +0200] "GET //phpMyAdmin-2.8.0.4/scripts/setup.php HTTP/1.1" 404 280 "-" "-"
94.23.228.116 - - [23/May/2011:23:54:05 +0200] "GET //phpMyAdmin-2.8.1-rc1/scripts/setup.php HTTP/1.1" 404 281 "-" "-"
94.23.228.116 - - [23/May/2011:23:54:05 +0200] "GET //phpMyAdmin-2.8.1/scripts/setup.php HTTP/1.1" 404 278 "-" "-"
94.23.228.116 - - [23/May/2011:23:54:05 +0200] "GET //phpMyAdmin-2.8.2/scripts/setup.php HTTP/1.1" 404 278 "-" "-"
94.23.228.116 - - [23/May/2011:23:54:06 +0200] "GET //sqlmanager/scripts/setup.php HTTP/1.1" 404 274 "-" "-"
94.23.228.116 - - [23/May/2011:23:54:06 +0200] "GET //mysqlmanager/scripts/setup.php HTTP/1.1" 404 276 "-" "-"
94.23.228.116 - - [23/May/2011:23:54:06 +0200] "GET //p/m/a/scripts/setup.php HTTP/1.1" 404 270 "-" "-"
94.23.228.116 - - [23/May/2011:23:54:07 +0200] "GET //PMA2005/scripts/setup.php HTTP/1.1" 404 272 "-" "-"
94.23.228.116 - - [23/May/2011:23:54:07 +0200] "GET //pma2005/scripts/setup.php HTTP/1.1" 404 272 "-" "-"
94.23.228.116 - - [23/May/2011:23:54:07 +0200] "GET //phpmanager/scripts/setup.php HTTP/1.1" 404 273 "-" "-"
94.23.228.116 - - [23/May/2011:23:54:08 +0200] "GET //php-myadmin/scripts/setup.php HTTP/1.1" 404 274 "-" "-"
94.23.228.116 - - [23/May/2011:23:54:11 +0200] "GET //webadmin/scripts/setup.php HTTP/1.1" 404 273 "-" "-"
94.23.228.116 - - [23/May/2011:23:54:14 +0200] "GET //websql/scripts/setup.php HTTP/1.1" 404 271 "-" "-"
94.23.228.116 - - [23/May/2011:23:54:23 +0200] "GET //databaseadmin/scripts/setup.php HTTP/1.1" 404 275 "-" "-"
94.23.228.116 - - [23/May/2011:23:54:23 +0200] "GET //admm/scripts/setup.php HTTP/1.1" 404 269 "-" "-"
94.23.228.116 - - [23/May/2011:23:54:23 +0200] "GET //admn/scripts/setup.php HTTP/1.1" 404 269 "-" "-"
67.195.115.157 - - [24/May/2011:02:24:18 +0200] "GET /robots.txt HTTP/1.0" 404 262 "-" "Mozilla/5.0 (compatible; Yahoo! Slurp; http://help.yahoo.com/help/us/ysearch/slurp)"
67.195.115.157 - - [24/May/2011:02:24:18 +0200] "GET /pioneros/ HTTP/1.0" 200 3990 "-" "Mozilla/5.0 (compatible; Yahoo! Slurp; http://help.yahoo.com/help/us/ysearch/slurp)"
208.115.111.249 - - [24/May/2011:02:25:04 +0200] "GET /robots.txt HTTP/1.1" 404 262 "-" "Mozilla/5.0 (compatible; DotBot/1.1; http://www.dotnetdotcom.org/, crawler@dotnetdotcom.org)"
157.55.116.39 - - [24/May/2011:07:16:29 +0200] "GET /robots.txt HTTP/1.1" 404 262 "-" "msnbot/2.0b (+http://search.msn.com/msnbot.htm)._"
157.55.116.39 - - [24/May/2011:07:16:29 +0200] "GET /pioneros/ HTTP/1.1" 200 3990 "-" "msnbot/2.0b (+http://search.msn.com/msnbot.htm)._"
208.115.111.249 - - [24/May/2011:07:20:15 +0200] "GET /pioneros/function.mysql-connect HTTP/1.1" 404 276 "-" "Mozilla/5.0 (compatible; DotBot/1.1; http://www.dotnetdotcom.org/, crawler@dotnetdotcom.org)"
207.46.204.239 - - [24/May/2011:08:50:40 +0200] "GET /robots.txt HTTP/1.1" 404 320 "-" "Mozilla/5.0 (compatible; bingbot/2.0; +http://www.bing.com/bingbot.htm)"
207.46.204.239 - - [24/May/2011:08:51:41 +0200] "GET /pioneros/ HTTP/1.1" 200 3990 "-" "Mozilla/5.0 (compatible; bingbot/2.0; +http://www.bing.com/bingbot.htm)"
208.80.194.29 - - [24/May/2011:09:00:33 +0200] "GET / HTTP/1.0" 200 44 "-" "Mozilla/4.0 (compatible; MSIE 6.0; Windows NT 5.0; SU 2.009)"
67.195.115.157 - - [24/May/2011:09:30:57 +0200] "GET /pioneros/index.php?ruti=ruti5 HTTP/1.0" 200 3780 "-" "Mozilla/5.0 (compatible; Yahoo! Slurp; http://help.yahoo.com/help/us/ysearch/slurp)"
67.195.115.157 - - [24/May/2011:18:01:04 +0200] "GET /robots.txt HTTP/1.0" 404 262 "-" "Mozilla/5.0 (compatible; Yahoo! Slurp; http://help.yahoo.com/help/us/ysearch/slurp)"
67.195.115.157 - - [24/May/2011:18:01:05 +0200] "GET /pioneros/index.php?ruti=ruti2 HTTP/1.0" 200 5065 "-" "Mozilla/5.0 (compatible; Yahoo! Slurp; http://help.yahoo.com/help/us/ysearch/slurp)"
95.108.246.252 - - [24/May/2011:20:25:49 +0200] "GET /robots.txt HTTP/1.1" 404 320 "-" "Mozilla/5.0 (compatible; YandexBot/3.0; +http://yandex.com/bots)"
67.195.115.157 - - [25/May/2011:02:25:22 +0200] "GET /robots.txt HTTP/1.0" 404 262 "-" "Mozilla/5.0 (compatible; Yahoo! Slurp; http://help.yahoo.com/help/us/ysearch/slurp)"
67.195.115.157 - - [25/May/2011:02:25:23 +0200] "GET /pioneros/index.php?ruti=ruti2 HTTP/1.0" 200 5065 "-" "Mozilla/5.0 (compatible; Yahoo! Slurp; http://help.yahoo.com/help/us/ysearch/slurp)"
95.108.246.252 - - [25/May/2011:05:00:27 +0200] "GET /pioneros/index-sepulveda.php HTTP/1.1" 200 12750 "-" "Mozilla/5.0 (compatible; YandexBot/3.0; +http://yandex.com/bots)"
95.108.246.252 - - [25/May/2011:09:31:53 +0200] "GET /pioneros/index.php?ruti=ruti3 HTTP/1.1" 200 3858 "-" "Mozilla/5.0 (compatible; YandexBot/3.0; +http://yandex.com/bots)"
220.181.108.147 - - [25/May/2011:13:01:02 +0200] "GET /pioneros HTTP/1.1" 301 270 "-" "Mozilla/5.0 (compatible; Baiduspider/2.0; +http://www.baidu.com/search/spider.html)"
220.181.108.151 - - [25/May/2011:13:01:04 +0200] "GET /pioneros/ HTTP/1.1" 200 3990 "-" "Mozilla/5.0 (compatible; Baiduspider/2.0; +http://www.baidu.com/search/spider.html)"
67.195.115.157 - - [25/May/2011:13:54:43 +0200] "GET /robots.txt HTTP/1.0" 404 262 "-" "Mozilla/5.0 (compatible; Yahoo! Slurp; http://help.yahoo.com/help/us/ysearch/slurp)"
67.195.115.157 - - [25/May/2011:13:54:44 +0200] "GET /pioneros/index.php?ruti=ruti8 HTTP/1.0" 200 5091 "-" "Mozilla/5.0 (compatible; Yahoo! Slurp; http://help.yahoo.com/help/us/ysearch/slurp)"
67.195.115.157 - - [25/May/2011:15:17:16 +0200] "GET /pioneros/index.php?ruti=ruti18 HTTP/1.0" 200 3941 "-" "Mozilla/5.0 (compatible; Yahoo! Slurp; http://help.yahoo.com/help/us/ysearch/slurp)"
67.195.115.157 - - [25/May/2011:18:37:37 +0200] "GET /pioneros HTTP/1.0" 301 270 "-" "Mozilla/5.0 (compatible; Yahoo! Slurp; http://help.yahoo.com/help/us/ysearch/slurp)"
67.195.115.157 - - [25/May/2011:18:37:37 +0200] "GET /pioneros/ HTTP/1.0" 200 3990 "-" "Mozilla/5.0 (compatible; Yahoo! Slurp; http://help.yahoo.com/help/us/ysearch/slurp)"
95.108.246.252 - - [25/May/2011:21:12:07 +0200] "GET /robots.txt HTTP/1.1" 404 320 "-" "Mozilla/5.0 (compatible; YandexBot/3.0; +http://yandex.com/bots)"
208.77.41.66 - - [26/May/2011:01:56:08 +0200] "GET /robots.txt HTTP/1.0" 404 320 "-" "Mozilla/5.0 (compatible; MJ12bot/v1.3.3; http://www.majestic12.co.uk/bot.php?+)"
208.77.41.66 - - [26/May/2011:01:56:09 +0200] "GET /pioneros/index.php?ruti=ruti10 HTTP/1.0" 200 3623 "-" "Mozilla/5.0 (compatible; MJ12bot/v1.3.3; http://www.majestic12.co.uk/bot.php?+)"
119.63.196.114 - - [26/May/2011:02:12:55 +0200] "GET /robots.txt HTTP/1.1" 404 262 "-" "Baiduspider+(+http://www.baidu.com/search/spider.htm)"
95.108.246.252 - - [26/May/2011:05:25:46 +0200] "GET / HTTP/1.1" 200 49 "-" "Mozilla/5.0 (compatible; YandexBot/3.0; +http://yandex.com/bots)"
208.80.194.33 - - [26/May/2011:05:58:37 +0200] "GET / HTTP/1.0" 200 44 "-" "Mozilla/4.0 (compatible; MSIE 7.0; Windows NT 5.1; sbcydsl 3.12; .NET CLR 1.0.3705; .NET CLR 2.0.50727)"
67.195.115.157 - - [26/May/2011:10:47:15 +0200] "GET /robots.txt HTTP/1.0" 404 262 "-" "Mozilla/5.0 (compatible; Yahoo! Slurp; http://help.yahoo.com/help/us/ysearch/slurp)"
67.195.115.157 - - [26/May/2011:10:47:15 +0200] "GET /pioneros/index.php?ruti=ruti14 HTTP/1.0" 200 3112 "-" "Mozilla/5.0 (compatible; Yahoo! Slurp; http://help.yahoo.com/help/us/ysearch/slurp)"
67.195.115.157 - - [26/May/2011:12:38:16 +0200] "GET /robots.txt HTTP/1.0" 404 262 "-" "Mozilla/5.0 (compatible; Yahoo! Slurp; http://help.yahoo.com/help/us/ysearch/slurp)"
67.195.115.157 - - [26/May/2011:12:38:16 +0200] "GET /pioneros/index.php?ruti=ruti15 HTTP/1.0" 200 5093 "-" "Mozilla/5.0 (compatible; Yahoo! Slurp; http://help.yahoo.com/help/us/ysearch/slurp)"
67.195.115.157 - - [27/May/2011:01:11:55 +0200] "GET /robots.txt HTTP/1.0" 404 262 "-" "Mozilla/5.0 (compatible; Yahoo! Slurp; http://help.yahoo.com/help/us/ysearch/slurp)"
67.195.115.157 - - [27/May/2011:01:11:55 +0200] "GET /pioneros/index.php?ruti=ruti17 HTTP/1.0" 200 2635 "-" "Mozilla/5.0 (compatible; Yahoo! Slurp; http://help.yahoo.com/help/us/ysearch/slurp)"
119.63.196.76 - - [27/May/2011:03:20:44 +0200] "GET /robots.txt HTTP/1.1" 404 262 "-" "Baiduspider+(+http://www.baidu.com/search/spider.htm)"
139.18.13.202 - - [27/May/2011:03:59:03 +0200] "GET /robots.txt HTTP/1.1" 404 320 "-" "findlinks/2.0.4 (+http://wortschatz.uni-leipzig.de/findlinks/)"
67.195.115.157 - - [27/May/2011:06:26:00 +0200] "GET /pioneros/index.php?ruti=ruti6 HTTP/1.0" 200 3085 "-" "Mozilla/5.0 (compatible; Yahoo! Slurp; http://help.yahoo.com/help/us/ysearch/slurp)"
67.195.115.157 - - [27/May/2011:10:36:25 +0200] "GET /pioneros/index.php?ruti=ruti7 HTTP/1.0" 200 4506 "-" "Mozilla/5.0 (compatible; Yahoo! Slurp; http://help.yahoo.com/help/us/ysearch/slurp)"
207.46.12.241 - - [27/May/2011:18:03:03 +0200] "GET /robots.txt HTTP/1.1" 404 320 "-" "Mozilla/5.0 (compatible; bingbot/2.0; +http://www.bing.com/bingbot.htm)"
207.46.12.241 - - [27/May/2011:18:03:59 +0200] "GET /pioneros/ HTTP/1.1" 200 3990 "-" "Mozilla/5.0 (compatible; bingbot/2.0; +http://www.bing.com/bingbot.htm)"
67.195.115.157 - - [27/May/2011:20:43:44 +0200] "GET /robots.txt HTTP/1.0" 404 262 "-" "Mozilla/5.0 (compatible; Yahoo! Slurp; http://help.yahoo.com/help/us/ysearch/slurp)"
67.195.115.157 - - [27/May/2011:20:43:45 +0200] "GET /pioneros/index.php?ruti=ruti11 HTTP/1.0" 200 4094 "-" "Mozilla/5.0 (compatible; Yahoo! Slurp; http://help.yahoo.com/help/us/ysearch/slurp)"
67.195.115.157 - - [27/May/2011:23:06:24 +0200] "GET /pioneros/index.php?ruti=ruti16 HTTP/1.0" 200 2986 "-" "Mozilla/5.0 (compatible; Yahoo! Slurp; http://help.yahoo.com/help/us/ysearch/slurp)"
93.198.39.39 - - [28/May/2011:01:12:56 +0200] "GET /pioneros HTTP/1.1" 301 357 "-" "findlinks/2.0.2 (+http://wortschatz.uni-leipzig.de/findlinks/)"
93.198.39.39 - - [28/May/2011:01:12:56 +0200] "GET /pioneros/ HTTP/1.1" 200 22907 "-" "findlinks/2.0.2 (+http://wortschatz.uni-leipzig.de/findlinks/)"
208.80.194.29 - - [28/May/2011:02:19:58 +0200] "GET / HTTP/1.0" 200 44 "-" "Mozilla/4.0 (compatible; MSIE 6.0; Windows NT 5.1; SV1; FunWebProducts; Tablet PC 1.7; .NET CLR 1.0.3705)"
95.108.246.252 - - [28/May/2011:19:54:48 +0200] "GET /robots.txt HTTP/1.1" 404 320 "-" "Mozilla/5.0 (compatible; YandexBot/3.0; +http://yandex.com/bots)"
67.195.115.157 - - [28/May/2011:21:17:54 +0200] "GET /robots.txt HTTP/1.0" 404 262 "-" "Mozilla/5.0 (compatible; Yahoo! Slurp; http://help.yahoo.com/help/us/ysearch/slurp)"
67.195.115.157 - - [28/May/2011:21:17:55 +0200] "GET /pioneros/index.php?ruti=ruti12 HTTP/1.0" 200 5364 "-" "Mozilla/5.0 (compatible; Yahoo! Slurp; http://help.yahoo.com/help/us/ysearch/slurp)"
95.108.158.239 - - [28/May/2011:22:32:24 +0200] "GET /robots.txt HTTP/1.1" 404 320 "-" "Mozilla/5.0 (compatible; YandexImages/3.0; +http://yandex.com/bots)"
50.19.158.4 - - [28/May/2011:23:32:29 +0200] "GET / HTTP/1.0" 200 44 "-" "Mozilla/5.0 (compatible; NetcraftSurveyAgent/1.0; +info@netcraft.com)"
95.108.246.252 - - [29/May/2011:05:49:12 +0200] "GET / HTTP/1.1" 200 49 "-" "Mozilla/5.0 (compatible; YandexBot/3.0; +http://yandex.com/bots)"
207.46.13.92 - - [29/May/2011:07:15:14 +0200] "GET /robots.txt HTTP/1.1" 404 320 "-" "Mozilla/5.0 (compatible; bingbot/2.0; +http://www.bing.com/bingbot.htm)"
207.46.13.92 - - [29/May/2011:07:16:02 +0200] "GET /pioneros/ HTTP/1.1" 200 3990 "-" "Mozilla/5.0 (compatible; bingbot/2.0; +http://www.bing.com/bingbot.htm)"
95.108.158.239 - - [29/May/2011:13:13:35 +0200] "GET /robots.txt HTTP/1.1" 404 320 "-" "Mozilla/5.0 (compatible; YandexImages/3.0; +http://yandex.com/bots)"
67.195.115.157 - - [29/May/2011:13:42:31 +0200] "GET /robots.txt HTTP/1.0" 404 262 "-" "Mozilla/5.0 (compatible; Yahoo! Slurp; http://help.yahoo.com/help/us/ysearch/slurp)"
67.195.115.157 - - [29/May/2011:13:42:31 +0200] "GET /pioneros/index.php?ruti=ruti1 HTTP/1.0" 200 3990 "-" "Mozilla/5.0 (compatible; Yahoo! Slurp; http://help.yahoo.com/help/us/ysearch/slurp)"
95.108.158.239 - - [29/May/2011:17:17:54 +0200] "GET /imagenes/iconos/marca_cruz_roja-rally_a_mali-8x8.png HTTP/1.1" 200 281 "-" "Mozilla/5.0 (compatible; YandexImages/3.0; +http://yandex.com/bots)"
139.18.13.202 - - [29/May/2011:21:38:47 +0200] "GET /robots.txt HTTP/1.1" 404 320 "-" "findlinks/2.0.4 (+http://wortschatz.uni-leipzig.de/findlinks/)"
208.80.194.33 - - [29/May/2011:23:15:27 +0200] "GET / HTTP/1.0" 200 44 "-" "Mozilla/4.0 (compatible; MSIE 6.0; Windows NT 5.1; SV1; FunWebProducts; Creative ZENcast v1.02.10; Windows-Media-Player/10.00.00.3990)"
67.195.115.157 - - [30/May/2011:07:12:06 +0200] "GET /robots.txt HTTP/1.0" 404 262 "-" "Mozilla/5.0 (compatible; Yahoo! Slurp; http://help.yahoo.com/help/us/ysearch/slurp)"
67.195.115.157 - - [30/May/2011:07:12:07 +0200] "GET /pioneros/index.php?ruti=ruti10 HTTP/1.0" 200 3623 "-" "Mozilla/5.0 (compatible; Yahoo! Slurp; http://help.yahoo.com/help/us/ysearch/slurp)"
67.195.115.157 - - [30/May/2011:07:33:08 +0200] "GET /pioneros/index.php?ruti=ruti9 HTTP/1.0" 200 5161 "-" "Mozilla/5.0 (compatible; Yahoo! Slurp; http://help.yahoo.com/help/us/ysearch/slurp)"
217.249.155.16 - - [30/May/2011:19:46:49 +0200] "GET /robots.txt HTTP/1.1" 404 320 "-" "findlinks/2.0.2 (+http://wortschatz.uni-leipzig.de/findlinks/)"
208.115.111.74 - - [30/May/2011:22:11:46 +0200] "GET /robots.txt HTTP/1.1" 404 320 "-" "Mozilla/5.0 (compatible; Ezooms/1.0; ezooms.bot@gmail.com)"
208.115.111.74 - - [30/May/2011:22:42:57 +0200] "GET /pioneros/index.php?ruti=ruti10 HTTP/1.1" 200 19706 "-" "Mozilla/5.0 (compatible; Ezooms/1.0; ezooms.bot@gmail.com)"
77.20.40.3 - - [31/May/2011:03:24:11 +0200] "GET /pioneros HTTP/1.1" 301 357 "-" "findlinks/2.0.2 (+http://wortschatz.uni-leipzig.de/findlinks/)"
77.20.40.3 - - [31/May/2011:03:24:11 +0200] "GET /pioneros/ HTTP/1.1" 200 22907 "-" "findlinks/2.0.2 (+http://wortschatz.uni-leipzig.de/findlinks/)"
67.195.111.249 - - [31/May/2011:07:20:00 +0200] "GET /robots.txt HTTP/1.0" 404 262 "-" "Mozilla/5.0 (compatible; Yahoo! Slurp; http://help.yahoo.com/help/us/ysearch/slurp)"
67.195.111.249 - - [31/May/2011:07:20:00 +0200] "GET /pioneros/ HTTP/1.0" 200 3990 "-" "Mozilla/5.0 (compatible; Yahoo! Slurp; http://help.yahoo.com/help/us/ysearch/slurp)"
77.20.40.3 - - [31/May/2011:09:02:40 +0200] "GET /pioneros HTTP/1.1" 301 357 "-" "findlinks/2.0.2 (+http://wortschatz.uni-leipzig.de/findlinks/)"
77.20.40.3 - - [31/May/2011:09:02:40 +0200] "GET /pioneros/ HTTP/1.1" 200 22907 "-" "findlinks/2.0.2 (+http://wortschatz.uni-leipzig.de/findlinks/)"
208.80.194.29 - - [31/May/2011:19:47:58 +0200] "GET / HTTP/1.0" 200 44 "-" "Mozilla/4.0 (compatible; MSIE 7.0; Windows NT 6.0; SIMBAR={78081E50-4D2C-11DC-9405-0016D380FFF0}; SLCC1; .NET CLR 2.0.50727; Media Center PC 5.0; .NET CLR 3.0.04506; .NET CLR 1.1.4322)"
67.195.37.112 - - [01/Jun/2011:13:57:23 +0200] "GET /robots.txt HTTP/1.0" 404 262 "-" "Mozilla/5.0 (compatible; Yahoo! Slurp; http://help.yahoo.com/help/us/ysearch/slurp)"
67.195.37.112 - - [01/Jun/2011:13:57:23 +0200] "GET /pioneros/index.php?ruti=ruti8 HTTP/1.0" 200 5091 "-" "Mozilla/5.0 (compatible; Yahoo! Slurp; http://help.yahoo.com/help/us/ysearch/slurp)"
67.195.37.112 - - [01/Jun/2011:15:18:28 +0200] "GET /pioneros/index.php?ruti=ruti18 HTTP/1.0" 200 3941 "-" "Mozilla/5.0 (compatible; Yahoo! Slurp; http://help.yahoo.com/help/us/ysearch/slurp)"
67.195.37.112 - - [01/Jun/2011:22:55:16 +0200] "GET /pioneros HTTP/1.0" 301 270 "-" "Mozilla/5.0 (compatible; Yahoo! Slurp; http://help.yahoo.com/help/us/ysearch/slurp)"
67.195.37.112 - - [01/Jun/2011:22:55:16 +0200] "GET /pioneros/ HTTP/1.0" 200 3990 "-" "Mozilla/5.0 (compatible; Yahoo! Slurp; http://help.yahoo.com/help/us/ysearch/slurp)"
95.108.246.252 - - [02/Jun/2011:01:13:07 +0200] "GET /robots.txt HTTP/1.1" 404 320 "-" "Mozilla/5.0 (compatible; YandexBot/3.0; +http://yandex.com/bots)"
95.108.246.252 - - [02/Jun/2011:01:13:10 +0200] "GET / HTTP/1.1" 200 49 "-" "Mozilla/5.0 (compatible; YandexBot/3.0; +http://yandex.com/bots)"
95.108.246.252 - - [02/Jun/2011:01:13:12 +0200] "GET /pioneros/index.php?ruti=ruti10 HTTP/1.1" 200 3623 "-" "Mozilla/5.0 (compatible; YandexBot/3.0; +http://yandex.com/bots)"
67.195.37.112 - - [02/Jun/2011:04:59:20 +0200] "GET /robots.txt HTTP/1.0" 404 262 "-" "Mozilla/5.0 (compatible; Yahoo! Slurp; http://help.yahoo.com/help/us/ysearch/slurp)"
67.195.37.112 - - [02/Jun/2011:04:59:20 +0200] "GET /pioneros/index.php?ruti=ruti0 HTTP/1.0" 200 3004 "-" "Mozilla/5.0 (compatible; Yahoo! Slurp; http://help.yahoo.com/help/us/ysearch/slurp)"
67.195.37.112 - - [02/Jun/2011:10:50:21 +0200] "GET /pioneros/index.php?ruti=ruti14 HTTP/1.0" 200 3112 "-" "Mozilla/5.0 (compatible; Yahoo! Slurp; http://help.yahoo.com/help/us/ysearch/slurp)"
67.195.37.112 - - [02/Jun/2011:12:39:20 +0200] "GET /pioneros/index.php?ruti=ruti15 HTTP/1.0" 200 5093 "-" "Mozilla/5.0 (compatible; Yahoo! Slurp; http://help.yahoo.com/help/us/ysearch/slurp)"
208.80.194.37 - - [02/Jun/2011:15:53:19 +0200] "GET / HTTP/1.0" 200 44 "-" "Mozilla/4.0 (compatible; MSIE 6.0; Windows NT 5.1; {57992C8E-F993-9409-3CD4-2099814F5804})"
83.43.52.223 - - [02/Jun/2011:21:57:56 +0200] "GET /pioneros/index.php?ruti=ruti12 HTTP/1.1" 200 5364 "http://blogs.rallyamali.com/" "Mozilla/5.0 (Windows; U; Windows NT 5.1; es-ES; rv:1.9.2.17) Gecko/20110420 Firefox/3.6.17"
83.43.52.223 - - [02/Jun/2011:21:57:58 +0200] "GET /imagenes/maquetacion/imagen_cabecera-3.jpg HTTP/1.1" 200 14086 "http://mapas.rallyamali.com/pioneros/index.php?ruti=ruti12" "Mozilla/5.0 (Windows; U; Windows NT 5.1; es-ES; rv:1.9.2.17) Gecko/20110420 Firefox/3.6.17"
83.43.52.223 - - [02/Jun/2011:21:57:58 +0200] "GET /imagenes/iconos/marca_cruz_roja-rally_a_mali-8x8.png HTTP/1.1" 200 281 "http://mapas.rallyamali.com/pioneros/index.php?ruti=ruti12" "Mozilla/5.0 (Windows; U; Windows NT 5.1; es-ES; rv:1.9.2.17) Gecko/20110420 Firefox/3.6.17"
83.43.52.223 - - [02/Jun/2011:21:57:59 +0200] "GET /favicon.ico HTTP/1.1" 404 261 "-" "Mozilla/5.0 (Windows; U; Windows NT 5.1; es-ES; rv:1.9.2.17) Gecko/20110420 Firefox/3.6.17"
83.43.52.223 - - [02/Jun/2011:21:58:02 +0200] "GET /favicon.ico HTTP/1.1" 404 261 "-" "Mozilla/5.0 (Windows; U; Windows NT 5.1; es-ES; rv:1.9.2.17) Gecko/20110420 Firefox/3.6.17"
67.195.37.112 - - [03/Jun/2011:01:13:10 +0200] "GET /robots.txt HTTP/1.0" 404 262 "-" "Mozilla/5.0 (compatible; Yahoo! Slurp; http://help.yahoo.com/help/us/ysearch/slurp)"
67.195.37.112 - - [03/Jun/2011:01:13:10 +0200] "GET /pioneros/index.php?ruti=ruti17 HTTP/1.0" 200 2635 "-" "Mozilla/5.0 (compatible; Yahoo! Slurp; http://help.yahoo.com/help/us/ysearch/slurp)"
67.195.37.112 - - [03/Jun/2011:10:40:00 +0200] "GET /pioneros/index.php?ruti=ruti7 HTTP/1.0" 200 4506 "-" "Mozilla/5.0 (compatible; Yahoo! Slurp; http://help.yahoo.com/help/us/ysearch/slurp)"
66.249.71.20 - - [03/Jun/2011:13:06:49 +0200] "GET /robots.txt HTTP/1.1" 404 262 "-" "Mozilla/5.0 (compatible; Googlebot/2.1; +http://www.google.com/bot.html)"
66.249.71.20 - - [03/Jun/2011:13:06:50 +0200] "GET /pioneros/index.php?ruti=ruti2 HTTP/1.1" 200 5065 "-" "Mozilla/5.0 (compatible; Googlebot/2.1; +http://www.google.com/bot.html)"
67.195.37.112 - - [03/Jun/2011:20:44:56 +0200] "GET /robots.txt HTTP/1.0" 404 262 "-" "Mozilla/5.0 (compatible; Yahoo! Slurp; http://help.yahoo.com/help/us/ysearch/slurp)"
67.195.37.112 - - [03/Jun/2011:20:44:56 +0200] "GET /pioneros/index.php?ruti=ruti11 HTTP/1.0" 200 4094 "-" "Mozilla/5.0 (compatible; Yahoo! Slurp; http://help.yahoo.com/help/us/ysearch/slurp)"
67.195.37.112 - - [03/Jun/2011:23:39:59 +0200] "GET /pioneros/index.php?ruti=ruti16 HTTP/1.0" 200 2986 "-" "Mozilla/5.0 (compatible; Yahoo! Slurp; http://help.yahoo.com/help/us/ysearch/slurp)"
208.80.194.31 - - [04/Jun/2011:11:42:57 +0200] "GET / HTTP/1.0" 200 44 "-" "Mozilla/4.0 (compatible; MSIE 7.0; Windows NT 5.1; Q342532)"
95.108.246.252 - - [04/Jun/2011:17:44:02 +0200] "GET /robots.txt HTTP/1.1" 404 320 "-" "Mozilla/5.0 (compatible; YandexBot/3.0; +http://yandex.com/bots)"
95.108.246.252 - - [04/Jun/2011:17:44:05 +0200] "GET /pioneros/index.php?ruti=ruti10 HTTP/1.1" 200 3623 "-" "Mozilla/5.0 (compatible; YandexBot/3.0; +http://yandex.com/bots)"
67.195.37.112 - - [04/Jun/2011:21:18:57 +0200] "GET /robots.txt HTTP/1.0" 404 262 "-" "Mozilla/5.0 (compatible; Yahoo! Slurp; http://help.yahoo.com/help/us/ysearch/slurp)"
67.195.37.112 - - [04/Jun/2011:21:18:58 +0200] "GET /pioneros/index.php?ruti=ruti12 HTTP/1.0" 200 5364 "-" "Mozilla/5.0 (compatible; Yahoo! Slurp; http://help.yahoo.com/help/us/ysearch/slurp)"
67.195.37.112 - - [05/Jun/2011:13:43:55 +0200] "GET /robots.txt HTTP/1.0" 404 262 "-" "Mozilla/5.0 (compatible; Yahoo! Slurp; http://help.yahoo.com/help/us/ysearch/slurp)"
67.195.37.112 - - [05/Jun/2011:13:43:55 +0200] "GET /pioneros/index.php?ruti=ruti1 HTTP/1.0" 200 3990 "-" "Mozilla/5.0 (compatible; Yahoo! Slurp; http://help.yahoo.com/help/us/ysearch/slurp)"
66.249.71.20 - - [05/Jun/2011:17:47:43 +0200] "GET /robots.txt HTTP/1.1" 404 262 "-" "Mozilla/5.0 (compatible; Googlebot/2.1; +http://www.google.com/bot.html)"
66.249.71.20 - - [05/Jun/2011:17:47:43 +0200] "GET /pioneros/index.php?ruti=ruti16 HTTP/1.1" 200 2986 "-" "Mozilla/5.0 (compatible; Googlebot/2.1; +http://www.google.com/bot.html)"
66.219.58.45 - - [05/Jun/2011:19:26:47 +0200] "GET /robots.txt HTTP/1.1" 404 262 "-" "MLBot (www.metadatalabs.com/mlbot)"
66.219.58.45 - - [05/Jun/2011:19:26:47 +0200] "GET /pioneros/index.php?ruti=ruti4 HTTP/1.1" 200 3033 "-" "MLBot (www.metadatalabs.com/mlbot)"
66.219.58.45 - - [05/Jun/2011:19:36:29 +0200] "GET /pioneros/index.php?ruti=ruti6 HTTP/1.1" 200 3085 "-" "MLBot (www.metadatalabs.com/mlbot)"
66.219.58.45 - - [05/Jun/2011:19:44:01 +0200] "GET /pioneros/index.php?ruti=ruti2 HTTP/1.1" 200 5065 "-" "MLBot (www.metadatalabs.com/mlbot)"
66.219.58.45 - - [05/Jun/2011:19:49:54 +0200] "GET /pioneros/index.php?ruti=ruti18 HTTP/1.1" 200 3941 "-" "MLBot (www.metadatalabs.com/mlbot)"
66.219.58.45 - - [05/Jun/2011:19:54:24 +0200] "GET /pioneros/index.php?ruti=ruti1 HTTP/1.1" 200 3990 "-" "MLBot (www.metadatalabs.com/mlbot)"
66.219.58.45 - - [05/Jun/2011:19:58:45 +0200] "GET /pioneros/index.php?ruti=ruti17 HTTP/1.1" 200 2635 "-" "MLBot (www.metadatalabs.com/mlbot)"
66.219.58.45 - - [05/Jun/2011:20:01:40 +0200] "GET /pioneros/index.php?ruti=ruti12 HTTP/1.1" 200 5364 "-" "MLBot (www.metadatalabs.com/mlbot)"
66.219.58.45 - - [05/Jun/2011:20:04:09 +0200] "GET /pioneros/index.php?ruti=ruti15 HTTP/1.1" 200 5093 "-" "MLBot (www.metadatalabs.com/mlbot)"
66.219.58.45 - - [05/Jun/2011:20:06:07 +0200] "GET /pioneros/index.php?ruti=ruti3 HTTP/1.1" 200 3858 "-" "MLBot (www.metadatalabs.com/mlbot)"
66.219.58.45 - - [05/Jun/2011:20:07:48 +0200] "GET /pioneros/index.php?ruti=ruti11 HTTP/1.1" 200 4094 "-" "MLBot (www.metadatalabs.com/mlbot)"
66.219.58.45 - - [05/Jun/2011:20:09:16 +0200] "GET /pioneros/index.php?ruti=ruti10 HTTP/1.1" 200 3623 "-" "MLBot (www.metadatalabs.com/mlbot)"
66.219.58.45 - - [05/Jun/2011:20:10:39 +0200] "GET /pioneros/index.php?ruti=ruti14 HTTP/1.1" 200 3112 "-" "MLBot (www.metadatalabs.com/mlbot)"
66.219.58.45 - - [05/Jun/2011:20:11:57 +0200] "GET /pioneros/index.php?ruti=ruti9 HTTP/1.1" 200 5161 "-" "MLBot (www.metadatalabs.com/mlbot)"
66.219.58.45 - - [05/Jun/2011:20:13:08 +0200] "GET /pioneros/index.php?ruti=ruti7 HTTP/1.1" 200 4506 "-" "MLBot (www.metadatalabs.com/mlbot)"
66.219.58.45 - - [05/Jun/2011:20:15:56 +0200] "GET /pioneros/index.php?ruti=ruti0 HTTP/1.1" 200 3004 "-" "MLBot (www.metadatalabs.com/mlbot)"
123.125.71.56 - - [05/Jun/2011:23:51:03 +0200] "GET /robots.txt HTTP/1.1" 404 262 "-" "Baiduspider+(+http://www.baidu.com/search/spider.htm)"
67.195.37.112 - - [06/Jun/2011:07:34:32 +0200] "GET /robots.txt HTTP/1.0" 404 262 "-" "Mozilla/5.0 (compatible; Yahoo! Slurp; http://help.yahoo.com/help/us/ysearch/slurp)"
67.195.37.112 - - [06/Jun/2011:07:34:32 +0200] "GET /pioneros/index.php?ruti=ruti9 HTTP/1.0" 200 5161 "-" "Mozilla/5.0 (compatible; Yahoo! Slurp; http://help.yahoo.com/help/us/ysearch/slurp)"
208.80.194.37 - - [06/Jun/2011:07:53:15 +0200] "GET / HTTP/1.0" 200 44 "-" "Mozilla/4.0 (compatible; MSIE 6.0; Windows NT 5.1; {3603993B-CECC-4CEC-865D-7141E5D8AD25}; acc=; acc=none; (none); (R1 1.3))"
67.195.37.112 - - [06/Jun/2011:08:02:06 +0200] "GET /pioneros/index.php?ruti=ruti6 HTTP/1.0" 200 3085 "-" "Mozilla/5.0 (compatible; Yahoo! Slurp; http://help.yahoo.com/help/us/ysearch/slurp)"
67.195.112.178 - - [06/Jun/2011:15:43:59 +0200] "GET /robots.txt HTTP/1.0" 404 262 "-" "Mozilla/5.0 (compatible; Yahoo! Slurp; http://help.yahoo.com/help/us/ysearch/slurp)"
67.195.112.178 - - [06/Jun/2011:15:44:00 +0200] "GET /pioneros/index.php?ruti=ruti3 HTTP/1.0" 200 3858 "-" "Mozilla/5.0 (compatible; Yahoo! Slurp; http://help.yahoo.com/help/us/ysearch/slurp)"
95.108.246.252 - - [06/Jun/2011:19:57:32 +0200] "GET /robots.txt HTTP/1.1" 404 320 "-" "Mozilla/5.0 (compatible; YandexBot/3.0; +http://yandex.com/bots)"
95.108.158.239 - - [07/Jun/2011:02:15:05 +0200] "GET /robots.txt HTTP/1.1" 404 320 "-" "Mozilla/5.0 (compatible; YandexImages/3.0; +http://yandex.com/bots)"
95.108.246.252 - - [07/Jun/2011:02:49:31 +0200] "GET /pioneros/index.php?ruti=ruti11 HTTP/1.1" 200 4094 "-" "Mozilla/5.0 (compatible; YandexBot/3.0; +http://yandex.com/bots)"
95.108.246.252 - - [07/Jun/2011:06:47:43 +0200] "GET /pioneros/ HTTP/1.1" 200 3990 "-" "Mozilla/5.0 (compatible; YandexBot/3.0; +http://yandex.com/bots)"
95.108.158.239 - - [07/Jun/2011:07:34:23 +0200] "GET /imagenes/iconos/marca_cruz_roja-rally_a_mali-8x8.png HTTP/1.1" 304 - "-" "Mozilla/5.0 (compatible; YandexImages/3.0; +http://yandex.com/bots)"
67.195.115.242 - - [07/Jun/2011:10:13:48 +0200] "GET /robots.txt HTTP/1.0" 404 262 "-" "Mozilla/5.0 (compatible; Yahoo! Slurp; http://help.yahoo.com/help/us/ysearch/slurp)"
67.195.115.242 - - [07/Jun/2011:10:13:48 +0200] "GET /pioneros/index.php?ruti=ruti4 HTTP/1.0" 200 3033 "-" "Mozilla/5.0 (compatible; Yahoo! Slurp; http://help.yahoo.com/help/us/ysearch/slurp)"
50.17.108.93 - - [07/Jun/2011:10:45:55 +0200] "GET / HTTP/1.0" 200 44 "-" "Mozilla/5.0 (compatible; NetcraftSurveyAgent/1.0; +info@netcraft.com)"
95.108.246.252 - - [07/Jun/2011:23:47:31 +0200] "GET /robots.txt HTTP/1.1" 404 320 "-" "Mozilla/5.0 (compatible; YandexBot/3.0; +http://yandex.com/bots)"
67.195.115.242 - - [08/Jun/2011:02:44:22 +0200] "GET /robots.txt HTTP/1.0" 404 262 "-" "Mozilla/5.0 (compatible; Yahoo! Slurp; http://help.yahoo.com/help/us/ysearch/slurp)"
67.195.115.242 - - [08/Jun/2011:02:44:22 +0200] "GET /pioneros/index.php?ruti=ruti2 HTTP/1.0" 200 5065 "-" "Mozilla/5.0 (compatible; Yahoo! Slurp; http://help.yahoo.com/help/us/ysearch/slurp)"
208.80.194.29 - - [08/Jun/2011:03:59:47 +0200] "GET / HTTP/1.0" 200 44 "-" "Mozilla/4.0 (compatible; MSIE 7.0; Windows NT 5.1; FREE)"
95.108.158.239 - - [08/Jun/2011:04:44:40 +0200] "GET /robots.txt HTTP/1.1" 404 320 "-" "Mozilla/5.0 (compatible; YandexImages/3.0; +http://yandex.com/bots)"
95.108.158.239 - - [08/Jun/2011:07:10:08 +0200] "GET /imagenes/iconos/marca_cruz_roja-rally_a_mali-8x8.png HTTP/1.1" 304 - "-" "Mozilla/5.0 (compatible; YandexImages/3.0; +http://yandex.com/bots)"
67.195.115.242 - - [08/Jun/2011:07:12:13 +0200] "GET /pioneros/ HTTP/1.0" 200 3990 "-" "Mozilla/5.0 (compatible; Yahoo! Slurp; http://help.yahoo.com/help/us/ysearch/slurp)"
95.108.246.252 - - [08/Jun/2011:09:57:38 +0200] "GET / HTTP/1.1" 200 49 "-" "Mozilla/5.0 (compatible; YandexBot/3.0; +http://yandex.com/bots)"
67.195.115.242 - - [08/Jun/2011:13:59:38 +0200] "GET /robots.txt HTTP/1.0" 404 262 "-" "Mozilla/5.0 (compatible; Yahoo! Slurp; http://help.yahoo.com/help/us/ysearch/slurp)"
67.195.115.242 - - [08/Jun/2011:13:59:38 +0200] "GET /pioneros/index.php?ruti=ruti8 HTTP/1.0" 200 5091 "-" "Mozilla/5.0 (compatible; Yahoo! Slurp; http://help.yahoo.com/help/us/ysearch/slurp)"
67.195.115.242 - - [08/Jun/2011:15:20:47 +0200] "GET /pioneros/index.php?ruti=ruti18 HTTP/1.0" 200 3941 "-" "Mozilla/5.0 (compatible; Yahoo! Slurp; http://help.yahoo.com/help/us/ysearch/slurp)"
65.52.110.67 - - [08/Jun/2011:15:46:31 +0200] "GET /robots.txt HTTP/1.1" 404 320 "-" "Mozilla/5.0 (compatible; bingbot/2.0; +http://www.bing.com/bingbot.htm)"
65.52.110.67 - - [08/Jun/2011:15:47:12 +0200] "GET /pioneros/ HTTP/1.1" 200 3990 "-" "Mozilla/5.0 (compatible; bingbot/2.0; +http://www.bing.com/bingbot.htm)"
66.219.58.41 - - [08/Jun/2011:22:06:07 +0200] "GET /robots.txt HTTP/1.1" 404 262 "-" "MLBot (www.metadatalabs.com/mlbot)"
66.219.58.41 - - [08/Jun/2011:22:06:08 +0200] "GET /pioneros/index.php?ruti=ruti2 HTTP/1.1" 200 5065 "-" "MLBot (www.metadatalabs.com/mlbot)"
66.219.58.41 - - [08/Jun/2011:22:15:48 +0200] "GET /pioneros/index.php?ruti=ruti0 HTTP/1.1" 200 3004 "-" "MLBot (www.metadatalabs.com/mlbot)"
66.219.58.41 - - [08/Jun/2011:22:23:25 +0200] "GET /pioneros/index.php?ruti=ruti6 HTTP/1.1" 200 3085 "-" "MLBot (www.metadatalabs.com/mlbot)"
66.219.58.41 - - [08/Jun/2011:22:29:36 +0200] "GET /pioneros/index.php?ruti=ruti15 HTTP/1.1" 200 5093 "-" "MLBot (www.metadatalabs.com/mlbot)"
66.219.58.41 - - [08/Jun/2011:22:34:26 +0200] "GET /pioneros/index.php?ruti=ruti3 HTTP/1.1" 200 3858 "-" "MLBot (www.metadatalabs.com/mlbot)"
66.219.58.41 - - [08/Jun/2011:22:38:55 +0200] "GET /pioneros/index.php?ruti=ruti7 HTTP/1.1" 200 4506 "-" "MLBot (www.metadatalabs.com/mlbot)"
66.219.58.41 - - [08/Jun/2011:22:41:58 +0200] "GET /pioneros/index.php?ruti=ruti8 HTTP/1.1" 200 5091 "-" "MLBot (www.metadatalabs.com/mlbot)"
66.219.58.41 - - [08/Jun/2011:22:47:12 +0200] "GET /pioneros/index.php?ruti=ruti17 HTTP/1.1" 200 2635 "-" "MLBot (www.metadatalabs.com/mlbot)"
66.219.58.41 - - [08/Jun/2011:22:49:35 +0200] "GET /pioneros/index.php?ruti=ruti11 HTTP/1.1" 200 4094 "-" "MLBot (www.metadatalabs.com/mlbot)"
66.219.58.41 - - [08/Jun/2011:22:51:24 +0200] "GET /pioneros/index.php?ruti=ruti4 HTTP/1.1" 200 3033 "-" "MLBot (www.metadatalabs.com/mlbot)"
66.219.58.41 - - [08/Jun/2011:22:52:52 +0200] "GET /pioneros/index.php?ruti=ruti14 HTTP/1.1" 200 3112 "-" "MLBot (www.metadatalabs.com/mlbot)"
66.219.58.41 - - [08/Jun/2011:22:54:23 +0200] "GET /pioneros/index.php?ruti=ruti5 HTTP/1.1" 200 3780 "-" "MLBot (www.metadatalabs.com/mlbot)"
66.219.58.41 - - [08/Jun/2011:22:55:41 +0200] "GET /pioneros/index.php?ruti=ruti9 HTTP/1.1" 200 5161 "-" "MLBot (www.metadatalabs.com/mlbot)"
66.219.58.41 - - [08/Jun/2011:22:56:49 +0200] "GET /pioneros/index.php?ruti=ruti12 HTTP/1.1" 200 5364 "-" "MLBot (www.metadatalabs.com/mlbot)"
67.195.115.242 - - [09/Jun/2011:02:23:23 +0200] "GET /robots.txt HTTP/1.0" 404 262 "-" "Mozilla/5.0 (compatible; Yahoo! Slurp; http://help.yahoo.com/help/us/ysearch/slurp)"
67.195.115.242 - - [09/Jun/2011:02:23:23 +0200] "GET / HTTP/1.0" 200 49 "-" "Mozilla/5.0 (compatible; Yahoo! Slurp; http://help.yahoo.com/help/us/ysearch/slurp)"
184.154.7.186 - - [09/Jun/2011:04:50:17 +0200] "GET /robots.txt HTTP/1.0" 404 320 "-" "Mozilla/5.0 (compatible; MJ12bot/v1.3.3; http://www.majestic12.co.uk/bot.php?+)"
184.154.7.186 - - [09/Jun/2011:04:50:18 +0200] "GET /pioneros/index.php?ruti=ruti10 HTTP/1.0" 200 3623 "-" "Mozilla/5.0 (compatible; MJ12bot/v1.3.3; http://www.majestic12.co.uk/bot.php?+)"
207.46.13.51 - - [09/Jun/2011:07:19:24 +0200] "GET /robots.txt HTTP/1.1" 404 320 "-" "Mozilla/5.0 (compatible; bingbot/2.0; +http://www.bing.com/bingbot.htm)"
207.46.13.51 - - [09/Jun/2011:07:20:21 +0200] "GET /pioneros/index.php?ruti=ruti9 HTTP/1.1" 200 5161 "-" "Mozilla/5.0 (compatible; bingbot/2.0; +http://www.bing.com/bingbot.htm)"
67.195.115.242 - - [09/Jun/2011:09:18:59 +0200] "GET /robots.txt HTTP/1.0" 404 262 "-" "Mozilla/5.0 (compatible; Yahoo! Slurp; http://help.yahoo.com/help/us/ysearch/slurp)"
67.195.115.242 - - [09/Jun/2011:09:18:59 +0200] "GET /pioneros HTTP/1.0" 301 270 "-" "Mozilla/5.0 (compatible; Yahoo! Slurp; http://help.yahoo.com/help/us/ysearch/slurp)"
67.195.115.242 - - [09/Jun/2011:09:19:00 +0200] "GET /pioneros/ HTTP/1.0" 200 3990 "-" "Mozilla/5.0 (compatible; Yahoo! Slurp; http://help.yahoo.com/help/us/ysearch/slurp)"
67.195.115.242 - - [09/Jun/2011:10:52:26 +0200] "GET /pioneros/index.php?ruti=ruti14 HTTP/1.0" 200 3112 "-" "Mozilla/5.0 (compatible; Yahoo! Slurp; http://help.yahoo.com/help/us/ysearch/slurp)"
67.195.115.242 - - [09/Jun/2011:12:40:51 +0200] "GET /pioneros/index.php?ruti=ruti15 HTTP/1.0" 200 5093 "-" "Mozilla/5.0 (compatible; Yahoo! Slurp; http://help.yahoo.com/help/us/ysearch/slurp)"
213.186.122.2 - - [09/Jun/2011:15:48:00 +0200] "GET /robots.txt HTTP/1.1" 404 262 "-" "Mozilla/5.0 (compatible; SiteBot/0.1; +http://www.sitebot.org/robot/)"
213.186.122.2 - - [09/Jun/2011:15:48:01 +0200] "GET /pioneros HTTP/1.1" 301 270 "-" "Mozilla/5.0 (compatible; SiteBot/0.1; +http://www.sitebot.org/robot/)"
213.186.122.2 - - [09/Jun/2011:15:48:02 +0200] "GET /pioneros/ HTTP/1.1" 200 3990 "-" "Mozilla/5.0 (compatible; SiteBot/0.1; +http://www.sitebot.org/robot/)"
213.186.122.2 - - [09/Jun/2011:15:48:03 +0200] "GET /pioneros/index.php?ruti=ruti0 HTTP/1.1" 200 3004 "-" "Mozilla/5.0 (compatible; SiteBot/0.1; +http://www.sitebot.org/robot/)"
213.186.122.2 - - [09/Jun/2011:15:48:05 +0200] "GET /pioneros/index.php?ruti=ruti1 HTTP/1.1" 200 3990 "-" "Mozilla/5.0 (compatible; SiteBot/0.1; +http://www.sitebot.org/robot/)"
213.186.122.2 - - [09/Jun/2011:15:48:06 +0200] "GET /pioneros/index.php?ruti=ruti10 HTTP/1.1" 200 3623 "-" "Mozilla/5.0 (compatible; SiteBot/0.1; +http://www.sitebot.org/robot/)"
213.186.122.2 - - [09/Jun/2011:15:48:07 +0200] "GET /pioneros/index.php?ruti=ruti11 HTTP/1.1" 200 4094 "-" "Mozilla/5.0 (compatible; SiteBot/0.1; +http://www.sitebot.org/robot/)"
213.186.122.2 - - [09/Jun/2011:15:48:08 +0200] "GET /pioneros/index.php?ruti=ruti12 HTTP/1.1" 200 5364 "-" "Mozilla/5.0 (compatible; SiteBot/0.1; +http://www.sitebot.org/robot/)"
213.186.122.2 - - [09/Jun/2011:15:48:09 +0200] "GET /pioneros/index.php?ruti=ruti14 HTTP/1.1" 200 3112 "-" "Mozilla/5.0 (compatible; SiteBot/0.1; +http://www.sitebot.org/robot/)"
213.186.122.2 - - [09/Jun/2011:15:48:10 +0200] "GET /pioneros/index.php?ruti=ruti15 HTTP/1.1" 200 5093 "-" "Mozilla/5.0 (compatible; SiteBot/0.1; +http://www.sitebot.org/robot/)"
213.186.122.2 - - [09/Jun/2011:15:48:12 +0200] "GET /pioneros/index.php?ruti=ruti16 HTTP/1.1" 200 2986 "-" "Mozilla/5.0 (compatible; SiteBot/0.1; +http://www.sitebot.org/robot/)"
213.186.122.2 - - [09/Jun/2011:15:48:13 +0200] "GET /pioneros/index.php?ruti=ruti17 HTTP/1.1" 200 2635 "-" "Mozilla/5.0 (compatible; SiteBot/0.1; +http://www.sitebot.org/robot/)"
213.186.122.2 - - [09/Jun/2011:15:48:14 +0200] "GET /pioneros/index.php?ruti=ruti18 HTTP/1.1" 200 3941 "-" "Mozilla/5.0 (compatible; SiteBot/0.1; +http://www.sitebot.org/robot/)"
213.186.122.2 - - [09/Jun/2011:15:48:15 +0200] "GET /pioneros/index.php?ruti=ruti2 HTTP/1.1" 200 5065 "-" "Mozilla/5.0 (compatible; SiteBot/0.1; +http://www.sitebot.org/robot/)"
213.186.122.2 - - [09/Jun/2011:15:48:16 +0200] "GET /pioneros/index.php?ruti=ruti3 HTTP/1.1" 200 3858 "-" "Mozilla/5.0 (compatible; SiteBot/0.1; +http://www.sitebot.org/robot/)"
213.186.122.2 - - [09/Jun/2011:15:48:17 +0200] "GET /pioneros/index.php?ruti=ruti4 HTTP/1.1" 200 3033 "-" "Mozilla/5.0 (compatible; SiteBot/0.1; +http://www.sitebot.org/robot/)"
213.186.122.2 - - [09/Jun/2011:15:48:19 +0200] "GET /pioneros/index.php?ruti=ruti5 HTTP/1.1" 200 3780 "-" "Mozilla/5.0 (compatible; SiteBot/0.1; +http://www.sitebot.org/robot/)"
213.186.122.2 - - [09/Jun/2011:15:48:20 +0200] "GET /pioneros/index.php?ruti=ruti6 HTTP/1.1" 200 3085 "-" "Mozilla/5.0 (compatible; SiteBot/0.1; +http://www.sitebot.org/robot/)"
213.186.122.2 - - [09/Jun/2011:15:48:21 +0200] "GET /pioneros/index.php?ruti=ruti7 HTTP/1.1" 200 4506 "-" "Mozilla/5.0 (compatible; SiteBot/0.1; +http://www.sitebot.org/robot/)"
213.186.122.2 - - [09/Jun/2011:15:48:22 +0200] "GET /pioneros/index.php?ruti=ruti8 HTTP/1.1" 200 5091 "-" "Mozilla/5.0 (compatible; SiteBot/0.1; +http://www.sitebot.org/robot/)"
213.186.122.2 - - [09/Jun/2011:15:48:23 +0200] "GET /pioneros/index.php?ruti=ruti9 HTTP/1.1" 200 5161 "-" "Mozilla/5.0 (compatible; SiteBot/0.1; +http://www.sitebot.org/robot/)"
208.80.194.34 - - [10/Jun/2011:00:04:09 +0200] "GET / HTTP/1.0" 200 44 "-" "Mozilla/4.0 (compatible; MSIE 6.0; Windows NT 5.1; SV1; FunWebProducts; .NET CLR 1.1.4322; InfoPath.1; SpamBlockerUtility 4.8.4)"
67.195.115.242 - - [10/Jun/2011:01:15:17 +0200] "GET /robots.txt HTTP/1.0" 404 262 "-" "Mozilla/5.0 (compatible; Yahoo! Slurp; http://help.yahoo.com/help/us/ysearch/slurp)"
67.195.115.242 - - [10/Jun/2011:01:15:17 +0200] "GET /pioneros/index.php?ruti=ruti17 HTTP/1.0" 200 2635 "-" "Mozilla/5.0 (compatible; Yahoo! Slurp; http://help.yahoo.com/help/us/ysearch/slurp)"
95.108.158.239 - - [10/Jun/2011:06:47:28 +0200] "GET /robots.txt HTTP/1.1" 404 320 "-" "Mozilla/5.0 (compatible; YandexImages/3.0; +http://yandex.com/bots)"
65.52.110.82 - - [10/Jun/2011:07:47:32 +0200] "GET /robots.txt HTTP/1.1" 404 320 "-" "Mozilla/5.0 (compatible; bingbot/2.0; +http://www.bing.com/bingbot.htm)"
157.55.116.39 - - [10/Jun/2011:07:47:40 +0200] "GET /robots.txt HTTP/1.1" 404 262 "-" "msnbot/2.0b (+http://search.msn.com/msnbot.htm)._"
157.55.116.39 - - [10/Jun/2011:07:47:41 +0200] "GET /pioneros/index-sepulveda.php HTTP/1.1" 200 12750 "-" "msnbot/2.0b (+http://search.msn.com/msnbot.htm)._"
65.52.110.82 - - [10/Jun/2011:07:48:12 +0200] "GET /pioneros/index.php?ruti=ruti16 HTTP/1.1" 200 2986 "-" "Mozilla/5.0 (compatible; bingbot/2.0; +http://www.bing.com/bingbot.htm)"
95.108.158.239 - - [10/Jun/2011:09:24:14 +0200] "GET /imagenes/maquetacion/imagen_cabecera-3.jpg HTTP/1.1" 304 - "-" "Mozilla/5.0 (compatible; YandexImages/3.0; +http://yandex.com/bots)"
95.108.158.239 - - [10/Jun/2011:09:48:03 +0200] "GET /imagenes/iconos/marca_cruz_roja-rally_a_mali-8x8.png HTTP/1.1" 304 - "-" "Mozilla/5.0 (compatible; YandexImages/3.0; +http://yandex.com/bots)"
67.195.115.242 - - [10/Jun/2011:10:41:58 +0200] "GET /robots.txt HTTP/1.0" 404 262 "-" "Mozilla/5.0 (compatible; Yahoo! Slurp; http://help.yahoo.com/help/us/ysearch/slurp)"
67.195.115.242 - - [10/Jun/2011:10:41:58 +0200] "GET /pioneros/index.php?ruti=ruti7 HTTP/1.0" 200 4506 "-" "Mozilla/5.0 (compatible; Yahoo! Slurp; http://help.yahoo.com/help/us/ysearch/slurp)"
2.136.132.213 - - [10/Jun/2011:15:36:12 +0200] "GET /pioneros/index.php?ruti=ruti2 HTTP/1.1" 200 5065 "http://blogs.rallyamali.com/" "Mozilla/5.0 (Windows NT 5.1; rv:2.0.1) Gecko/20100101 Firefox/4.0.1"
2.136.132.213 - - [10/Jun/2011:15:36:12 +0200] "GET /imagenes/maquetacion/imagen_cabecera-3.jpg HTTP/1.1" 200 14086 "http://mapas.rallyamali.com/pioneros/index.php?ruti=ruti2" "Mozilla/5.0 (Windows NT 5.1; rv:2.0.1) Gecko/20100101 Firefox/4.0.1"
2.136.132.213 - - [10/Jun/2011:15:36:13 +0200] "GET /imagenes/iconos/marca_cruz_roja-rally_a_mali-8x8.png HTTP/1.1" 200 281 "http://mapas.rallyamali.com/pioneros/index.php?ruti=ruti2" "Mozilla/5.0 (Windows NT 5.1; rv:2.0.1) Gecko/20100101 Firefox/4.0.1"
2.136.132.213 - - [10/Jun/2011:15:36:13 +0200] "GET /favicon.ico HTTP/1.1" 404 261 "-" "Mozilla/5.0 (Windows NT 5.1; rv:2.0.1) Gecko/20100101 Firefox/4.0.1"
2.136.132.213 - - [10/Jun/2011:15:36:13 +0200] "GET /favicon.ico HTTP/1.1" 404 261 "-" "Mozilla/5.0 (Windows NT 5.1; rv:2.0.1) Gecko/20100101 Firefox/4.0.1"
2.136.132.213 - - [10/Jun/2011:15:37:47 +0200] "GET /pioneros/index.php?ruti=ruti4 HTTP/1.1" 200 3033 "http://mapas.rallyamali.com/pioneros/index.php?ruti=ruti2" "Mozilla/5.0 (Windows NT 5.1; rv:2.0.1) Gecko/20100101 Firefox/4.0.1"
2.136.132.213 - - [10/Jun/2011:15:37:53 +0200] "GET /pioneros/index.php?ruti=ruti10 HTTP/1.1" 200 3623 "http://mapas.rallyamali.com/pioneros/index.php?ruti=ruti4" "Mozilla/5.0 (Windows NT 5.1; rv:2.0.1) Gecko/20100101 Firefox/4.0.1"
2.136.132.213 - - [10/Jun/2011:15:37:58 +0200] "GET /pioneros/index.php?ruti=ruti18 HTTP/1.1" 200 3941 "http://mapas.rallyamali.com/pioneros/index.php?ruti=ruti10" "Mozilla/5.0 (Windows NT 5.1; rv:2.0.1) Gecko/20100101 Firefox/4.0.1"
2.136.132.213 - - [10/Jun/2011:15:38:04 +0200] "GET /pioneros/index.php?ruti=ruti15 HTTP/1.1" 200 5093 "http://mapas.rallyamali.com/pioneros/index.php?ruti=ruti18" "Mozilla/5.0 (Windows NT 5.1; rv:2.0.1) Gecko/20100101 Firefox/4.0.1"
2.136.132.213 - - [10/Jun/2011:15:38:13 +0200] "GET /pioneros/index.php?ruti=ruti16 HTTP/1.1" 200 2986 "http://mapas.rallyamali.com/pioneros/index.php?ruti=ruti15" "Mozilla/5.0 (Windows NT 5.1; rv:2.0.1) Gecko/20100101 Firefox/4.0.1"
67.195.115.242 - - [10/Jun/2011:20:45:29 +0200] "GET /robots.txt HTTP/1.0" 404 262 "-" "Mozilla/5.0 (compatible; Yahoo! Slurp; http://help.yahoo.com/help/us/ysearch/slurp)"
67.195.115.242 - - [10/Jun/2011:20:45:30 +0200] "GET /pioneros/index.php?ruti=ruti11 HTTP/1.0" 200 4094 "-" "Mozilla/5.0 (compatible; Yahoo! Slurp; http://help.yahoo.com/help/us/ysearch/slurp)"
67.195.115.242 - - [10/Jun/2011:23:41:29 +0200] "GET /pioneros/index.php?ruti=ruti16 HTTP/1.0" 200 2986 "-" "Mozilla/5.0 (compatible; Yahoo! Slurp; http://help.yahoo.com/help/us/ysearch/slurp)"
