173.242.125.206 - - [28/Jun/2011:18:22:22 +0200] "GET /robots.txt HTTP/1.0" 404 320 "-" "Mozilla/5.0 (compatible; MJ12bot/v1.3.3; http://www.majestic12.co.uk/bot.php?+)"
173.242.125.206 - - [28/Jun/2011:18:22:23 +0200] "GET /pioneros/index.php?ruti=ruti10 HTTP/1.0" 200 3623 "-" "Mozilla/5.0 (compatible; MJ12bot/v1.3.3; http://www.majestic12.co.uk/bot.php?+)"
69.171.224.249 - - [28/Jun/2011:21:50:58 +0200] "GET /imagenes/maquetacion/imagen_cabecera-3.jpg HTTP/1.1" 200 14086 "-" "facebookexternalhit/1.0 (+http://www.facebook.com/externalhit_uatext.php)"
69.171.224.249 - - [28/Jun/2011:21:51:00 +0200] "GET /imagenes/maquetacion/imagen_cabecera-3.jpg HTTP/1.1" 200 14086 "-" "facebookexternalhit/1.0 (+http://www.facebook.com/externalhit_uatext.php)"
95.108.246.252 - - [28/Jun/2011:22:00:51 +0200] "GET /robots.txt HTTP/1.1" 404 320 "-" "Mozilla/5.0 (compatible; YandexBot/3.0; +http://yandex.com/bots)"
66.249.68.46 - - [28/Jun/2011:23:39:37 +0200] "GET /robots.txt HTTP/1.1" 404 262 "-" "Mozilla/5.0 (compatible; Googlebot/2.1; +http://www.google.com/bot.html)"
66.249.68.46 - - [28/Jun/2011:23:39:37 +0200] "GET /pioneros/index.php?ruti=ruti15 HTTP/1.1" 200 5093 "-" "Mozilla/5.0 (compatible; Googlebot/2.1; +http://www.google.com/bot.html)"
95.108.158.239 - - [29/Jun/2011:01:49:43 +0200] "GET /robots.txt HTTP/1.1" 404 320 "-" "Mozilla/5.0 (compatible; YandexImages/3.0; +http://yandex.com/bots)"
95.108.158.239 - - [29/Jun/2011:05:36:07 +0200] "GET /imagenes/iconos/marca_cruz_roja-rally_a_mali-8x8.png HTTP/1.1" 304 - "-" "Mozilla/5.0 (compatible; YandexImages/3.0; +http://yandex.com/bots)"
95.108.246.252 - - [29/Jun/2011:12:07:32 +0200] "GET / HTTP/1.1" 200 49 "-" "Mozilla/5.0 (compatible; YandexBot/3.0; +http://yandex.com/bots)"
123.125.71.49 - - [29/Jun/2011:12:38:41 +0200] "GET /robots.txt HTTP/1.1" 404 262 "-" "Baiduspider+(+http://www.baidu.com/search/spider.htm)"
67.195.115.242 - - [29/Jun/2011:15:24:58 +0200] "GET /robots.txt HTTP/1.0" 404 262 "-" "Mozilla/5.0 (compatible; Yahoo! Slurp; http://help.yahoo.com/help/us/ysearch/slurp)"
67.195.115.242 - - [29/Jun/2011:15:24:58 +0200] "GET /pioneros/index.php?ruti=ruti18 HTTP/1.0" 200 3941 "-" "Mozilla/5.0 (compatible; Yahoo! Slurp; http://help.yahoo.com/help/us/ysearch/slurp)"
66.249.68.46 - - [29/Jun/2011:16:16:39 +0200] "GET /robots.txt HTTP/1.1" 404 262 "-" "Mozilla/5.0 (compatible; Googlebot/2.1; +http://www.google.com/bot.html)"
66.249.68.46 - - [29/Jun/2011:16:16:40 +0200] "GET /pioneros/index.php?ruti=ruti3 HTTP/1.1" 200 3858 "-" "Mozilla/5.0 (compatible; Googlebot/2.1; +http://www.google.com/bot.html)"
67.195.115.242 - - [29/Jun/2011:16:17:29 +0200] "GET /pioneros/index.php?ruti=ruti5 HTTP/1.0" 200 3780 "-" "Mozilla/5.0 (compatible; Yahoo! Slurp; http://help.yahoo.com/help/us/ysearch/slurp)"
208.80.194.31 - - [29/Jun/2011:18:45:38 +0200] "GET / HTTP/1.0" 200 44 "-" "Mozilla/4.0 (compatible; MSIE 6.0; Windows NT 5.1; SV1; FunWebProducts; SIMBAR={8B3D2D18-B29F-4850-A559-D17525EE1D95}; .NET CLR 1.1.4322; ZangoToolbar 4.8.2; MSN 9.0;MSN 9.1; MSNbMSNI; MSNmen-us; MSNcOTH)"
208.80.194.26 - - [29/Jun/2011:20:25:24 +0200] "GET / HTTP/1.0" 200 44 "-" "Mozilla/4.0 (compatible; MSIE 6.0; Windows NT 5.1; SV1; RCP000.009.00520/dc4e96a4f4d7849bb951babbfa5f5164; .NET CLR 1.0.3705; .NET CLR 1.1.4322; Media Center PC 4.0; .NET CLR 2.0.50727)"
208.115.111.74 - - [29/Jun/2011:22:32:09 +0200] "GET /robots.txt HTTP/1.1" 404 320 "-" "Mozilla/5.0 (compatible; Ezooms/1.0; ezooms.bot@gmail.com)"
95.108.158.239 - - [30/Jun/2011:00:24:23 +0200] "GET /robots.txt HTTP/1.1" 404 320 "-" "Mozilla/5.0 (compatible; YandexImages/3.0; +http://yandex.com/bots)"
208.115.111.74 - - [30/Jun/2011:00:27:47 +0200] "GET /pioneros/index.php?ruti=ruti10 HTTP/1.1" 200 19706 "-" "Mozilla/5.0 (compatible; Ezooms/1.0; ezooms.bot@gmail.com)"
67.195.115.242 - - [30/Jun/2011:00:47:40 +0200] "GET /pioneros/index.php?ruti=ruti8 HTTP/1.0" 200 5091 "-" "Mozilla/5.0 (compatible; Yahoo! Slurp; http://help.yahoo.com/help/us/ysearch/slurp)"
67.195.115.242 - - [30/Jun/2011:00:55:21 +0200] "GET /pioneros/index.php?ruti=ruti3 HTTP/1.0" 200 3858 "-" "Mozilla/5.0 (compatible; Yahoo! Slurp; http://help.yahoo.com/help/us/ysearch/slurp)"
95.108.158.239 - - [30/Jun/2011:02:31:06 +0200] "GET /imagenes/iconos/marca_cruz_roja-rally_a_mali-8x8.png HTTP/1.1" 304 - "-" "Mozilla/5.0 (compatible; YandexImages/3.0; +http://yandex.com/bots)"
208.115.111.74 - - [30/Jun/2011:02:38:06 +0200] "GET /robots.txt HTTP/1.1" 404 320 "-" "Mozilla/5.0 (compatible; Ezooms/1.0; ezooms.bot@gmail.com)"
208.115.111.74 - - [30/Jun/2011:04:19:35 +0200] "GET /pioneros/index.php?ruti=ruti11 HTTP/1.1" 200 19481 "-" "Mozilla/5.0 (compatible; Ezooms/1.0; ezooms.bot@gmail.com)"
208.115.111.74 - - [30/Jun/2011:06:31:53 +0200] "GET /robots.txt HTTP/1.1" 404 320 "-" "Mozilla/5.0 (compatible; Ezooms/1.0; ezooms.bot@gmail.com)"
67.195.115.242 - - [30/Jun/2011:06:36:24 +0200] "GET /robots.txt HTTP/1.0" 404 262 "-" "Mozilla/5.0 (compatible; Yahoo! Slurp; http://help.yahoo.com/help/us/ysearch/slurp)"
67.195.115.242 - - [30/Jun/2011:06:36:25 +0200] "GET /pioneros/ HTTP/1.0" 200 3990 "-" "Mozilla/5.0 (compatible; Yahoo! Slurp; http://help.yahoo.com/help/us/ysearch/slurp)"
208.115.111.74 - - [30/Jun/2011:08:37:57 +0200] "GET /pioneros/index.php?ruti=ruti12 HTTP/1.1" 200 26657 "-" "Mozilla/5.0 (compatible; Ezooms/1.0; ezooms.bot@gmail.com)"
67.195.115.242 - - [30/Jun/2011:10:55:55 +0200] "GET /pioneros/index.php?ruti=ruti14 HTTP/1.0" 200 3112 "-" "Mozilla/5.0 (compatible; Yahoo! Slurp; http://help.yahoo.com/help/us/ysearch/slurp)"
67.195.115.242 - - [30/Jun/2011:12:40:00 +0200] "GET /pioneros/index.php?ruti=ruti9 HTTP/1.0" 200 5161 "-" "Mozilla/5.0 (compatible; Yahoo! Slurp; http://help.yahoo.com/help/us/ysearch/slurp)"
67.195.115.242 - - [30/Jun/2011:12:46:58 +0200] "GET /pioneros/index.php?ruti=ruti15 HTTP/1.0" 200 5093 "-" "Mozilla/5.0 (compatible; Yahoo! Slurp; http://help.yahoo.com/help/us/ysearch/slurp)"
67.195.115.242 - - [30/Jun/2011:14:06:15 +0200] "GET /robots.txt HTTP/1.0" 404 262 "-" "Mozilla/5.0 (compatible; Yahoo! Slurp; http://help.yahoo.com/help/us/ysearch/slurp)"
67.195.115.242 - - [30/Jun/2011:14:06:15 +0200] "GET /pioneros/index.php?ruti=ruti10 HTTP/1.0" 200 3623 "-" "Mozilla/5.0 (compatible; Yahoo! Slurp; http://help.yahoo.com/help/us/ysearch/slurp)"
208.115.111.74 - - [30/Jun/2011:14:27:09 +0200] "GET /robots.txt HTTP/1.1" 404 320 "-" "Mozilla/5.0 (compatible; Ezooms/1.0; ezooms.bot@gmail.com)"
207.46.195.105 - - [30/Jun/2011:14:59:29 +0200] "GET /robots.txt HTTP/1.1" 404 320 "-" "Mozilla/5.0 (compatible; bingbot/2.0; +http://www.bing.com/bingbot.htm)"
207.46.195.105 - - [30/Jun/2011:15:00:27 +0200] "GET /pioneros/index.php?ruti=ruti5 HTTP/1.1" 200 3780 "-" "Mozilla/5.0 (compatible; bingbot/2.0; +http://www.bing.com/bingbot.htm)"
208.115.111.74 - - [30/Jun/2011:16:26:43 +0200] "GET /pioneros/index.php?ruti=ruti14 HTTP/1.1" 200 14912 "-" "Mozilla/5.0 (compatible; Ezooms/1.0; ezooms.bot@gmail.com)"
208.115.111.249 - - [30/Jun/2011:17:35:07 +0200] "GET /robots.txt HTTP/1.1" 404 262 "-" "Mozilla/5.0 (compatible; DotBot/1.1; http://www.dotnetdotcom.org/, crawler@dotnetdotcom.org)"
208.115.111.74 - - [30/Jun/2011:18:29:36 +0200] "GET /robots.txt HTTP/1.1" 404 320 "-" "Mozilla/5.0 (compatible; Ezooms/1.0; ezooms.bot@gmail.com)"
65.52.110.71 - - [30/Jun/2011:19:38:33 +0200] "GET /robots.txt HTTP/1.1" 404 320 "-" "Mozilla/5.0 (compatible; bingbot/2.0; +http://www.bing.com/bingbot.htm)"
65.52.110.71 - - [30/Jun/2011:19:40:37 +0200] "GET /pioneros/index.php?ruti=ruti1 HTTP/1.1" 200 3990 "-" "Mozilla/5.0 (compatible; bingbot/2.0; +http://www.bing.com/bingbot.htm)"
208.115.111.74 - - [30/Jun/2011:20:28:11 +0200] "GET /pioneros/index.php?ruti=ruti15 HTTP/1.1" 200 28860 "-" "Mozilla/5.0 (compatible; Ezooms/1.0; ezooms.bot@gmail.com)"
208.115.111.74 - - [30/Jun/2011:22:29:22 +0200] "GET /robots.txt HTTP/1.1" 404 320 "-" "Mozilla/5.0 (compatible; Ezooms/1.0; ezooms.bot@gmail.com)"
208.115.111.249 - - [30/Jun/2011:23:05:16 +0200] "GET /pioneros/function.mysql-connect HTTP/1.1" 404 276 "-" "Mozilla/5.0 (compatible; DotBot/1.1; http://www.dotnetdotcom.org/, crawler@dotnetdotcom.org)"
208.115.111.74 - - [01/Jul/2011:00:24:38 +0200] "GET /pioneros/index.php?ruti=ruti16 HTTP/1.1" 200 14132 "-" "Mozilla/5.0 (compatible; Ezooms/1.0; ezooms.bot@gmail.com)"
95.108.158.239 - - [01/Jul/2011:02:25:09 +0200] "GET /robots.txt HTTP/1.1" 404 320 "-" "Mozilla/5.0 (compatible; YandexImages/3.0; +http://yandex.com/bots)"
208.115.111.74 - - [01/Jul/2011:02:29:06 +0200] "GET /robots.txt HTTP/1.1" 404 320 "-" "Mozilla/5.0 (compatible; Ezooms/1.0; ezooms.bot@gmail.com)"
208.115.111.74 - - [01/Jul/2011:04:25:02 +0200] "GET /pioneros/index.php?ruti=ruti17 HTTP/1.1" 200 12655 "-" "Mozilla/5.0 (compatible; Ezooms/1.0; ezooms.bot@gmail.com)"
95.108.158.239 - - [01/Jul/2011:05:27:55 +0200] "GET /imagenes/iconos/marca_cruz_roja-rally_a_mali-8x8.png HTTP/1.1" 304 - "-" "Mozilla/5.0 (compatible; YandexImages/3.0; +http://yandex.com/bots)"
208.115.111.74 - - [01/Jul/2011:06:27:53 +0200] "GET /robots.txt HTTP/1.1" 404 320 "-" "Mozilla/5.0 (compatible; Ezooms/1.0; ezooms.bot@gmail.com)"
208.115.111.74 - - [01/Jul/2011:08:36:51 +0200] "GET /pioneros/index.php?ruti=ruti18 HTTP/1.1" 200 19912 "-" "Mozilla/5.0 (compatible; Ezooms/1.0; ezooms.bot@gmail.com)"
67.195.115.242 - - [01/Jul/2011:12:45:22 +0200] "GET /robots.txt HTTP/1.0" 404 262 "-" "Mozilla/5.0 (compatible; Yahoo! Slurp; http://help.yahoo.com/help/us/ysearch/slurp)"
67.195.115.242 - - [01/Jul/2011:12:45:22 +0200] "GET /pioneros/index.php?ruti=ruti2 HTTP/1.0" 200 5065 "-" "Mozilla/5.0 (compatible; Yahoo! Slurp; http://help.yahoo.com/help/us/ysearch/slurp)"
67.195.115.242 - - [01/Jul/2011:12:56:03 +0200] "GET /robots.txt HTTP/1.0" 404 262 "-" "Mozilla/5.0 (compatible; Yahoo! Slurp; http://help.yahoo.com/help/us/ysearch/slurp)"
67.195.115.242 - - [01/Jul/2011:12:56:12 +0200] "GET /pioneros/index.php?ruti=ruti7 HTTP/1.0" 200 4506 "-" "Mozilla/5.0 (compatible; Yahoo! Slurp; http://help.yahoo.com/help/us/ysearch/slurp)"
67.195.115.242 - - [01/Jul/2011:13:25:44 +0200] "GET /pioneros/index.php?ruti=ruti17 HTTP/1.0" 200 2635 "-" "Mozilla/5.0 (compatible; Yahoo! Slurp; http://help.yahoo.com/help/us/ysearch/slurp)"
67.195.115.242 - - [01/Jul/2011:13:47:55 +0200] "GET /pioneros/index.php?ruti=ruti6 HTTP/1.0" 200 3085 "-" "Mozilla/5.0 (compatible; Yahoo! Slurp; http://help.yahoo.com/help/us/ysearch/slurp)"
66.249.68.46 - - [01/Jul/2011:17:46:06 +0200] "GET /robots.txt HTTP/1.1" 404 262 "-" "Mozilla/5.0 (compatible; Googlebot/2.1; +http://www.google.com/bot.html)"
66.249.68.46 - - [01/Jul/2011:17:46:06 +0200] "GET /pioneros/ HTTP/1.1" 200 3990 "-" "Mozilla/5.0 (compatible; Googlebot/2.1; +http://www.google.com/bot.html)"
208.80.194.35 - - [01/Jul/2011:18:52:13 +0200] "GET / HTTP/1.0" 200 44 "-" "Mozilla/4.0 (compatible; MSIE 6.0; Windows NT 5.1; SV1; FunWebProducts; InfoPath.1; .NET CLR 1.1.4322; ZangoToolbar 4.8.2)"
67.195.115.242 - - [01/Jul/2011:21:06:03 +0200] "GET /pioneros/index.php?ruti=ruti11 HTTP/1.0" 200 4094 "-" "Mozilla/5.0 (compatible; Yahoo! Slurp; http://help.yahoo.com/help/us/ysearch/slurp)"
95.108.158.239 - - [02/Jul/2011:00:01:00 +0200] "GET /imagenes/iconos/marca_cruz_roja-rally_a_mali-8x8.png HTTP/1.1" 304 - "-" "Mozilla/5.0 (compatible; YandexImages/3.0; +http://yandex.com/bots)"
67.195.115.242 - - [02/Jul/2011:04:26:01 +0200] "GET /robots.txt HTTP/1.0" 404 262 "-" "Mozilla/5.0 (compatible; Yahoo! Slurp; http://help.yahoo.com/help/us/ysearch/slurp)"
67.195.115.242 - - [02/Jul/2011:04:26:01 +0200] "GET /pioneros/index.php?ruti=ruti16 HTTP/1.0" 200 2986 "-" "Mozilla/5.0 (compatible; Yahoo! Slurp; http://help.yahoo.com/help/us/ysearch/slurp)"
208.115.111.74 - - [02/Jul/2011:14:24:11 +0200] "GET /robots.txt HTTP/1.1" 404 320 "-" "Mozilla/5.0 (compatible; Ezooms/1.0; ezooms.bot@gmail.com)"
208.115.111.74 - - [02/Jul/2011:16:34:15 +0200] "GET /pioneros HTTP/1.1" 301 357 "-" "Mozilla/5.0 (compatible; Ezooms/1.0; ezooms.bot@gmail.com)"
95.108.158.239 - - [02/Jul/2011:18:18:54 +0200] "GET /robots.txt HTTP/1.1" 404 320 "-" "Mozilla/5.0 (compatible; YandexImages/3.0; +http://yandex.com/bots)"
95.108.158.239 - - [02/Jul/2011:21:08:54 +0200] "GET /imagenes/iconos/marca_cruz_roja-rally_a_mali-8x8.png HTTP/1.1" 304 - "-" "Mozilla/5.0 (compatible; YandexImages/3.0; +http://yandex.com/bots)"
207.46.204.189 - - [03/Jul/2011:11:20:52 +0200] "GET /robots.txt HTTP/1.1" 404 320 "-" "Mozilla/5.0 (compatible; bingbot/2.0; +http://www.bing.com/bingbot.htm)"
207.46.204.189 - - [03/Jul/2011:11:28:10 +0200] "GET /pioneros/ HTTP/1.1" 200 3990 "-" "Mozilla/5.0 (compatible; bingbot/2.0; +http://www.bing.com/bingbot.htm)"
95.108.158.239 - - [03/Jul/2011:15:49:59 +0200] "GET /imagenes/iconos/marca_cruz_roja-rally_a_mali-8x8.png HTTP/1.1" 304 - "-" "Mozilla/5.0 (compatible; YandexImages/3.0; +http://yandex.com/bots)"
207.46.204.236 - - [03/Jul/2011:16:17:47 +0200] "GET /robots.txt HTTP/1.1" 404 320 "-" "Mozilla/5.0 (compatible; bingbot/2.0; +http://www.bing.com/bingbot.htm)"
207.46.204.236 - - [03/Jul/2011:16:26:35 +0200] "GET /pioneros/index.php?ruti=ruti5 HTTP/1.1" 200 3780 "-" "Mozilla/5.0 (compatible; bingbot/2.0; +http://www.bing.com/bingbot.htm)"
94.23.52.33 - - [03/Jul/2011:16:31:45 +0200] "GET /muieblackcat HTTP/1.1" 404 264 "-" "-"
94.23.52.33 - - [03/Jul/2011:16:31:45 +0200] "GET //scripts/setup.php HTTP/1.1" 404 265 "-" "-"
94.23.52.33 - - [03/Jul/2011:16:31:45 +0200] "GET //admin/scripts/setup.php HTTP/1.1" 404 270 "-" "-"
94.23.52.33 - - [03/Jul/2011:16:31:45 +0200] "GET //admin/pma/scripts/setup.php HTTP/1.1" 404 273 "-" "-"
94.23.52.33 - - [03/Jul/2011:16:31:46 +0200] "GET //admin/phpmyadmin/scripts/setup.php HTTP/1.1" 404 275 "-" "-"
94.23.52.33 - - [03/Jul/2011:16:31:46 +0200] "GET //db/scripts/setup.php HTTP/1.1" 404 267 "-" "-"
94.23.52.33 - - [03/Jul/2011:16:31:47 +0200] "GET //dbadmin/scripts/setup.php HTTP/1.1" 404 272 "-" "-"
94.23.52.33 - - [03/Jul/2011:16:31:47 +0200] "GET //myadmin/scripts/setup.php HTTP/1.1" 404 272 "-" "-"
94.23.52.33 - - [03/Jul/2011:16:31:47 +0200] "GET //mysql/scripts/setup.php HTTP/1.1" 404 271 "-" "-"
94.23.52.33 - - [03/Jul/2011:16:31:47 +0200] "GET //mysqladmin/scripts/setup.php HTTP/1.1" 404 274 "-" "-"
94.23.52.33 - - [03/Jul/2011:16:31:48 +0200] "GET //typo3/phpmyadmin/scripts/setup.php HTTP/1.1" 404 277 "-" "-"
94.23.52.33 - - [03/Jul/2011:16:31:48 +0200] "GET //phpadmin/scripts/setup.php HTTP/1.1" 404 272 "-" "-"
94.23.52.33 - - [03/Jul/2011:16:31:48 +0200] "GET //phpMyAdmin/scripts/setup.php HTTP/1.1" 404 273 "-" "-"
94.23.52.33 - - [03/Jul/2011:16:31:54 +0200] "GET //phpmyadmin2/scripts/setup.php HTTP/1.1" 404 274 "-" "-"
94.23.52.33 - - [03/Jul/2011:16:31:57 +0200] "GET //web/phpMyAdmin/scripts/setup.php HTTP/1.1" 404 276 "-" "-"
94.23.52.33 - - [03/Jul/2011:16:32:03 +0200] "GET //php-my-admin/scripts/setup.php HTTP/1.1" 404 275 "-" "-"
94.23.52.33 - - [03/Jul/2011:16:32:06 +0200] "GET //phpmyadmin/scripts/setup.php HTTP/1.1" 401 364 "-" "-"
94.23.52.33 - - [03/Jul/2011:16:32:09 +0200] "GET //phpMyAdmin-2/scripts/setup.php HTTP/1.1" 404 275 "-" "-"
94.23.52.33 - - [03/Jul/2011:16:32:15 +0200] "GET //phpMyAdmin-2.2.6/scripts/setup.php HTTP/1.1" 404 277 "-" "-"
94.23.52.33 - - [03/Jul/2011:16:32:15 +0200] "GET //phpMyAdmin-2.5.1/scripts/setup.php HTTP/1.1" 404 278 "-" "-"
94.23.52.33 - - [03/Jul/2011:16:32:15 +0200] "GET //phpMyAdmin-2.5.4/scripts/setup.php HTTP/1.1" 404 278 "-" "-"
94.23.52.33 - - [03/Jul/2011:16:32:18 +0200] "GET //phpMyAdmin-2.5.5-rc2/scripts/setup.php HTTP/1.1" 404 281 "-" "-"
94.23.52.33 - - [03/Jul/2011:16:32:18 +0200] "GET //phpMyAdmin-2.5.5/scripts/setup.php HTTP/1.1" 404 278 "-" "-"
94.23.52.33 - - [03/Jul/2011:16:32:18 +0200] "GET //phpMyAdmin-2.5.5-pl1/scripts/setup.php HTTP/1.1" 404 281 "-" "-"
94.23.52.33 - - [03/Jul/2011:16:32:18 +0200] "GET //phpMyAdmin-2.5.6-rc1/scripts/setup.php HTTP/1.1" 404 281 "-" "-"
94.23.52.33 - - [03/Jul/2011:16:32:18 +0200] "GET //phpMyAdmin-2.5.6-rc2/scripts/setup.php HTTP/1.1" 404 281 "-" "-"
94.23.52.33 - - [03/Jul/2011:16:32:24 +0200] "GET //phpMyAdmin-2.5.7-pl1/scripts/setup.php HTTP/1.1" 404 281 "-" "-"
94.23.52.33 - - [03/Jul/2011:16:32:24 +0200] "GET //phpMyAdmin-2.6.0-alpha/scripts/setup.php HTTP/1.1" 404 282 "-" "-"
94.23.52.33 - - [03/Jul/2011:16:32:33 +0200] "GET //phpMyAdmin-2.6.0-rc1/scripts/setup.php HTTP/1.1" 404 281 "-" "-"
94.23.52.33 - - [03/Jul/2011:16:32:54 +0200] "GET //phpMyAdmin-2.6.1-rc2/scripts/setup.php HTTP/1.1" 404 281 "-" "-"
94.23.52.33 - - [03/Jul/2011:16:32:54 +0200] "GET //phpMyAdmin-2.6.1/scripts/setup.php HTTP/1.1" 404 278 "-" "-"
94.23.52.33 - - [03/Jul/2011:16:32:57 +0200] "GET //phpMyAdmin-2.6.1-pl2/scripts/setup.php HTTP/1.1" 404 281 "-" "-"
94.23.52.33 - - [03/Jul/2011:16:33:00 +0200] "GET //phpMyAdmin-2.6.2-rc1/scripts/setup.php HTTP/1.1" 404 281 "-" "-"
94.23.52.33 - - [03/Jul/2011:16:33:00 +0200] "GET //phpMyAdmin-2.6.2-beta1/scripts/setup.php HTTP/1.1" 404 282 "-" "-"
94.23.52.33 - - [03/Jul/2011:16:33:01 +0200] "GET //phpMyAdmin-2.6.2-rc1/scripts/setup.php HTTP/1.1" 404 281 "-" "-"
94.23.52.33 - - [03/Jul/2011:16:33:01 +0200] "GET //phpMyAdmin-2.6.2/scripts/setup.php HTTP/1.1" 404 278 "-" "-"
94.23.52.33 - - [03/Jul/2011:16:33:16 +0200] "GET //phpMyAdmin-2.6.4-rc1/scripts/setup.php HTTP/1.1" 404 281 "-" "-"
94.23.52.33 - - [03/Jul/2011:16:33:22 +0200] "GET //phpMyAdmin-2.6.4-pl3/scripts/setup.php HTTP/1.1" 404 282 "-" "-"
94.23.52.33 - - [03/Jul/2011:16:33:22 +0200] "GET //phpMyAdmin-2.6.4-pl4/scripts/setup.php HTTP/1.1" 404 281 "-" "-"
94.23.52.33 - - [03/Jul/2011:16:33:28 +0200] "GET //phpMyAdmin-2.7.0-rc1/scripts/setup.php HTTP/1.1" 404 281 "-" "-"
94.23.52.33 - - [03/Jul/2011:16:33:31 +0200] "GET //phpMyAdmin-2.7.0-pl2/scripts/setup.php HTTP/1.1" 404 281 "-" "-"
94.23.52.33 - - [03/Jul/2011:16:33:31 +0200] "GET //phpMyAdmin-2.7.0/scripts/setup.php HTTP/1.1" 404 278 "-" "-"
94.23.52.33 - - [03/Jul/2011:16:33:34 +0200] "GET //phpMyAdmin-2.8.0-rc1/scripts/setup.php HTTP/1.1" 404 281 "-" "-"
94.23.52.33 - - [03/Jul/2011:16:33:34 +0200] "GET //phpMyAdmin-2.8.0-rc2/scripts/setup.php HTTP/1.1" 404 281 "-" "-"
94.23.52.33 - - [03/Jul/2011:16:33:34 +0200] "GET //phpMyAdmin-2.8.0/scripts/setup.php HTTP/1.1" 404 278 "-" "-"
94.23.52.33 - - [03/Jul/2011:16:33:34 +0200] "GET //phpMyAdmin-2.8.0.1/scripts/setup.php HTTP/1.1" 404 280 "-" "-"
94.23.52.33 - - [03/Jul/2011:16:33:35 +0200] "GET //phpMyAdmin-2.8.0.2/scripts/setup.php HTTP/1.1" 404 280 "-" "-"
94.23.52.33 - - [03/Jul/2011:16:33:36 +0200] "GET //phpMyAdmin-2.8.0.3/scripts/setup.php HTTP/1.1" 404 280 "-" "-"
94.23.52.33 - - [03/Jul/2011:16:33:36 +0200] "GET //phpMyAdmin-2.8.0.4/scripts/setup.php HTTP/1.1" 404 280 "-" "-"
94.23.52.33 - - [03/Jul/2011:16:33:36 +0200] "GET //phpMyAdmin-2.8.1-rc1/scripts/setup.php HTTP/1.1" 404 281 "-" "-"
94.23.52.33 - - [03/Jul/2011:16:33:36 +0200] "GET //phpMyAdmin-2.8.1/scripts/setup.php HTTP/1.1" 404 278 "-" "-"
94.23.52.33 - - [03/Jul/2011:16:33:37 +0200] "GET //phpMyAdmin-2.8.2/scripts/setup.php HTTP/1.1" 404 278 "-" "-"
94.23.52.33 - - [03/Jul/2011:16:33:38 +0200] "GET //sqlmanager/scripts/setup.php HTTP/1.1" 404 274 "-" "-"
94.23.52.33 - - [03/Jul/2011:16:33:38 +0200] "GET //mysqlmanager/scripts/setup.php HTTP/1.1" 404 276 "-" "-"
94.23.52.33 - - [03/Jul/2011:16:33:38 +0200] "GET //p/m/a/scripts/setup.php HTTP/1.1" 404 270 "-" "-"
94.23.52.33 - - [03/Jul/2011:16:33:38 +0200] "GET //PMA2005/scripts/setup.php HTTP/1.1" 404 272 "-" "-"
94.23.52.33 - - [03/Jul/2011:16:33:39 +0200] "GET //pma2005/scripts/setup.php HTTP/1.1" 404 272 "-" "-"
94.23.52.33 - - [03/Jul/2011:16:33:40 +0200] "GET //phpmanager/scripts/setup.php HTTP/1.1" 404 273 "-" "-"
94.23.52.33 - - [03/Jul/2011:16:33:40 +0200] "GET //php-myadmin/scripts/setup.php HTTP/1.1" 404 274 "-" "-"
94.23.52.33 - - [03/Jul/2011:16:33:40 +0200] "GET //phpmy-admin/scripts/setup.php HTTP/1.1" 404 274 "-" "-"
94.23.52.33 - - [03/Jul/2011:16:33:40 +0200] "GET //webadmin/scripts/setup.php HTTP/1.1" 404 273 "-" "-"
94.23.52.33 - - [03/Jul/2011:16:33:41 +0200] "GET //sqlweb/scripts/setup.php HTTP/1.1" 404 271 "-" "-"
94.23.52.33 - - [03/Jul/2011:16:33:44 +0200] "GET //webdb/scripts/setup.php HTTP/1.1" 404 271 "-" "-"
94.23.52.33 - - [03/Jul/2011:16:33:50 +0200] "GET //databaseadmin/scripts/setup.php HTTP/1.1" 404 275 "-" "-"
94.23.52.33 - - [03/Jul/2011:16:33:50 +0200] "GET //admm/scripts/setup.php HTTP/1.1" 404 269 "-" "-"
94.23.52.33 - - [03/Jul/2011:16:33:50 +0200] "GET //admn/scripts/setup.php HTTP/1.1" 404 269 "-" "-"
65.52.110.37 - - [03/Jul/2011:16:44:30 +0200] "GET /robots.txt HTTP/1.1" 404 320 "-" "Mozilla/5.0 (compatible; bingbot/2.0; +http://www.bing.com/bingbot.htm)"
207.46.204.164 - - [03/Jul/2011:16:51:30 +0200] "GET / HTTP/1.1" 200 49 "-" "Mozilla/5.0 (compatible; MSIE 9.0; Windows NT 6.1; Trident/5.0; WOW64; Trident/5.0)"
65.52.110.37 - - [03/Jul/2011:16:51:41 +0200] "GET / HTTP/1.1" 200 49 "-" "Mozilla/5.0 (compatible; bingbot/2.0; +http://www.bing.com/bingbot.htm)"
208.80.194.32 - - [03/Jul/2011:18:38:50 +0200] "GET / HTTP/1.0" 200 44 "-" "Mozilla/4.0 (compatible; MSIE 6.0; Windows NT 5.0; Verizon Wireless 2.0; .NET CLR 1.1.4322; .NET CLR 2.0.50727)"
67.195.115.242 - - [03/Jul/2011:23:45:51 +0200] "GET /robots.txt HTTP/1.0" 404 262 "-" "Mozilla/5.0 (compatible; Yahoo! Slurp; http://help.yahoo.com/help/us/ysearch/slurp)"
67.195.115.242 - - [03/Jul/2011:23:45:51 +0200] "GET /pioneros/index.php?ruti=ruti1 HTTP/1.0" 200 3990 "-" "Mozilla/5.0 (compatible; Yahoo! Slurp; http://help.yahoo.com/help/us/ysearch/slurp)"
50.19.198.121 - - [04/Jul/2011:01:32:33 +0200] "GET / HTTP/1.0" 200 44 "-" "Mozilla/5.0 (compatible; NetcraftSurveyAgent/1.0; +info@netcraft.com)"
95.108.158.239 - - [04/Jul/2011:10:05:16 +0200] "GET /robots.txt HTTP/1.1" 404 320 "-" "Mozilla/5.0 (compatible; YandexImages/3.0; +http://yandex.com/bots)"
95.108.158.239 - - [04/Jul/2011:14:50:27 +0200] "GET /imagenes/iconos/marca_cruz_roja-rally_a_mali-8x8.png HTTP/1.1" 304 - "-" "Mozilla/5.0 (compatible; YandexImages/3.0; +http://yandex.com/bots)"
208.115.111.249 - - [04/Jul/2011:16:35:17 +0200] "GET /robots.txt HTTP/1.1" 404 262 "-" "Mozilla/5.0 (compatible; DotBot/1.1; http://www.dotnetdotcom.org/, crawler@dotnetdotcom.org)"
67.195.115.242 - - [04/Jul/2011:21:17:25 +0200] "GET /robots.txt HTTP/1.0" 404 262 "-" "Mozilla/5.0 (compatible; Yahoo! Slurp; http://help.yahoo.com/help/us/ysearch/slurp)"
67.195.115.242 - - [04/Jul/2011:21:17:26 +0200] "GET /pioneros/index.php?ruti=ruti12 HTTP/1.0" 200 5364 "-" "Mozilla/5.0 (compatible; Yahoo! Slurp; http://help.yahoo.com/help/us/ysearch/slurp)"
208.115.111.249 - - [04/Jul/2011:21:21:47 +0200] "GET /robots.txt HTTP/1.1" 404 262 "-" "Mozilla/5.0 (compatible; DotBot/1.1; http://www.dotnetdotcom.org/, crawler@dotnetdotcom.org)"
208.115.111.249 - - [04/Jul/2011:22:15:05 +0200] "GET /pioneros HTTP/1.1" 301 270 "-" "Mozilla/5.0 (compatible; DotBot/1.1; http://www.dotnetdotcom.org/, crawler@dotnetdotcom.org)"
208.115.111.249 - - [05/Jul/2011:02:05:49 +0200] "GET /robots.txt HTTP/1.1" 404 262 "-" "Mozilla/5.0 (compatible; DotBot/1.1; http://www.dotnetdotcom.org/, crawler@dotnetdotcom.org)"
208.115.111.249 - - [05/Jul/2011:02:40:33 +0200] "GET /pioneros/ HTTP/1.1" 200 3990 "-" "Mozilla/5.0 (compatible; DotBot/1.1; http://www.dotnetdotcom.org/, crawler@dotnetdotcom.org)"
208.115.111.249 - - [05/Jul/2011:02:40:38 +0200] "GET /pioneros/index.php?ruti=ruti0 HTTP/1.1" 200 3004 "-" "Mozilla/5.0 (compatible; DotBot/1.1; http://www.dotnetdotcom.org/, crawler@dotnetdotcom.org)"
208.115.111.249 - - [05/Jul/2011:02:40:44 +0200] "GET /pioneros/index.php?ruti=ruti11 HTTP/1.1" 200 4094 "-" "Mozilla/5.0 (compatible; DotBot/1.1; http://www.dotnetdotcom.org/, crawler@dotnetdotcom.org)"
208.115.111.249 - - [05/Jul/2011:02:40:49 +0200] "GET /pioneros/index.php?ruti=ruti12 HTTP/1.1" 200 5364 "-" "Mozilla/5.0 (compatible; DotBot/1.1; http://www.dotnetdotcom.org/, crawler@dotnetdotcom.org)"
62.204.207.49 - - [05/Jul/2011:03:08:44 +0200] "HEAD /pioneros/ HTTP/1.1" 200 - "-" "curl/7.15.5 (x86_64-redhat-linux-gnu) libcurl/7.15.5 OpenSSL/0.9.8b zlib/1.2.3 libidn/0.6.5"
208.115.111.249 - - [05/Jul/2011:06:46:20 +0200] "GET /robots.txt HTTP/1.1" 404 262 "-" "Mozilla/5.0 (compatible; DotBot/1.1; http://www.dotnetdotcom.org/, crawler@dotnetdotcom.org)"
208.115.111.249 - - [05/Jul/2011:07:26:46 +0200] "GET /pioneros/index.php?ruti=ruti1 HTTP/1.1" 200 3990 "-" "Mozilla/5.0 (compatible; DotBot/1.1; http://www.dotnetdotcom.org/, crawler@dotnetdotcom.org)"
208.115.111.249 - - [05/Jul/2011:07:26:50 +0200] "GET /pioneros/index.php?ruti=ruti14 HTTP/1.1" 200 3112 "-" "Mozilla/5.0 (compatible; DotBot/1.1; http://www.dotnetdotcom.org/, crawler@dotnetdotcom.org)"
208.115.111.249 - - [05/Jul/2011:07:26:55 +0200] "GET /pioneros/index.php?ruti=ruti15 HTTP/1.1" 200 5093 "-" "Mozilla/5.0 (compatible; DotBot/1.1; http://www.dotnetdotcom.org/, crawler@dotnetdotcom.org)"
208.115.111.249 - - [05/Jul/2011:07:27:00 +0200] "GET /pioneros/index.php?ruti=ruti16 HTTP/1.1" 200 2986 "-" "Mozilla/5.0 (compatible; DotBot/1.1; http://www.dotnetdotcom.org/, crawler@dotnetdotcom.org)"
208.115.111.249 - - [05/Jul/2011:07:27:05 +0200] "GET /pioneros/index.php?ruti=ruti17 HTTP/1.1" 200 2635 "-" "Mozilla/5.0 (compatible; DotBot/1.1; http://www.dotnetdotcom.org/, crawler@dotnetdotcom.org)"
208.115.111.249 - - [05/Jul/2011:07:27:10 +0200] "GET /pioneros/index.php?ruti=ruti18 HTTP/1.1" 200 3941 "-" "Mozilla/5.0 (compatible; DotBot/1.1; http://www.dotnetdotcom.org/, crawler@dotnetdotcom.org)"
208.115.111.249 - - [05/Jul/2011:07:27:15 +0200] "GET /pioneros/index.php?ruti=ruti3 HTTP/1.1" 200 3858 "-" "Mozilla/5.0 (compatible; DotBot/1.1; http://www.dotnetdotcom.org/, crawler@dotnetdotcom.org)"
208.115.111.249 - - [05/Jul/2011:07:27:20 +0200] "GET /pioneros/index.php?ruti=ruti4 HTTP/1.1" 200 3033 "-" "Mozilla/5.0 (compatible; DotBot/1.1; http://www.dotnetdotcom.org/, crawler@dotnetdotcom.org)"
208.115.111.249 - - [05/Jul/2011:07:27:25 +0200] "GET /pioneros/index.php?ruti=ruti5 HTTP/1.1" 200 3780 "-" "Mozilla/5.0 (compatible; DotBot/1.1; http://www.dotnetdotcom.org/, crawler@dotnetdotcom.org)"
208.115.111.249 - - [05/Jul/2011:07:27:30 +0200] "GET /pioneros/index.php?ruti=ruti6 HTTP/1.1" 200 3085 "-" "Mozilla/5.0 (compatible; DotBot/1.1; http://www.dotnetdotcom.org/, crawler@dotnetdotcom.org)"
67.195.115.242 - - [05/Jul/2011:10:34:21 +0200] "GET /robots.txt HTTP/1.0" 404 262 "-" "Mozilla/5.0 (compatible; Yahoo! Slurp; http://help.yahoo.com/help/us/ysearch/slurp)"
67.195.115.242 - - [05/Jul/2011:10:34:22 +0200] "GET /pioneros/index.php?ruti=ruti4 HTTP/1.0" 200 3033 "-" "Mozilla/5.0 (compatible; Yahoo! Slurp; http://help.yahoo.com/help/us/ysearch/slurp)"
208.115.111.249 - - [05/Jul/2011:12:22:04 +0200] "GET /pioneros/index.php?ruti=ruti10 HTTP/1.1" 200 3623 "-" "Mozilla/5.0 (compatible; DotBot/1.1; http://www.dotnetdotcom.org/, crawler@dotnetdotcom.org)"
208.115.111.249 - - [05/Jul/2011:12:22:09 +0200] "GET /pioneros/index.php?ruti=ruti2 HTTP/1.1" 200 5065 "-" "Mozilla/5.0 (compatible; DotBot/1.1; http://www.dotnetdotcom.org/, crawler@dotnetdotcom.org)"
208.115.111.249 - - [05/Jul/2011:12:22:13 +0200] "GET /pioneros/index.php?ruti=ruti7 HTTP/1.1" 200 4506 "-" "Mozilla/5.0 (compatible; DotBot/1.1; http://www.dotnetdotcom.org/, crawler@dotnetdotcom.org)"
208.115.111.249 - - [05/Jul/2011:12:22:18 +0200] "GET /pioneros/index.php?ruti=ruti8 HTTP/1.1" 200 5091 "-" "Mozilla/5.0 (compatible; DotBot/1.1; http://www.dotnetdotcom.org/, crawler@dotnetdotcom.org)"
208.115.111.249 - - [05/Jul/2011:12:22:24 +0200] "GET /pioneros/index.php?ruti=ruti9 HTTP/1.1" 200 5161 "-" "Mozilla/5.0 (compatible; DotBot/1.1; http://www.dotnetdotcom.org/, crawler@dotnetdotcom.org)"
208.80.194.29 - - [05/Jul/2011:16:48:51 +0200] "GET / HTTP/1.0" 200 44 "-" "Mozilla/4.0 (compatible; MSIE 6.0; Windows 98; FunWebProducts; .NET CLR 1.1.4322; MSN 9.0;MSN 9.1; MSNbVZ02; MSNmen-us; MSNcOTH)"
95.108.158.239 - - [05/Jul/2011:18:30:58 +0200] "GET /robots.txt HTTP/1.1" 404 320 "-" "Mozilla/5.0 (compatible; YandexImages/3.0; +http://yandex.com/bots)"
67.195.115.242 - - [05/Jul/2011:20:07:47 +0200] "GET /robots.txt HTTP/1.0" 404 262 "-" "Mozilla/5.0 (compatible; Yahoo! Slurp; http://help.yahoo.com/help/us/ysearch/slurp)"
67.195.115.242 - - [05/Jul/2011:20:07:48 +0200] "GET /pioneros HTTP/1.0" 301 270 "-" "Mozilla/5.0 (compatible; Yahoo! Slurp; http://help.yahoo.com/help/us/ysearch/slurp)"
67.195.115.242 - - [05/Jul/2011:20:07:48 +0200] "GET /pioneros/ HTTP/1.0" 200 3990 "-" "Mozilla/5.0 (compatible; Yahoo! Slurp; http://help.yahoo.com/help/us/ysearch/slurp)"
95.108.158.239 - - [05/Jul/2011:21:00:57 +0200] "GET /imagenes/iconos/marca_cruz_roja-rally_a_mali-8x8.png HTTP/1.1" 304 - "-" "Mozilla/5.0 (compatible; YandexImages/3.0; +http://yandex.com/bots)"
123.125.71.57 - - [06/Jul/2011:08:15:54 +0200] "GET /robots.txt HTTP/1.1" 404 262 "-" "Baiduspider+(+http://www.baidu.com/search/spider.htm)"
67.195.115.242 - - [06/Jul/2011:15:28:15 +0200] "GET /robots.txt HTTP/1.0" 404 262 "-" "Mozilla/5.0 (compatible; Yahoo! Slurp; http://help.yahoo.com/help/us/ysearch/slurp)"
67.195.115.242 - - [06/Jul/2011:15:28:15 +0200] "GET /pioneros/index.php?ruti=ruti18 HTTP/1.0" 200 3941 "-" "Mozilla/5.0 (compatible; Yahoo! Slurp; http://help.yahoo.com/help/us/ysearch/slurp)"
95.108.158.239 - - [06/Jul/2011:15:57:20 +0200] "GET /imagenes/iconos/marca_cruz_roja-rally_a_mali-8x8.png HTTP/1.1" 304 - "-" "Mozilla/5.0 (compatible; YandexImages/3.0; +http://yandex.com/bots)"
67.195.115.242 - - [06/Jul/2011:19:32:25 +0200] "GET /pioneros/index.php?ruti=ruti5 HTTP/1.0" 200 3780 "-" "Mozilla/5.0 (compatible; Yahoo! Slurp; http://help.yahoo.com/help/us/ysearch/slurp)"
208.80.194.26 - - [06/Jul/2011:23:11:48 +0200] "GET / HTTP/1.0" 200 44 "-" "Mozilla/4.0 (compatible; MSIE 6.0; Windows NT 5.1; {252529F2-9354-961C-95C7-3189F2EF5F62}; .NET CLR 1.0.3705; .NET CLR 2.0.50727; MSN 6.1; MSNbMSFT; MSNmen-us; MSNc00; v5m)"
67.195.115.242 - - [07/Jul/2011:00:49:05 +0200] "GET /robots.txt HTTP/1.0" 404 262 "-" "Mozilla/5.0 (compatible; Yahoo! Slurp; http://help.yahoo.com/help/us/ysearch/slurp)"
67.195.115.242 - - [07/Jul/2011:00:49:06 +0200] "GET /pioneros/index.php?ruti=ruti8 HTTP/1.0" 200 5091 "-" "Mozilla/5.0 (compatible; Yahoo! Slurp; http://help.yahoo.com/help/us/ysearch/slurp)"
67.195.115.242 - - [07/Jul/2011:10:57:29 +0200] "GET /robots.txt HTTP/1.0" 404 262 "-" "Mozilla/5.0 (compatible; Yahoo! Slurp; http://help.yahoo.com/help/us/ysearch/slurp)"
67.195.115.242 - - [07/Jul/2011:10:57:30 +0200] "GET /pioneros/index.php?ruti=ruti14 HTTP/1.0" 200 3112 "-" "Mozilla/5.0 (compatible; Yahoo! Slurp; http://help.yahoo.com/help/us/ysearch/slurp)"
67.195.115.242 - - [07/Jul/2011:12:40:41 +0200] "GET /pioneros/index.php?ruti=ruti9 HTTP/1.0" 200 5161 "-" "Mozilla/5.0 (compatible; Yahoo! Slurp; http://help.yahoo.com/help/us/ysearch/slurp)"
67.195.115.242 - - [07/Jul/2011:12:48:04 +0200] "GET /pioneros/index.php?ruti=ruti15 HTTP/1.0" 200 5093 "-" "Mozilla/5.0 (compatible; Yahoo! Slurp; http://help.yahoo.com/help/us/ysearch/slurp)"
212.24.195.178 - - [07/Jul/2011:13:33:59 +0200] "GET /muieblackcat HTTP/1.1" 404 264 "-" "-"
212.24.195.178 - - [07/Jul/2011:13:34:00 +0200] "GET //admin/phpmyadmin/scripts/setup.php HTTP/1.1" 404 275 "-" "-"
212.24.195.178 - - [07/Jul/2011:13:34:00 +0200] "GET //admin/pma/scripts/setup.php HTTP/1.1" 404 273 "-" "-"
212.24.195.178 - - [07/Jul/2011:13:34:01 +0200] "GET //admin/scripts/setup.php HTTP/1.1" 404 270 "-" "-"
212.24.195.178 - - [07/Jul/2011:13:34:01 +0200] "GET //databaseadmin/scripts/setup.php HTTP/1.1" 404 275 "-" "-"
212.24.195.178 - - [07/Jul/2011:13:34:01 +0200] "GET //dbadmin/scripts/setup.php HTTP/1.1" 404 272 "-" "-"
212.24.195.178 - - [07/Jul/2011:13:34:02 +0200] "GET //db/scripts/setup.php HTTP/1.1" 404 267 "-" "-"
212.24.195.178 - - [07/Jul/2011:13:34:02 +0200] "GET //myadmin/scripts/setup.php HTTP/1.1" 404 272 "-" "-"
212.24.195.178 - - [07/Jul/2011:13:34:02 +0200] "GET //mysqladmin/scripts/setup.php HTTP/1.1" 404 274 "-" "-"
212.24.195.178 - - [07/Jul/2011:13:34:02 +0200] "GET //mysqlmanager/scripts/setup.php HTTP/1.1" 404 276 "-" "-"
212.24.195.178 - - [07/Jul/2011:13:34:02 +0200] "GET //mysql/scripts/setup.php HTTP/1.1" 404 271 "-" "-"
212.24.195.178 - - [07/Jul/2011:13:34:03 +0200] "GET //phpadmin/scripts/setup.php HTTP/1.1" 404 272 "-" "-"
212.24.195.178 - - [07/Jul/2011:13:34:03 +0200] "GET //phpmanager/scripts/setup.php HTTP/1.1" 404 273 "-" "-"
212.24.195.178 - - [07/Jul/2011:13:34:03 +0200] "GET //phpmyadmin2/scripts/setup.php HTTP/1.1" 404 274 "-" "-"
212.24.195.178 - - [07/Jul/2011:13:34:03 +0200] "GET //phpMyAdmin-2/scripts/setup.php HTTP/1.1" 404 275 "-" "-"
212.24.195.178 - - [07/Jul/2011:13:34:03 +0200] "GET //phpmyadmin/scripts/setup.php HTTP/1.1" 401 364 "-" "-"
212.24.195.178 - - [07/Jul/2011:13:34:04 +0200] "GET //phpMyAdmin/scripts/setup.php HTTP/1.1" 404 273 "-" "-"
212.24.195.178 - - [07/Jul/2011:13:34:04 +0200] "GET //pma/scripts/setup.php HTTP/1.1" 404 269 "-" "-"
212.24.195.178 - - [07/Jul/2011:13:34:04 +0200] "GET //scripts/setup.php HTTP/1.1" 404 265 "-" "-"
212.24.195.178 - - [07/Jul/2011:13:34:04 +0200] "GET //sqlmanager/scripts/setup.php HTTP/1.1" 404 274 "-" "-"
212.24.195.178 - - [07/Jul/2011:13:34:04 +0200] "GET //sqlweb/scripts/setup.php HTTP/1.1" 404 271 "-" "-"
212.24.195.178 - - [07/Jul/2011:13:34:09 +0200] "GET //webadmin/scripts/setup.php HTTP/1.1" 404 273 "-" "-"
212.24.195.178 - - [07/Jul/2011:13:34:09 +0200] "GET //webdb/scripts/setup.php HTTP/1.1" 404 271 "-" "-"
212.24.195.178 - - [07/Jul/2011:13:34:09 +0200] "GET //web/phpMyAdmin/scripts/setup.php HTTP/1.1" 404 276 "-" "-"
212.24.195.178 - - [07/Jul/2011:13:34:09 +0200] "GET //web/scripts/setup.php HTTP/1.1" 404 269 "-" "-"
212.24.195.178 - - [07/Jul/2011:13:34:09 +0200] "GET //websql/scripts/setup.php HTTP/1.1" 404 271 "-" "-"
212.24.195.178 - - [07/Jul/2011:13:34:09 +0200] "GET //xampp/phpmyadmin/scripts/setup.php HTTP/1.1" 404 278 "-" "-"
95.108.158.239 - - [07/Jul/2011:13:38:02 +0200] "GET /robots.txt HTTP/1.1" 404 320 "-" "Mozilla/5.0 (compatible; YandexImages/3.0; +http://yandex.com/bots)"
208.80.194.29 - - [07/Jul/2011:15:05:46 +0200] "GET / HTTP/1.0" 200 44 "-" "Mozilla/4.0 (compatible; MSIE 7.0; Windows NT 5.1; YPC 3.2.0; CMS Music Store2 v1.00.13 (Music Store,1033; yplus 5.1.04b); .NET CLR 1.1.4322; .NET CLR 2.0.50727; IEMB3; IEMB3)"
208.115.111.74 - - [07/Jul/2011:18:21:26 +0200] "GET /robots.txt HTTP/1.1" 404 320 "-" "Mozilla/5.0 (compatible; Ezooms/1.0; ezooms.bot@gmail.com)"
208.115.111.74 - - [07/Jul/2011:19:16:54 +0200] "GET /pioneros/ HTTP/1.1" 200 22907 "-" "Mozilla/5.0 (compatible; Ezooms/1.0; ezooms.bot@gmail.com)"
95.108.158.239 - - [07/Jul/2011:19:20:19 +0200] "GET /imagenes/iconos/marca_cruz_roja-rally_a_mali-8x8.png HTTP/1.1" 304 - "-" "Mozilla/5.0 (compatible; YandexImages/3.0; +http://yandex.com/bots)"
95.108.246.252 - - [08/Jul/2011:00:04:40 +0200] "GET /robots.txt HTTP/1.1" 404 320 "-" "Mozilla/5.0 (compatible; YandexBot/3.0; +http://yandex.com/bots)"
157.55.116.39 - - [08/Jul/2011:07:20:46 +0200] "GET /robots.txt HTTP/1.1" 404 262 "-" "msnbot/2.0b (+http://search.msn.com/msnbot.htm)._"
157.55.116.39 - - [08/Jul/2011:07:20:47 +0200] "GET /pioneros/index.php?ruti=ruti15 HTTP/1.1" 200 5093 "-" "msnbot/2.0b (+http://search.msn.com/msnbot.htm)._"
157.55.116.39 - - [08/Jul/2011:07:20:48 +0200] "GET /pioneros/index.php?ruti=ruti12 HTTP/1.1" 200 5364 "-" "msnbot/2.0b (+http://search.msn.com/msnbot.htm)._"
157.55.116.39 - - [08/Jul/2011:07:20:50 +0200] "GET /pioneros/index.php?ruti=ruti17 HTTP/1.1" 200 2635 "-" "msnbot/2.0b (+http://search.msn.com/msnbot.htm)._"
157.55.116.39 - - [08/Jul/2011:07:20:52 +0200] "GET /pioneros/index.php?ruti=ruti4 HTTP/1.1" 200 3033 "-" "msnbot/2.0b (+http://search.msn.com/msnbot.htm)._"
157.55.116.39 - - [08/Jul/2011:07:20:54 +0200] "GET /pioneros/index.php?ruti=ruti7 HTTP/1.1" 200 4506 "-" "msnbot/2.0b (+http://search.msn.com/msnbot.htm)._"
157.55.116.39 - - [08/Jul/2011:07:20:55 +0200] "GET /pioneros/index.php?ruti=ruti3 HTTP/1.1" 200 3858 "-" "msnbot/2.0b (+http://search.msn.com/msnbot.htm)._"
157.55.116.39 - - [08/Jul/2011:07:20:58 +0200] "GET /pioneros/index.php?ruti=ruti18 HTTP/1.1" 200 3941 "-" "msnbot/2.0b (+http://search.msn.com/msnbot.htm)._"
157.55.116.39 - - [08/Jul/2011:07:20:59 +0200] "GET /pioneros/index.php?ruti=ruti11 HTTP/1.1" 200 4094 "-" "msnbot/2.0b (+http://search.msn.com/msnbot.htm)._"
157.55.116.39 - - [08/Jul/2011:07:21:03 +0200] "GET /pioneros/index.php?ruti=ruti6 HTTP/1.1" 200 3085 "-" "msnbot/2.0b (+http://search.msn.com/msnbot.htm)._"
157.55.116.39 - - [08/Jul/2011:07:21:05 +0200] "GET /pioneros/index.php?ruti=ruti2 HTTP/1.1" 200 5065 "-" "msnbot/2.0b (+http://search.msn.com/msnbot.htm)._"
157.55.116.39 - - [08/Jul/2011:07:21:09 +0200] "GET /pioneros/index-sepulveda.php HTTP/1.1" 200 12750 "-" "msnbot/2.0b (+http://search.msn.com/msnbot.htm)._"
157.55.116.39 - - [08/Jul/2011:07:21:11 +0200] "GET /pioneros/index.php?ruti=ruti8 HTTP/1.1" 200 5091 "-" "msnbot/2.0b (+http://search.msn.com/msnbot.htm)._"
157.55.116.39 - - [08/Jul/2011:07:21:13 +0200] "GET /pioneros/index.php?ruti=ruti0 HTTP/1.1" 200 3004 "-" "msnbot/2.0b (+http://search.msn.com/msnbot.htm)._"
157.55.116.39 - - [08/Jul/2011:07:21:15 +0200] "GET /pioneros/index.php?ruti=ruti14 HTTP/1.1" 200 3112 "-" "msnbot/2.0b (+http://search.msn.com/msnbot.htm)._"
157.55.116.39 - - [08/Jul/2011:07:21:16 +0200] "GET /pioneros/index.php?ruti=ruti10 HTTP/1.1" 200 3623 "-" "msnbot/2.0b (+http://search.msn.com/msnbot.htm)._"
67.195.115.242 - - [08/Jul/2011:12:53:19 +0200] "GET /robots.txt HTTP/1.0" 404 262 "-" "Mozilla/5.0 (compatible; Yahoo! Slurp; http://help.yahoo.com/help/us/ysearch/slurp)"
67.195.115.242 - - [08/Jul/2011:12:53:20 +0200] "GET /pioneros/index.php?ruti=ruti2 HTTP/1.0" 200 5065 "-" "Mozilla/5.0 (compatible; Yahoo! Slurp; http://help.yahoo.com/help/us/ysearch/slurp)"
67.195.115.242 - - [08/Jul/2011:13:28:17 +0200] "GET /pioneros/index.php?ruti=ruti17 HTTP/1.0" 200 2635 "-" "Mozilla/5.0 (compatible; Yahoo! Slurp; http://help.yahoo.com/help/us/ysearch/slurp)"
95.108.246.252 - - [08/Jul/2011:15:42:43 +0200] "GET / HTTP/1.1" 200 49 "-" "Mozilla/5.0 (compatible; YandexBot/3.0; +http://yandex.com/bots)"
67.195.115.242 - - [08/Jul/2011:16:24:49 +0200] "GET /pioneros/index.php?ruti=ruti7 HTTP/1.0" 200 4506 "-" "Mozilla/5.0 (compatible; Yahoo! Slurp; http://help.yahoo.com/help/us/ysearch/slurp)"
67.195.115.242 - - [08/Jul/2011:22:33:04 +0200] "GET /robots.txt HTTP/1.0" 404 262 "-" "Mozilla/5.0 (compatible; Yahoo! Slurp; http://help.yahoo.com/help/us/ysearch/slurp)"
67.195.115.242 - - [08/Jul/2011:22:33:05 +0200] "GET /pioneros/ HTTP/1.0" 200 3990 "-" "Mozilla/5.0 (compatible; Yahoo! Slurp; http://help.yahoo.com/help/us/ysearch/slurp)"
67.195.115.242 - - [09/Jul/2011:04:27:30 +0200] "GET /pioneros/index.php?ruti=ruti16 HTTP/1.0" 200 2986 "-" "Mozilla/5.0 (compatible; Yahoo! Slurp; http://help.yahoo.com/help/us/ysearch/slurp)"
67.195.115.242 - - [09/Jul/2011:09:06:50 +0200] "GET /robots.txt HTTP/1.0" 404 262 "-" "Mozilla/5.0 (compatible; Yahoo! Slurp; http://help.yahoo.com/help/us/ysearch/slurp)"
67.195.115.242 - - [09/Jul/2011:09:06:51 +0200] "GET /pioneros/index.php?ruti=ruti11 HTTP/1.0" 200 4094 "-" "Mozilla/5.0 (compatible; Yahoo! Slurp; http://help.yahoo.com/help/us/ysearch/slurp)"
69.28.58.26 - - [09/Jul/2011:10:22:49 +0200] "GET /robots.txt HTTP/1.0" 404 320 "-" "Mozilla/4.0 (compatible; MSIE 6.0; Windows NT 5.0) (larbin2.6.3@unspecified.mail)"
69.28.58.26 - - [09/Jul/2011:10:22:51 +0200] "GET / HTTP/1.0" 200 44 "-" "Mozilla/4.0 (compatible; MSIE 6.0; Windows NT 5.0) larbin2.6.3@unspecified.mail"
208.80.194.30 - - [09/Jul/2011:19:12:21 +0200] "GET / HTTP/1.0" 200 44 "-" "Mozilla/4.0 (compatible; MSIE 6.0; Windows NT 5.0; .NET CLR 2.0.50727; .NET CLR 1.1.4322; MSN 9.0;MSN 9.1; MSNbVZ02; MSNmen-us; MSNcOTH)"
95.108.158.239 - - [09/Jul/2011:23:08:52 +0200] "GET /robots.txt HTTP/1.1" 404 320 "-" "Mozilla/5.0 (compatible; YandexImages/3.0; +http://yandex.com/bots)"
95.108.158.239 - - [10/Jul/2011:01:15:21 +0200] "GET /imagenes/iconos/marca_cruz_roja-rally_a_mali-8x8.png HTTP/1.1" 304 - "-" "Mozilla/5.0 (compatible; YandexImages/3.0; +http://yandex.com/bots)"
220.181.94.224 - - [10/Jul/2011:02:26:26 +0200] "GET /robots.txt HTTP/1.1" 404 320 "-" "-"
220.181.94.224 - - [10/Jul/2011:02:34:47 +0200] "GET /pioneros/imagen_mapa-sepulveda.php HTTP/1.1" 200 311 "-" "Sogou web spider/4.0(+http://www.sogou.com/docs/help/webmasters.htm#07)"
220.181.94.224 - - [10/Jul/2011:02:36:34 +0200] "GET /robots.txt HTTP/1.1" 404 320 "-" "-"
220.181.94.224 - - [10/Jul/2011:02:45:13 +0200] "GET /pioneros/index-sepulveda.php HTTP/1.1" 200 12750 "-" "Sogou web spider/4.0(+http://www.sogou.com/docs/help/webmasters.htm#07)"
67.195.115.242 - - [10/Jul/2011:03:47:24 +0200] "GET /robots.txt HTTP/1.0" 404 262 "-" "Mozilla/5.0 (compatible; Yahoo! Slurp; http://help.yahoo.com/help/us/ysearch/slurp)"
67.195.115.242 - - [10/Jul/2011:03:47:25 +0200] "GET /pioneros/index.php?ruti=ruti3 HTTP/1.0" 200 3858 "-" "Mozilla/5.0 (compatible; Yahoo! Slurp; http://help.yahoo.com/help/us/ysearch/slurp)"
67.195.115.242 - - [10/Jul/2011:14:24:27 +0200] "GET /robots.txt HTTP/1.0" 404 262 "-" "Mozilla/5.0 (compatible; Yahoo! Slurp; http://help.yahoo.com/help/us/ysearch/slurp)"
67.195.115.242 - - [10/Jul/2011:14:24:27 +0200] "GET /pioneros/index.php?ruti=ruti6 HTTP/1.0" 200 3085 "-" "Mozilla/5.0 (compatible; Yahoo! Slurp; http://help.yahoo.com/help/us/ysearch/slurp)"
220.181.108.75 - - [10/Jul/2011:18:34:50 +0200] "GET /pioneros HTTP/1.1" 301 270 "-" "Mozilla/5.0 (compatible; Baiduspider/2.0; +http://www.baidu.com/search/spider.html)"
220.181.108.114 - - [10/Jul/2011:18:34:50 +0200] "GET /pioneros/ HTTP/1.1" 200 3990 "-" "Mozilla/5.0 (compatible; Baiduspider/2.0; +http://www.baidu.com/search/spider.html)"
95.108.246.252 - - [10/Jul/2011:20:20:29 +0200] "GET /robots.txt HTTP/1.1" 404 320 "-" "Mozilla/5.0 (compatible; YandexBot/3.0; +http://yandex.com/bots)"
67.195.115.242 - - [11/Jul/2011:00:16:15 +0200] "GET /robots.txt HTTP/1.0" 404 262 "-" "Mozilla/5.0 (compatible; Yahoo! Slurp; http://help.yahoo.com/help/us/ysearch/slurp)"
67.195.115.242 - - [11/Jul/2011:00:16:15 +0200] "GET /pioneros/index.php?ruti=ruti1 HTTP/1.0" 200 3990 "-" "Mozilla/5.0 (compatible; Yahoo! Slurp; http://help.yahoo.com/help/us/ysearch/slurp)"
95.108.246.252 - - [11/Jul/2011:00:21:02 +0200] "GET / HTTP/1.1" 200 49 "-" "Mozilla/5.0 (compatible; YandexBot/3.0; +http://yandex.com/bots)"
95.108.158.239 - - [11/Jul/2011:00:52:15 +0200] "GET /robots.txt HTTP/1.1" 404 320 "-" "Mozilla/5.0 (compatible; YandexImages/3.0; +http://yandex.com/bots)"
208.115.111.249 - - [11/Jul/2011:02:22:38 +0200] "GET /robots.txt HTTP/1.1" 404 262 "-" "Mozilla/5.0 (compatible; DotBot/1.1; http://www.dotnetdotcom.org/, crawler@dotnetdotcom.org)"
95.108.158.239 - - [11/Jul/2011:02:31:50 +0200] "GET /imagenes/maquetacion/imagen_cabecera-3.jpg HTTP/1.1" 304 - "-" "Mozilla/5.0 (compatible; YandexImages/3.0; +http://yandex.com/bots)"
95.108.246.252 - - [11/Jul/2011:02:47:58 +0200] "GET /pioneros/index.php?ruti=ruti10 HTTP/1.1" 200 3623 "-" "Mozilla/5.0 (compatible; YandexBot/3.0; +http://yandex.com/bots)"
95.108.158.239 - - [11/Jul/2011:04:11:21 +0200] "GET /imagenes/iconos/marca_cruz_roja-rally_a_mali-8x8.png HTTP/1.1" 304 - "-" "Mozilla/5.0 (compatible; YandexImages/3.0; +http://yandex.com/bots)"
95.108.246.252 - - [11/Jul/2011:06:56:07 +0200] "GET /pioneros/index.php?ruti=ruti3 HTTP/1.1" 200 3858 "-" "Mozilla/5.0 (compatible; YandexBot/3.0; +http://yandex.com/bots)"
208.115.111.249 - - [11/Jul/2011:07:34:39 +0200] "GET /pioneros/index2.php?ruti=ruti6 HTTP/1.1" 200 302 "-" "Mozilla/5.0 (compatible; DotBot/1.1; http://www.dotnetdotcom.org/, crawler@dotnetdotcom.org)"
208.80.194.31 - - [11/Jul/2011:09:57:45 +0200] "GET / HTTP/1.0" 200 44 "-" "Mozilla/4.0 (compatible; MSIE 5.5; Windows NT 5.0; FunWebProducts; .NET CLR 1.0.3705; .NET CLR 1.1.4322)"
95.108.246.252 - - [11/Jul/2011:13:58:57 +0200] "GET / HTTP/1.1" 200 49 "-" "Mozilla/5.0 (compatible; YandexBot/3.0; +http://yandex.com/bots)"
66.249.72.235 - - [11/Jul/2011:20:54:49 +0200] "GET /robots.txt HTTP/1.1" 404 262 "-" "Mozilla/5.0 (compatible; Googlebot/2.1; +http://www.google.com/bot.html)"
66.249.72.235 - - [11/Jul/2011:20:54:49 +0200] "GET /pioneros HTTP/1.1" 301 270 "-" "Mozilla/5.0 (compatible; Googlebot/2.1; +http://www.google.com/bot.html)"
66.249.72.235 - - [11/Jul/2011:20:54:52 +0200] "GET /pioneros/ HTTP/1.1" 200 3990 "-" "Mozilla/5.0 (compatible; Googlebot/2.1; +http://www.google.com/bot.html)"
67.195.115.242 - - [11/Jul/2011:21:19:31 +0200] "GET /robots.txt HTTP/1.0" 404 262 "-" "Mozilla/5.0 (compatible; Yahoo! Slurp; http://help.yahoo.com/help/us/ysearch/slurp)"
67.195.115.242 - - [11/Jul/2011:21:19:32 +0200] "GET /pioneros/index.php?ruti=ruti12 HTTP/1.0" 200 5364 "-" "Mozilla/5.0 (compatible; Yahoo! Slurp; http://help.yahoo.com/help/us/ysearch/slurp)"
207.46.199.37 - - [11/Jul/2011:22:54:24 +0200] "GET /robots.txt HTTP/1.1" 404 320 "-" "Mozilla/5.0 (compatible; bingbot/2.0; +http://www.bing.com/bingbot.htm)"
207.46.199.37 - - [11/Jul/2011:22:56:11 +0200] "GET /pioneros/ HTTP/1.1" 200 3990 "-" "Mozilla/5.0 (compatible; bingbot/2.0; +http://www.bing.com/bingbot.htm)"
65.52.110.30 - - [12/Jul/2011:01:07:00 +0200] "GET /robots.txt HTTP/1.1" 404 320 "-" "Mozilla/5.0 (compatible; bingbot/2.0; +http://www.bing.com/bingbot.htm)"
65.52.110.30 - - [12/Jul/2011:01:10:19 +0200] "GET /pioneros/index.php?ruti=ruti9 HTTP/1.1" 200 5161 "-" "Mozilla/5.0 (compatible; bingbot/2.0; +http://www.bing.com/bingbot.htm)"
95.108.246.252 - - [12/Jul/2011:05:17:07 +0200] "GET /robots.txt HTTP/1.1" 404 320 "-" "Mozilla/5.0 (compatible; YandexBot/3.0; +http://yandex.com/bots)"
95.108.246.252 - - [12/Jul/2011:07:23:32 +0200] "GET / HTTP/1.1" 200 49 "-" "Mozilla/5.0 (compatible; YandexBot/3.0; +http://yandex.com/bots)"
95.108.246.252 - - [12/Jul/2011:09:28:58 +0200] "GET /pioneros/index.php?ruti=ruti11 HTTP/1.1" 200 4094 "-" "Mozilla/5.0 (compatible; YandexBot/3.0; +http://yandex.com/bots)"
67.195.115.242 - - [12/Jul/2011:10:35:06 +0200] "GET /robots.txt HTTP/1.0" 404 262 "-" "Mozilla/5.0 (compatible; Yahoo! Slurp; http://help.yahoo.com/help/us/ysearch/slurp)"
67.195.115.242 - - [12/Jul/2011:10:35:07 +0200] "GET /pioneros/index.php?ruti=ruti4 HTTP/1.0" 200 3033 "-" "Mozilla/5.0 (compatible; Yahoo! Slurp; http://help.yahoo.com/help/us/ysearch/slurp)"
95.108.246.252 - - [12/Jul/2011:10:36:27 +0200] "GET /pioneros/index.php?ruti=ruti3 HTTP/1.1" 200 3858 "-" "Mozilla/5.0 (compatible; YandexBot/3.0; +http://yandex.com/bots)"
95.108.246.252 - - [12/Jul/2011:10:36:31 +0200] "GET /pioneros/index-sepulveda.php HTTP/1.1" 200 12750 "-" "Mozilla/5.0 (compatible; YandexBot/3.0; +http://yandex.com/bots)"
95.108.246.252 - - [12/Jul/2011:10:36:35 +0200] "GET /pioneros HTTP/1.1" 301 270 "-" "Mozilla/5.0 (compatible; YandexBot/3.0; +http://yandex.com/bots)"
95.108.246.252 - - [12/Jul/2011:10:36:40 +0200] "GET /pioneros/ HTTP/1.1" 200 3990 "-" "Mozilla/5.0 (compatible; YandexBot/3.0; +http://yandex.com/bots)"
67.195.115.242 - - [12/Jul/2011:10:43:40 +0200] "GET /pioneros/index.php?ruti=ruti0 HTTP/1.0" 200 3004 "-" "Mozilla/5.0 (compatible; Yahoo! Slurp; http://help.yahoo.com/help/us/ysearch/slurp)"
95.108.246.252 - - [12/Jul/2011:14:05:37 +0200] "GET /pioneros/imagen_mapa-sepulveda.php HTTP/1.1" 200 311 "-" "Mozilla/5.0 (compatible; YandexBot/3.0; +http://yandex.com/bots)"
208.115.111.74 - - [12/Jul/2011:14:29:50 +0200] "GET /robots.txt HTTP/1.1" 404 320 "-" "Mozilla/5.0 (compatible; Ezooms/1.0; ezooms.bot@gmail.com)"
95.108.158.239 - - [12/Jul/2011:15:18:27 +0200] "GET /robots.txt HTTP/1.1" 404 320 "-" "Mozilla/5.0 (compatible; YandexImages/3.0; +http://yandex.com/bots)"
95.108.246.252 - - [12/Jul/2011:16:17:57 +0200] "GET /pioneros/index.php?ruti=ruti10 HTTP/1.1" 200 3623 "-" "Mozilla/5.0 (compatible; YandexBot/3.0; +http://yandex.com/bots)"
208.115.111.74 - - [12/Jul/2011:16:33:27 +0200] "GET /pioneros/index.php?ruti=ruti1 HTTP/1.1" 200 22907 "-" "Mozilla/5.0 (compatible; Ezooms/1.0; ezooms.bot@gmail.com)"
95.108.158.239 - - [12/Jul/2011:17:24:53 +0200] "GET /imagenes/iconos/marca_cruz_roja-rally_a_mali-8x8.png HTTP/1.1" 304 - "-" "Mozilla/5.0 (compatible; YandexImages/3.0; +http://yandex.com/bots)"
157.55.18.9 - - [12/Jul/2011:20:37:49 +0200] "GET /robots.txt HTTP/1.1" 404 320 "-" "Mozilla/5.0 (compatible; bingbot/2.0; +http://www.bing.com/bingbot.htm)"
157.55.18.9 - - [12/Jul/2011:20:38:39 +0200] "GET /pioneros/index.php?ruti=ruti16 HTTP/1.1" 200 2986 "-" "Mozilla/5.0 (compatible; bingbot/2.0; +http://www.bing.com/bingbot.htm)"
208.80.194.32 - - [13/Jul/2011:00:34:22 +0200] "GET / HTTP/1.0" 200 44 "-" "Mozilla/4.0 (compatible; MSIE 6.0; Windows NT 5.1; FunWebProducts; YPC 3.2.0; .NET CLR 1.1.4322)"
67.195.115.242 - - [13/Jul/2011:01:55:56 +0200] "GET /robots.txt HTTP/1.0" 404 262 "-" "Mozilla/5.0 (compatible; Yahoo! Slurp; http://help.yahoo.com/help/us/ysearch/slurp)"
67.195.115.242 - - [13/Jul/2011:01:55:56 +0200] "GET /pioneros/index.php?ruti=ruti10 HTTP/1.0" 200 3623 "-" "Mozilla/5.0 (compatible; Yahoo! Slurp; http://help.yahoo.com/help/us/ysearch/slurp)"
208.115.111.74 - - [13/Jul/2011:02:33:55 +0200] "GET /robots.txt HTTP/1.1" 404 320 "-" "Mozilla/5.0 (compatible; Ezooms/1.0; ezooms.bot@gmail.com)"
95.108.246.252 - - [13/Jul/2011:03:19:26 +0200] "GET /robots.txt HTTP/1.1" 404 320 "-" "Mozilla/5.0 (compatible; YandexBot/3.0; +http://yandex.com/bots)"
208.115.111.74 - - [13/Jul/2011:03:40:40 +0200] "GET /pioneros/index.php?ruti=ruti2 HTTP/1.1" 200 27984 "-" "Mozilla/5.0 (compatible; Ezooms/1.0; ezooms.bot@gmail.com)"
220.181.94.224 - - [13/Jul/2011:06:58:32 +0200] "GET /robots.txt HTTP/1.1" 404 320 "-" "-"
220.181.94.224 - - [13/Jul/2011:07:07:53 +0200] "GET /pioneros/index-sepulveda.php HTTP/1.1" 200 12750 "-" "Sogou web spider/4.0(+http://www.sogou.com/docs/help/webmasters.htm#07)"
