207.46.12.241 - - [06/Feb/2011:00:47:40 +0100] "GET /robots.txt HTTP/1.1" 404 320 "-" "Mozilla/5.0 (compatible; bingbot/2.0; +http://www.bing.com/bingbot.htm)"
207.46.12.241 - - [06/Feb/2011:00:48:22 +0100] "GET /pioneros/index.php?ruti=ruti1 HTTP/1.1" 200 3990 "-" "Mozilla/5.0 (compatible; bingbot/2.0; +http://www.bing.com/bingbot.htm)"
123.125.66.114 - - [06/Feb/2011:01:47:08 +0100] "GET /robots.txt HTTP/1.1" 404 262 "-" "Baiduspider+(+http://www.baidu.com/search/spider.htm)"
95.108.246.252 - - [06/Feb/2011:02:24:33 +0100] "GET /pioneros/index.php?ruti=ruti10 HTTP/1.1" 200 3623 "-" "Mozilla/5.0 (compatible; YandexBot/3.0; +http://yandex.com/bots)"
95.108.246.252 - - [06/Feb/2011:02:24:35 +0100] "GET /pioneros/index.php?ruti=ruti0 HTTP/1.1" 200 3004 "-" "Mozilla/5.0 (compatible; YandexBot/3.0; +http://yandex.com/bots)"
67.195.114.56 - - [06/Feb/2011:06:16:45 +0100] "GET /robots.txt HTTP/1.0" 404 262 "-" "Mozilla/5.0 (compatible; Yahoo! Slurp; http://help.yahoo.com/help/us/ysearch/slurp)"
67.195.114.56 - - [06/Feb/2011:06:16:45 +0100] "GET /pioneros/index.php?ruti=ruti11 HTTP/1.0" 200 4094 "-" "Mozilla/5.0 (compatible; Yahoo! Slurp; http://help.yahoo.com/help/us/ysearch/slurp)"
65.52.110.20 - - [06/Feb/2011:07:34:08 +0100] "GET /robots.txt HTTP/1.1" 404 320 "-" "Mozilla/5.0 (compatible; bingbot/2.0; +http://www.bing.com/bingbot.htm)"
65.52.110.20 - - [06/Feb/2011:07:34:49 +0100] "GET /pioneros/index.php?ruti=ruti17 HTTP/1.1" 200 2635 "-" "Mozilla/5.0 (compatible; bingbot/2.0; +http://www.bing.com/bingbot.htm)"
119.63.196.12 - - [06/Feb/2011:08:41:11 +0100] "GET /robots.txt HTTP/1.1" 404 262 "-" "Baiduspider+(+http://www.baidu.com/search/spider.htm)"
207.46.195.237 - - [06/Feb/2011:09:32:53 +0100] "GET /robots.txt HTTP/1.1" 404 320 "-" "Mozilla/5.0 (compatible; bingbot/2.0; +http://www.bing.com/bingbot.htm)"
207.46.195.237 - - [06/Feb/2011:09:33:50 +0100] "GET /pioneros/index.php?ruti=ruti14 HTTP/1.1" 200 3112 "-" "Mozilla/5.0 (compatible; bingbot/2.0; +http://www.bing.com/bingbot.htm)"
65.52.110.54 - - [06/Feb/2011:12:30:42 +0100] "GET /robots.txt HTTP/1.1" 404 320 "-" "Mozilla/5.0 (compatible; bingbot/2.0; +http://www.bing.com/bingbot.htm)"
65.52.110.54 - - [06/Feb/2011:12:38:27 +0100] "GET /pioneros/index.php?ruti=ruti9 HTTP/1.1" 200 5161 "-" "Mozilla/5.0 (compatible; bingbot/2.0; +http://www.bing.com/bingbot.htm)"
67.195.114.56 - - [06/Feb/2011:13:27:20 +0100] "GET /robots.txt HTTP/1.0" 404 262 "-" "Mozilla/5.0 (compatible; Yahoo! Slurp; http://help.yahoo.com/help/us/ysearch/slurp)"
67.195.114.56 - - [06/Feb/2011:13:27:21 +0100] "GET /pioneros/index.php?ruti=ruti6 HTTP/1.0" 200 3085 "-" "Mozilla/5.0 (compatible; Yahoo! Slurp; http://help.yahoo.com/help/us/ysearch/slurp)"
207.46.204.232 - - [06/Feb/2011:16:20:00 +0100] "GET /robots.txt HTTP/1.1" 404 320 "-" "Mozilla/5.0 (compatible; bingbot/2.0; +http://www.bing.com/bingbot.htm)"
207.46.204.232 - - [06/Feb/2011:16:20:54 +0100] "GET /pioneros/index.php?ruti=ruti15 HTTP/1.1" 200 5093 "-" "Mozilla/5.0 (compatible; bingbot/2.0; +http://www.bing.com/bingbot.htm)"
95.108.158.239 - - [06/Feb/2011:19:01:03 +0100] "GET /robots.txt HTTP/1.1" 404 320 "-" "Mozilla/5.0 (compatible; YandexImages/3.0; +http://yandex.com/bots)"
95.108.246.252 - - [06/Feb/2011:20:27:49 +0100] "GET /robots.txt HTTP/1.1" 404 320 "-" "Mozilla/5.0 (compatible; YandexBot/3.0; +http://yandex.com/bots)"
123.125.66.54 - - [06/Feb/2011:21:23:26 +0100] "GET /robots.txt HTTP/1.1" 404 262 "-" "Baiduspider+(+http://www.baidu.com/search/spider.htm)"
208.80.194.35 - - [06/Feb/2011:22:44:43 +0100] "GET / HTTP/1.0" 200 44 "-" "Mozilla/4.0 (compatible; MSIE 6.0; Windows NT 5.1; SV1; AskBar 3.00; .NET CLR 2.0.50727)"
95.108.246.252 - - [06/Feb/2011:22:54:13 +0100] "GET / HTTP/1.1" 200 49 "-" "Mozilla/5.0 (compatible; YandexBot/3.0; +http://yandex.com/bots)"
95.108.158.239 - - [06/Feb/2011:23:36:43 +0100] "GET /imagenes/iconos/marca_cruz_roja-rally_a_mali-8x8.png HTTP/1.1" 304 - "-" "Mozilla/5.0 (compatible; YandexImages/3.0; +http://yandex.com/bots)"
67.195.114.56 - - [07/Feb/2011:07:27:57 +0100] "GET /robots.txt HTTP/1.0" 404 262 "-" "Mozilla/5.0 (compatible; Yahoo! Slurp; http://help.yahoo.com/help/us/ysearch/slurp)"
67.195.114.56 - - [07/Feb/2011:07:27:58 +0100] "GET / HTTP/1.0" 200 49 "-" "Mozilla/5.0 (compatible; Yahoo! Slurp; http://help.yahoo.com/help/us/ysearch/slurp)"
119.63.196.25 - - [07/Feb/2011:10:35:22 +0100] "GET /robots.txt HTTP/1.1" 404 262 "-" "Baiduspider+(+http://www.baidu.com/search/spider.htm)"
67.195.114.56 - - [07/Feb/2011:10:43:25 +0100] "GET /pioneros/index.php?ruti=ruti2 HTTP/1.0" 200 5065 "-" "Mozilla/5.0 (compatible; Yahoo! Slurp; http://help.yahoo.com/help/us/ysearch/slurp)"
66.249.71.119 - - [07/Feb/2011:15:16:37 +0100] "GET /robots.txt HTTP/1.1" 404 262 "-" "DoCoMo/2.0 N905i(c100;TB;W24H16) (compatible; Googlebot-Mobile/2.1; +http://www.google.com/bot.html)"
66.249.71.119 - - [07/Feb/2011:15:16:37 +0100] "GET /pioneros/ HTTP/1.1" 200 3990 "-" "DoCoMo/2.0 N905i(c100;TB;W24H16) (compatible; Googlebot-Mobile/2.1; +http://www.google.com/bot.html)"
207.46.199.39 - - [07/Feb/2011:21:13:33 +0100] "GET /robots.txt HTTP/1.1" 404 320 "-" "Mozilla/5.0 (compatible; bingbot/2.0; +http://www.bing.com/bingbot.htm)"
207.46.199.39 - - [07/Feb/2011:21:14:20 +0100] "GET /pioneros HTTP/1.1" 301 270 "-" "Mozilla/5.0 (compatible; bingbot/2.0; +http://www.bing.com/bingbot.htm)"
95.108.246.252 - - [07/Feb/2011:23:20:13 +0100] "GET /robots.txt HTTP/1.1" 404 320 "-" "Mozilla/5.0 (compatible; YandexBot/3.0; +http://yandex.com/bots)"
157.55.16.229 - - [08/Feb/2011:01:37:09 +0100] "GET /robots.txt HTTP/1.1" 404 320 "-" "Mozilla/5.0 (compatible; bingbot/2.0; +http://www.bing.com/bingbot.htm)"
157.55.16.229 - - [08/Feb/2011:01:38:00 +0100] "GET /pioneros/index.php?ruti=ruti18 HTTP/1.1" 200 3941 "-" "Mozilla/5.0 (compatible; bingbot/2.0; +http://www.bing.com/bingbot.htm)"
95.108.158.239 - - [08/Feb/2011:02:44:00 +0100] "GET /robots.txt HTTP/1.1" 404 320 "-" "Mozilla/5.0 (compatible; YandexImages/3.0; +http://yandex.com/bots)"
95.108.246.252 - - [08/Feb/2011:07:06:16 +0100] "GET /pioneros/index.php?ruti=ruti10 HTTP/1.1" 200 3623 "-" "Mozilla/5.0 (compatible; YandexBot/3.0; +http://yandex.com/bots)"
66.249.66.244 - - [08/Feb/2011:07:30:26 +0100] "GET /robots.txt HTTP/1.1" 404 262 "-" "SAMSUNG-SGH-E250/1.0 Profile/MIDP-2.0 Configuration/CLDC-1.1 UP.Browser/6.2.3.3.c.1.101 (GUI) MMP/2.0 (compatible; Googlebot-Mobile/2.1; +http://www.google.com/bot.html)"
66.249.71.119 - - [08/Feb/2011:07:30:27 +0100] "GET /pioneros/ HTTP/1.1" 200 3990 "-" "SAMSUNG-SGH-E250/1.0 Profile/MIDP-2.0 Configuration/CLDC-1.1 UP.Browser/6.2.3.3.c.1.101 (GUI) MMP/2.0 (compatible; Googlebot-Mobile/2.1; +http://www.google.com/bot.html)"
95.108.158.239 - - [08/Feb/2011:10:01:01 +0100] "GET /imagenes/iconos/marca_cruz_roja-rally_a_mali-8x8.png HTTP/1.1" 304 - "-" "Mozilla/5.0 (compatible; YandexImages/3.0; +http://yandex.com/bots)"
208.80.194.32 - - [08/Feb/2011:11:17:49 +0100] "GET / HTTP/1.0" 200 44 "-" "Mozilla/4.0 (compatible; MSIE 7.0; Windows NT 6.0; Avant Browser; SLCC1; .NET CLR 2.0.50727; Media Center PC 5.0; .NET CLR 3.0.04506)"
119.63.196.16 - - [08/Feb/2011:13:35:47 +0100] "GET /robots.txt HTTP/1.1" 404 262 "-" "Baiduspider+(+http://www.baidu.com/search/spider.htm)"
123.125.66.16 - - [08/Feb/2011:18:41:39 +0100] "GET /robots.txt HTTP/1.1" 404 262 "-" "Baiduspider+(+http://www.baidu.com/search/spider.htm)"
95.108.246.252 - - [08/Feb/2011:20:56:07 +0100] "GET /robots.txt HTTP/1.1" 404 320 "-" "Mozilla/5.0 (compatible; YandexBot/3.0; +http://yandex.com/bots)"
66.249.72.244 - - [08/Feb/2011:21:56:58 +0100] "GET /robots.txt HTTP/1.1" 404 262 "-" "DoCoMo/2.0 N905i(c100;TB;W24H16) (compatible; Googlebot-Mobile/2.1; +http://www.google.com/bot.html)"
66.249.72.244 - - [08/Feb/2011:21:56:58 +0100] "GET /pioneros/ HTTP/1.1" 200 3990 "-" "DoCoMo/2.0 N905i(c100;TB;W24H16) (compatible; Googlebot-Mobile/2.1; +http://www.google.com/bot.html)"
66.249.66.244 - - [08/Feb/2011:22:46:55 +0100] "GET /pioneros/index.php?ruti=ruti17 HTTP/1.1" 200 2635 "-" "SAMSUNG-SGH-E250/1.0 Profile/MIDP-2.0 Configuration/CLDC-1.1 UP.Browser/6.2.3.3.c.1.101 (GUI) MMP/2.0 (compatible; Googlebot-Mobile/2.1; +http://www.google.com/bot.html)"
95.108.246.252 - - [09/Feb/2011:01:20:51 +0100] "GET / HTTP/1.1" 200 49 "-" "Mozilla/5.0 (compatible; YandexBot/3.0; +http://yandex.com/bots)"
95.108.246.252 - - [09/Feb/2011:01:21:11 +0100] "GET /pioneros/index.php?ruti=ruti0 HTTP/1.1" 200 3004 "-" "Mozilla/5.0 (compatible; YandexBot/3.0; +http://yandex.com/bots)"
67.195.114.56 - - [09/Feb/2011:11:29:13 +0100] "GET /robots.txt HTTP/1.0" 404 262 "-" "Mozilla/5.0 (compatible; Yahoo! Slurp; http://help.yahoo.com/help/us/ysearch/slurp)"
67.195.114.56 - - [09/Feb/2011:11:29:14 +0100] "GET /pioneros/index.php?ruti=ruti7 HTTP/1.0" 200 4506 "-" "Mozilla/5.0 (compatible; Yahoo! Slurp; http://help.yahoo.com/help/us/ysearch/slurp)"
119.63.196.22 - - [09/Feb/2011:14:32:21 +0100] "GET /robots.txt HTTP/1.1" 404 262 "-" "Baiduspider+(+http://www.baidu.com/search/spider.htm)"
207.46.199.201 - - [09/Feb/2011:14:38:04 +0100] "GET /robots.txt HTTP/1.1" 404 320 "-" "Mozilla/5.0 (compatible; bingbot/2.0; +http://www.bing.com/bingbot.htm)"
207.46.199.198 - - [09/Feb/2011:16:21:41 +0100] "GET /robots.txt HTTP/1.1" 404 320 "-" "Mozilla/5.0 (compatible; bingbot/2.0; +http://www.bing.com/bingbot.htm)"
66.249.66.244 - - [09/Feb/2011:17:33:55 +0100] "GET /robots.txt HTTP/1.1" 404 262 "-" "Mozilla/5.0 (compatible; Googlebot/2.1; +http://www.google.com/bot.html)"
66.249.66.244 - - [09/Feb/2011:17:33:55 +0100] "GET /pioneros/index.php?ruti=ruti3 HTTP/1.1" 200 3858 "-" "Mozilla/5.0 (compatible; Googlebot/2.1; +http://www.google.com/bot.html)"
95.108.246.252 - - [09/Feb/2011:21:41:27 +0100] "GET /robots.txt HTTP/1.1" 404 320 "-" "Mozilla/5.0 (compatible; YandexBot/3.0; +http://yandex.com/bots)"
123.125.66.50 - - [09/Feb/2011:21:43:03 +0100] "GET /robots.txt HTTP/1.1" 404 262 "-" "Baiduspider+(+http://www.baidu.com/search/spider.htm)"
95.108.246.252 - - [09/Feb/2011:23:51:45 +0100] "GET /pioneros/ HTTP/1.1" 200 3990 "-" "Mozilla/5.0 (compatible; YandexBot/3.0; +http://yandex.com/bots)"
208.80.194.29 - - [09/Feb/2011:23:56:42 +0100] "GET / HTTP/1.0" 200 44 "-" "Mozilla/4.0 (compatible; MSIE 6.0; Windows NT 5.1; SV1; YPC 3.0.3; .NET CLR 1.1.4322; IEMB3)"
95.108.158.239 - - [10/Feb/2011:00:01:52 +0100] "GET /robots.txt HTTP/1.1" 404 320 "-" "Mozilla/5.0 (compatible; YandexImages/3.0; +http://yandex.com/bots)"
119.63.192.234 - - [10/Feb/2011:01:14:01 +0100] "GET /pioneros HTTP/1.1" 301 270 "-" "Baiduspider+(+http://www.baidu.jp/spider/)"
119.63.192.143 - - [10/Feb/2011:01:14:03 +0100] "GET /pioneros/ HTTP/1.1" 200 3990 "-" "Baiduspider+(+http://www.baidu.jp/spider/)"
95.108.246.252 - - [10/Feb/2011:02:23:03 +0100] "GET /pioneros/index.php?ruti=ruti10 HTTP/1.1" 200 3623 "-" "Mozilla/5.0 (compatible; YandexBot/3.0; +http://yandex.com/bots)"
67.195.114.56 - - [10/Feb/2011:02:49:38 +0100] "GET /robots.txt HTTP/1.0" 404 262 "-" "Mozilla/5.0 (compatible; Yahoo! Slurp; http://help.yahoo.com/help/us/ysearch/slurp)"
67.195.114.56 - - [10/Feb/2011:02:49:38 +0100] "GET /pioneros/index.php?ruti=ruti17 HTTP/1.0" 200 2635 "-" "Mozilla/5.0 (compatible; Yahoo! Slurp; http://help.yahoo.com/help/us/ysearch/slurp)"
67.195.114.56 - - [10/Feb/2011:04:43:09 +0100] "GET /pioneros/index.php?ruti=ruti16 HTTP/1.0" 200 2986 "-" "Mozilla/5.0 (compatible; Yahoo! Slurp; http://help.yahoo.com/help/us/ysearch/slurp)"
95.108.158.239 - - [10/Feb/2011:08:54:11 +0100] "GET /imagenes/iconos/marca_cruz_roja-rally_a_mali-8x8.png HTTP/1.1" 304 - "-" "Mozilla/5.0 (compatible; YandexImages/3.0; +http://yandex.com/bots)"
89.141.101.134 - - [10/Feb/2011:10:12:05 +0100] "GET /pioneros HTTP/1.1" 301 270 "-" "Mozilla/5.0 (Windows; U; Windows NT 5.1; en-US) AppleWebKit/534.13 (KHTML, like Gecko) Chrome/9.0.597.84 Safari/534.13"
89.141.101.134 - - [10/Feb/2011:10:12:06 +0100] "GET /pioneros/ HTTP/1.1" 200 3990 "-" "Mozilla/5.0 (Windows; U; Windows NT 5.1; en-US) AppleWebKit/534.13 (KHTML, like Gecko) Chrome/9.0.597.84 Safari/534.13"
89.141.101.134 - - [10/Feb/2011:10:12:12 +0100] "GET /imagenes/maquetacion/imagen_cabecera-3.jpg HTTP/1.1" 200 14086 "http://mapas.rallyamali.com/pioneros/" "Mozilla/5.0 (Windows; U; Windows NT 5.1; en-US) AppleWebKit/534.13 (KHTML, like Gecko) Chrome/9.0.597.84 Safari/534.13"
89.141.101.134 - - [10/Feb/2011:10:12:12 +0100] "GET /imagenes/iconos/marca_cruz_roja-rally_a_mali-8x8.png HTTP/1.1" 200 281 "http://mapas.rallyamali.com/pioneros/" "Mozilla/5.0 (Windows; U; Windows NT 5.1; en-US) AppleWebKit/534.13 (KHTML, like Gecko) Chrome/9.0.597.84 Safari/534.13"
89.141.101.134 - - [10/Feb/2011:10:12:22 +0100] "GET /favicon.ico HTTP/1.1" 404 261 "-" "Mozilla/5.0 (Windows; U; Windows NT 5.1; en-US) AppleWebKit/534.13 (KHTML, like Gecko) Chrome/9.0.597.84 Safari/534.13"
95.142.162.193 - - [10/Feb/2011:10:16:43 +0100] "HEAD /pioneros/ HTTP/1.0" 200 - "-" "WordPress/925; http://www.desafioxplora.com"
95.142.162.193 - - [10/Feb/2011:10:16:43 +0100] "GET /pioneros/ HTTP/1.0" 200 22907 "-" "WordPress/925; http://www.desafioxplora.com"
95.142.162.193 - - [10/Feb/2011:10:16:47 +0100] "HEAD /pioneros/ HTTP/1.0" 200 - "-" "WordPress/925; http://www.desafioxplora.com"
95.142.162.193 - - [10/Feb/2011:10:18:02 +0100] "HEAD /pioneros/ HTTP/1.0" 200 - "-" "WordPress/1059; http://www.desafioxplora.com"
95.142.162.193 - - [10/Feb/2011:10:18:02 +0100] "GET /pioneros/ HTTP/1.0" 200 22907 "-" "WordPress/1059; http://www.desafioxplora.com"
95.142.162.193 - - [10/Feb/2011:10:18:04 +0100] "HEAD /pioneros/ HTTP/1.0" 200 - "-" "WordPress/1059; http://www.desafioxplora.com"
95.142.162.193 - - [10/Feb/2011:10:22:12 +0100] "HEAD /pioneros/ HTTP/1.0" 200 - "-" "WordPress/6531; http://www.desafioxplora.com"
95.142.162.193 - - [10/Feb/2011:10:22:12 +0100] "GET /pioneros/ HTTP/1.0" 200 22907 "-" "WordPress/6531; http://www.desafioxplora.com"
95.142.162.193 - - [10/Feb/2011:10:22:15 +0100] "HEAD /pioneros/ HTTP/1.0" 200 - "-" "WordPress/6531; http://www.desafioxplora.com"
95.142.162.193 - - [10/Feb/2011:10:24:02 +0100] "HEAD /pioneros/ HTTP/1.0" 200 - "-" "WordPress/237; http://www.desafioxplora.com"
95.142.162.193 - - [10/Feb/2011:10:24:03 +0100] "GET /pioneros/ HTTP/1.0" 200 22907 "-" "WordPress/237; http://www.desafioxplora.com"
95.142.162.193 - - [10/Feb/2011:10:24:06 +0100] "HEAD /pioneros/ HTTP/1.0" 200 - "-" "WordPress/237; http://www.desafioxplora.com"
95.142.162.193 - - [10/Feb/2011:10:32:46 +0100] "HEAD /pioneros/ HTTP/1.0" 200 - "-" "WordPress/9291; http://www.desafioxplora.com"
95.142.162.193 - - [10/Feb/2011:10:32:46 +0100] "GET /pioneros/ HTTP/1.0" 200 22907 "-" "WordPress/9291; http://www.desafioxplora.com"
95.142.162.193 - - [10/Feb/2011:10:32:50 +0100] "HEAD /pioneros/ HTTP/1.0" 200 - "-" "WordPress/9291; http://www.desafioxplora.com"
95.142.162.193 - - [10/Feb/2011:10:53:33 +0100] "HEAD /pioneros/ HTTP/1.0" 200 - "-" "WordPress/2972; http://www.desafioxplora.com"
95.142.162.193 - - [10/Feb/2011:10:53:33 +0100] "GET /pioneros/ HTTP/1.0" 200 22907 "-" "WordPress/2972; http://www.desafioxplora.com"
95.142.162.193 - - [10/Feb/2011:10:53:38 +0100] "HEAD /pioneros/ HTTP/1.0" 200 - "-" "WordPress/2972; http://www.desafioxplora.com"
95.142.162.193 - - [10/Feb/2011:10:55:02 +0100] "HEAD /pioneros/ HTTP/1.0" 200 - "-" "WordPress/3866; http://www.desafioxplora.com"
95.142.162.193 - - [10/Feb/2011:10:55:02 +0100] "GET /pioneros/ HTTP/1.0" 200 22907 "-" "WordPress/3866; http://www.desafioxplora.com"
95.142.162.193 - - [10/Feb/2011:10:55:05 +0100] "HEAD /pioneros/ HTTP/1.0" 200 - "-" "WordPress/3866; http://www.desafioxplora.com"
95.142.162.193 - - [10/Feb/2011:10:57:25 +0100] "HEAD /pioneros/ HTTP/1.0" 200 - "-" "WordPress/2680; http://www.desafioxplora.com"
95.142.162.193 - - [10/Feb/2011:10:57:25 +0100] "GET /pioneros/ HTTP/1.0" 200 22907 "-" "WordPress/2680; http://www.desafioxplora.com"
95.142.162.193 - - [10/Feb/2011:10:57:27 +0100] "HEAD /pioneros/ HTTP/1.0" 200 - "-" "WordPress/2680; http://www.desafioxplora.com"
95.142.162.193 - - [10/Feb/2011:10:58:54 +0100] "HEAD /pioneros/ HTTP/1.0" 200 - "-" "WordPress/3119; http://www.desafioxplora.com"
95.142.162.193 - - [10/Feb/2011:10:58:54 +0100] "GET /pioneros/ HTTP/1.0" 200 22907 "-" "WordPress/3119; http://www.desafioxplora.com"
95.142.162.193 - - [10/Feb/2011:10:58:57 +0100] "HEAD /pioneros/ HTTP/1.0" 200 - "-" "WordPress/3119; http://www.desafioxplora.com"
95.142.162.193 - - [10/Feb/2011:11:00:14 +0100] "HEAD /pioneros/ HTTP/1.0" 200 - "-" "WordPress/6900; http://www.desafioxplora.com"
95.142.162.193 - - [10/Feb/2011:11:00:15 +0100] "GET /pioneros/ HTTP/1.0" 200 22907 "-" "WordPress/6900; http://www.desafioxplora.com"
95.142.162.193 - - [10/Feb/2011:11:00:18 +0100] "HEAD /pioneros/ HTTP/1.0" 200 - "-" "WordPress/6900; http://www.desafioxplora.com"
95.142.162.193 - - [10/Feb/2011:11:06:48 +0100] "HEAD /pioneros/ HTTP/1.0" 200 - "-" "WordPress/9213; http://www.desafioxplora.com"
95.142.162.193 - - [10/Feb/2011:11:06:48 +0100] "GET /pioneros/ HTTP/1.0" 200 22907 "-" "WordPress/9213; http://www.desafioxplora.com"
95.142.162.193 - - [10/Feb/2011:11:06:50 +0100] "HEAD /pioneros/ HTTP/1.0" 200 - "-" "WordPress/9213; http://www.desafioxplora.com"
95.142.162.193 - - [10/Feb/2011:11:07:57 +0100] "GET /pioneros/ HTTP/1.0" 200 22907 "-" "WordPress/3661; http://www.desafioxplora.com"
95.142.162.193 - - [10/Feb/2011:11:07:57 +0100] "HEAD /pioneros/ HTTP/1.0" 200 - "-" "WordPress/3661; http://www.desafioxplora.com"
95.142.162.193 - - [10/Feb/2011:11:08:00 +0100] "HEAD /pioneros/ HTTP/1.0" 200 - "-" "WordPress/3661; http://www.desafioxplora.com"
95.142.162.193 - - [10/Feb/2011:11:09:14 +0100] "HEAD /pioneros/ HTTP/1.0" 200 - "-" "WordPress/5561; http://www.desafioxplora.com"
95.142.162.193 - - [10/Feb/2011:11:09:14 +0100] "GET /pioneros/ HTTP/1.0" 200 22907 "-" "WordPress/5561; http://www.desafioxplora.com"
95.142.162.193 - - [10/Feb/2011:11:09:17 +0100] "HEAD /pioneros/ HTTP/1.0" 200 - "-" "WordPress/5561; http://www.desafioxplora.com"
95.142.162.193 - - [10/Feb/2011:11:12:20 +0100] "HEAD /pioneros/ HTTP/1.0" 200 - "-" "WordPress/7007; http://www.desafioxplora.com"
95.142.162.193 - - [10/Feb/2011:11:12:20 +0100] "GET /pioneros/ HTTP/1.0" 200 22907 "-" "WordPress/7007; http://www.desafioxplora.com"
95.142.162.193 - - [10/Feb/2011:11:12:25 +0100] "HEAD /pioneros/ HTTP/1.0" 200 - "-" "WordPress/7007; http://www.desafioxplora.com"
95.142.162.193 - - [10/Feb/2011:11:13:43 +0100] "HEAD /pioneros/ HTTP/1.0" 200 - "-" "WordPress/1802; http://www.desafioxplora.com"
95.142.162.193 - - [10/Feb/2011:11:13:48 +0100] "HEAD /pioneros/ HTTP/1.0" 200 - "-" "WordPress/1802; http://www.desafioxplora.com"
95.142.162.193 - - [10/Feb/2011:11:21:17 +0100] "GET /pioneros/ HTTP/1.0" 200 22907 "-" "WordPress/925; http://www.desafioxplora.com"
95.142.162.193 - - [10/Feb/2011:11:21:17 +0100] "HEAD /pioneros/ HTTP/1.0" 200 - "-" "WordPress/925; http://www.desafioxplora.com"
95.142.162.193 - - [10/Feb/2011:11:21:20 +0100] "HEAD /pioneros/ HTTP/1.0" 200 - "-" "WordPress/925; http://www.desafioxplora.com"
95.142.162.193 - - [10/Feb/2011:11:22:40 +0100] "GET /pioneros/ HTTP/1.0" 200 22907 "-" "WordPress/9627; http://www.desafioxplora.com"
95.142.162.193 - - [10/Feb/2011:11:22:40 +0100] "HEAD /pioneros/ HTTP/1.0" 200 - "-" "WordPress/9627; http://www.desafioxplora.com"
95.142.162.193 - - [10/Feb/2011:11:22:42 +0100] "HEAD /pioneros/ HTTP/1.0" 200 - "-" "WordPress/9627; http://www.desafioxplora.com"
95.142.162.193 - - [10/Feb/2011:11:25:09 +0100] "HEAD /pioneros/ HTTP/1.0" 200 - "-" "WordPress/2119; http://www.desafioxplora.com"
95.142.162.193 - - [10/Feb/2011:11:25:09 +0100] "GET /pioneros/ HTTP/1.0" 200 22907 "-" "WordPress/2119; http://www.desafioxplora.com"
95.142.162.193 - - [10/Feb/2011:11:25:12 +0100] "HEAD /pioneros/ HTTP/1.0" 200 - "-" "WordPress/2119; http://www.desafioxplora.com"
95.142.162.193 - - [10/Feb/2011:11:26:51 +0100] "HEAD /pioneros/ HTTP/1.0" 200 - "-" "WordPress/1075; http://www.desafioxplora.com"
95.142.162.193 - - [10/Feb/2011:11:26:51 +0100] "GET /pioneros/ HTTP/1.0" 200 22907 "-" "WordPress/1075; http://www.desafioxplora.com"
95.142.162.193 - - [10/Feb/2011:11:26:56 +0100] "HEAD /pioneros/ HTTP/1.0" 200 - "-" "WordPress/1075; http://www.desafioxplora.com"
95.142.162.193 - - [10/Feb/2011:11:28:09 +0100] "HEAD /pioneros/ HTTP/1.0" 200 - "-" "WordPress/1104; http://www.desafioxplora.com"
95.142.162.193 - - [10/Feb/2011:11:28:09 +0100] "GET /pioneros/ HTTP/1.0" 200 22907 "-" "WordPress/1104; http://www.desafioxplora.com"
95.142.162.193 - - [10/Feb/2011:11:28:12 +0100] "HEAD /pioneros/ HTTP/1.0" 200 - "-" "WordPress/1104; http://www.desafioxplora.com"
95.142.162.193 - - [10/Feb/2011:11:28:12 +0100] "GET /pioneros/ HTTP/1.0" 200 22907 "-" "WordPress/1104; http://www.desafioxplora.com"
95.142.162.193 - - [10/Feb/2011:11:28:14 +0100] "HEAD /pioneros/ HTTP/1.0" 200 - "-" "WordPress/1104; http://www.desafioxplora.com"
95.142.162.193 - - [10/Feb/2011:11:28:15 +0100] "HEAD /pioneros/ HTTP/1.0" 200 - "-" "WordPress/1104; http://www.desafioxplora.com"
95.142.162.193 - - [10/Feb/2011:11:29:07 +0100] "GET /pioneros/ HTTP/1.0" 200 22907 "-" "WordPress/1189; http://www.desafioxplora.com"
95.142.162.193 - - [10/Feb/2011:11:29:07 +0100] "HEAD /pioneros/ HTTP/1.0" 200 - "-" "WordPress/1189; http://www.desafioxplora.com"
95.142.162.193 - - [10/Feb/2011:11:29:09 +0100] "HEAD /pioneros/ HTTP/1.0" 200 - "-" "WordPress/1189; http://www.desafioxplora.com"
95.142.162.193 - - [10/Feb/2011:11:30:08 +0100] "HEAD /pioneros/ HTTP/1.0" 200 - "-" "WordPress/5889; http://www.desafioxplora.com"
95.142.162.193 - - [10/Feb/2011:11:30:08 +0100] "GET /pioneros/ HTTP/1.0" 200 22907 "-" "WordPress/5889; http://www.desafioxplora.com"
95.142.162.193 - - [10/Feb/2011:11:30:17 +0100] "HEAD /pioneros/ HTTP/1.0" 200 - "-" "WordPress/5889; http://www.desafioxplora.com"
67.195.114.56 - - [10/Feb/2011:11:35:09 +0100] "GET /robots.txt HTTP/1.0" 404 262 "-" "Mozilla/5.0 (compatible; Yahoo! Slurp; http://help.yahoo.com/help/us/ysearch/slurp)"
67.195.114.56 - - [10/Feb/2011:11:35:10 +0100] "GET /pioneros/index.php?ruti=ruti0 HTTP/1.0" 200 3004 "-" "Mozilla/5.0 (compatible; Yahoo! Slurp; http://help.yahoo.com/help/us/ysearch/slurp)"
95.142.162.193 - - [10/Feb/2011:11:40:51 +0100] "HEAD /pioneros/ HTTP/1.0" 200 - "-" "WordPress/780; http://www.desafioxplora.com"
95.142.162.193 - - [10/Feb/2011:11:40:51 +0100] "GET /pioneros/ HTTP/1.0" 200 22907 "-" "WordPress/780; http://www.desafioxplora.com"
95.142.162.193 - - [10/Feb/2011:11:40:56 +0100] "HEAD /pioneros/ HTTP/1.0" 200 - "-" "WordPress/780; http://www.desafioxplora.com"
95.142.162.193 - - [10/Feb/2011:11:44:08 +0100] "GET /pioneros/ HTTP/1.0" 200 22907 "-" "WordPress/3463; http://www.desafioxplora.com"
95.142.162.193 - - [10/Feb/2011:11:44:08 +0100] "HEAD /pioneros/ HTTP/1.0" 200 - "-" "WordPress/3463; http://www.desafioxplora.com"
95.142.162.193 - - [10/Feb/2011:11:44:16 +0100] "HEAD /pioneros/ HTTP/1.0" 200 - "-" "WordPress/3463; http://www.desafioxplora.com"
95.142.162.193 - - [10/Feb/2011:11:45:15 +0100] "GET /pioneros/ HTTP/1.0" 200 22907 "-" "WordPress/7847; http://www.desafioxplora.com"
95.142.162.193 - - [10/Feb/2011:11:45:15 +0100] "HEAD /pioneros/ HTTP/1.0" 200 - "-" "WordPress/7847; http://www.desafioxplora.com"
95.142.162.193 - - [10/Feb/2011:11:45:16 +0100] "HEAD /pioneros/ HTTP/1.0" 200 - "-" "WordPress/7847; http://www.desafioxplora.com"
95.142.162.193 - - [10/Feb/2011:11:46:18 +0100] "HEAD /pioneros/ HTTP/1.0" 200 - "-" "WordPress/280; http://www.desafioxplora.com"
95.142.162.193 - - [10/Feb/2011:11:46:18 +0100] "GET /pioneros/ HTTP/1.0" 200 22907 "-" "WordPress/280; http://www.desafioxplora.com"
95.142.162.193 - - [10/Feb/2011:11:46:20 +0100] "HEAD /pioneros/ HTTP/1.0" 200 - "-" "WordPress/280; http://www.desafioxplora.com"
95.142.162.193 - - [10/Feb/2011:12:39:43 +0100] "HEAD /pioneros/ HTTP/1.0" 200 - "-" "WordPress/2257; http://www.desafioxplora.com"
95.142.162.193 - - [10/Feb/2011:12:39:43 +0100] "GET /pioneros/ HTTP/1.0" 200 22907 "-" "WordPress/2257; http://www.desafioxplora.com"
95.142.162.193 - - [10/Feb/2011:12:39:49 +0100] "HEAD /pioneros/ HTTP/1.0" 200 - "-" "WordPress/2257; http://www.desafioxplora.com"
95.142.162.193 - - [10/Feb/2011:12:41:21 +0100] "HEAD /pioneros/ HTTP/1.0" 200 - "-" "WordPress/5431; http://www.desafioxplora.com"
95.142.162.193 - - [10/Feb/2011:12:41:21 +0100] "GET /pioneros/ HTTP/1.0" 200 22907 "-" "WordPress/5431; http://www.desafioxplora.com"
95.142.162.193 - - [10/Feb/2011:12:41:22 +0100] "HEAD /pioneros/ HTTP/1.0" 200 - "-" "WordPress/5431; http://www.desafioxplora.com"
95.142.162.193 - - [10/Feb/2011:12:42:35 +0100] "HEAD /pioneros/ HTTP/1.0" 200 - "-" "WordPress/9935; http://www.desafioxplora.com"
95.142.162.193 - - [10/Feb/2011:12:42:35 +0100] "GET /pioneros/ HTTP/1.0" 200 22907 "-" "WordPress/9935; http://www.desafioxplora.com"
95.142.162.193 - - [10/Feb/2011:12:42:36 +0100] "HEAD /pioneros/ HTTP/1.0" 200 - "-" "WordPress/9935; http://www.desafioxplora.com"
95.142.162.193 - - [10/Feb/2011:13:02:13 +0100] "HEAD /pioneros/ HTTP/1.0" 200 - "-" "WordPress/4563; http://www.desafioxplora.com"
95.142.162.193 - - [10/Feb/2011:13:02:13 +0100] "GET /pioneros/ HTTP/1.0" 200 22907 "-" "WordPress/4563; http://www.desafioxplora.com"
95.142.162.193 - - [10/Feb/2011:13:02:21 +0100] "HEAD /pioneros/ HTTP/1.0" 200 - "-" "WordPress/4563; http://www.desafioxplora.com"
95.142.162.193 - - [10/Feb/2011:13:07:07 +0100] "HEAD /pioneros/ HTTP/1.0" 200 - "-" "WordPress/7341; http://www.desafioxplora.com"
95.142.162.193 - - [10/Feb/2011:13:07:07 +0100] "GET /pioneros/ HTTP/1.0" 200 22907 "-" "WordPress/7341; http://www.desafioxplora.com"
95.142.162.193 - - [10/Feb/2011:13:07:10 +0100] "HEAD /pioneros/ HTTP/1.0" 200 - "-" "WordPress/7341; http://www.desafioxplora.com"
95.142.162.193 - - [10/Feb/2011:13:13:53 +0100] "HEAD /pioneros/ HTTP/1.0" 200 - "-" "WordPress/5883; http://www.desafioxplora.com"
95.142.162.193 - - [10/Feb/2011:13:13:53 +0100] "GET /pioneros/ HTTP/1.0" 200 22907 "-" "WordPress/5883; http://www.desafioxplora.com"
95.142.162.193 - - [10/Feb/2011:13:13:57 +0100] "HEAD /pioneros/ HTTP/1.0" 200 - "-" "WordPress/5883; http://www.desafioxplora.com"
95.142.162.193 - - [10/Feb/2011:13:15:28 +0100] "HEAD /pioneros/ HTTP/1.0" 200 - "-" "WordPress/9501; http://www.desafioxplora.com"
95.142.162.193 - - [10/Feb/2011:13:15:28 +0100] "GET /pioneros/ HTTP/1.0" 200 22907 "-" "WordPress/9501; http://www.desafioxplora.com"
95.142.162.193 - - [10/Feb/2011:13:15:31 +0100] "HEAD /pioneros/ HTTP/1.0" 200 - "-" "WordPress/9501; http://www.desafioxplora.com"
95.142.162.193 - - [10/Feb/2011:13:17:04 +0100] "HEAD /pioneros/ HTTP/1.0" 200 - "-" "WordPress/9804; http://www.desafioxplora.com"
95.142.162.193 - - [10/Feb/2011:13:17:05 +0100] "GET /pioneros/ HTTP/1.0" 200 22907 "-" "WordPress/9804; http://www.desafioxplora.com"
95.142.162.193 - - [10/Feb/2011:13:17:08 +0100] "HEAD /pioneros/ HTTP/1.0" 200 - "-" "WordPress/9804; http://www.desafioxplora.com"
95.142.162.193 - - [10/Feb/2011:13:18:41 +0100] "HEAD /pioneros/ HTTP/1.0" 200 - "-" "WordPress/9050; http://www.desafioxplora.com"
95.142.162.193 - - [10/Feb/2011:13:18:42 +0100] "GET /pioneros/ HTTP/1.0" 200 22907 "-" "WordPress/9050; http://www.desafioxplora.com"
95.142.162.193 - - [10/Feb/2011:13:18:44 +0100] "HEAD /pioneros/ HTTP/1.0" 200 - "-" "WordPress/9050; http://www.desafioxplora.com"
95.142.162.193 - - [10/Feb/2011:13:19:50 +0100] "HEAD /pioneros/ HTTP/1.0" 200 - "-" "WordPress/5363; http://www.desafioxplora.com"
95.142.162.193 - - [10/Feb/2011:13:19:50 +0100] "GET /pioneros/ HTTP/1.0" 200 22907 "-" "WordPress/5363; http://www.desafioxplora.com"
95.142.162.193 - - [10/Feb/2011:13:19:52 +0100] "HEAD /pioneros/ HTTP/1.0" 200 - "-" "WordPress/5363; http://www.desafioxplora.com"
95.142.162.193 - - [10/Feb/2011:13:20:48 +0100] "GET /pioneros/ HTTP/1.0" 200 22907 "-" "WordPress/254; http://www.desafioxplora.com"
95.142.162.193 - - [10/Feb/2011:13:20:48 +0100] "HEAD /pioneros/ HTTP/1.0" 200 - "-" "WordPress/254; http://www.desafioxplora.com"
95.142.162.193 - - [10/Feb/2011:13:20:51 +0100] "HEAD /pioneros/ HTTP/1.0" 200 - "-" "WordPress/254; http://www.desafioxplora.com"
95.142.162.193 - - [10/Feb/2011:13:20:54 +0100] "GET /pioneros/ HTTP/1.0" 200 22907 "-" "WordPress/254; http://www.desafioxplora.com"
95.142.162.193 - - [10/Feb/2011:13:20:56 +0100] "HEAD /pioneros/ HTTP/1.0" 200 - "-" "WordPress/254; http://www.desafioxplora.com"
95.142.162.193 - - [10/Feb/2011:13:20:57 +0100] "HEAD /pioneros/ HTTP/1.0" 200 - "-" "WordPress/254; http://www.desafioxplora.com"
95.142.162.193 - - [10/Feb/2011:13:21:54 +0100] "GET /pioneros/ HTTP/1.0" 200 22907 "-" "WordPress/5971; http://www.desafioxplora.com"
95.142.162.193 - - [10/Feb/2011:13:21:54 +0100] "HEAD /pioneros/ HTTP/1.0" 200 - "-" "WordPress/5971; http://www.desafioxplora.com"
95.142.162.193 - - [10/Feb/2011:13:21:56 +0100] "HEAD /pioneros/ HTTP/1.0" 200 - "-" "WordPress/5971; http://www.desafioxplora.com"
95.142.162.193 - - [10/Feb/2011:13:21:57 +0100] "GET /pioneros/ HTTP/1.0" 200 22907 "-" "WordPress/5971; http://www.desafioxplora.com"
95.142.162.193 - - [10/Feb/2011:13:22:07 +0100] "HEAD /pioneros/ HTTP/1.0" 200 - "-" "WordPress/5971; http://www.desafioxplora.com"
95.142.162.193 - - [10/Feb/2011:13:22:08 +0100] "HEAD /pioneros/ HTTP/1.0" 200 - "-" "WordPress/5971; http://www.desafioxplora.com"
95.142.162.193 - - [10/Feb/2011:13:23:25 +0100] "HEAD /pioneros/ HTTP/1.0" 200 - "-" "WordPress/6917; http://www.desafioxplora.com"
95.142.162.193 - - [10/Feb/2011:13:23:25 +0100] "GET /pioneros/ HTTP/1.0" 200 22907 "-" "WordPress/6917; http://www.desafioxplora.com"
95.142.162.193 - - [10/Feb/2011:13:23:27 +0100] "HEAD /pioneros/ HTTP/1.0" 200 - "-" "WordPress/9653; http://www.desafioxplora.com"
95.142.162.193 - - [10/Feb/2011:13:24:32 +0100] "HEAD /pioneros/ HTTP/1.0" 200 - "-" "WordPress/7728; http://www.desafioxplora.com"
95.142.162.193 - - [10/Feb/2011:13:24:32 +0100] "GET /pioneros/ HTTP/1.0" 200 22907 "-" "WordPress/7728; http://www.desafioxplora.com"
95.142.162.193 - - [10/Feb/2011:13:24:37 +0100] "HEAD /pioneros/ HTTP/1.0" 200 - "-" "WordPress/7728; http://www.desafioxplora.com"
95.142.162.193 - - [10/Feb/2011:13:26:14 +0100] "HEAD /pioneros/ HTTP/1.0" 200 - "-" "WordPress/6278; http://www.desafioxplora.com"
95.142.162.193 - - [10/Feb/2011:13:26:14 +0100] "GET /pioneros/ HTTP/1.0" 200 22907 "-" "WordPress/6278; http://www.desafioxplora.com"
95.142.162.193 - - [10/Feb/2011:13:26:17 +0100] "HEAD /pioneros/ HTTP/1.0" 200 - "-" "WordPress/6278; http://www.desafioxplora.com"
95.142.162.193 - - [10/Feb/2011:13:27:21 +0100] "HEAD /pioneros/ HTTP/1.0" 200 - "-" "WordPress/4025; http://www.desafioxplora.com"
95.142.162.193 - - [10/Feb/2011:13:27:21 +0100] "GET /pioneros/ HTTP/1.0" 200 22907 "-" "WordPress/4025; http://www.desafioxplora.com"
95.142.162.193 - - [10/Feb/2011:13:27:25 +0100] "HEAD /pioneros/ HTTP/1.0" 200 - "-" "WordPress/4025; http://www.desafioxplora.com"
95.142.162.193 - - [10/Feb/2011:13:30:22 +0100] "GET /pioneros/ HTTP/1.0" 200 22907 "-" "WordPress/8324; http://www.desafioxplora.com"
95.142.162.193 - - [10/Feb/2011:13:30:22 +0100] "HEAD /pioneros/ HTTP/1.0" 200 - "-" "WordPress/8324; http://www.desafioxplora.com"
95.142.162.193 - - [10/Feb/2011:13:30:25 +0100] "HEAD /pioneros/ HTTP/1.0" 200 - "-" "WordPress/8324; http://www.desafioxplora.com"
95.142.162.193 - - [10/Feb/2011:13:31:22 +0100] "GET /pioneros/ HTTP/1.0" 200 22907 "-" "WordPress/54; http://www.desafioxplora.com"
95.142.162.193 - - [10/Feb/2011:13:31:22 +0100] "HEAD /pioneros/ HTTP/1.0" 200 - "-" "WordPress/54; http://www.desafioxplora.com"
95.142.162.193 - - [10/Feb/2011:13:31:25 +0100] "HEAD /pioneros/ HTTP/1.0" 200 - "-" "WordPress/54; http://www.desafioxplora.com"
95.142.162.193 - - [10/Feb/2011:13:32:26 +0100] "HEAD /pioneros/ HTTP/1.0" 200 - "-" "WordPress/7761; http://www.desafioxplora.com"
95.142.162.193 - - [10/Feb/2011:13:32:26 +0100] "GET /pioneros/ HTTP/1.0" 200 22907 "-" "WordPress/7761; http://www.desafioxplora.com"
95.142.162.193 - - [10/Feb/2011:13:32:32 +0100] "HEAD /pioneros/ HTTP/1.0" 200 - "-" "WordPress/7761; http://www.desafioxplora.com"
95.142.162.193 - - [10/Feb/2011:13:37:47 +0100] "HEAD /pioneros/ HTTP/1.0" 200 - "-" "WordPress/382; http://www.desafioxplora.com"
95.142.162.193 - - [10/Feb/2011:13:37:49 +0100] "HEAD /pioneros/ HTTP/1.0" 200 - "-" "WordPress/382; http://www.desafioxplora.com"
95.142.162.193 - - [10/Feb/2011:13:42:54 +0100] "HEAD /pioneros/ HTTP/1.0" 200 - "-" "WordPress/9277; http://www.desafioxplora.com"
95.142.162.193 - - [10/Feb/2011:13:42:57 +0100] "HEAD /pioneros/ HTTP/1.0" 200 - "-" "WordPress/9277; http://www.desafioxplora.com"
95.142.162.193 - - [10/Feb/2011:13:43:55 +0100] "HEAD /pioneros/ HTTP/1.0" 200 - "-" "WordPress/3240; http://www.desafioxplora.com"
95.142.162.193 - - [10/Feb/2011:13:43:55 +0100] "GET /pioneros/ HTTP/1.0" 200 22907 "-" "WordPress/3240; http://www.desafioxplora.com"
95.142.162.193 - - [10/Feb/2011:13:44:01 +0100] "HEAD /pioneros/ HTTP/1.0" 200 - "-" "WordPress/3240; http://www.desafioxplora.com"
95.142.162.193 - - [10/Feb/2011:13:47:20 +0100] "HEAD /pioneros/ HTTP/1.0" 200 - "-" "WordPress/7183; http://www.desafioxplora.com"
95.142.162.193 - - [10/Feb/2011:13:47:20 +0100] "GET /pioneros/ HTTP/1.0" 200 22907 "-" "WordPress/7183; http://www.desafioxplora.com"
95.142.162.193 - - [10/Feb/2011:13:47:26 +0100] "HEAD /pioneros/ HTTP/1.0" 200 - "-" "WordPress/7183; http://www.desafioxplora.com"
95.142.162.193 - - [10/Feb/2011:13:48:00 +0100] "HEAD /pioneros/ HTTP/1.0" 200 - "-" "WordPress/9356; http://www.desafioxplora.com"
95.142.162.193 - - [10/Feb/2011:13:48:00 +0100] "GET /pioneros/ HTTP/1.0" 200 22907 "-" "WordPress/9356; http://www.desafioxplora.com"
95.142.162.193 - - [10/Feb/2011:13:48:03 +0100] "HEAD /pioneros/ HTTP/1.0" 200 - "-" "WordPress/9356; http://www.desafioxplora.com"
95.142.162.193 - - [10/Feb/2011:13:49:15 +0100] "HEAD /pioneros/ HTTP/1.0" 200 - "-" "WordPress/5741; http://www.desafioxplora.com"
95.142.162.193 - - [10/Feb/2011:13:49:15 +0100] "GET /pioneros/ HTTP/1.0" 200 22907 "-" "WordPress/5741; http://www.desafioxplora.com"
95.142.162.193 - - [10/Feb/2011:13:49:20 +0100] "HEAD /pioneros/ HTTP/1.0" 200 - "-" "WordPress/5741; http://www.desafioxplora.com"
95.142.162.193 - - [10/Feb/2011:13:49:20 +0100] "GET /pioneros/ HTTP/1.0" 200 22907 "-" "WordPress/5741; http://www.desafioxplora.com"
95.142.162.193 - - [10/Feb/2011:13:49:28 +0100] "HEAD /pioneros/ HTTP/1.0" 200 - "-" "WordPress/5741; http://www.desafioxplora.com"
95.142.162.193 - - [10/Feb/2011:13:49:29 +0100] "HEAD /pioneros/ HTTP/1.0" 200 - "-" "WordPress/5741; http://www.desafioxplora.com"
66.249.72.244 - - [10/Feb/2011:14:38:38 +0100] "GET /robots.txt HTTP/1.1" 404 262 "-" "DoCoMo/2.0 N905i(c100;TB;W24H16) (compatible; Googlebot-Mobile/2.1; +http://www.google.com/bot.html)"
66.249.72.244 - - [10/Feb/2011:14:38:39 +0100] "GET /pioneros/index.php?ruti=ruti17 HTTP/1.1" 200 2635 "-" "DoCoMo/2.0 N905i(c100;TB;W24H16) (compatible; Googlebot-Mobile/2.1; +http://www.google.com/bot.html)"
95.142.162.193 - - [10/Feb/2011:14:43:50 +0100] "HEAD /pioneros/ HTTP/1.0" 200 - "-" "WordPress/1489; http://www.desafioxplora.com"
95.142.162.193 - - [10/Feb/2011:14:43:50 +0100] "GET /pioneros/ HTTP/1.0" 200 22907 "-" "WordPress/1489; http://www.desafioxplora.com"
95.142.162.193 - - [10/Feb/2011:14:43:55 +0100] "HEAD /pioneros/ HTTP/1.0" 200 - "-" "WordPress/1489; http://www.desafioxplora.com"
119.63.196.118 - - [10/Feb/2011:15:22:34 +0100] "GET /robots.txt HTTP/1.1" 404 262 "-" "Baiduspider+(+http://www.baidu.com/search/spider.htm)"
95.142.162.193 - - [10/Feb/2011:16:30:52 +0100] "HEAD /pioneros/ HTTP/1.0" 200 - "-" "WordPress/1589; http://www.desafioxplora.com"
95.142.162.193 - - [10/Feb/2011:16:30:52 +0100] "GET /pioneros/ HTTP/1.0" 200 22907 "-" "WordPress/1589; http://www.desafioxplora.com"
95.142.162.193 - - [10/Feb/2011:16:31:00 +0100] "HEAD /pioneros/ HTTP/1.0" 200 - "-" "WordPress/1589; http://www.desafioxplora.com"
95.142.162.193 - - [10/Feb/2011:17:35:28 +0100] "GET /pioneros/ HTTP/1.0" 200 22907 "-" "WordPress/22; http://www.desafioxplora.com"
95.142.162.193 - - [10/Feb/2011:17:35:28 +0100] "HEAD /pioneros/ HTTP/1.0" 200 - "-" "WordPress/22; http://www.desafioxplora.com"
95.142.162.193 - - [10/Feb/2011:17:35:32 +0100] "HEAD /pioneros/ HTTP/1.0" 200 - "-" "WordPress/22; http://www.desafioxplora.com"
95.142.162.193 - - [10/Feb/2011:19:25:33 +0100] "GET /pioneros/ HTTP/1.0" 200 22907 "-" "WordPress/3244; http://www.desafioxplora.com"
95.142.162.193 - - [10/Feb/2011:19:25:33 +0100] "HEAD /pioneros/ HTTP/1.0" 200 - "-" "WordPress/3244; http://www.desafioxplora.com"
95.142.162.193 - - [10/Feb/2011:19:25:39 +0100] "HEAD /pioneros/ HTTP/1.0" 200 - "-" "WordPress/3244; http://www.desafioxplora.com"
95.108.246.252 - - [10/Feb/2011:21:53:18 +0100] "GET /robots.txt HTTP/1.1" 404 320 "-" "Mozilla/5.0 (compatible; YandexBot/3.0; +http://yandex.com/bots)"
123.125.66.116 - - [10/Feb/2011:22:51:53 +0100] "GET /robots.txt HTTP/1.1" 404 262 "-" "Baiduspider+(+http://www.baidu.com/search/spider.htm)"
95.108.246.252 - - [11/Feb/2011:01:24:06 +0100] "GET / HTTP/1.1" 200 49 "-" "Mozilla/5.0 (compatible; YandexBot/3.0; +http://yandex.com/bots)"
95.108.246.252 - - [11/Feb/2011:01:24:17 +0100] "GET /pioneros/index.php?ruti=ruti11 HTTP/1.1" 200 4094 "-" "Mozilla/5.0 (compatible; YandexBot/3.0; +http://yandex.com/bots)"
67.195.114.56 - - [11/Feb/2011:06:30:21 +0100] "GET /robots.txt HTTP/1.0" 404 262 "-" "Mozilla/5.0 (compatible; Yahoo! Slurp; http://help.yahoo.com/help/us/ysearch/slurp)"
67.195.114.56 - - [11/Feb/2011:06:30:21 +0100] "GET /pioneros HTTP/1.0" 301 270 "-" "Mozilla/5.0 (compatible; Yahoo! Slurp; http://help.yahoo.com/help/us/ysearch/slurp)"
67.195.114.56 - - [11/Feb/2011:06:30:22 +0100] "GET /pioneros/ HTTP/1.0" 200 3990 "-" "Mozilla/5.0 (compatible; Yahoo! Slurp; http://help.yahoo.com/help/us/ysearch/slurp)"
208.115.111.249 - - [11/Feb/2011:08:07:37 +0100] "GET /robots.txt HTTP/1.1" 404 262 "-" "Mozilla/5.0 (compatible; DotBot/1.1; http://www.dotnetdotcom.org/, crawler@dotnetdotcom.org)"
67.195.114.56 - - [11/Feb/2011:09:02:44 +0100] "GET /pioneros/index.php?ruti=ruti1 HTTP/1.0" 200 3990 "-" "Mozilla/5.0 (compatible; Yahoo! Slurp; http://help.yahoo.com/help/us/ysearch/slurp)"
208.80.194.30 - - [11/Feb/2011:12:41:22 +0100] "GET / HTTP/1.0" 200 44 "-" "Mozilla/4.0 (compatible; MSIE 6.0; Windows NT 5.1; SV1; .NET CLR 1.1.4322; .NET CLR 2.0.50727; .NET CLR 3.0.04506.30; Zango 10.0.370.0)"
208.115.111.249 - - [11/Feb/2011:13:31:41 +0100] "GET /pioneros/index2.php?ruti=ruti6 HTTP/1.1" 200 302 "-" "Mozilla/5.0 (compatible; DotBot/1.1; http://www.dotnetdotcom.org/, crawler@dotnetdotcom.org)"
119.63.196.20 - - [11/Feb/2011:16:02:43 +0100] "GET /robots.txt HTTP/1.1" 404 262 "-" "Baiduspider+(+http://www.baidu.com/search/spider.htm)"
67.195.114.56 - - [11/Feb/2011:16:26:57 +0100] "GET /robots.txt HTTP/1.0" 404 262 "-" "Mozilla/5.0 (compatible; Yahoo! Slurp; http://help.yahoo.com/help/us/ysearch/slurp)"
67.195.114.56 - - [11/Feb/2011:16:26:58 +0100] "GET /pioneros/ HTTP/1.0" 200 3990 "-" "Mozilla/5.0 (compatible; Yahoo! Slurp; http://help.yahoo.com/help/us/ysearch/slurp)"
95.108.246.252 - - [11/Feb/2011:20:59:12 +0100] "GET /robots.txt HTTP/1.1" 404 320 "-" "Mozilla/5.0 (compatible; YandexBot/3.0; +http://yandex.com/bots)"
207.46.204.229 - - [11/Feb/2011:21:32:41 +0100] "GET /robots.txt HTTP/1.1" 404 320 "-" "Mozilla/5.0 (compatible; bingbot/2.0; +http://www.bing.com/bingbot.htm)"
207.46.204.229 - - [11/Feb/2011:21:33:44 +0100] "GET /pioneros/ HTTP/1.1" 200 3990 "-" "Mozilla/5.0 (compatible; bingbot/2.0; +http://www.bing.com/bingbot.htm)"
123.125.66.103 - - [12/Feb/2011:00:05:52 +0100] "GET /robots.txt HTTP/1.1" 404 262 "-" "Baiduspider+(+http://www.baidu.com/search/spider.htm)"
95.108.246.252 - - [12/Feb/2011:00:54:54 +0100] "GET /pioneros/index.php?ruti=ruti10 HTTP/1.1" 200 3623 "-" "Mozilla/5.0 (compatible; YandexBot/3.0; +http://yandex.com/bots)"
95.108.246.252 - - [12/Feb/2011:00:55:07 +0100] "GET /pioneros/ HTTP/1.1" 200 3990 "-" "Mozilla/5.0 (compatible; YandexBot/3.0; +http://yandex.com/bots)"
119.63.196.101 - - [12/Feb/2011:16:27:25 +0100] "GET /robots.txt HTTP/1.1" 404 262 "-" "Baiduspider+(+http://www.baidu.com/search/spider.htm)"
66.220.149.245 - - [12/Feb/2011:17:29:11 +0100] "GET /imagenes/maquetacion/imagen_cabecera-3.jpg HTTP/1.1" 200 14086 "-" "facebookexternalhit/1.0 (+http://www.facebook.com/externalhit_uatext.php)"
95.108.246.252 - - [12/Feb/2011:20:42:44 +0100] "GET /robots.txt HTTP/1.1" 404 320 "-" "Mozilla/5.0 (compatible; YandexBot/3.0; +http://yandex.com/bots)"
95.142.162.193 - - [12/Feb/2011:21:09:29 +0100] "HEAD /pioneros/ HTTP/1.0" 200 - "-" "WordPress/5716; http://www.desafioxplora.com"
95.142.162.193 - - [12/Feb/2011:21:09:29 +0100] "GET /pioneros/ HTTP/1.0" 200 22907 "-" "WordPress/5716; http://www.desafioxplora.com"
95.142.162.193 - - [12/Feb/2011:21:09:41 +0100] "HEAD /pioneros/ HTTP/1.0" 200 - "-" "WordPress/5716; http://www.desafioxplora.com"
95.142.162.193 - - [12/Feb/2011:21:10:31 +0100] "HEAD /pioneros/ HTTP/1.0" 200 - "-" "WordPress/9970; http://www.desafioxplora.com"
95.142.162.193 - - [12/Feb/2011:21:10:31 +0100] "GET /pioneros/ HTTP/1.0" 200 22907 "-" "WordPress/9970; http://www.desafioxplora.com"
95.142.162.193 - - [12/Feb/2011:21:10:34 +0100] "HEAD /pioneros/ HTTP/1.0" 200 - "-" "WordPress/9970; http://www.desafioxplora.com"
95.142.162.193 - - [12/Feb/2011:21:22:51 +0100] "GET /pioneros/ HTTP/1.0" 200 22907 "-" "WordPress/1299; http://www.desafioxplora.com"
95.142.162.193 - - [12/Feb/2011:21:22:51 +0100] "HEAD /pioneros/ HTTP/1.0" 200 - "-" "WordPress/1299; http://www.desafioxplora.com"
95.142.162.193 - - [12/Feb/2011:21:22:54 +0100] "HEAD /pioneros/ HTTP/1.0" 200 - "-" "WordPress/1299; http://www.desafioxplora.com"
208.80.194.29 - - [13/Feb/2011:00:18:05 +0100] "GET / HTTP/1.0" 200 44 "-" "Mozilla/4.0 (compatible; MSIE 6.0; Windows NT 5.1; SV1; Orange 7.4 ; NaviWoo1.1; .NET CLR 2.0.50727; .NET CLR 3.0.04506.30)"
123.125.66.19 - - [13/Feb/2011:00:24:35 +0100] "GET /robots.txt HTTP/1.1" 404 262 "-" "Baiduspider+(+http://www.baidu.com/search/spider.htm)"
95.108.246.252 - - [13/Feb/2011:00:30:49 +0100] "GET / HTTP/1.1" 200 49 "-" "Mozilla/5.0 (compatible; YandexBot/3.0; +http://yandex.com/bots)"
95.108.246.252 - - [13/Feb/2011:00:30:52 +0100] "GET /pioneros/index.php?ruti=ruti0 HTTP/1.1" 200 3004 "-" "Mozilla/5.0 (compatible; YandexBot/3.0; +http://yandex.com/bots)"
207.46.199.48 - - [13/Feb/2011:00:38:51 +0100] "GET /robots.txt HTTP/1.1" 404 320 "-" "Mozilla/5.0 (compatible; bingbot/2.0; +http://www.bing.com/bingbot.htm)"
207.46.199.48 - - [13/Feb/2011:00:39:48 +0100] "GET /pioneros/ HTTP/1.1" 200 3990 "-" "Mozilla/5.0 (compatible; bingbot/2.0; +http://www.bing.com/bingbot.htm)"
208.115.111.74 - - [13/Feb/2011:02:14:18 +0100] "GET /robots.txt HTTP/1.1" 404 320 "-" "Mozilla/5.0 (compatible; Ezooms/1.0; ezooms.bot@gmail.com)"
208.115.111.74 - - [13/Feb/2011:02:53:41 +0100] "GET /pioneros/index.php?ruti=ruti10 HTTP/1.1" 200 19706 "-" "Mozilla/5.0 (compatible; Ezooms/1.0; ezooms.bot@gmail.com)"
220.181.108.92 - - [13/Feb/2011:05:02:26 +0100] "GET /pioneros HTTP/1.1" 301 270 "-" "Baiduspider+(+http://www.baidu.com/search/spider.htm)"
220.181.108.102 - - [13/Feb/2011:05:02:27 +0100] "GET /pioneros/ HTTP/1.1" 200 3990 "-" "Baiduspider+(+http://www.baidu.com/search/spider.htm)"
95.142.162.193 - - [13/Feb/2011:13:17:27 +0100] "HEAD /pioneros/ HTTP/1.0" 200 - "-" "WordPress/7497; http://www.desafioxplora.com"
95.142.162.193 - - [13/Feb/2011:18:53:54 +0100] "HEAD /pioneros/ HTTP/1.0" 200 - "-" "WordPress/8746; http://www.desafioxplora.com"
95.142.162.193 - - [13/Feb/2011:18:53:54 +0100] "GET /pioneros/ HTTP/1.0" 200 22907 "-" "WordPress/8746; http://www.desafioxplora.com"
95.142.162.193 - - [13/Feb/2011:18:54:01 +0100] "HEAD /pioneros/ HTTP/1.0" 200 - "-" "WordPress/8746; http://www.desafioxplora.com"
95.142.162.193 - - [13/Feb/2011:18:55:45 +0100] "HEAD /pioneros/ HTTP/1.0" 200 - "-" "WordPress/5492; http://www.desafioxplora.com"
95.142.162.193 - - [13/Feb/2011:18:55:45 +0100] "GET /pioneros/ HTTP/1.0" 200 22907 "-" "WordPress/5492; http://www.desafioxplora.com"
95.142.162.193 - - [13/Feb/2011:18:55:48 +0100] "HEAD /pioneros/ HTTP/1.0" 200 - "-" "WordPress/5492; http://www.desafioxplora.com"
95.142.162.193 - - [13/Feb/2011:18:57:11 +0100] "HEAD /pioneros/ HTTP/1.0" 200 - "-" "WordPress/7481; http://www.desafioxplora.com"
95.142.162.193 - - [13/Feb/2011:18:57:11 +0100] "GET /pioneros/ HTTP/1.0" 200 22907 "-" "WordPress/7481; http://www.desafioxplora.com"
95.142.162.193 - - [13/Feb/2011:18:57:14 +0100] "HEAD /pioneros/ HTTP/1.0" 200 - "-" "WordPress/7481; http://www.desafioxplora.com"
95.142.162.193 - - [13/Feb/2011:19:25:58 +0100] "HEAD /pioneros/ HTTP/1.0" 200 - "-" "WordPress/8324; http://www.desafioxplora.com"
95.142.162.193 - - [13/Feb/2011:19:25:58 +0100] "GET /pioneros/ HTTP/1.0" 200 22907 "-" "WordPress/8324; http://www.desafioxplora.com"
95.142.162.193 - - [13/Feb/2011:19:26:03 +0100] "HEAD /pioneros/ HTTP/1.0" 200 - "-" "WordPress/8324; http://www.desafioxplora.com"
95.142.162.193 - - [13/Feb/2011:19:33:07 +0100] "HEAD /pioneros/ HTTP/1.0" 200 - "-" "WordPress/3686; http://www.desafioxplora.com"
95.142.162.193 - - [13/Feb/2011:19:33:07 +0100] "GET /pioneros/ HTTP/1.0" 200 22907 "-" "WordPress/3686; http://www.desafioxplora.com"
95.142.162.193 - - [13/Feb/2011:19:33:11 +0100] "HEAD /pioneros/ HTTP/1.0" 200 - "-" "WordPress/3686; http://www.desafioxplora.com"
95.142.162.193 - - [13/Feb/2011:19:35:59 +0100] "GET /pioneros/ HTTP/1.0" 200 22907 "-" "WordPress/5757; http://www.desafioxplora.com"
95.142.162.193 - - [13/Feb/2011:19:35:59 +0100] "HEAD /pioneros/ HTTP/1.0" 200 - "-" "WordPress/5757; http://www.desafioxplora.com"
95.142.162.193 - - [13/Feb/2011:19:36:02 +0100] "HEAD /pioneros/ HTTP/1.0" 200 - "-" "WordPress/5757; http://www.desafioxplora.com"
95.142.162.193 - - [13/Feb/2011:20:17:43 +0100] "HEAD /pioneros/ HTTP/1.0" 200 - "-" "WordPress/1288; http://www.desafioxplora.com"
95.142.162.193 - - [13/Feb/2011:20:17:43 +0100] "GET /pioneros/ HTTP/1.0" 200 22907 "-" "WordPress/1288; http://www.desafioxplora.com"
95.142.162.193 - - [13/Feb/2011:20:17:50 +0100] "HEAD /pioneros/ HTTP/1.0" 200 - "-" "WordPress/1288; http://www.desafioxplora.com"
95.142.162.193 - - [13/Feb/2011:20:23:51 +0100] "HEAD /pioneros/ HTTP/1.0" 200 - "-" "WordPress/9833; http://www.desafioxplora.com"
95.142.162.193 - - [13/Feb/2011:20:23:51 +0100] "GET /pioneros/ HTTP/1.0" 200 22907 "-" "WordPress/9833; http://www.desafioxplora.com"
95.142.162.193 - - [13/Feb/2011:20:24:02 +0100] "HEAD /pioneros/ HTTP/1.0" 200 - "-" "WordPress/9833; http://www.desafioxplora.com"
95.108.246.252 - - [13/Feb/2011:20:24:55 +0100] "GET /robots.txt HTTP/1.1" 404 320 "-" "Mozilla/5.0 (compatible; YandexBot/3.0; +http://yandex.com/bots)"
95.108.246.252 - - [13/Feb/2011:20:25:15 +0100] "GET /pioneros/index.php?ruti=ruti10 HTTP/1.1" 200 3623 "-" "Mozilla/5.0 (compatible; YandexBot/3.0; +http://yandex.com/bots)"
95.108.246.252 - - [13/Feb/2011:20:25:19 +0100] "GET /pioneros/ HTTP/1.1" 200 3990 "-" "Mozilla/5.0 (compatible; YandexBot/3.0; +http://yandex.com/bots)"
67.195.114.56 - - [14/Feb/2011:00:37:43 +0100] "GET /robots.txt HTTP/1.0" 404 262 "-" "Mozilla/5.0 (compatible; Yahoo! Slurp; http://help.yahoo.com/help/us/ysearch/slurp)"
67.195.114.56 - - [14/Feb/2011:00:37:44 +0100] "GET /pioneros/index.php?ruti=ruti3 HTTP/1.0" 200 3858 "-" "Mozilla/5.0 (compatible; Yahoo! Slurp; http://help.yahoo.com/help/us/ysearch/slurp)"
119.63.196.122 - - [14/Feb/2011:02:21:00 +0100] "GET /robots.txt HTTP/1.1" 404 262 "-" "Baiduspider+(+http://www.baidu.com/search/spider.htm)"
67.195.114.56 - - [14/Feb/2011:05:28:22 +0100] "GET /pioneros/index.php?ruti=ruti18 HTTP/1.0" 200 3941 "-" "Mozilla/5.0 (compatible; Yahoo! Slurp; http://help.yahoo.com/help/us/ysearch/slurp)"
208.80.194.29 - - [14/Feb/2011:11:42:31 +0100] "GET / HTTP/1.0" 200 44 "-" "Mozilla/4.0 (compatible; MSIE 6.0; Windows NT 5.1; SV1; dcdev001; .NET CLR 1.1.4322)"
207.46.13.50 - - [14/Feb/2011:17:18:23 +0100] "GET /robots.txt HTTP/1.1" 404 320 "-" "Mozilla/5.0 (compatible; bingbot/2.0; +http://www.bing.com/bingbot.htm)"
207.46.13.50 - - [14/Feb/2011:17:19:14 +0100] "GET / HTTP/1.1" 200 49 "-" "Mozilla/5.0 (compatible; bingbot/2.0; +http://www.bing.com/bingbot.htm)"
95.108.246.252 - - [15/Feb/2011:00:06:26 +0100] "GET /robots.txt HTTP/1.1" 404 320 "-" "Mozilla/5.0 (compatible; YandexBot/3.0; +http://yandex.com/bots)"
95.108.246.252 - - [15/Feb/2011:00:19:16 +0100] "GET / HTTP/1.1" 200 49 "-" "Mozilla/5.0 (compatible; YandexBot/3.0; +http://yandex.com/bots)"
95.108.246.252 - - [15/Feb/2011:00:19:24 +0100] "GET /pioneros/index.php?ruti=ruti3 HTTP/1.1" 200 3858 "-" "Mozilla/5.0 (compatible; YandexBot/3.0; +http://yandex.com/bots)"
123.125.66.101 - - [15/Feb/2011:01:32:20 +0100] "GET /robots.txt HTTP/1.1" 404 262 "-" "Baiduspider+(+http://www.baidu.com/search/spider.htm)"
66.249.66.244 - - [15/Feb/2011:04:30:14 +0100] "GET /robots.txt HTTP/1.1" 404 262 "-" "SAMSUNG-SGH-E250/1.0 Profile/MIDP-2.0 Configuration/CLDC-1.1 UP.Browser/6.2.3.3.c.1.101 (GUI) MMP/2.0 (compatible; Googlebot-Mobile/2.1; +http://www.google.com/bot.html)"
66.249.66.244 - - [15/Feb/2011:04:30:14 +0100] "GET /pioneros/ HTTP/1.1" 200 3990 "-" "SAMSUNG-SGH-E250/1.0 Profile/MIDP-2.0 Configuration/CLDC-1.1 UP.Browser/6.2.3.3.c.1.101 (GUI) MMP/2.0 (compatible; Googlebot-Mobile/2.1; +http://www.google.com/bot.html)"
66.249.71.119 - - [15/Feb/2011:06:50:34 +0100] "GET /pioneros/ HTTP/1.1" 200 3990 "-" "DoCoMo/2.0 N905i(c100;TB;W24H16) (compatible; Googlebot-Mobile/2.1; +http://www.google.com/bot.html)"
119.63.196.123 - - [15/Feb/2011:09:22:37 +0100] "GET /robots.txt HTTP/1.1" 404 262 "-" "Baiduspider+(+http://www.baidu.com/search/spider.htm)"
