69.28.58.23 - - [15/Feb/2011:09:33:54 +0100] "GET /robots.txt HTTP/1.0" 404 320 "-" "Mozilla/4.0 (compatible; MSIE 6.0; Windows NT 5.0) (larbin2.6.3@unspecified.mail)"
69.28.58.23 - - [15/Feb/2011:09:33:54 +0100] "GET / HTTP/1.0" 200 44 "-" "Mozilla/4.0 (compatible; MSIE 6.0; Windows NT 5.0) larbin2.6.3@unspecified.mail"
67.195.114.56 - - [15/Feb/2011:15:47:11 +0100] "GET /robots.txt HTTP/1.0" 404 262 "-" "Mozilla/5.0 (compatible; Yahoo! Slurp; http://help.yahoo.com/help/us/ysearch/slurp)"
67.195.114.56 - - [15/Feb/2011:15:47:11 +0100] "GET /pioneros/index.php?ruti=ruti2 HTTP/1.0" 200 5065 "-" "Mozilla/5.0 (compatible; Yahoo! Slurp; http://help.yahoo.com/help/us/ysearch/slurp)"
67.195.114.56 - - [15/Feb/2011:17:46:25 +0100] "GET /pioneros/index.php?ruti=ruti14 HTTP/1.0" 200 3112 "-" "Mozilla/5.0 (compatible; Yahoo! Slurp; http://help.yahoo.com/help/us/ysearch/slurp)"
220.181.7.39 - - [15/Feb/2011:21:01:47 +0100] "GET /robots.txt HTTP/1.1" 404 262 "-" "Baiduspider+(+http://www.baidu.com/search/spider.htm)"
208.80.194.26 - - [15/Feb/2011:23:05:38 +0100] "GET / HTTP/1.0" 200 44 "-" "Mozilla/4.0 (compatible; MSIE 7.0; Windows NT 5.1; iebar; acc=; SV1; FunWebProducts; .NET CLR 1.1.4322; .NET CLR 2.0.50727; InfoPath.1)"
67.195.114.56 - - [15/Feb/2011:23:28:29 +0100] "GET /robots.txt HTTP/1.0" 404 262 "-" "Mozilla/5.0 (compatible; Yahoo! Slurp; http://help.yahoo.com/help/us/ysearch/slurp)"
67.195.114.56 - - [15/Feb/2011:23:28:29 +0100] "GET /pioneros/index.php?ruti=ruti15 HTTP/1.0" 200 5093 "-" "Mozilla/5.0 (compatible; Yahoo! Slurp; http://help.yahoo.com/help/us/ysearch/slurp)"
208.115.111.249 - - [16/Feb/2011:00:09:53 +0100] "GET /robots.txt HTTP/1.1" 404 262 "-" "Mozilla/5.0 (compatible; DotBot/1.1; http://www.dotnetdotcom.org/, crawler@dotnetdotcom.org)"
95.108.246.252 - - [16/Feb/2011:00:36:27 +0100] "GET /robots.txt HTTP/1.1" 404 320 "-" "Mozilla/5.0 (compatible; YandexBot/3.0; +http://yandex.com/bots)"
67.195.114.56 - - [16/Feb/2011:01:52:36 +0100] "GET /pioneros/index.php?ruti=ruti9 HTTP/1.0" 200 5161 "-" "Mozilla/5.0 (compatible; Yahoo! Slurp; http://help.yahoo.com/help/us/ysearch/slurp)"
95.108.246.252 - - [16/Feb/2011:02:34:49 +0100] "GET /pioneros/index.php?ruti=ruti10 HTTP/1.1" 200 3623 "-" "Mozilla/5.0 (compatible; YandexBot/3.0; +http://yandex.com/bots)"
95.108.246.252 - - [16/Feb/2011:02:37:21 +0100] "GET /pioneros/ HTTP/1.1" 200 3990 "-" "Mozilla/5.0 (compatible; YandexBot/3.0; +http://yandex.com/bots)"
195.133.54.34 - "" [16/Feb/2011:03:18:17 +0100] "GET / HTTP/1.1" 200 44 "http://www.yandex.ru" "Mozilla/4.0 (compatible; MSIE 7.0; Windows NT 5.1; GTB6; .NET CLR 1.1.4322; .NET CLR 2.0.50727)"
208.115.111.249 - - [16/Feb/2011:04:56:13 +0100] "GET /pioneros/function.mysql-connect HTTP/1.1" 404 276 "-" "Mozilla/5.0 (compatible; DotBot/1.1; http://www.dotnetdotcom.org/, crawler@dotnetdotcom.org)"
66.249.66.244 - - [16/Feb/2011:08:14:03 +0100] "GET /robots.txt HTTP/1.1" 404 262 "-" "SAMSUNG-SGH-E250/1.0 Profile/MIDP-2.0 Configuration/CLDC-1.1 UP.Browser/6.2.3.3.c.1.101 (GUI) MMP/2.0 (compatible; Googlebot-Mobile/2.1; +http://www.google.com/bot.html)"
66.249.66.244 - - [16/Feb/2011:08:14:03 +0100] "GET /pioneros/index.php?ruti=ruti17 HTTP/1.1" 200 2635 "-" "SAMSUNG-SGH-E250/1.0 Profile/MIDP-2.0 Configuration/CLDC-1.1 UP.Browser/6.2.3.3.c.1.101 (GUI) MMP/2.0 (compatible; Googlebot-Mobile/2.1; +http://www.google.com/bot.html)"
65.52.109.61 - - [16/Feb/2011:09:13:32 +0100] "GET /robots.txt HTTP/1.1" 404 320 "-" "Mozilla/5.0 (compatible; bingbot/2.0; +http://www.bing.com/bingbot.htm)"
65.52.109.61 - - [16/Feb/2011:09:14:22 +0100] "GET /pioneros/index.php?ruti=ruti2 HTTP/1.1" 200 5065 "-" "Mozilla/5.0 (compatible; bingbot/2.0; +http://www.bing.com/bingbot.htm)"
66.249.71.119 - - [16/Feb/2011:09:20:58 +0100] "GET /pioneros/index.php?ruti=ruti17 HTTP/1.1" 200 2635 "-" "DoCoMo/2.0 N905i(c100;TB;W24H16) (compatible; Googlebot-Mobile/2.1; +http://www.google.com/bot.html)"
119.63.196.24 - - [16/Feb/2011:11:25:55 +0100] "GET /robots.txt HTTP/1.1" 404 262 "-" "Baiduspider+(+http://www.baidu.com/search/spider.htm)"
67.195.114.56 - - [16/Feb/2011:11:53:36 +0100] "GET /robots.txt HTTP/1.0" 404 262 "-" "Mozilla/5.0 (compatible; Yahoo! Slurp; http://help.yahoo.com/help/us/ysearch/slurp)"
67.195.114.56 - - [16/Feb/2011:11:53:37 +0100] "GET /pioneros/index.php?ruti=ruti4 HTTP/1.0" 200 3033 "-" "Mozilla/5.0 (compatible; Yahoo! Slurp; http://help.yahoo.com/help/us/ysearch/slurp)"
67.195.114.56 - - [16/Feb/2011:11:54:22 +0100] "GET /pioneros/index.php?ruti=ruti7 HTTP/1.0" 200 4506 "-" "Mozilla/5.0 (compatible; Yahoo! Slurp; http://help.yahoo.com/help/us/ysearch/slurp)"
95.108.246.252 - - [17/Feb/2011:02:01:42 +0100] "GET /robots.txt HTTP/1.1" 404 320 "-" "Mozilla/5.0 (compatible; YandexBot/3.0; +http://yandex.com/bots)"
123.125.66.54 - - [17/Feb/2011:04:28:41 +0100] "GET /robots.txt HTTP/1.1" 404 262 "-" "Baiduspider+(+http://www.baidu.com/search/spider.htm)"
95.108.246.252 - - [17/Feb/2011:04:50:29 +0100] "GET / HTTP/1.1" 200 49 "-" "Mozilla/5.0 (compatible; YandexBot/3.0; +http://yandex.com/bots)"
67.195.114.56 - - [17/Feb/2011:09:32:13 +0100] "GET /robots.txt HTTP/1.0" 404 262 "-" "Mozilla/5.0 (compatible; Yahoo! Slurp; http://help.yahoo.com/help/us/ysearch/slurp)"
67.195.114.56 - - [17/Feb/2011:09:32:13 +0100] "GET / HTTP/1.0" 200 49 "-" "Mozilla/5.0 (compatible; Yahoo! Slurp; http://help.yahoo.com/help/us/ysearch/slurp)"
208.80.194.36 - - [17/Feb/2011:10:33:26 +0100] "GET / HTTP/1.0" 200 44 "-" "Mozilla/4.0 (compatible; MSIE 6.0; Windows NT 5.1; SV1; FunWebProducts; YPC 3.2.0; .NET CLR 1.0.3705; .NET CLR 1.1.4322; Media Center PC 2.8)"
157.55.116.39 - - [17/Feb/2011:12:00:47 +0100] "GET /robots.txt HTTP/1.1" 404 262 "-" "msnbot/2.0b (+http://search.msn.com/msnbot.htm)._"
157.55.116.39 - - [17/Feb/2011:12:00:47 +0100] "GET /pioneros/index.php?ruti=ruti0 HTTP/1.1" 200 3004 "-" "msnbot/2.0b (+http://search.msn.com/msnbot.htm)._"
157.55.116.39 - - [17/Feb/2011:12:01:13 +0100] "GET /pioneros/index.php?ruti=ruti9 HTTP/1.1" 200 5161 "-" "msnbot/2.0b (+http://search.msn.com/msnbot.htm)._"
157.55.116.39 - - [17/Feb/2011:12:01:31 +0100] "GET /pioneros/index.php?ruti=ruti16 HTTP/1.1" 200 2986 "-" "msnbot/2.0b (+http://search.msn.com/msnbot.htm)._"
157.55.116.39 - - [17/Feb/2011:12:01:32 +0100] "GET /pioneros/index.php?ruti=ruti10 HTTP/1.1" 200 3623 "-" "msnbot/2.0b (+http://search.msn.com/msnbot.htm)._"
157.55.116.39 - - [17/Feb/2011:12:01:35 +0100] "GET /pioneros/index.php?ruti=ruti12 HTTP/1.1" 200 5364 "-" "msnbot/2.0b (+http://search.msn.com/msnbot.htm)._"
119.63.196.103 - - [17/Feb/2011:13:27:30 +0100] "GET /robots.txt HTTP/1.1" 404 262 "-" "Baiduspider+(+http://www.baidu.com/search/spider.htm)"
95.108.151.244 - - [17/Feb/2011:16:21:07 +0100] "GET /robots.txt HTTP/1.1" 404 320 "-" "Mozilla/5.0 (compatible; YandexBot/3.0; MirrorDetector; +http://yandex.com/bots)"
95.108.151.244 - - [17/Feb/2011:16:21:07 +0100] "GET / HTTP/1.1" 200 49 "-" "Mozilla/5.0 (compatible; YandexBot/3.0; MirrorDetector; +http://yandex.com/bots)"
95.108.151.244 - - [17/Feb/2011:16:21:08 +0100] "GET / HTTP/1.1" 200 49 "-" "Mozilla/5.0 (compatible; YandexBot/3.0; MirrorDetector; +http://yandex.com/bots)"
220.181.7.35 - - [17/Feb/2011:22:44:44 +0100] "GET /robots.txt HTTP/1.1" 404 262 "-" "Baiduspider+(+http://www.baidu.com/search/spider.htm)"
67.195.114.56 - - [18/Feb/2011:00:30:18 +0100] "GET /robots.txt HTTP/1.0" 404 262 "-" "Mozilla/5.0 (compatible; Yahoo! Slurp; http://help.yahoo.com/help/us/ysearch/slurp)"
67.195.114.56 - - [18/Feb/2011:00:30:19 +0100] "GET /pioneros/index.php?ruti=ruti12 HTTP/1.0" 200 5364 "-" "Mozilla/5.0 (compatible; Yahoo! Slurp; http://help.yahoo.com/help/us/ysearch/slurp)"
67.195.114.56 - - [18/Feb/2011:11:18:40 +0100] "GET /robots.txt HTTP/1.0" 404 262 "-" "Mozilla/5.0 (compatible; Yahoo! Slurp; http://help.yahoo.com/help/us/ysearch/slurp)"
67.195.114.56 - - [18/Feb/2011:11:18:41 +0100] "GET /pioneros HTTP/1.0" 301 270 "-" "Mozilla/5.0 (compatible; Yahoo! Slurp; http://help.yahoo.com/help/us/ysearch/slurp)"
67.195.114.56 - - [18/Feb/2011:11:18:41 +0100] "GET /pioneros/ HTTP/1.0" 200 3990 "-" "Mozilla/5.0 (compatible; Yahoo! Slurp; http://help.yahoo.com/help/us/ysearch/slurp)"
119.63.196.108 - - [18/Feb/2011:14:06:57 +0100] "GET /robots.txt HTTP/1.1" 404 262 "-" "Baiduspider+(+http://www.baidu.com/search/spider.htm)"
95.142.162.193 - - [18/Feb/2011:15:44:28 +0100] "HEAD /pioneros/ HTTP/1.0" 200 - "-" "WordPress/3759; http://www.desafioxplora.com"
95.142.162.193 - - [18/Feb/2011:15:44:28 +0100] "GET /pioneros/ HTTP/1.0" 200 22907 "-" "WordPress/3759; http://www.desafioxplora.com"
95.142.162.193 - - [18/Feb/2011:15:44:38 +0100] "HEAD /pioneros/ HTTP/1.0" 200 - "-" "WordPress/3759; http://www.desafioxplora.com"
95.142.162.193 - - [18/Feb/2011:15:46:08 +0100] "HEAD /pioneros/ HTTP/1.0" 200 - "-" "WordPress/5811; http://www.desafioxplora.com"
95.142.162.193 - - [18/Feb/2011:15:46:08 +0100] "GET /pioneros/ HTTP/1.0" 200 22907 "-" "WordPress/5811; http://www.desafioxplora.com"
95.142.162.193 - - [18/Feb/2011:15:46:15 +0100] "HEAD /pioneros/ HTTP/1.0" 200 - "-" "WordPress/5811; http://www.desafioxplora.com"
95.142.162.193 - - [18/Feb/2011:15:48:15 +0100] "HEAD /pioneros/ HTTP/1.0" 200 - "-" "WordPress/7952; http://www.desafioxplora.com"
95.142.162.193 - - [18/Feb/2011:15:48:15 +0100] "GET /pioneros/ HTTP/1.0" 200 22907 "-" "WordPress/7952; http://www.desafioxplora.com"
95.142.162.193 - - [18/Feb/2011:15:48:24 +0100] "HEAD /pioneros/ HTTP/1.0" 200 - "-" "WordPress/7952; http://www.desafioxplora.com"
95.142.162.193 - - [18/Feb/2011:15:52:40 +0100] "GET /pioneros/ HTTP/1.0" 200 22907 "-" "WordPress/6029; http://www.desafioxplora.com"
95.142.162.193 - - [18/Feb/2011:15:52:40 +0100] "HEAD /pioneros/ HTTP/1.0" 200 - "-" "WordPress/6029; http://www.desafioxplora.com"
95.142.162.193 - - [18/Feb/2011:15:52:47 +0100] "HEAD /pioneros/ HTTP/1.0" 200 - "-" "WordPress/6029; http://www.desafioxplora.com"
69.84.207.147 - - [18/Feb/2011:19:19:39 +0100] "GET /pioneros HTTP/1.1" 301 357 "-" "Mozilla/4.0 (compatible; MSIE 7.0;Windows NT 5.1;.NET CLR 1.1.4322;.NET CLR 2.0.50727;.NET CLR 3.0.04506.30)"
69.84.207.147 - - [18/Feb/2011:19:19:39 +0100] "GET /pioneros/ HTTP/1.1" 200 22907 "-" "Mozilla/4.0 (compatible; MSIE 7.0;Windows NT 5.1;.NET CLR 1.1.4322;.NET CLR 2.0.50727;.NET CLR 3.0.04506.30)"
69.84.207.147 - - [18/Feb/2011:19:19:43 +0100] "GET /pioneros/index.php?ruti=ruti2 HTTP/1.1" 200 27984 "-" "Mozilla/4.0 (compatible; MSIE 7.0;Windows NT 5.1;.NET CLR 1.1.4322;.NET CLR 2.0.50727;.NET CLR 3.0.04506.30)"
69.84.207.147 - - [18/Feb/2011:19:19:45 +0100] "GET /pioneros/index.php?ruti=ruti4 HTTP/1.1" 200 13973 "-" "Mozilla/4.0 (compatible; MSIE 7.0;Windows NT 5.1;.NET CLR 1.1.4322;.NET CLR 2.0.50727;.NET CLR 3.0.04506.30)"
69.84.207.147 - - [18/Feb/2011:19:19:45 +0100] "GET /pioneros/index.php?ruti=ruti7 HTTP/1.1" 200 27923 "-" "Mozilla/4.0 (compatible; MSIE 7.0;Windows NT 5.1;.NET CLR 1.1.4322;.NET CLR 2.0.50727;.NET CLR 3.0.04506.30)"
69.84.207.147 - - [18/Feb/2011:19:19:46 +0100] "GET /pioneros/index.php?ruti=ruti8 HTTP/1.1" 200 29886 "-" "Mozilla/4.0 (compatible; MSIE 7.0;Windows NT 5.1;.NET CLR 1.1.4322;.NET CLR 2.0.50727;.NET CLR 3.0.04506.30)"
69.84.207.147 - - [18/Feb/2011:19:19:49 +0100] "GET /pioneros/index.php?ruti=ruti6 HTTP/1.1" 200 15366 "-" "Mozilla/4.0 (compatible; MSIE 7.0;Windows NT 5.1;.NET CLR 1.1.4322;.NET CLR 2.0.50727;.NET CLR 3.0.04506.30)"
69.84.207.147 - - [18/Feb/2011:19:19:51 +0100] "GET /pioneros/index.php?ruti=ruti1 HTTP/1.1" 200 22907 "-" "Mozilla/4.0 (compatible; MSIE 7.0;Windows NT 5.1;.NET CLR 1.1.4322;.NET CLR 2.0.50727;.NET CLR 3.0.04506.30)"
69.84.207.147 - - [18/Feb/2011:19:19:51 +0100] "GET /pioneros/index.php?ruti=ruti3 HTTP/1.1" 200 17912 "-" "Mozilla/4.0 (compatible; MSIE 7.0;Windows NT 5.1;.NET CLR 1.1.4322;.NET CLR 2.0.50727;.NET CLR 3.0.04506.30)"
69.84.207.147 - - [18/Feb/2011:19:19:52 +0100] "GET /pioneros/index.php?ruti=ruti5 HTTP/1.1" 200 19248 "-" "Mozilla/4.0 (compatible; MSIE 7.0;Windows NT 5.1;.NET CLR 1.1.4322;.NET CLR 2.0.50727;.NET CLR 3.0.04506.30)"
69.84.207.147 - - [18/Feb/2011:19:19:54 +0100] "GET /pioneros/index.php?ruti=ruti0 HTTP/1.1" 200 16674 "-" "Mozilla/4.0 (compatible; MSIE 7.0;Windows NT 5.1;.NET CLR 1.1.4322;.NET CLR 2.0.50727;.NET CLR 3.0.04506.30)"
69.84.207.147 - - [18/Feb/2011:19:19:55 +0100] "GET /pioneros/index.php?ruti=ruti9 HTTP/1.1" 200 30324 "-" "Mozilla/4.0 (compatible; MSIE 7.0;Windows NT 5.1;.NET CLR 1.1.4322;.NET CLR 2.0.50727;.NET CLR 3.0.04506.30)"
69.84.207.147 - - [18/Feb/2011:19:19:57 +0100] "GET /pioneros/index.php?ruti=ruti15 HTTP/1.1" 200 28860 "-" "Mozilla/4.0 (compatible; MSIE 7.0;Windows NT 5.1;.NET CLR 1.1.4322;.NET CLR 2.0.50727;.NET CLR 3.0.04506.30)"
69.84.207.147 - - [18/Feb/2011:19:19:59 +0100] "GET /pioneros/index.php?ruti=ruti14 HTTP/1.1" 200 14912 "-" "Mozilla/4.0 (compatible; MSIE 7.0;Windows NT 5.1;.NET CLR 1.1.4322;.NET CLR 2.0.50727;.NET CLR 3.0.04506.30)"
69.84.207.147 - - [18/Feb/2011:19:20:00 +0100] "GET /pioneros/index.php?ruti=ruti17 HTTP/1.1" 200 12655 "-" "Mozilla/4.0 (compatible; MSIE 7.0;Windows NT 5.1;.NET CLR 1.1.4322;.NET CLR 2.0.50727;.NET CLR 3.0.04506.30)"
69.84.207.147 - - [18/Feb/2011:19:20:00 +0100] "GET /pioneros/index.php?ruti=ruti12 HTTP/1.1" 200 26657 "-" "Mozilla/4.0 (compatible; MSIE 7.0;Windows NT 5.1;.NET CLR 1.1.4322;.NET CLR 2.0.50727;.NET CLR 3.0.04506.30)"
69.84.207.147 - - [18/Feb/2011:19:20:01 +0100] "GET /pioneros/index.php?ruti=ruti16 HTTP/1.1" 200 14132 "-" "Mozilla/4.0 (compatible; MSIE 7.0;Windows NT 5.1;.NET CLR 1.1.4322;.NET CLR 2.0.50727;.NET CLR 3.0.04506.30)"
69.84.207.147 - - [18/Feb/2011:19:20:04 +0100] "GET /pioneros/index.php?ruti=ruti18 HTTP/1.1" 200 19912 "-" "Mozilla/4.0 (compatible; MSIE 7.0;Windows NT 5.1;.NET CLR 1.1.4322;.NET CLR 2.0.50727;.NET CLR 3.0.04506.30)"
69.84.207.147 - - [18/Feb/2011:19:20:06 +0100] "GET /pioneros/index.php?ruti=ruti11 HTTP/1.1" 200 19481 "-" "Mozilla/4.0 (compatible; MSIE 7.0;Windows NT 5.1;.NET CLR 1.1.4322;.NET CLR 2.0.50727;.NET CLR 3.0.04506.30)"
69.84.207.147 - - [18/Feb/2011:19:20:07 +0100] "GET /pioneros/index.php?ruti=ruti10 HTTP/1.1" 200 19706 "-" "Mozilla/4.0 (compatible; MSIE 7.0;Windows NT 5.1;.NET CLR 1.1.4322;.NET CLR 2.0.50727;.NET CLR 3.0.04506.30)"
95.108.246.252 - - [18/Feb/2011:21:34:36 +0100] "GET /robots.txt HTTP/1.1" 404 320 "-" "Mozilla/5.0 (compatible; YandexBot/3.0; +http://yandex.com/bots)"
208.80.194.26 - - [18/Feb/2011:21:38:38 +0100] "GET / HTTP/1.0" 200 44 "-" "Mozilla/4.0 (compatible; MSIE 6.0; Windows NT 5.1; SV1; .NET CLR 1.0.3705; .NET CLR 1.1.4322; Media Center PC 3.1; InfoPath.1; MEGAUPLOAD 1.0)"
89.141.101.134 - - [18/Feb/2011:22:00:37 +0100] "GET /pioneros/ HTTP/1.1" 200 3990 "-" "Mozilla/5.0 (Windows; U; Windows NT 5.1; es-ES; rv:1.9.2.13) Gecko/20101203 Firefox/3.6.13 ( .NET CLR 3.5.30729)"
89.141.101.134 - - [18/Feb/2011:22:00:39 +0100] "GET /imagenes/maquetacion/imagen_cabecera-3.jpg HTTP/1.1" 200 14086 "http://mapas.rallyamali.com/pioneros/" "Mozilla/5.0 (Windows; U; Windows NT 5.1; es-ES; rv:1.9.2.13) Gecko/20101203 Firefox/3.6.13 ( .NET CLR 3.5.30729)"
89.141.101.134 - - [18/Feb/2011:22:00:39 +0100] "GET /imagenes/iconos/marca_cruz_roja-rally_a_mali-8x8.png HTTP/1.1" 200 281 "http://mapas.rallyamali.com/pioneros/" "Mozilla/5.0 (Windows; U; Windows NT 5.1; es-ES; rv:1.9.2.13) Gecko/20101203 Firefox/3.6.13 ( .NET CLR 3.5.30729)"
89.141.101.134 - - [18/Feb/2011:22:00:39 +0100] "GET /favicon.ico HTTP/1.1" 404 261 "-" "Mozilla/5.0 (Windows; U; Windows NT 5.1; es-ES; rv:1.9.2.13) Gecko/20101203 Firefox/3.6.13 ( .NET CLR 3.5.30729)"
89.141.101.134 - - [18/Feb/2011:22:00:42 +0100] "GET /favicon.ico HTTP/1.1" 404 261 "-" "Mozilla/5.0 (Windows; U; Windows NT 5.1; es-ES; rv:1.9.2.13) Gecko/20101203 Firefox/3.6.13 ( .NET CLR 3.5.30729)"
69.84.207.147 - - [18/Feb/2011:22:15:46 +0100] "GET /imagenes/maquetacion/imagen_cabecera-3.jpg HTTP/1.1" 200 14086 "-" "Mozilla/4.0 (compatible; MSIE 7.0;Windows NT 5.1;.NET CLR 1.1.4322;.NET CLR 2.0.50727;.NET CLR 3.0.04506.30)"
89.141.101.134 - - [19/Feb/2011:00:54:08 +0100] "GET /favicon.ico HTTP/1.1" 404 261 "-" "Mozilla/5.0 (Windows; U; Windows NT 5.1; es-ES; rv:1.9.2.13) Gecko/20101203 Firefox/3.6.13 ( .NET CLR 3.5.30729)"
95.108.246.252 - - [19/Feb/2011:02:12:05 +0100] "GET /pioneros/ HTTP/1.1" 200 3990 "-" "Mozilla/5.0 (compatible; YandexBot/3.0; +http://yandex.com/bots)"
89.141.101.134 - - [19/Feb/2011:02:27:45 +0100] "GET /pioneros/ HTTP/1.1" 200 3990 "-" "Mozilla/4.0 (compatible; MSIE 8.0; Windows NT 5.1; Trident/4.0; .NET CLR 2.0.50727; .NET CLR 3.0.4506.2152; .NET CLR 3.5.30729; InfoPath.2)"
89.141.101.134 - - [19/Feb/2011:02:27:46 +0100] "GET /imagenes/maquetacion/imagen_cabecera-3.jpg HTTP/1.1" 200 14086 "http://mapas.rallyamali.com/pioneros/" "Mozilla/4.0 (compatible; MSIE 8.0; Windows NT 5.1; Trident/4.0; .NET CLR 2.0.50727; .NET CLR 3.0.4506.2152; .NET CLR 3.5.30729; InfoPath.2)"
89.141.101.134 - - [19/Feb/2011:02:27:46 +0100] "GET /imagenes/iconos/marca_cruz_roja-rally_a_mali-8x8.png HTTP/1.1" 200 281 "http://mapas.rallyamali.com/pioneros/" "Mozilla/4.0 (compatible; MSIE 8.0; Windows NT 5.1; Trident/4.0; .NET CLR 2.0.50727; .NET CLR 3.0.4506.2152; .NET CLR 3.5.30729; InfoPath.2)"
89.141.101.134 - - [19/Feb/2011:02:27:46 +0100] "GET /favicon.ico HTTP/1.1" 404 261 "-" "Mozilla/4.0 (compatible; MSIE 8.0; Windows NT 5.1; Trident/4.0; .NET CLR 2.0.50727; .NET CLR 3.0.4506.2152; .NET CLR 3.5.30729; InfoPath.2)"
89.141.101.134 - - [19/Feb/2011:02:27:51 +0100] "GET /pioneros/index.php?ruti=ruti2 HTTP/1.1" 200 5065 "http://mapas.rallyamali.com/pioneros/" "Mozilla/4.0 (compatible; MSIE 8.0; Windows NT 5.1; Trident/4.0; .NET CLR 2.0.50727; .NET CLR 3.0.4506.2152; .NET CLR 3.5.30729; InfoPath.2)"
89.141.101.134 - - [19/Feb/2011:02:27:52 +0100] "GET /imagenes/maquetacion/imagen_cabecera-3.jpg HTTP/1.1" 304 - "http://mapas.rallyamali.com/pioneros/index.php?ruti=ruti2" "Mozilla/4.0 (compatible; MSIE 8.0; Windows NT 5.1; Trident/4.0; .NET CLR 2.0.50727; .NET CLR 3.0.4506.2152; .NET CLR 3.5.30729; InfoPath.2)"
89.141.101.134 - - [19/Feb/2011:02:27:52 +0100] "GET /imagenes/iconos/marca_cruz_roja-rally_a_mali-8x8.png HTTP/1.1" 304 - "http://mapas.rallyamali.com/pioneros/index.php?ruti=ruti2" "Mozilla/4.0 (compatible; MSIE 8.0; Windows NT 5.1; Trident/4.0; .NET CLR 2.0.50727; .NET CLR 3.0.4506.2152; .NET CLR 3.5.30729; InfoPath.2)"
89.141.101.134 - - [19/Feb/2011:02:27:52 +0100] "GET /favicon.ico HTTP/1.1" 404 261 "-" "Mozilla/4.0 (compatible; MSIE 8.0; Windows NT 5.1; Trident/4.0; .NET CLR 2.0.50727; .NET CLR 3.0.4506.2152; .NET CLR 3.5.30729; InfoPath.2)"
89.141.101.134 - - [19/Feb/2011:02:27:54 +0100] "GET /pioneros/index.php?ruti=ruti3 HTTP/1.1" 200 3858 "http://mapas.rallyamali.com/pioneros/index.php?ruti=ruti2" "Mozilla/4.0 (compatible; MSIE 8.0; Windows NT 5.1; Trident/4.0; .NET CLR 2.0.50727; .NET CLR 3.0.4506.2152; .NET CLR 3.5.30729; InfoPath.2)"
89.141.101.134 - - [19/Feb/2011:02:27:55 +0100] "GET /imagenes/maquetacion/imagen_cabecera-3.jpg HTTP/1.1" 304 - "http://mapas.rallyamali.com/pioneros/index.php?ruti=ruti3" "Mozilla/4.0 (compatible; MSIE 8.0; Windows NT 5.1; Trident/4.0; .NET CLR 2.0.50727; .NET CLR 3.0.4506.2152; .NET CLR 3.5.30729; InfoPath.2)"
89.141.101.134 - - [19/Feb/2011:02:27:55 +0100] "GET /imagenes/iconos/marca_cruz_roja-rally_a_mali-8x8.png HTTP/1.1" 304 - "http://mapas.rallyamali.com/pioneros/index.php?ruti=ruti3" "Mozilla/4.0 (compatible; MSIE 8.0; Windows NT 5.1; Trident/4.0; .NET CLR 2.0.50727; .NET CLR 3.0.4506.2152; .NET CLR 3.5.30729; InfoPath.2)"
89.141.101.134 - - [19/Feb/2011:02:28:00 +0100] "GET /pioneros/index.php?ruti=ruti5 HTTP/1.1" 200 3780 "http://mapas.rallyamali.com/pioneros/index.php?ruti=ruti3" "Mozilla/4.0 (compatible; MSIE 8.0; Windows NT 5.1; Trident/4.0; .NET CLR 2.0.50727; .NET CLR 3.0.4506.2152; .NET CLR 3.5.30729; InfoPath.2)"
89.141.101.134 - - [19/Feb/2011:02:28:00 +0100] "GET /imagenes/maquetacion/imagen_cabecera-3.jpg HTTP/1.1" 304 - "http://mapas.rallyamali.com/pioneros/index.php?ruti=ruti5" "Mozilla/4.0 (compatible; MSIE 8.0; Windows NT 5.1; Trident/4.0; .NET CLR 2.0.50727; .NET CLR 3.0.4506.2152; .NET CLR 3.5.30729; InfoPath.2)"
89.141.101.134 - - [19/Feb/2011:02:28:00 +0100] "GET /imagenes/iconos/marca_cruz_roja-rally_a_mali-8x8.png HTTP/1.1" 304 - "http://mapas.rallyamali.com/pioneros/index.php?ruti=ruti5" "Mozilla/4.0 (compatible; MSIE 8.0; Windows NT 5.1; Trident/4.0; .NET CLR 2.0.50727; .NET CLR 3.0.4506.2152; .NET CLR 3.5.30729; InfoPath.2)"
89.141.101.134 - - [19/Feb/2011:02:28:03 +0100] "GET /pioneros/index.php?ruti=ruti4 HTTP/1.1" 200 3033 "http://mapas.rallyamali.com/pioneros/index.php?ruti=ruti5" "Mozilla/4.0 (compatible; MSIE 8.0; Windows NT 5.1; Trident/4.0; .NET CLR 2.0.50727; .NET CLR 3.0.4506.2152; .NET CLR 3.5.30729; InfoPath.2)"
89.141.101.134 - - [19/Feb/2011:02:28:03 +0100] "GET /imagenes/maquetacion/imagen_cabecera-3.jpg HTTP/1.1" 304 - "http://mapas.rallyamali.com/pioneros/index.php?ruti=ruti4" "Mozilla/4.0 (compatible; MSIE 8.0; Windows NT 5.1; Trident/4.0; .NET CLR 2.0.50727; .NET CLR 3.0.4506.2152; .NET CLR 3.5.30729; InfoPath.2)"
89.141.101.134 - - [19/Feb/2011:02:28:03 +0100] "GET /imagenes/iconos/marca_cruz_roja-rally_a_mali-8x8.png HTTP/1.1" 304 - "http://mapas.rallyamali.com/pioneros/index.php?ruti=ruti4" "Mozilla/4.0 (compatible; MSIE 8.0; Windows NT 5.1; Trident/4.0; .NET CLR 2.0.50727; .NET CLR 3.0.4506.2152; .NET CLR 3.5.30729; InfoPath.2)"
89.141.101.134 - - [19/Feb/2011:02:28:06 +0100] "GET /pioneros/index.php?ruti=ruti11 HTTP/1.1" 200 4094 "http://mapas.rallyamali.com/pioneros/index.php?ruti=ruti4" "Mozilla/4.0 (compatible; MSIE 8.0; Windows NT 5.1; Trident/4.0; .NET CLR 2.0.50727; .NET CLR 3.0.4506.2152; .NET CLR 3.5.30729; InfoPath.2)"
89.141.101.134 - - [19/Feb/2011:02:28:07 +0100] "GET /imagenes/maquetacion/imagen_cabecera-3.jpg HTTP/1.1" 304 - "http://mapas.rallyamali.com/pioneros/index.php?ruti=ruti11" "Mozilla/4.0 (compatible; MSIE 8.0; Windows NT 5.1; Trident/4.0; .NET CLR 2.0.50727; .NET CLR 3.0.4506.2152; .NET CLR 3.5.30729; InfoPath.2)"
89.141.101.134 - - [19/Feb/2011:02:28:07 +0100] "GET /imagenes/iconos/marca_cruz_roja-rally_a_mali-8x8.png HTTP/1.1" 304 - "http://mapas.rallyamali.com/pioneros/index.php?ruti=ruti11" "Mozilla/4.0 (compatible; MSIE 8.0; Windows NT 5.1; Trident/4.0; .NET CLR 2.0.50727; .NET CLR 3.0.4506.2152; .NET CLR 3.5.30729; InfoPath.2)"
89.141.101.134 - - [19/Feb/2011:02:28:24 +0100] "GET /pioneros/index.php?ruti=ruti7 HTTP/1.1" 200 4506 "http://mapas.rallyamali.com/pioneros/index.php?ruti=ruti11" "Mozilla/4.0 (compatible; MSIE 8.0; Windows NT 5.1; Trident/4.0; .NET CLR 2.0.50727; .NET CLR 3.0.4506.2152; .NET CLR 3.5.30729; InfoPath.2)"
89.141.101.134 - - [19/Feb/2011:02:28:25 +0100] "GET /imagenes/maquetacion/imagen_cabecera-3.jpg HTTP/1.1" 304 - "http://mapas.rallyamali.com/pioneros/index.php?ruti=ruti7" "Mozilla/4.0 (compatible; MSIE 8.0; Windows NT 5.1; Trident/4.0; .NET CLR 2.0.50727; .NET CLR 3.0.4506.2152; .NET CLR 3.5.30729; InfoPath.2)"
89.141.101.134 - - [19/Feb/2011:02:28:25 +0100] "GET /imagenes/iconos/marca_cruz_roja-rally_a_mali-8x8.png HTTP/1.1" 304 - "http://mapas.rallyamali.com/pioneros/index.php?ruti=ruti7" "Mozilla/4.0 (compatible; MSIE 8.0; Windows NT 5.1; Trident/4.0; .NET CLR 2.0.50727; .NET CLR 3.0.4506.2152; .NET CLR 3.5.30729; InfoPath.2)"
65.182.110.102 - - [19/Feb/2011:03:57:53 +0100] "GET /scripts/setup.php HTTP/1.1" 404 265 "-" "ZmEu"
65.182.110.102 - - [19/Feb/2011:03:57:59 +0100] "GET /admin/phpmyadmin/scripts/setup.php HTTP/1.1" 404 275 "-" "ZmEu"
65.182.110.102 - - [19/Feb/2011:03:57:59 +0100] "GET /db/scripts/setup.php HTTP/1.1" 404 267 "-" "ZmEu"
65.182.110.102 - - [19/Feb/2011:03:58:06 +0100] "GET /mysql/scripts/setup.php HTTP/1.1" 404 271 "-" "ZmEu"
65.182.110.102 - - [19/Feb/2011:03:58:06 +0100] "GET /mysqladmin/scripts/setup.php HTTP/1.1" 404 274 "-" "ZmEu"
65.182.110.102 - - [19/Feb/2011:03:58:18 +0100] "GET /phpmyadmin1/scripts/setup.php HTTP/1.1" 404 274 "-" "ZmEu"
65.182.110.102 - - [19/Feb/2011:03:58:19 +0100] "GET /phpmyadmin2/scripts/setup.php HTTP/1.1" 404 274 "-" "ZmEu"
65.182.110.102 - - [19/Feb/2011:03:58:22 +0100] "GET /web/phpMyAdmin/scripts/setup.php HTTP/1.1" 404 276 "-" "ZmEu"
65.182.110.102 - - [19/Feb/2011:03:58:25 +0100] "GET /web/scripts/setup.php HTTP/1.1" 404 269 "-" "ZmEu"
65.182.110.102 - - [19/Feb/2011:03:58:26 +0100] "GET /php-my-admin/scripts/setup.php HTTP/1.1" 404 275 "-" "ZmEu"
65.182.110.102 - - [19/Feb/2011:03:58:26 +0100] "GET /websql/scripts/setup.php HTTP/1.1" 404 271 "-" "ZmEu"
65.182.110.102 - - [19/Feb/2011:03:58:27 +0100] "GET /phpmyadmin/scripts/setup.php HTTP/1.1" 401 364 "-" "ZmEu"
65.182.110.102 - - [19/Feb/2011:03:58:27 +0100] "GET /phpMyAdmin/scripts/setup.php HTTP/1.1" 404 273 "-" "ZmEu"
65.182.110.102 - - [19/Feb/2011:03:58:28 +0100] "GET /phpMyAdmin-2/scripts/setup.php HTTP/1.1" 404 275 "-" "ZmEu"
65.182.110.102 - - [19/Feb/2011:03:58:28 +0100] "GET /php-my-admin/scripts/setup.php HTTP/1.1" 404 275 "-" "ZmEu"
65.182.110.102 - - [19/Feb/2011:03:58:32 +0100] "GET /phpMyAdmin-2.2.6/scripts/setup.php HTTP/1.1" 404 277 "-" "ZmEu"
65.182.110.102 - - [19/Feb/2011:03:58:32 +0100] "GET /phpMyAdmin-2.5.1/scripts/setup.php HTTP/1.1" 404 278 "-" "ZmEu"
65.182.110.102 - - [19/Feb/2011:03:58:36 +0100] "GET /phpMyAdmin-2.5.5-rc1/scripts/setup.php HTTP/1.1" 404 281 "-" "ZmEu"
65.182.110.102 - - [19/Feb/2011:03:58:36 +0100] "GET /phpMyAdmin-2.5.5-rc2/scripts/setup.php HTTP/1.1" 404 281 "-" "ZmEu"
65.182.110.102 - - [19/Feb/2011:03:58:36 +0100] "GET /phpMyAdmin-2.5.5/scripts/setup.php HTTP/1.1" 404 278 "-" "ZmEu"
65.182.110.102 - - [19/Feb/2011:03:58:36 +0100] "GET /phpMyAdmin-2.5.5-pl1/scripts/setup.php HTTP/1.1" 404 281 "-" "ZmEu"
65.182.110.102 - - [19/Feb/2011:03:58:46 +0100] "GET /phpMyAdmin-2.5.7/scripts/setup.php HTTP/1.1" 404 278 "-" "ZmEu"
65.182.110.102 - - [19/Feb/2011:03:58:46 +0100] "GET /phpMyAdmin-2.5.7-pl1/scripts/setup.php HTTP/1.1" 404 281 "-" "ZmEu"
65.182.110.102 - - [19/Feb/2011:03:58:46 +0100] "GET /phpMyAdmin-2.6.0-alpha/scripts/setup.php HTTP/1.1" 404 282 "-" "ZmEu"
65.182.110.102 - - [19/Feb/2011:03:58:47 +0100] "GET /phpMyAdmin-2.6.0-alpha2/scripts/setup.php HTTP/1.1" 404 283 "-" "ZmEu"
65.182.110.102 - - [19/Feb/2011:03:58:47 +0100] "GET /phpMyAdmin-2.6.0-beta1/scripts/setup.php HTTP/1.1" 404 282 "-" "ZmEu"
65.182.110.102 - - [19/Feb/2011:03:58:47 +0100] "GET /phpMyAdmin-2.6.0-beta2/scripts/setup.php HTTP/1.1" 404 282 "-" "ZmEu"
65.182.110.102 - - [19/Feb/2011:03:58:51 +0100] "GET /phpMyAdmin-2.6.0-rc2/scripts/setup.php HTTP/1.1" 404 281 "-" "ZmEu"
65.182.110.102 - - [19/Feb/2011:03:58:51 +0100] "GET /phpMyAdmin-2.6.0-rc3/scripts/setup.php HTTP/1.1" 404 282 "-" "ZmEu"
65.182.110.102 - - [19/Feb/2011:03:58:55 +0100] "GET /phpMyAdmin-2.6.0-pl1/scripts/setup.php HTTP/1.1" 404 281 "-" "ZmEu"
65.182.110.102 - - [19/Feb/2011:03:58:56 +0100] "GET /phpMyAdmin-2.6.0-pl2/scripts/setup.php HTTP/1.1" 404 281 "-" "ZmEu"
65.182.110.102 - - [19/Feb/2011:03:58:57 +0100] "GET /phpMyAdmin-2.6.0-pl3/scripts/setup.php HTTP/1.1" 404 282 "-" "ZmEu"
65.182.110.102 - - [19/Feb/2011:03:58:57 +0100] "GET /phpMyAdmin-2.6.1-rc1/scripts/setup.php HTTP/1.1" 404 281 "-" "ZmEu"
65.182.110.102 - - [19/Feb/2011:03:58:58 +0100] "GET /phpMyAdmin-2.6.1-rc2/scripts/setup.php HTTP/1.1" 404 281 "-" "ZmEu"
65.182.110.102 - - [19/Feb/2011:03:58:59 +0100] "GET /phpMyAdmin-2.6.1/scripts/setup.php HTTP/1.1" 404 278 "-" "ZmEu"
65.182.110.102 - - [19/Feb/2011:03:58:59 +0100] "GET /phpMyAdmin-2.6.1-pl1/scripts/setup.php HTTP/1.1" 404 281 "-" "ZmEu"
65.182.110.102 - - [19/Feb/2011:03:59:00 +0100] "GET /phpMyAdmin-2.6.1-pl2/scripts/setup.php HTTP/1.1" 404 281 "-" "ZmEu"
65.182.110.102 - - [19/Feb/2011:03:59:00 +0100] "GET /phpMyAdmin-2.6.1-pl3/scripts/setup.php HTTP/1.1" 404 281 "-" "ZmEu"
65.182.110.102 - - [19/Feb/2011:03:59:00 +0100] "GET /phpMyAdmin-2.6.2-rc1/scripts/setup.php HTTP/1.1" 404 281 "-" "ZmEu"
65.182.110.102 - - [19/Feb/2011:03:59:04 +0100] "GET /phpMyAdmin-2.6.2-rc1/scripts/setup.php HTTP/1.1" 404 281 "-" "ZmEu"
65.182.110.102 - - [19/Feb/2011:03:59:05 +0100] "GET /phpMyAdmin-2.6.2/scripts/setup.php HTTP/1.1" 404 278 "-" "ZmEu"
65.182.110.102 - - [19/Feb/2011:03:59:05 +0100] "GET /phpMyAdmin-2.6.2-pl1/scripts/setup.php HTTP/1.1" 404 281 "-" "ZmEu"
65.182.110.102 - - [19/Feb/2011:03:59:05 +0100] "GET /phpMyAdmin-2.6.3/scripts/setup.php HTTP/1.1" 404 279 "-" "ZmEu"
65.182.110.102 - - [19/Feb/2011:03:59:06 +0100] "GET /phpMyAdmin-2.6.3-rc1/scripts/setup.php HTTP/1.1" 404 281 "-" "ZmEu"
65.182.110.102 - - [19/Feb/2011:03:59:06 +0100] "GET /phpMyAdmin-2.6.3/scripts/setup.php HTTP/1.1" 404 279 "-" "ZmEu"
65.182.110.102 - - [19/Feb/2011:03:59:07 +0100] "GET /phpMyAdmin-2.6.3-pl1/scripts/setup.php HTTP/1.1" 404 281 "-" "ZmEu"
65.182.110.102 - - [19/Feb/2011:03:59:08 +0100] "GET /phpMyAdmin-2.6.4-rc1/scripts/setup.php HTTP/1.1" 404 281 "-" "ZmEu"
65.182.110.102 - - [19/Feb/2011:03:59:11 +0100] "GET /phpMyAdmin-2.6.4-pl2/scripts/setup.php HTTP/1.1" 404 281 "-" "ZmEu"
65.182.110.102 - - [19/Feb/2011:03:59:12 +0100] "GET /phpMyAdmin-2.6.4-pl3/scripts/setup.php HTTP/1.1" 404 282 "-" "ZmEu"
65.182.110.102 - - [19/Feb/2011:03:59:13 +0100] "GET /phpMyAdmin-2.6.4-pl4/scripts/setup.php HTTP/1.1" 404 281 "-" "ZmEu"
65.182.110.102 - - [19/Feb/2011:03:59:14 +0100] "GET /phpMyAdmin-2.6.4/scripts/setup.php HTTP/1.1" 404 278 "-" "ZmEu"
65.182.110.102 - - [19/Feb/2011:03:59:15 +0100] "GET /phpMyAdmin-2.7.0-beta1/scripts/setup.php HTTP/1.1" 404 282 "-" "ZmEu"
65.182.110.102 - - [19/Feb/2011:03:59:16 +0100] "GET /phpMyAdmin-2.7.0-rc1/scripts/setup.php HTTP/1.1" 404 281 "-" "ZmEu"
65.182.110.102 - - [19/Feb/2011:03:59:17 +0100] "GET /phpMyAdmin-2.7.0-pl1/scripts/setup.php HTTP/1.1" 404 281 "-" "ZmEu"
65.182.110.102 - - [19/Feb/2011:03:59:18 +0100] "GET /phpMyAdmin-2.7.0-pl2/scripts/setup.php HTTP/1.1" 404 281 "-" "ZmEu"
65.182.110.102 - - [19/Feb/2011:03:59:19 +0100] "GET /phpMyAdmin-2.7.0/scripts/setup.php HTTP/1.1" 404 278 "-" "ZmEu"
65.182.110.102 - - [19/Feb/2011:03:59:20 +0100] "GET /phpMyAdmin-2.8.0-beta1/scripts/setup.php HTTP/1.1" 404 282 "-" "ZmEu"
65.182.110.102 - - [19/Feb/2011:03:59:21 +0100] "GET /phpMyAdmin-2.8.0-rc1/scripts/setup.php HTTP/1.1" 404 281 "-" "ZmEu"
65.182.110.102 - - [19/Feb/2011:03:59:22 +0100] "GET /phpMyAdmin-2.8.0-rc2/scripts/setup.php HTTP/1.1" 404 281 "-" "ZmEu"
65.182.110.102 - - [19/Feb/2011:03:59:23 +0100] "GET /phpMyAdmin-2.8.0/scripts/setup.php HTTP/1.1" 404 278 "-" "ZmEu"
65.182.110.102 - - [19/Feb/2011:03:59:23 +0100] "GET /phpMyAdmin-2.8.0.1/scripts/setup.php HTTP/1.1" 404 280 "-" "ZmEu"
65.182.110.102 - - [19/Feb/2011:03:59:24 +0100] "GET /phpMyAdmin-2.8.0.2/scripts/setup.php HTTP/1.1" 404 280 "-" "ZmEu"
65.182.110.102 - - [19/Feb/2011:03:59:25 +0100] "GET /phpMyAdmin-2.8.0.3/scripts/setup.php HTTP/1.1" 404 280 "-" "ZmEu"
65.182.110.102 - - [19/Feb/2011:03:59:26 +0100] "GET /phpMyAdmin-2.8.0.4/scripts/setup.php HTTP/1.1" 404 280 "-" "ZmEu"
65.182.110.102 - - [19/Feb/2011:03:59:27 +0100] "GET /phpMyAdmin-2.8.1-rc1/scripts/setup.php HTTP/1.1" 404 281 "-" "ZmEu"
65.182.110.102 - - [19/Feb/2011:03:59:27 +0100] "GET /phpMyAdmin-2.8.1/scripts/setup.php HTTP/1.1" 404 278 "-" "ZmEu"
65.182.110.102 - - [19/Feb/2011:03:59:28 +0100] "GET /phpMyAdmin-2.8.2/scripts/setup.php HTTP/1.1" 404 278 "-" "ZmEu"
65.182.110.102 - - [19/Feb/2011:03:59:29 +0100] "GET /sqlmanager/scripts/setup.php HTTP/1.1" 404 274 "-" "ZmEu"
65.182.110.102 - - [19/Feb/2011:03:59:29 +0100] "GET /mysqlmanager/scripts/setup.php HTTP/1.1" 404 276 "-" "ZmEu"
65.182.110.102 - - [19/Feb/2011:03:59:29 +0100] "GET /p/m/a/scripts/setup.php HTTP/1.1" 404 270 "-" "ZmEu"
65.182.110.102 - - [19/Feb/2011:03:59:30 +0100] "GET /PMA2005/scripts/setup.php HTTP/1.1" 404 272 "-" "ZmEu"
65.182.110.102 - - [19/Feb/2011:03:59:31 +0100] "GET /pma2005/scripts/setup.php HTTP/1.1" 404 272 "-" "ZmEu"
65.182.110.102 - - [19/Feb/2011:03:59:31 +0100] "GET /phpmanager/scripts/setup.php HTTP/1.1" 404 273 "-" "ZmEu"
65.182.110.102 - - [19/Feb/2011:03:59:32 +0100] "GET /php-myadmin/scripts/setup.php HTTP/1.1" 404 274 "-" "ZmEu"
65.182.110.102 - - [19/Feb/2011:03:59:33 +0100] "GET /phpmy-admin/scripts/setup.php HTTP/1.1" 404 274 "-" "ZmEu"
65.182.110.102 - - [19/Feb/2011:03:59:33 +0100] "GET /webadmin/scripts/setup.php HTTP/1.1" 404 273 "-" "ZmEu"
65.182.110.102 - - [19/Feb/2011:03:59:34 +0100] "GET /sqlweb/scripts/setup.php HTTP/1.1" 404 271 "-" "ZmEu"
65.182.110.102 - - [19/Feb/2011:03:59:34 +0100] "GET /websql/scripts/setup.php HTTP/1.1" 404 271 "-" "ZmEu"
65.182.110.102 - - [19/Feb/2011:03:59:35 +0100] "GET /webdb/scripts/setup.php HTTP/1.1" 404 271 "-" "ZmEu"
65.182.110.102 - - [19/Feb/2011:03:59:35 +0100] "GET /mysqladmin/scripts/setup.php HTTP/1.1" 404 274 "-" "ZmEu"
65.182.110.102 - - [19/Feb/2011:03:59:36 +0100] "GET /mysql-admin/scripts/setup.php HTTP/1.1" 404 275 "-" "ZmEu"
65.182.110.102 - - [19/Feb/2011:03:59:36 +0100] "GET /forum/SqlMyAdmin/scripts/setup.php HTTP/1.1" 404 279 "-" "ZmEu"
95.108.246.252 - - [19/Feb/2011:05:47:00 +0100] "GET /pioneros/index.php?ruti=ruti7 HTTP/1.1" 200 4506 "-" "Mozilla/5.0 (compatible; YandexBot/3.0; +http://yandex.com/bots)"
95.108.246.252 - - [19/Feb/2011:05:47:13 +0100] "GET /pioneros/index.php?ruti=ruti4 HTTP/1.1" 200 3033 "-" "Mozilla/5.0 (compatible; YandexBot/3.0; +http://yandex.com/bots)"
95.108.246.252 - - [19/Feb/2011:05:47:16 +0100] "GET /pioneros/index.php?ruti=ruti5 HTTP/1.1" 200 3780 "-" "Mozilla/5.0 (compatible; YandexBot/3.0; +http://yandex.com/bots)"
95.108.246.252 - - [19/Feb/2011:05:47:19 +0100] "GET /pioneros/index.php?ruti=ruti10 HTTP/1.1" 200 3623 "-" "Mozilla/5.0 (compatible; YandexBot/3.0; +http://yandex.com/bots)"
123.125.66.23 - - [19/Feb/2011:06:38:31 +0100] "GET /robots.txt HTTP/1.1" 404 262 "-" "Baiduspider+(+http://www.baidu.com/search/spider.htm)"
119.63.196.104 - - [19/Feb/2011:14:50:21 +0100] "GET /robots.txt HTTP/1.1" 404 262 "-" "Baiduspider+(+http://www.baidu.com/search/spider.htm)"
95.142.162.193 - - [19/Feb/2011:15:33:33 +0100] "HEAD /pioneros/ HTTP/1.0" 200 - "-" "WordPress/1704; http://www.desafioxplora.com"
95.142.162.193 - - [19/Feb/2011:15:33:33 +0100] "GET /pioneros/ HTTP/1.0" 200 22907 "-" "WordPress/1704; http://www.desafioxplora.com"
95.142.162.193 - - [19/Feb/2011:15:34:22 +0100] "HEAD /pioneros/ HTTP/1.0" 200 - "-" "WordPress/448; http://www.desafioxplora.com"
67.195.114.56 - - [19/Feb/2011:17:34:57 +0100] "GET /robots.txt HTTP/1.0" 404 262 "-" "Mozilla/5.0 (compatible; Yahoo! Slurp; http://help.yahoo.com/help/us/ysearch/slurp)"
67.195.114.56 - - [19/Feb/2011:17:34:57 +0100] "GET /pioneros/index.php?ruti=ruti5 HTTP/1.0" 200 3780 "-" "Mozilla/5.0 (compatible; Yahoo! Slurp; http://help.yahoo.com/help/us/ysearch/slurp)"
95.108.246.252 - - [19/Feb/2011:20:14:22 +0100] "GET /robots.txt HTTP/1.1" 404 320 "-" "Mozilla/5.0 (compatible; YandexBot/3.0; +http://yandex.com/bots)"
208.115.111.249 - - [19/Feb/2011:21:10:25 +0100] "GET /robots.txt HTTP/1.1" 404 262 "-" "Mozilla/5.0 (compatible; DotBot/1.1; http://www.dotnetdotcom.org/, crawler@dotnetdotcom.org)"
220.181.7.28 - - [20/Feb/2011:00:29:19 +0100] "GET /robots.txt HTTP/1.1" 404 262 "-" "Baiduspider+(+http://www.baidu.com/search/spider.htm)"
95.108.246.252 - - [20/Feb/2011:01:09:35 +0100] "GET / HTTP/1.1" 200 49 "-" "Mozilla/5.0 (compatible; YandexBot/3.0; +http://yandex.com/bots)"
95.108.246.252 - - [20/Feb/2011:01:10:09 +0100] "GET /pioneros/index.php?ruti=ruti16 HTTP/1.1" 200 2986 "-" "Mozilla/5.0 (compatible; YandexBot/3.0; +http://yandex.com/bots)"
208.115.111.249 - - [20/Feb/2011:02:04:43 +0100] "GET /robots.txt HTTP/1.1" 404 262 "-" "Mozilla/5.0 (compatible; DotBot/1.1; http://www.dotnetdotcom.org/, crawler@dotnetdotcom.org)"
208.115.111.249 - - [20/Feb/2011:02:49:57 +0100] "GET /pioneros HTTP/1.1" 301 270 "-" "Mozilla/5.0 (compatible; DotBot/1.1; http://www.dotnetdotcom.org/, crawler@dotnetdotcom.org)"
208.115.111.249 - - [20/Feb/2011:02:50:12 +0100] "GET /pioneros/ HTTP/1.1" 200 3990 "-" "Mozilla/5.0 (compatible; DotBot/1.1; http://www.dotnetdotcom.org/, crawler@dotnetdotcom.org)"
208.115.111.249 - - [20/Feb/2011:02:50:16 +0100] "GET /pioneros/index.php?ruti=ruti0 HTTP/1.1" 200 3004 "-" "Mozilla/5.0 (compatible; DotBot/1.1; http://www.dotnetdotcom.org/, crawler@dotnetdotcom.org)"
208.115.111.249 - - [20/Feb/2011:02:50:21 +0100] "GET /pioneros/index.php?ruti=ruti11 HTTP/1.1" 200 4094 "-" "Mozilla/5.0 (compatible; DotBot/1.1; http://www.dotnetdotcom.org/, crawler@dotnetdotcom.org)"
208.115.111.249 - - [20/Feb/2011:02:50:26 +0100] "GET /pioneros/index.php?ruti=ruti12 HTTP/1.1" 200 5364 "-" "Mozilla/5.0 (compatible; DotBot/1.1; http://www.dotnetdotcom.org/, crawler@dotnetdotcom.org)"
208.115.111.249 - - [20/Feb/2011:02:50:31 +0100] "GET /pioneros/index.php?ruti=ruti14 HTTP/1.1" 200 3112 "-" "Mozilla/5.0 (compatible; DotBot/1.1; http://www.dotnetdotcom.org/, crawler@dotnetdotcom.org)"
95.108.246.252 - - [20/Feb/2011:03:45:50 +0100] "GET /pioneros/index.php?ruti=ruti0 HTTP/1.1" 200 3004 "-" "Mozilla/5.0 (compatible; YandexBot/3.0; +http://yandex.com/bots)"
208.115.111.249 - - [20/Feb/2011:06:50:59 +0100] "GET /robots.txt HTTP/1.1" 404 262 "-" "Mozilla/5.0 (compatible; DotBot/1.1; http://www.dotnetdotcom.org/, crawler@dotnetdotcom.org)"
208.115.111.249 - - [20/Feb/2011:07:33:34 +0100] "GET /pioneros/index.php?ruti=ruti1 HTTP/1.1" 200 3990 "-" "Mozilla/5.0 (compatible; DotBot/1.1; http://www.dotnetdotcom.org/, crawler@dotnetdotcom.org)"
208.115.111.249 - - [20/Feb/2011:07:33:37 +0100] "GET /pioneros/index.php?ruti=ruti15 HTTP/1.1" 200 5093 "-" "Mozilla/5.0 (compatible; DotBot/1.1; http://www.dotnetdotcom.org/, crawler@dotnetdotcom.org)"
208.115.111.249 - - [20/Feb/2011:07:33:42 +0100] "GET /pioneros/index.php?ruti=ruti16 HTTP/1.1" 200 2986 "-" "Mozilla/5.0 (compatible; DotBot/1.1; http://www.dotnetdotcom.org/, crawler@dotnetdotcom.org)"
208.115.111.249 - - [20/Feb/2011:07:33:47 +0100] "GET /pioneros/index.php?ruti=ruti17 HTTP/1.1" 200 2635 "-" "Mozilla/5.0 (compatible; DotBot/1.1; http://www.dotnetdotcom.org/, crawler@dotnetdotcom.org)"
208.115.111.249 - - [20/Feb/2011:07:33:52 +0100] "GET /pioneros/index.php?ruti=ruti18 HTTP/1.1" 200 3941 "-" "Mozilla/5.0 (compatible; DotBot/1.1; http://www.dotnetdotcom.org/, crawler@dotnetdotcom.org)"
208.115.111.249 - - [20/Feb/2011:07:33:57 +0100] "GET /pioneros/index.php?ruti=ruti3 HTTP/1.1" 200 3858 "-" "Mozilla/5.0 (compatible; DotBot/1.1; http://www.dotnetdotcom.org/, crawler@dotnetdotcom.org)"
208.115.111.249 - - [20/Feb/2011:07:34:02 +0100] "GET /pioneros/index.php?ruti=ruti4 HTTP/1.1" 200 3033 "-" "Mozilla/5.0 (compatible; DotBot/1.1; http://www.dotnetdotcom.org/, crawler@dotnetdotcom.org)"
208.115.111.249 - - [20/Feb/2011:07:34:08 +0100] "GET /pioneros/index.php?ruti=ruti5 HTTP/1.1" 200 3780 "-" "Mozilla/5.0 (compatible; DotBot/1.1; http://www.dotnetdotcom.org/, crawler@dotnetdotcom.org)"
208.115.111.249 - - [20/Feb/2011:07:34:13 +0100] "GET /pioneros/index.php?ruti=ruti6 HTTP/1.1" 200 3085 "-" "Mozilla/5.0 (compatible; DotBot/1.1; http://www.dotnetdotcom.org/, crawler@dotnetdotcom.org)"
208.115.111.249 - - [20/Feb/2011:07:34:18 +0100] "GET /pioneros/index.php?ruti=ruti7 HTTP/1.1" 200 4506 "-" "Mozilla/5.0 (compatible; DotBot/1.1; http://www.dotnetdotcom.org/, crawler@dotnetdotcom.org)"
208.80.194.37 - - [20/Feb/2011:08:34:43 +0100] "GET / HTTP/1.0" 200 44 "-" "Mozilla/4.0 (compatible; MSIE 7.0; Windows NT 5.1; EmbeddedWB 14.52 from: http://www.bsalsa.com/ EmbeddedWB 14.52; .NET CLR 1.1.4322)"
66.249.67.49 - - [20/Feb/2011:09:13:00 +0100] "GET /robots.txt HTTP/1.1" 404 262 "-" "Mozilla/5.0 (compatible; Googlebot/2.1; +http://www.google.com/bot.html)"
66.249.67.49 - - [20/Feb/2011:09:13:01 +0100] "GET /pioneros HTTP/1.1" 301 270 "-" "Mozilla/5.0 (compatible; Googlebot/2.1; +http://www.google.com/bot.html)"
66.249.67.49 - - [20/Feb/2011:09:13:02 +0100] "GET /pioneros/ HTTP/1.1" 200 3990 "-" "Mozilla/5.0 (compatible; Googlebot/2.1; +http://www.google.com/bot.html)"
208.115.111.249 - - [20/Feb/2011:12:00:28 +0100] "GET /pioneros/index.php?ruti=ruti10 HTTP/1.1" 200 3623 "-" "Mozilla/5.0 (compatible; DotBot/1.1; http://www.dotnetdotcom.org/, crawler@dotnetdotcom.org)"
208.115.111.249 - - [20/Feb/2011:12:00:33 +0100] "GET /pioneros/index.php?ruti=ruti2 HTTP/1.1" 200 5065 "-" "Mozilla/5.0 (compatible; DotBot/1.1; http://www.dotnetdotcom.org/, crawler@dotnetdotcom.org)"
208.115.111.249 - - [20/Feb/2011:12:00:38 +0100] "GET /pioneros/index.php?ruti=ruti8 HTTP/1.1" 200 5091 "-" "Mozilla/5.0 (compatible; DotBot/1.1; http://www.dotnetdotcom.org/, crawler@dotnetdotcom.org)"
208.115.111.249 - - [20/Feb/2011:12:00:43 +0100] "GET /pioneros/index.php?ruti=ruti9 HTTP/1.1" 200 5161 "-" "Mozilla/5.0 (compatible; DotBot/1.1; http://www.dotnetdotcom.org/, crawler@dotnetdotcom.org)"
119.63.196.102 - - [20/Feb/2011:15:21:44 +0100] "GET /robots.txt HTTP/1.1" 404 262 "-" "Baiduspider+(+http://www.baidu.com/search/spider.htm)"
66.249.67.49 - - [20/Feb/2011:17:15:38 +0100] "GET /pioneros/ HTTP/1.1" 200 3990 "-" "DoCoMo/2.0 N905i(c100;TB;W24H16) (compatible; Googlebot-Mobile/2.1; +http://www.google.com/bot.html)"
66.249.67.49 - - [20/Feb/2011:17:55:45 +0100] "GET /pioneros/ HTTP/1.1" 200 3990 "-" "SAMSUNG-SGH-E250/1.0 Profile/MIDP-2.0 Configuration/CLDC-1.1 UP.Browser/6.2.3.3.c.1.101 (GUI) MMP/2.0 (compatible; Googlebot-Mobile/2.1; +http://www.google.com/bot.html)"
95.108.246.252 - - [20/Feb/2011:22:24:11 +0100] "GET /robots.txt HTTP/1.1" 404 320 "-" "Mozilla/5.0 (compatible; YandexBot/3.0; +http://yandex.com/bots)"
95.108.246.252 - - [21/Feb/2011:00:50:44 +0100] "GET /pioneros/ HTTP/1.1" 200 3990 "-" "Mozilla/5.0 (compatible; YandexBot/3.0; +http://yandex.com/bots)"
95.108.246.252 - - [21/Feb/2011:00:51:02 +0100] "GET /pioneros/index.php?ruti=ruti6 HTTP/1.1" 200 3085 "-" "Mozilla/5.0 (compatible; YandexBot/3.0; +http://yandex.com/bots)"
95.108.246.252 - - [21/Feb/2011:00:51:06 +0100] "GET /pioneros/index.php?ruti=ruti10 HTTP/1.1" 200 3623 "-" "Mozilla/5.0 (compatible; YandexBot/3.0; +http://yandex.com/bots)"
65.52.110.14 - - [21/Feb/2011:00:59:39 +0100] "GET /robots.txt HTTP/1.1" 404 320 "-" "Mozilla/5.0 (compatible; bingbot/2.0; +http://www.bing.com/bingbot.htm)"
65.52.110.14 - - [21/Feb/2011:01:00:26 +0100] "GET /pioneros/index.php?ruti=ruti6 HTTP/1.1" 200 3085 "-" "Mozilla/5.0 (compatible; bingbot/2.0; +http://www.bing.com/bingbot.htm)"
67.195.114.56 - - [21/Feb/2011:03:09:15 +0100] "GET /robots.txt HTTP/1.0" 404 262 "-" "Mozilla/5.0 (compatible; Yahoo! Slurp; http://help.yahoo.com/help/us/ysearch/slurp)"
67.195.114.56 - - [21/Feb/2011:03:09:16 +0100] "GET /pioneros/index.php?ruti=ruti10 HTTP/1.0" 200 3623 "-" "Mozilla/5.0 (compatible; Yahoo! Slurp; http://help.yahoo.com/help/us/ysearch/slurp)"
207.46.204.179 - - [21/Feb/2011:05:45:33 +0100] "GET /robots.txt HTTP/1.1" 404 320 "-" "Mozilla/5.0 (compatible; bingbot/2.0; +http://www.bing.com/bingbot.htm)"
207.46.204.179 - - [21/Feb/2011:05:46:29 +0100] "GET /pioneros/ HTTP/1.1" 200 3990 "-" "Mozilla/5.0 (compatible; bingbot/2.0; +http://www.bing.com/bingbot.htm)"
119.63.196.27 - - [21/Feb/2011:16:00:04 +0100] "GET /robots.txt HTTP/1.1" 404 262 "-" "Baiduspider+(+http://www.baidu.com/search/spider.htm)"
66.249.67.49 - - [21/Feb/2011:16:27:57 +0100] "GET /robots.txt HTTP/1.1" 404 262 "-" "DoCoMo/2.0 N905i(c100;TB;W24H16) (compatible; Googlebot-Mobile/2.1; +http://www.google.com/bot.html)"
66.249.67.49 - - [21/Feb/2011:16:27:58 +0100] "GET /pioneros/index.php?ruti=ruti17 HTTP/1.1" 200 2635 "-" "DoCoMo/2.0 N905i(c100;TB;W24H16) (compatible; Googlebot-Mobile/2.1; +http://www.google.com/bot.html)"
208.80.194.26 - - [21/Feb/2011:19:46:26 +0100] "GET / HTTP/1.0" 200 44 "-" "Mozilla/4.0 (compatible; MSIE 7.0; Windows NT 5.1; SIMBAR Enabled; Ringo; .NET CLR 1.1.4322)"
220.181.108.144 - - [21/Feb/2011:22:08:56 +0100] "GET /pioneros HTTP/1.1" 301 270 "-" "Baiduspider+(+http://www.baidu.com/search/spider.htm)"
220.181.108.153 - - [21/Feb/2011:22:08:58 +0100] "GET /pioneros/ HTTP/1.1" 200 3990 "-" "Baiduspider+(+http://www.baidu.com/search/spider.htm)"
95.108.246.252 - - [21/Feb/2011:23:30:48 +0100] "GET /robots.txt HTTP/1.1" 404 320 "-" "Mozilla/5.0 (compatible; YandexBot/3.0; +http://yandex.com/bots)"
95.108.246.252 - - [22/Feb/2011:01:51:00 +0100] "GET / HTTP/1.1" 200 49 "-" "Mozilla/5.0 (compatible; YandexBot/3.0; +http://yandex.com/bots)"
123.125.66.109 - - [22/Feb/2011:04:11:04 +0100] "GET /robots.txt HTTP/1.1" 404 262 "-" "Baiduspider+(+http://www.baidu.com/search/spider.htm)"
67.195.114.56 - - [22/Feb/2011:04:30:15 +0100] "GET /robots.txt HTTP/1.0" 404 262 "-" "Mozilla/5.0 (compatible; Yahoo! Slurp; http://help.yahoo.com/help/us/ysearch/slurp)"
67.195.114.56 - - [22/Feb/2011:04:30:15 +0100] "GET /pioneros/index.php?ruti=ruti8 HTTP/1.0" 200 5091 "-" "Mozilla/5.0 (compatible; Yahoo! Slurp; http://help.yahoo.com/help/us/ysearch/slurp)"
66.249.67.49 - - [22/Feb/2011:04:51:18 +0100] "GET /robots.txt HTTP/1.1" 404 262 "-" "SAMSUNG-SGH-E250/1.0 Profile/MIDP-2.0 Configuration/CLDC-1.1 UP.Browser/6.2.3.3.c.1.101 (GUI) MMP/2.0 (compatible; Googlebot-Mobile/2.1; +http://www.google.com/bot.html)"
66.249.67.49 - - [22/Feb/2011:04:51:18 +0100] "GET /pioneros/index.php?ruti=ruti17 HTTP/1.1" 200 2635 "-" "SAMSUNG-SGH-E250/1.0 Profile/MIDP-2.0 Configuration/CLDC-1.1 UP.Browser/6.2.3.3.c.1.101 (GUI) MMP/2.0 (compatible; Googlebot-Mobile/2.1; +http://www.google.com/bot.html)"
207.46.13.48 - - [22/Feb/2011:11:57:41 +0100] "GET /robots.txt HTTP/1.1" 404 320 "-" "Mozilla/5.0 (compatible; bingbot/2.0; +http://www.bing.com/bingbot.htm)"
207.46.13.48 - - [22/Feb/2011:11:58:30 +0100] "GET /pioneros/index.php?ruti=ruti5 HTTP/1.1" 200 3780 "-" "Mozilla/5.0 (compatible; bingbot/2.0; +http://www.bing.com/bingbot.htm)"
66.220.149.246 - - [22/Feb/2011:15:21:04 +0100] "GET /imagenes/maquetacion/imagen_cabecera-3.jpg HTTP/1.1" 200 14086 "-" "facebookexternalhit/1.0 (+http://www.facebook.com/externalhit_uatext.php)"
67.195.114.56 - - [22/Feb/2011:15:53:22 +0100] "GET /robots.txt HTTP/1.0" 404 262 "-" "Mozilla/5.0 (compatible; Yahoo! Slurp; http://help.yahoo.com/help/us/ysearch/slurp)"
67.195.114.56 - - [22/Feb/2011:15:53:22 +0100] "GET /pioneros/index.php?ruti=ruti2 HTTP/1.0" 200 5065 "-" "Mozilla/5.0 (compatible; Yahoo! Slurp; http://help.yahoo.com/help/us/ysearch/slurp)"
119.63.196.120 - - [22/Feb/2011:16:21:09 +0100] "GET /robots.txt HTTP/1.1" 404 262 "-" "Baiduspider+(+http://www.baidu.com/search/spider.htm)"
67.195.114.56 - - [22/Feb/2011:17:47:31 +0100] "GET /pioneros/index.php?ruti=ruti14 HTTP/1.0" 200 3112 "-" "Mozilla/5.0 (compatible; Yahoo! Slurp; http://help.yahoo.com/help/us/ysearch/slurp)"
95.108.246.252 - - [23/Feb/2011:00:10:33 +0100] "GET /robots.txt HTTP/1.1" 404 320 "-" "Mozilla/5.0 (compatible; YandexBot/3.0; +http://yandex.com/bots)"
67.195.114.56 - - [23/Feb/2011:00:49:16 +0100] "GET /robots.txt HTTP/1.0" 404 262 "-" "Mozilla/5.0 (compatible; Yahoo! Slurp; http://help.yahoo.com/help/us/ysearch/slurp)"
67.195.114.56 - - [23/Feb/2011:00:49:16 +0100] "GET /pioneros/index.php?ruti=ruti11 HTTP/1.0" 200 4094 "-" "Mozilla/5.0 (compatible; Yahoo! Slurp; http://help.yahoo.com/help/us/ysearch/slurp)"
123.125.71.56 - - [23/Feb/2011:00:51:41 +0100] "GET /robots.txt HTTP/1.1" 404 262 "-" "Baiduspider+(+http://www.baidu.com/search/spider.htm)"
95.108.246.252 - - [23/Feb/2011:01:20:44 +0100] "GET /pioneros/index.php?ruti=ruti17 HTTP/1.1" 200 2635 "-" "Mozilla/5.0 (compatible; YandexBot/3.0; +http://yandex.com/bots)"
95.108.246.252 - - [23/Feb/2011:02:17:08 +0100] "GET /pioneros/ HTTP/1.1" 200 3990 "-" "Mozilla/5.0 (compatible; YandexBot/3.0; +http://yandex.com/bots)"
95.108.246.252 - - [23/Feb/2011:02:17:12 +0100] "GET /pioneros/index.php?ruti=ruti14 HTTP/1.1" 200 3112 "-" "Mozilla/5.0 (compatible; YandexBot/3.0; +http://yandex.com/bots)"
95.108.246.252 - - [23/Feb/2011:02:17:14 +0100] "GET /pioneros/index.php?ruti=ruti2 HTTP/1.1" 200 5065 "-" "Mozilla/5.0 (compatible; YandexBot/3.0; +http://yandex.com/bots)"
95.108.246.252 - - [23/Feb/2011:02:17:17 +0100] "GET /pioneros/index.php?ruti=ruti10 HTTP/1.1" 200 3623 "-" "Mozilla/5.0 (compatible; YandexBot/3.0; +http://yandex.com/bots)"
95.108.246.252 - - [23/Feb/2011:02:17:19 +0100] "GET /pioneros/index.php?ruti=ruti9 HTTP/1.1" 200 5161 "-" "Mozilla/5.0 (compatible; YandexBot/3.0; +http://yandex.com/bots)"
95.108.246.252 - - [23/Feb/2011:02:17:22 +0100] "GET /pioneros/index.php?ruti=ruti15 HTTP/1.1" 200 5093 "-" "Mozilla/5.0 (compatible; YandexBot/3.0; +http://yandex.com/bots)"
95.108.246.252 - - [23/Feb/2011:02:17:24 +0100] "GET /pioneros/index.php?ruti=ruti12 HTTP/1.1" 200 5364 "-" "Mozilla/5.0 (compatible; YandexBot/3.0; +http://yandex.com/bots)"
95.108.246.252 - - [23/Feb/2011:02:17:28 +0100] "GET /pioneros/index.php?ruti=ruti18 HTTP/1.1" 200 3941 "-" "Mozilla/5.0 (compatible; YandexBot/3.0; +http://yandex.com/bots)"
95.108.246.252 - - [23/Feb/2011:02:17:35 +0100] "GET /pioneros/index.php?ruti=ruti1 HTTP/1.1" 200 3990 "-" "Mozilla/5.0 (compatible; YandexBot/3.0; +http://yandex.com/bots)"
95.108.246.252 - - [23/Feb/2011:02:17:38 +0100] "GET /pioneros/index.php?ruti=ruti8 HTTP/1.1" 200 5091 "-" "Mozilla/5.0 (compatible; YandexBot/3.0; +http://yandex.com/bots)"
208.80.194.34 - - [23/Feb/2011:07:01:07 +0100] "GET / HTTP/1.0" 200 44 "-" "Mozilla/4.0 (compatible; MSIE 6.0; Windows NT 5.1; SV1; FunWebProducts; InfoPath.1; .NET CLR 1.1.4322; ZangoToolbar 4.8.2)"
67.195.114.56 - - [23/Feb/2011:11:56:00 +0100] "GET /robots.txt HTTP/1.0" 404 262 "-" "Mozilla/5.0 (compatible; Yahoo! Slurp; http://help.yahoo.com/help/us/ysearch/slurp)"
67.195.114.56 - - [23/Feb/2011:11:56:00 +0100] "GET /pioneros/index.php?ruti=ruti7 HTTP/1.0" 200 4506 "-" "Mozilla/5.0 (compatible; Yahoo! Slurp; http://help.yahoo.com/help/us/ysearch/slurp)"
119.63.196.18 - - [23/Feb/2011:15:38:22 +0100] "GET /robots.txt HTTP/1.1" 404 262 "-" "Baiduspider+(+http://www.baidu.com/search/spider.htm)"
