66.249.71.226 - - [04/Jun/2010:01:45:40 +0200] "GET /v/prensa/fotos/0000--090810---1718--rally_a_mali---pioneros--mali---encendios_solidarios_en_gasolinera--betis_rally_team--version--img_3743.jpg.html HTTP/1.1" 404 457 "-" "Mozilla/5.0 (compatible; Googlebot/2.1; +http://www.google.com/bot.html)"
66.249.71.226 - - [04/Jun/2010:01:47:52 +0200] "GET /v/clipping/tv/?g2_highlightId=4505 HTTP/1.1" 404 457 "-" "Mozilla/5.0 (compatible; Googlebot/2.1; +http://www.google.com/bot.html)"
207.46.199.54 - - [04/Jun/2010:01:49:06 +0200] "GET /robots.txt HTTP/1.1" 404 320 "-" "msnbot/2.0b (+http://search.msn.com/msnbot.htm)"
207.46.199.54 - - [04/Jun/2010:01:50:11 +0200] "GET /v/pioneros/seleccion/aventura_en_ruta/ HTTP/1.1" 404 457 "-" "msnbot/2.0b (+http://search.msn.com/msnbot.htm)"
207.46.13.50 - - [04/Jun/2010:02:29:41 +0200] "GET /v/pioneros/seleccion/aventura_en_ruta/espagna/ HTTP/1.1" 404 457 "-" "msnbot/2.0b (+http://search.msn.com/msnbot.htm)"
66.249.71.226 - - [04/Jun/2010:02:40:38 +0200] "GET /v/pioneros/seleccion/eventos/salida/?g2_highlightId=264 HTTP/1.1" 404 457 "-" "Mozilla/5.0 (compatible; Googlebot/2.1; +http://www.google.com/bot.html)"
77.88.27.27 - - [04/Jun/2010:03:10:12 +0200] "GET / HTTP/1.1" 200 30 "-" "Yandex/1.01.001 (compatible; Win16; I)"
207.46.204.189 - - [04/Jun/2010:03:12:41 +0200] "GET /main.php?g2_view=core.UserAdmin&g2_subView=core.UserLogin&g2_return=%2Fv%2Fpioneros%2Fseleccion%2Feventos%2Ffiesta_tras_aventura%2F HTTP/1.1" 200 1422 "-" "msnbot/2.0b (+http://search.msn.com/msnbot.htm)"
66.249.71.226 - - [04/Jun/2010:03:16:58 +0200] "GET /v/clipping/tv/?g2_highlightId=4514 HTTP/1.1" 404 457 "-" "Mozilla/5.0 (compatible; Googlebot/2.1; +http://www.google.com/bot.html)"
77.88.27.27 - - [04/Jun/2010:04:10:20 +0200] "GET /v/prensa/fotos/0000--090806---0817--rally_a_mali---pioneros--marruecos--gregbol--version--img_1537.jpg.html HTTP/1.1" 404 457 "-" "Yandex/1.01.001 (compatible; Win16; I)"
77.88.27.27 - - [04/Jun/2010:04:38:25 +0200] "GET /v/prensa/fotos/0000--090806---1647--rally_a_mali---pioneros--mauritania--spanishbullfighters--version--dsc_0545.jpg.html HTTP/1.1" 404 457 "-" "Yandex/1.01.001 (compatible; Win16; I)"
66.249.71.226 - - [04/Jun/2010:04:46:24 +0200] "GET /main.php?g2_controller=exif.SwitchDetailMode&g2_mode=detailed&g2_return=%2Fv%2Fprensa%2Ffotos%2F0000--090808---1650--rally_a_mali---pioneros--mauritania--spanishbullfighters---alberto_gomez-borrero--version---mauritania-.jpg.html HTTP/1.1" 302 20 "-" "Mozilla/5.0 (compatible; Googlebot/2.1; +http://www.google.com/bot.html)"
66.249.71.226 - - [04/Jun/2010:04:46:25 +0200] "GET /v/prensa/fotos/0000--090808---1650--rally_a_mali---pioneros--mauritania--spanishbullfighters---alberto_gomez-borrero--version---mauritania-.jpg.html HTTP/1.1" 404 457 "-" "Mozilla/5.0 (compatible; Googlebot/2.1; +http://www.google.com/bot.html)"
77.88.27.27 - - [04/Jun/2010:05:48:39 +0200] "GET /v/prensa/fotos/0000--090813---1305--rally_a_mali---pioneros--mali---encendios_solidarios_averia--betis_rally_team--version--img_3979.jpg.html HTTP/1.1" 404 457 "-" "Yandex/1.01.001 (compatible; Win16; I)"
66.249.71.226 - - [04/Jun/2010:06:15:29 +0200] "GET /robots.txt HTTP/1.1" 404 261 "-" "Mozilla/5.0 (compatible; Googlebot/2.1; +http://www.google.com/bot.html)"
66.249.71.226 - - [04/Jun/2010:06:15:29 +0200] "GET /main.php?g2_controller=exif.SwitchDetailMode&g2_mode=detailed&g2_return=%2Fv%2Fprensa%2Ffotos%2F0000--090815---1738--rally_a_mali---pioneros--mali--spanishsiesta--version--img_0991.jpg.html HTTP/1.1" 302 20 "-" "Mozilla/5.0 (compatible; Googlebot/2.1; +http://www.google.com/bot.html)"
77.88.27.27 - - [04/Jun/2010:06:30:47 +0200] "GET /v/prensa/fotos/0000--090807---1305--rally_a_mali---pioneros--mauritania--spanishbullfighters--version--dsc_0694.jpg.html HTTP/1.1" 404 457 "-" "Yandex/1.01.001 (compatible; Win16; I)"
77.88.27.27 - - [04/Jun/2010:07:26:57 +0200] "GET /v/prensa/fotos/0000--090806---2038--rally_a_mali---pioneros--mauritania--spanishbullfighters--version--dsc_0599.jpg.html HTTP/1.1" 404 457 "-" "Yandex/1.01.001 (compatible; Win16; I)"
66.249.71.226 - - [04/Jun/2010:07:45:15 +0200] "GET /main.php?g2_controller=exif.SwitchDetailMode&g2_mode=detailed&g2_return=%2Fv%2Fprensa%2Ffotos%2F0000--090809---1446--rally_a_mali---pioneros--mali--spanishbullfighters--version--dsc_1192.jpg.html HTTP/1.1" 302 20 "-" "Mozilla/5.0 (compatible; Googlebot/2.1; +http://www.google.com/bot.html)"
77.88.27.27 - - [04/Jun/2010:08:23:07 +0200] "GET /v/prensa/fotos/0000--090813---1716--rally_a_mali---pioneros--mali--gregbol--version--img_2133.jpg.html HTTP/1.1" 404 457 "-" "Yandex/1.01.001 (compatible; Win16; I)"
207.46.13.97 - - [04/Jun/2010:08:24:58 +0200] "GET /robots.txt HTTP/1.1" 404 320 "-" "msnbot/2.0b (+http://search.msn.com/msnbot.htm)"
207.46.13.97 - - [04/Jun/2010:08:26:14 +0200] "GET /main.php?g2_highlightId=3110 HTTP/1.1" 302 20 "-" "msnbot/2.0b (+http://search.msn.com/msnbot.htm)"
207.46.13.97 - - [04/Jun/2010:08:26:15 +0200] "GET /main.php HTTP/1.1" 200 2237 "-" "msnbot/2.0b (+http://search.msn.com/msnbot.htm)"
207.46.199.38 - - [04/Jun/2010:08:29:14 +0200] "GET /v/pioneros/seleccion/aventura_en_ruta/mauritania/0000--090807---1925--rally_a_mali---pioneros--mauritania--spanishbullfighters---alberto_gomez-borrero--version---mauritania-.jpg.html HTTP/1.1" 404 457 "-" "msnbot/2.0b (+http://search.msn.com/msnbot.htm)"
77.88.27.27 - - [04/Jun/2010:08:51:12 +0200] "GET /v/prensa/fotos/0000--090809---1448--rally_a_mali---pioneros--mali--spanishbullfighters--version--dsc_1197.jpg.html HTTP/1.1" 404 457 "-" "Yandex/1.01.001 (compatible; Win16; I)"
66.249.71.226 - - [04/Jun/2010:09:14:49 +0200] "GET /main.php?g2_controller=exif.SwitchDetailMode&g2_mode=detailed&g2_return=%2Fv%2Fprensa%2Ffotos%2F0000--090814---1510--rally_a_mali---pioneros--mali---betis_y_encendios_en_cartel_hombori--betis_rally_team--version--img_407.jpg.html HTTP/1.1" 302 20 "-" "Mozilla/5.0 (compatible; Googlebot/2.1; +http://www.google.com/bot.html)"
77.88.27.27 - - [04/Jun/2010:09:47:20 +0200] "GET /v/prensa/fotos/0000--090807---1744--rally_a_mali---pioneros--mauritania--spanishbullfighters--version--csc_1014.jpg.html HTTP/1.1" 404 457 "-" "Yandex/1.01.001 (compatible; Win16; I)"
77.88.27.27 - - [04/Jun/2010:10:38:06 +0200] "GET /v/prensa/fotos/0000--090804---1613--rally_a_mali---pioneros--marruecos--osona_pandilleros--version--pic00070.jpg.html HTTP/1.1" 404 457 "-" "Yandex/1.01.001 (compatible; Win16; I)"
123.125.66.103 - - [04/Jun/2010:10:38:31 +0200] "GET /robots.txt HTTP/1.1" 404 261 "-" "Baiduspider+(+http://www.baidu.com/search/spider.htm)"
66.249.71.226 - - [04/Jun/2010:10:43:52 +0200] "GET /main.php?g2_controller=exif.SwitchDetailMode&g2_mode=detailed&g2_return=%2Fv%2Fprensa%2Ffotos%2F0000--090816---1744--rally_a_mali---pioneros--mali--alejandro_cabezon---rutas_y_retos--version--p1160724.jpg.html HTTP/1.1" 302 20 "-" "Mozilla/5.0 (compatible; Googlebot/2.1; +http://www.google.com/bot.html)"
77.88.27.27 - - [04/Jun/2010:11:32:48 +0200] "GET /v/prensa/fotos/0000--090806---0000--rally_a_mali---pioneros--marruecos---vialix--angeles_del_desierto--version--p1000015.jpg.html HTTP/1.1" 404 457 "-" "Yandex/1.01.001 (compatible; Win16; I)"
67.195.115.170 - - [04/Jun/2010:11:34:20 +0200] "GET /robots.txt HTTP/1.0" 404 261 "-" "Mozilla/5.0 (compatible; Yahoo! Slurp; http://help.yahoo.com/help/us/ysearch/slurp)"
67.195.115.170 - - [04/Jun/2010:11:34:20 +0200] "GET /main.php?g2_view=slideshow.SlideshowMediaRss&g2_itemId=3615 HTTP/1.0" 404 481 "-" "Mozilla/5.0 (compatible; Yahoo! Slurp/3.0; http://help.yahoo.com/help/us/ysearch/slurp)"
67.195.115.170 - - [04/Jun/2010:11:34:21 +0200] "GET /themes/matrix/theme.css HTTP/1.0" 304 - "http://fotos.rallyamali.com/main.php?g2_view=slideshow.SlideshowMediaRss&g2_itemId=3615" "Mozilla/5.0 (compatible; Yahoo! Slurp/3.0; http://help.yahoo.com/help/us/ysearch/slurp)"
67.195.115.170 - - [04/Jun/2010:11:48:09 +0200] "GET /v/pioneros/seleccion/eventos HTTP/1.0" 404 457 "-" "Mozilla/5.0 (compatible; Yahoo! Slurp/3.0; http://help.yahoo.com/help/us/ysearch/slurp)"
77.88.27.27 - - [04/Jun/2010:12:13:46 +0200] "GET /v/prensa/fotos/0000--090816---1517--rally_a_mali---pioneros--mali--spanishsiesta--version--img_1059.jpg.html HTTP/1.1" 404 457 "-" "Yandex/1.01.001 (compatible; Win16; I)"
77.88.27.27 - - [04/Jun/2010:12:41:09 +0200] "GET /v/prensa/fotos/0000--090802---1850--rally_a_mali---pioneros--spain--spanishbullfighters--version--dsc_3699.jpg.html HTTP/1.1" 404 457 "-" "Yandex/1.01.001 (compatible; Win16; I)"
66.249.71.226 - - [04/Jun/2010:13:33:44 +0200] "GET /v/prensa/fotos/0000--090808---1650--rally_a_mali---pioneros--mauritania--spanishbullfighters---alberto_gomez-borrero--version---mauritania-.jpg.html HTTP/1.1" 404 457 "-" "Mozilla/5.0 (compatible; Googlebot/2.1; +http://www.google.com/bot.html)"
77.88.27.27 - - [04/Jun/2010:13:35:46 +0200] "GET /v/prensa/fotos/0000--090801---1348--rally_a_mali---pioneros--salida--last_lap--version--salida2.jpg.html HTTP/1.1" 404 457 "-" "Yandex/1.01.001 (compatible; Win16; I)"
207.46.13.41 - - [04/Jun/2010:13:45:54 +0200] "GET /robots.txt HTTP/1.1" 404 320 "-" "msnbot/2.0b (+http://search.msn.com/msnbot.htm)"
207.46.13.41 - - [04/Jun/2010:13:46:42 +0200] "GET /v/pioneros/seleccion/solidaridad_en_ruta/ HTTP/1.1" 404 457 "-" "msnbot/2.0b (+http://search.msn.com/msnbot.htm)"
77.88.27.27 - - [04/Jun/2010:14:30:20 +0200] "GET /v/prensa/fotos/0000--090806---2039--rally_a_mali---pioneros--mauritania--spanishbullfighters--version--dsc_0603.jpg.html HTTP/1.1" 404 457 "-" "Yandex/1.01.001 (compatible; Win16; I)"
66.249.71.226 - - [04/Jun/2010:15:11:27 +0200] "GET /main.php?g2_view=ecard.SendEcard&g2_itemId=3894&g2_return=%2Fv%2Fprensa%2Ffotos%2F0000--090816---1744--rally_a_mali---pioneros--mali--alejandro_cabezon---rutas_y_retos--version--p1160724.jpg.html HTTP/1.1" 302 20 "-" "Mozilla/5.0 (compatible; Googlebot/2.1; +http://www.google.com/bot.html)"
77.88.27.27 - - [04/Jun/2010:15:24:58 +0200] "GET /v/clipping/ HTTP/1.1" 404 457 "-" "Yandex/1.01.001 (compatible; Win16; I)"
207.46.13.52 - - [04/Jun/2010:15:32:19 +0200] "GET /main.php?g2_view=core.UserAdmin&g2_subView=core.UserLogin&g2_return=%2Fv%2Fpioneros%2Fseleccion%2Fpreparativos%2F HTTP/1.1" 200 1413 "-" "msnbot/2.0b (+http://search.msn.com/msnbot.htm)"
220.181.7.68 - - [04/Jun/2010:16:23:20 +0200] "GET / HTTP/1.1" 200 30 "-" "Baiduspider+(+http://www.baidu.com/search/spider.htm)"
66.249.71.226 - - [04/Jun/2010:16:51:03 +0200] "GET /v/prensa/fotos/0000--090816---1904--rally_a_mali---pioneros--mali--alejandro_cabezon---rutas_y_retos--version--p1160823.jpg.html HTTP/1.1" 404 457 "-" "Mozilla/5.0 (compatible; Googlebot/2.1; +http://www.google.com/bot.html)"
67.195.115.170 - - [04/Jun/2010:17:30:46 +0200] "GET /v/pioneros/seleccion/eventos/salida/0000--090801---0000--rally_a_mali---pioneros--salida--sinoriel--version--3788327184_bf628b5a3f_b.jpg.html HTTP/1.0" 404 457 "-" "Mozilla/5.0 (compatible; Yahoo! Slurp/3.0; http://help.yahoo.com/help/us/ysearch/slurp)"
67.195.115.170 - - [04/Jun/2010:17:30:48 +0200] "GET /themes/matrix/theme.css HTTP/1.0" 304 - "http://fotos.rallyamali.com/v/pioneros/seleccion/eventos/salida/0000--090801---0000--rally_a_mali---pioneros--salida--sinoriel--version--3788327184_bf628b5a3f_b.jpg.html" "Mozilla/5.0 (compatible; Yahoo! Slurp/3.0; http://help.yahoo.com/help/us/ysearch/slurp)"
207.46.199.198 - - [04/Jun/2010:17:47:15 +0200] "GET /robots.txt HTTP/1.1" 404 320 "-" "msnbot/2.0b (+http://search.msn.com/msnbot.htm)"
66.249.71.226 - - [04/Jun/2010:18:30:35 +0200] "GET /robots.txt HTTP/1.1" 404 261 "-" "Mozilla/5.0 (compatible; Googlebot/2.1; +http://www.google.com/bot.html)"
66.249.71.226 - - [04/Jun/2010:18:30:35 +0200] "GET /v/prensa/fotos/0000--090817---1412--rally_a_mali---pioneros--mali--alejandro_cabezon---rutas_y_retos--version--p1170011.jpg.html HTTP/1.1" 404 457 "-" "Mozilla/5.0 (compatible; Googlebot/2.1; +http://www.google.com/bot.html)"
207.46.199.193 - - [04/Jun/2010:19:03:37 +0200] "GET /robots.txt HTTP/1.1" 404 320 "-" "msnbot/2.0b (+http://search.msn.com/msnbot.htm)"
66.249.71.226 - - [04/Jun/2010:19:41:46 +0200] "GET /v/prensa/fotos/0000--090813---1149--rally_a_mali---pioneros--mali--alejandro_cabezon---rutas_y_retos--version--p1150791.jpg.html HTTP/1.1" 404 457 "-" "Mozilla/5.0 (compatible; Googlebot/2.1; +http://www.google.com/bot.html)"
66.249.71.226 - - [04/Jun/2010:20:10:14 +0200] "GET /main.php?g2_view=ecard.SendEcard&g2_itemId=3918&g2_return=%2Fv%2Fprensa%2Ffotos%2F0000--090817---1027--rally_a_mali---pioneros--mali--alejandro_cabezon---rutas_y_retos--version--p1160943.jpg.html HTTP/1.1" 302 20 "-" "Mozilla/5.0 (compatible; Googlebot/2.1; +http://www.google.com/bot.html)"
66.249.71.226 - - [04/Jun/2010:20:10:15 +0200] "GET /main.php?g2_view=core.UserAdmin&g2_subView=core.UserLogin&g2_return=%2Fmain.php%3Fg2_view%3Decard.SendEcard%26g2_itemId%3D3918 HTTP/1.1" 200 1414 "-" "Mozilla/5.0 (compatible; Googlebot/2.1; +http://www.google.com/bot.html)"
67.218.116.130 - - [04/Jun/2010:20:17:22 +0200] "GET /robots.txt HTTP/1.1" 404 261 "-" "Mozilla/5.0 (Twiceler-0.9 http://www.cuil.com/twiceler/robot.html)"
67.195.115.170 - - [04/Jun/2010:21:37:43 +0200] "GET /robots.txt HTTP/1.0" 404 261 "-" "Mozilla/5.0 (compatible; Yahoo! Slurp; http://help.yahoo.com/help/us/ysearch/slurp)"
67.195.115.170 - - [04/Jun/2010:21:37:43 +0200] "GET /v/pioneros/seleccion/preparativos/0000--090728---1635--rally_a_mali---pioneros--preparativos--spanishbullfighters---alberto_gomez-borrero--version--dsc_3564.jpg.html HTTP/1.0" 404 457 "-" "Mozilla/5.0 (compatible; Yahoo! Slurp/3.0; http://help.yahoo.com/help/us/ysearch/slurp)"
67.195.115.170 - - [04/Jun/2010:21:37:45 +0200] "GET /themes/matrix/theme.css HTTP/1.0" 304 - "http://fotos.rallyamali.com/v/pioneros/seleccion/preparativos/0000--090728---1635--rally_a_mali---pioneros--preparativos--spanishbullfighters---alberto_gomez-borrero--version--dsc_3564.jpg.html" "Mozilla/5.0 (compatible; Yahoo! Slurp/3.0; http://help.yahoo.com/help/us/ysearch/slurp)"
66.249.71.226 - - [04/Jun/2010:21:49:45 +0200] "GET /v/prensa/fotos/0000--090817---1027--rally_a_mali---pioneros--mali--alejandro_cabezon---rutas_y_retos--version--p1160943.jpg.html HTTP/1.1" 404 457 "-" "Mozilla/5.0 (compatible; Googlebot/2.1; +http://www.google.com/bot.html)"
220.181.7.93 - - [04/Jun/2010:22:32:29 +0200] "GET / HTTP/1.1" 200 15 "-" "Baiduspider+(+http://www.baidu.com/search/spider.htm)"
123.125.66.121 - - [04/Jun/2010:22:32:49 +0200] "GET / HTTP/1.1" 200 15 "-" "Baiduspider+(+http://www.baidu.com/search/spider.htm)"
119.63.198.44 - - [04/Jun/2010:22:57:12 +0200] "GET /robots.txt HTTP/1.1" 404 261 "-" "Baiduspider+(+http://www.baidu.com/search/spider.htm)"
66.249.71.226 - - [04/Jun/2010:22:59:42 +0200] "GET /d/4058-7/MARRUECOS+_197_.JPG HTTP/1.1" 304 - "-" "Googlebot-Image/1.0"
67.195.115.170 - - [04/Jun/2010:23:08:51 +0200] "GET /v/pioneros/seleccion/solidaridad_en_ruta/mali-bandiagara-hermanas_del_santo_angel/0000--090813---2012--rally_a_mali---pioneros--mali-solidaridad-hermanas_del_santo_angel--spanishbullfighters---alberto_gomez.jpg.html HTTP/1.0" 404 457 "-" "Mozilla/5.0 (compatible; Yahoo! Slurp/3.0; http://help.yahoo.com/help/us/ysearch/slurp)"
66.249.71.226 - - [04/Jun/2010:23:29:25 +0200] "GET /main.php?g2_view=ecard.SendEcard&g2_itemId=3924&g2_return=%2Fv%2Fprensa%2Ffotos%2F0000--090817---1412--rally_a_mali---pioneros--mali--alejandro_cabezon---rutas_y_retos--version--p1170011.jpg.html HTTP/1.1" 302 20 "-" "Mozilla/5.0 (compatible; Googlebot/2.1; +http://www.google.com/bot.html)"
66.249.71.226 - - [04/Jun/2010:23:29:26 +0200] "GET /main.php?g2_view=core.UserAdmin&g2_subView=core.UserLogin&g2_return=%2Fmain.php%3Fg2_view%3Decard.SendEcard%26g2_itemId%3D3924 HTTP/1.1" 200 1415 "-" "Mozilla/5.0 (compatible; Googlebot/2.1; +http://www.google.com/bot.html)"
207.46.199.183 - - [04/Jun/2010:23:34:14 +0200] "GET /robots.txt HTTP/1.1" 404 320 "-" "msnbot/2.0b (+http://search.msn.com/msnbot.htm)"
66.249.71.226 - - [04/Jun/2010:23:36:49 +0200] "GET / HTTP/1.1" 200 30 "-" "Mozilla/5.0 (compatible; Googlebot/2.1; +http://www.google.com/bot.html)"
207.46.13.52 - - [04/Jun/2010:23:58:13 +0200] "GET /robots.txt HTTP/1.1" 404 320 "-" "msnbot/2.0b (+http://search.msn.com/msnbot.htm)"
207.46.13.52 - - [04/Jun/2010:23:59:15 +0200] "GET /v/pioneros/seleccion/aventura_en_ruta/mauritania/0000--090806---2050--rally_a_mali---pioneros--mauritania--spanishbullfighters---alberto_gomez-borrero--version---mauritania-.jpg.html HTTP/1.1" 404 457 "-" "msnbot/2.0b (+http://search.msn.com/msnbot.htm)"
67.195.115.170 - - [05/Jun/2010:01:06:35 +0200] "GET /main.php?g2_view=slideshow.SlideshowMediaRss&g2_itemId=305 HTTP/1.0" 404 481 "-" "Mozilla/5.0 (compatible; Yahoo! Slurp/3.0; http://help.yahoo.com/help/us/ysearch/slurp)"
67.195.115.170 - - [05/Jun/2010:01:06:35 +0200] "GET /themes/matrix/theme.css HTTP/1.0" 304 - "http://fotos.rallyamali.com/main.php?g2_view=slideshow.SlideshowMediaRss&g2_itemId=305" "Mozilla/5.0 (compatible; Yahoo! Slurp/3.0; http://help.yahoo.com/help/us/ysearch/slurp)"
66.249.71.226 - - [05/Jun/2010:01:08:51 +0200] "GET /main.php?g2_view=ecard.SendEcard&g2_itemId=3903&g2_return=%2Fv%2Fprensa%2Ffotos%2F0000--090816---1904--rally_a_mali---pioneros--mali--alejandro_cabezon---rutas_y_retos--version--p1160823.jpg.html HTTP/1.1" 302 20 "-" "Mozilla/5.0 (compatible; Googlebot/2.1; +http://www.google.com/bot.html)"
66.249.71.226 - - [05/Jun/2010:01:08:51 +0200] "GET /main.php?g2_view=core.UserAdmin&g2_subView=core.UserLogin&g2_return=%2Fmain.php%3Fg2_view%3Decard.SendEcard%26g2_itemId%3D3903 HTTP/1.1" 200 1415 "-" "Mozilla/5.0 (compatible; Googlebot/2.1; +http://www.google.com/bot.html)"
67.195.115.170 - - [05/Jun/2010:01:11:26 +0200] "GET /v/pioneros/seleccion/eventos/fiesta_tras_aventura/ HTTP/1.0" 404 457 "-" "Mozilla/5.0 (compatible; Yahoo! Slurp/3.0; http://help.yahoo.com/help/us/ysearch/slurp)"
67.195.115.170 - - [05/Jun/2010:01:11:27 +0200] "GET /themes/matrix/theme.css HTTP/1.0" 200 12501 "http://fotos.rallyamali.com/v/pioneros/seleccion/eventos/fiesta_tras_aventura/" "Mozilla/5.0 (compatible; Yahoo! Slurp/3.0; http://help.yahoo.com/help/us/ysearch/slurp)"
67.195.115.170 - - [05/Jun/2010:01:13:38 +0200] "GET /main.php?g2_view=core.UserAdmin&g2_subView=core.UserLogin&g2_return=%2Fv%2Fpioneros%2Fseleccion%2Faventura_en_ruta%2F HTTP/1.0" 200 1417 "-" "Mozilla/5.0 (compatible; Yahoo! Slurp/3.0; http://help.yahoo.com/help/us/ysearch/slurp)"
67.195.115.170 - - [05/Jun/2010:01:13:39 +0200] "GET /modules/core/data/gallery.css HTTP/1.0" 200 10174 "http://fotos.rallyamali.com/main.php?g2_view=core.UserAdmin&g2_subView=core.UserLogin&g2_return=%2Fv%2Fpioneros%2Fseleccion%2Faventura_en_ruta%2F" "Mozilla/5.0 (compatible; Yahoo! Slurp/3.0; http://help.yahoo.com/help/us/ysearch/slurp)"
67.195.115.170 - - [05/Jun/2010:01:13:40 +0200] "GET /modules/icons/iconpacks/silk/icons.css HTTP/1.0" 200 11271 "http://fotos.rallyamali.com/main.php?g2_view=core.UserAdmin&g2_subView=core.UserLogin&g2_return=%2Fv%2Fpioneros%2Fseleccion%2Faventura_en_ruta%2F" "Mozilla/5.0 (compatible; Yahoo! Slurp/3.0; http://help.yahoo.com/help/us/ysearch/slurp)"
208.80.193.121 - - [05/Jun/2010:01:23:08 +0200] "GET / HTTP/1.0" 200 15 "-" "Mozilla/4.0 (compatible; MSIE 7.0; Windows NT 5.1; {317A060E-1490-4EBD-9B56-DADCB6311DC1}; .NET CLR 1.1.4322; .NET CLR 2.0.50727)"
207.46.13.99 - - [05/Jun/2010:01:48:49 +0200] "GET /v/pioneros/seleccion/solidaridad_en_ruta/MAURITANIA-NOUADHIBOU-FUNDACIONCEAR/0000--090807---1531--rally_a_mali---pioneros--mali--spanishbullfighters---alberto_gomez-borrero--version--mauritania-72.jpg.html HTTP/1.1" 404 457 "-" "msnbot/2.0b (+http://search.msn.com/msnbot.htm)"
67.195.115.170 - - [05/Jun/2010:02:10:52 +0200] "GET /v/pioneros/seleccion/eventos/salida/0000--090801---1153--rally_a_mali---pioneros--salida--raul_garcia--version--p1110059.jpg.html HTTP/1.0" 404 457 "-" "Mozilla/5.0 (compatible; Yahoo! Slurp/3.0; http://help.yahoo.com/help/us/ysearch/slurp)"
66.249.71.226 - - [05/Jun/2010:02:13:07 +0200] "GET /v/pioneros/seleccion/eventos/salida/?g2_highlightId=275 HTTP/1.1" 404 457 "-" "Mozilla/5.0 (compatible; Googlebot/2.1; +http://www.google.com/bot.html)"
67.195.115.170 - - [05/Jun/2010:02:43:52 +0200] "GET /main.php?g2_view=slideshow.SlideshowMediaRss&g2_itemId=1709 HTTP/1.0" 404 481 "-" "Mozilla/5.0 (compatible; Yahoo! Slurp/3.0; http://help.yahoo.com/help/us/ysearch/slurp)"
66.249.65.240 - - [05/Jun/2010:02:48:08 +0200] "GET /robots.txt HTTP/1.1" 404 261 "-" "Mozilla/5.0 (compatible; Googlebot/2.1; +http://www.google.com/bot.html)"
66.249.65.240 - - [05/Jun/2010:02:48:08 +0200] "GET /v/prensa/fotos/DSC_0671.JPG.html HTTP/1.1" 404 457 "-" "Mozilla/5.0 (compatible; Googlebot/2.1; +http://www.google.com/bot.html)"
67.195.115.170 - - [05/Jun/2010:03:25:04 +0200] "GET /v/prensa/fotos/0000--090804---1613--rally_a_mali---pioneros--marruecos--osona_pandilleros--version--pic00070.jpg.html HTTP/1.0" 404 457 "-" "Mozilla/5.0 (compatible; Yahoo! Slurp/3.0; http://help.yahoo.com/help/us/ysearch/slurp)"
67.195.115.170 - - [05/Jun/2010:03:25:06 +0200] "GET /themes/matrix/theme.css HTTP/1.0" 304 - "http://fotos.rallyamali.com/v/prensa/fotos/0000--090804---1613--rally_a_mali---pioneros--marruecos--osona_pandilleros--version--pic00070.jpg.html" "Mozilla/5.0 (compatible; Yahoo! Slurp/3.0; http://help.yahoo.com/help/us/ysearch/slurp)"
123.125.66.122 - - [05/Jun/2010:03:44:01 +0200] "GET / HTTP/1.1" 200 15 "-" "Baiduspider+(+http://www.baidu.com/search/spider.htm)"
220.181.7.129 - - [05/Jun/2010:03:44:01 +0200] "GET / HTTP/1.1" 200 15 "-" "Baiduspider+(+http://www.baidu.com/search/spider.htm)"
207.46.204.243 - - [05/Jun/2010:03:47:48 +0200] "GET /v/prensa/fotos/0000--090816---1517--rally_a_mali---pioneros--mali--spanishsiesta--version--img_1059.jpg.html HTTP/1.1" 404 457 "-" "msnbot/2.0b (+http://search.msn.com/msnbot.htm)"
67.195.115.170 - - [05/Jun/2010:03:54:06 +0200] "GET /main.php?g2_view=core.UserAdmin&g2_subView=core.UserLogin&g2_return=%2Fv%2Fpioneros%2Fseleccion%2Fpreparativos%2F0000--090728---1927--rally_a_mali---pioneros--preparativos--spanishbullfighters---alberto_gomez-borrero--version--dsc_3582.jpg.html HTTP/1.0" 200 1494 "-" "Mozilla/5.0 (compatible; Yahoo! Slurp/3.0; http://help.yahoo.com/help/us/ysearch/slurp)"
67.195.115.170 - - [05/Jun/2010:03:54:07 +0200] "GET /modules/core/data/gallery.css HTTP/1.0" 304 - "http://fotos.rallyamali.com/main.php?g2_view=core.UserAdmin&g2_subView=core.UserLogin&g2_return=%2Fv%2Fpioneros%2Fseleccion%2Fpreparativos%2F0000--090728---1927--rally_a_mali---pioneros--preparativos--spanishbullfighters---alberto_gomez-borrero--version--dsc_3582.jpg.html" "Mozilla/5.0 (compatible; Yahoo! Slurp/3.0; http://help.yahoo.com/help/us/ysearch/slurp)"
67.195.115.170 - - [05/Jun/2010:03:54:08 +0200] "GET /modules/icons/iconpacks/silk/icons.css HTTP/1.0" 304 - "http://fotos.rallyamali.com/main.php?g2_view=core.UserAdmin&g2_subView=core.UserLogin&g2_return=%2Fv%2Fpioneros%2Fseleccion%2Fpreparativos%2F0000--090728---1927--rally_a_mali---pioneros--preparativos--spanishbullfighters---alberto_gomez-borrero--version--dsc_3582.jpg.html" "Mozilla/5.0 (compatible; Yahoo! Slurp/3.0; http://help.yahoo.com/help/us/ysearch/slurp)"
66.249.65.240 - - [05/Jun/2010:04:27:51 +0200] "GET /v/prensa/fotos/0000--090804---1555--rally_a_mali---pioneros--marruecos--osona_pandilleros--version--pic00039.jpg.html HTTP/1.1" 404 457 "-" "Mozilla/5.0 (compatible; Googlebot/2.1; +http://www.google.com/bot.html)"
66.249.65.240 - - [05/Jun/2010:06:07:21 +0200] "GET /main.php?g2_view=ecard.SendEcard&g2_itemId=3618&g2_return=%2Fv%2Fprensa%2Ffotos%2F0000--090801---1209--rally_a_mali---pioneros--salida--patricia_ozores--version--p1150229.jpg.html HTTP/1.1" 302 20 "-" "Mozilla/5.0 (compatible; Googlebot/2.1; +http://www.google.com/bot.html)"
66.249.65.240 - - [05/Jun/2010:06:07:22 +0200] "GET /main.php?g2_view=core.UserAdmin&g2_subView=core.UserLogin&g2_return=%2Fmain.php%3Fg2_view%3Decard.SendEcard%26g2_itemId%3D3618 HTTP/1.1" 200 1414 "-" "Mozilla/5.0 (compatible; Googlebot/2.1; +http://www.google.com/bot.html)"
66.249.65.240 - - [05/Jun/2010:06:44:13 +0200] "GET /themes/x_treme/theme.js HTTP/1.1" 200 13965 "-" "Mozilla/5.0 (compatible; Googlebot/2.1; +http://www.google.com/bot.html)"
66.249.65.240 - - [05/Jun/2010:06:44:14 +0200] "GET /modules/core/data/gallery.css HTTP/1.1" 200 10174 "-" "Mozilla/5.0 (compatible; Googlebot/2.1; +http://www.google.com/bot.html)"
66.249.65.240 - - [05/Jun/2010:06:44:16 +0200] "GET /modules/icons/iconpacks/silk/icons.css HTTP/1.1" 200 11271 "-" "Mozilla/5.0 (compatible; Googlebot/2.1; +http://www.google.com/bot.html)"
66.249.65.240 - - [05/Jun/2010:06:45:11 +0200] "GET /themes/x_treme/theme.css HTTP/1.1" 200 19958 "-" "Mozilla/5.0 (compatible; Googlebot/2.1; +http://www.google.com/bot.html)"
220.181.7.81 - - [05/Jun/2010:07:10:49 +0200] "GET / HTTP/1.1" 200 30 "-" "Baiduspider+(+http://www.baidu.com/search/spider.htm)"
66.249.65.240 - - [05/Jun/2010:07:47:00 +0200] "GET /main.php?g2_controller=exif.SwitchDetailMode&g2_mode=detailed&g2_return=%2Fv%2Fprensa%2Ffotos%2F0000--090808---1650--rally_a_mali---pioneros--mauritania--spanishbullfighters---alberto_gomez-borrero--version---mauritania-.jpg.html HTTP/1.1" 302 20 "-" "Mozilla/5.0 (compatible; Googlebot/2.1; +http://www.google.com/bot.html)"
66.249.65.240 - - [05/Jun/2010:07:47:00 +0200] "GET /v/prensa/fotos/0000--090808---1650--rally_a_mali---pioneros--mauritania--spanishbullfighters---alberto_gomez-borrero--version---mauritania-.jpg.html HTTP/1.1" 404 457 "-" "Mozilla/5.0 (compatible; Googlebot/2.1; +http://www.google.com/bot.html)"
66.249.65.240 - - [05/Jun/2010:09:26:53 +0200] "GET /main.php?g2_controller=exif.SwitchDetailMode&g2_mode=detailed&g2_return=%2Fv%2Fprensa%2Ffotos%2F0000--090817---1412--rally_a_mali---pioneros--mali--alejandro_cabezon---rutas_y_retos--version--p1170011.jpg.html HTTP/1.1" 302 20 "-" "Mozilla/5.0 (compatible; Googlebot/2.1; +http://www.google.com/bot.html)"
66.249.65.240 - - [05/Jun/2010:09:26:54 +0200] "GET /v/prensa/fotos/0000--090817---1412--rally_a_mali---pioneros--mali--alejandro_cabezon---rutas_y_retos--version--p1170011.jpg.html HTTP/1.1" 404 457 "-" "Mozilla/5.0 (compatible; Googlebot/2.1; +http://www.google.com/bot.html)"
123.125.66.27 - - [05/Jun/2010:10:35:04 +0200] "GET /robots.txt HTTP/1.1" 404 261 "-" "Baiduspider+(+http://www.baidu.com/search/spider.htm)"
66.249.65.240 - - [05/Jun/2010:11:06:02 +0200] "GET /main.php?g2_controller=exif.SwitchDetailMode&g2_mode=detailed&g2_return=%2Fv%2Fprensa%2Ffotos%2F0000--090817---1027--rally_a_mali---pioneros--mali--alejandro_cabezon---rutas_y_retos--version--p1160943.jpg.html HTTP/1.1" 302 20 "-" "Mozilla/5.0 (compatible; Googlebot/2.1; +http://www.google.com/bot.html)"
66.249.65.240 - - [05/Jun/2010:11:06:03 +0200] "GET /v/prensa/fotos/0000--090817---1027--rally_a_mali---pioneros--mali--alejandro_cabezon---rutas_y_retos--version--p1160943.jpg.html HTTP/1.1" 404 457 "-" "Mozilla/5.0 (compatible; Googlebot/2.1; +http://www.google.com/bot.html)"
207.46.13.49 - - [05/Jun/2010:11:47:12 +0200] "GET /robots.txt HTTP/1.1" 404 320 "-" "msnbot/2.0b (+http://search.msn.com/msnbot.htm)"
207.46.13.49 - - [05/Jun/2010:11:47:55 +0200] "GET /v/pioneros/seleccion/preparativos/ HTTP/1.1" 404 457 "-" "msnbot/2.0b (+http://search.msn.com/msnbot.htm)"
66.249.65.240 - - [05/Jun/2010:12:46:03 +0200] "GET /main.php?g2_controller=exif.SwitchDetailMode&g2_mode=detailed&g2_return=%2Fv%2Fprensa%2Ffotos%2F0000--090816---1904--rally_a_mali---pioneros--mali--alejandro_cabezon---rutas_y_retos--version--p1160823.jpg.html HTTP/1.1" 302 20 "-" "Mozilla/5.0 (compatible; Googlebot/2.1; +http://www.google.com/bot.html)"
66.249.65.240 - - [05/Jun/2010:12:46:04 +0200] "GET /v/prensa/fotos/0000--090816---1904--rally_a_mali---pioneros--mali--alejandro_cabezon---rutas_y_retos--version--p1160823.jpg.html HTTP/1.1" 404 457 "-" "Mozilla/5.0 (compatible; Googlebot/2.1; +http://www.google.com/bot.html)"
207.46.204.243 - - [05/Jun/2010:13:50:56 +0200] "GET /v/clipping/function.mysqli-real-connect HTTP/1.1" 404 457 "-" "msnbot/2.0b (+http://search.msn.com/msnbot.htm)"
66.249.65.240 - - [05/Jun/2010:14:24:49 +0200] "GET /main.php?g2_controller=exif.SwitchDetailMode&g2_mode=detailed&g2_return=%2Fv%2Fprensa%2Ffotos%2FDSC_0671.JPG.html HTTP/1.1" 302 20 "-" "Mozilla/5.0 (compatible; Googlebot/2.1; +http://www.google.com/bot.html)"
66.249.65.240 - - [05/Jun/2010:16:05:37 +0200] "GET /robots.txt HTTP/1.1" 404 261 "-" "Mozilla/5.0 (compatible; Googlebot/2.1; +http://www.google.com/bot.html)"
66.249.65.240 - - [05/Jun/2010:16:05:37 +0200] "GET /main.php?g2_controller=exif.SwitchDetailMode&g2_mode=detailed&g2_return=%2Fv%2Fprensa%2Ffotos%2F0000--090804---1555--rally_a_mali---pioneros--marruecos--osona_pandilleros--version--pic00039.jpg.html HTTP/1.1" 302 20 "-" "Mozilla/5.0 (compatible; Googlebot/2.1; +http://www.google.com/bot.html)"
67.218.116.130 - - [05/Jun/2010:16:28:47 +0200] "GET / HTTP/1.1" 200 30 "-" "Mozilla/5.0 (Twiceler-0.9 http://www.cuil.com/twiceler/robot.html)"
67.218.116.130 - - [05/Jun/2010:17:32:42 +0200] "GET /robots.txt HTTP/1.1" 404 261 "-" "Mozilla/5.0 (Twiceler-0.9 http://www.cuil.com/twiceler/robot.html)"
87.220.245.213 - - [05/Jun/2010:17:38:19 +0200] "GET /v/pioneros/seleccion/ HTTP/1.1" 404 505 "http://www.rallyamali.com/www.rallyamali.com/zona-de-ralliers.html" "Mozilla/5.0 (X11; U; Linux i686; es-ES; rv:1.9.2.3) Gecko/20100423 Ubuntu/10.04 (lucid) Firefox/3.6.3"
87.220.245.213 - - [05/Jun/2010:17:38:19 +0200] "GET /lib/javascript/BlockToggle.js HTTP/1.1" 200 1359 "http://fotos.rallyamali.com/v/pioneros/seleccion/" "Mozilla/5.0 (X11; U; Linux i686; es-ES; rv:1.9.2.3) Gecko/20100423 Ubuntu/10.04 (lucid) Firefox/3.6.3"
87.220.245.213 - - [05/Jun/2010:17:38:19 +0200] "GET /themes/matrix/theme.css HTTP/1.1" 200 12501 "http://fotos.rallyamali.com/v/pioneros/seleccion/" "Mozilla/5.0 (X11; U; Linux i686; es-ES; rv:1.9.2.3) Gecko/20100423 Ubuntu/10.04 (lucid) Firefox/3.6.3"
87.220.245.213 - - [05/Jun/2010:17:38:19 +0200] "GET /favicon.ico HTTP/1.1" 404 262 "-" "Mozilla/5.0 (X11; U; Linux i686; es-ES; rv:1.9.2.3) Gecko/20100423 Ubuntu/10.04 (lucid) Firefox/3.6.3"
87.220.245.213 - - [05/Jun/2010:17:38:22 +0200] "GET /favicon.ico HTTP/1.1" 404 262 "-" "Mozilla/5.0 (X11; U; Linux i686; es-ES; rv:1.9.2.3) Gecko/20100423 Ubuntu/10.04 (lucid) Firefox/3.6.3"
65.52.108.60 - - [05/Jun/2010:19:58:22 +0200] "GET /robots.txt HTTP/1.1" 404 320 "-" "msnbot/2.0b (+http://search.msn.com/msnbot.htm)"
65.52.108.60 - - [05/Jun/2010:20:00:24 +0200] "GET /v/clipping/tv/ HTTP/1.1" 404 457 "-" "msnbot/2.0b (+http://search.msn.com/msnbot.htm)"
67.195.115.170 - - [05/Jun/2010:20:34:06 +0200] "GET /robots.txt HTTP/1.0" 404 261 "-" "Mozilla/5.0 (compatible; Yahoo! Slurp; http://help.yahoo.com/help/us/ysearch/slurp)"
67.195.115.170 - - [05/Jun/2010:20:34:07 +0200] "GET / HTTP/1.0" 200 30 "-" "Mozilla/5.0 (compatible; Yahoo! Slurp/3.0; http://help.yahoo.com/help/us/ysearch/slurp)"
190.131.46.156 - - [05/Jun/2010:20:45:19 +0200] "GET / HTTP/1.1" 200 30 "http://www.rallyamali.com/www.rallyamali.com/index.html" "Mozilla/5.0 (Windows; U; Windows NT 5.1; es-ES; rv:1.9.2.3) Gecko/20100401 Firefox/3.6.3 (.NET CLR 3.5.30729)"
190.131.46.156 - - [05/Jun/2010:20:45:19 +0200] "GET /favicon.ico HTTP/1.1" 404 262 "-" "Mozilla/5.0 (Windows; U; Windows NT 5.1; es-ES; rv:1.9.2.3) Gecko/20100401 Firefox/3.6.3 (.NET CLR 3.5.30729)"
190.131.46.156 - - [05/Jun/2010:20:45:22 +0200] "GET /favicon.ico HTTP/1.1" 404 262 "-" "Mozilla/5.0 (Windows; U; Windows NT 5.1; es-ES; rv:1.9.2.3) Gecko/20100401 Firefox/3.6.3 (.NET CLR 3.5.30729)"
207.46.13.89 - - [05/Jun/2010:21:15:53 +0200] "GET /v/pioneros/seleccion/aventura_en_ruta/mali/?g2_page=2 HTTP/1.1" 404 457 "-" "msnbot/2.0b (+http://search.msn.com/msnbot.htm)"
67.195.115.170 - - [05/Jun/2010:21:27:59 +0200] "GET /robots.txt HTTP/1.0" 404 261 "-" "Mozilla/5.0 (compatible; Yahoo! Slurp; http://help.yahoo.com/help/us/ysearch/slurp)"
67.195.115.170 - - [05/Jun/2010:21:28:00 +0200] "GET /v/prensa/fotos/DSC_0003.JPG.html HTTP/1.0" 404 457 "-" "Mozilla/5.0 (compatible; Yahoo! Slurp/3.0; http://help.yahoo.com/help/us/ysearch/slurp)"
67.195.115.170 - - [05/Jun/2010:21:28:02 +0200] "GET /themes/matrix/theme.css HTTP/1.0" 304 - "http://fotos.rallyamali.com/v/prensa/fotos/DSC_0003.JPG.html" "Mozilla/5.0 (compatible; Yahoo! Slurp/3.0; http://help.yahoo.com/help/us/ysearch/slurp)"
207.46.195.225 - - [05/Jun/2010:21:40:56 +0200] "GET /v/pioneros/seleccion/aventura_en_ruta/mauritania/?g2_page=2 HTTP/1.1" 404 457 "-" "msnbot/2.0b (+http://search.msn.com/msnbot.htm)"
67.195.115.170 - - [05/Jun/2010:22:10:07 +0200] "GET /main.php?g2_view=ecard.SendEcard&g2_itemId=136&g2_return=%2Fv%2Fpioneros%2Fseleccion%2Fpreparativos%2F0000--090731---1125--rally_a_mali---pioneros--preparativos--spanishbullfighters---alberto_gomez-borrero--version--dsc_3586.jpg.html HTTP/1.0" 302 20 "-" "Mozilla/5.0 (compatible; Yahoo! Slurp/3.0; http://help.yahoo.com/help/us/ysearch/slurp)"
67.195.115.170 - - [05/Jun/2010:22:10:10 +0200] "GET /main.php?g2_view=core.UserAdmin&g2_subView=core.UserLogin&g2_return=%2Fmain.php%3Fg2_view%3Decard.SendEcard%26g2_itemId%3D136 HTTP/1.0" 200 1411 "-" "Mozilla/5.0 (compatible; Yahoo! Slurp/3.0; http://help.yahoo.com/help/us/ysearch/slurp)"
67.195.115.170 - - [05/Jun/2010:22:10:14 +0200] "GET /modules/core/data/gallery.css HTTP/1.0" 304 - "http://fotos.rallyamali.com/main.php?g2_view=core.UserAdmin&g2_subView=core.UserLogin&g2_return=%2Fmain.php%3Fg2_view%3Decard.SendEcard%26g2_itemId%3D136" "Mozilla/5.0 (compatible; Yahoo! Slurp/3.0; http://help.yahoo.com/help/us/ysearch/slurp)"
67.195.115.170 - - [05/Jun/2010:22:10:16 +0200] "GET /modules/icons/iconpacks/silk/icons.css HTTP/1.0" 304 - "http://fotos.rallyamali.com/main.php?g2_view=core.UserAdmin&g2_subView=core.UserLogin&g2_return=%2Fmain.php%3Fg2_view%3Decard.SendEcard%26g2_itemId%3D136" "Mozilla/5.0 (compatible; Yahoo! Slurp/3.0; http://help.yahoo.com/help/us/ysearch/slurp)"
119.63.198.51 - - [05/Jun/2010:22:55:58 +0200] "GET /robots.txt HTTP/1.1" 404 261 "-" "Baiduspider+(+http://www.baidu.com/search/spider.htm)"
207.46.204.241 - - [05/Jun/2010:23:27:57 +0200] "GET /v/pioneros/seleccion/solidaridad_en_ruta/MAURITANIA-NOUADHIBOU-FUNDACIONCEAR/0000--090807---1508--rally_a_mali---pioneros--mali--spanishbullfighters---alberto_gomez-borrero--version--mauritania-66.jpg.html HTTP/1.1" 404 457 "-" "msnbot/2.0b (+http://search.msn.com/msnbot.htm)"
66.249.65.240 - - [05/Jun/2010:23:34:10 +0200] "GET /v/pioneros/seleccion/solidaridad_en_ruta/mali-bamako-salesianos/ HTTP/1.1" 404 457 "-" "Mozilla/5.0 (compatible; Googlebot/2.1; +http://www.google.com/bot.html)"
207.46.199.184 - - [05/Jun/2010:23:46:15 +0200] "GET /robots.txt HTTP/1.1" 404 320 "-" "msnbot/2.0b (+http://search.msn.com/msnbot.htm)"
66.249.65.240 - - [06/Jun/2010:01:36:37 +0200] "GET /v/prensa/fotos/0000--090806---2038--rally_a_mali---pioneros--mauritania--spanishbullfighters--version--dsc_0599.jpg.html HTTP/1.1" 404 457 "-" "Mozilla/5.0 (compatible; Googlebot/2.1; +http://www.google.com/bot.html)"
67.195.115.170 - - [06/Jun/2010:01:49:14 +0200] "GET /v/pioneros/seleccion/ HTTP/1.0" 404 457 "-" "Mozilla/5.0 (compatible; Yahoo! Slurp/3.0; http://help.yahoo.com/help/us/ysearch/slurp)"
67.195.115.170 - - [06/Jun/2010:01:49:15 +0200] "GET /themes/matrix/theme.css HTTP/1.0" 304 - "http://fotos.rallyamali.com/v/pioneros/seleccion/" "Mozilla/5.0 (compatible; Yahoo! Slurp/3.0; http://help.yahoo.com/help/us/ysearch/slurp)"
207.46.13.45 - - [06/Jun/2010:01:50:25 +0200] "GET /robots.txt HTTP/1.1" 404 320 "-" "msnbot/2.0b (+http://search.msn.com/msnbot.htm)"
207.46.13.45 - - [06/Jun/2010:01:51:53 +0200] "GET /v/pioneros/seleccion/solidaridad_en_ruta/mali-bandiagara-hermanas_del_santo_angel/ HTTP/1.1" 404 457 "-" "msnbot/2.0b (+http://search.msn.com/msnbot.htm)"
66.249.65.240 - - [06/Jun/2010:02:19:05 +0200] "GET /main.php?g2_controller=exif.SwitchDetailMode&g2_mode=detailed&g2_return=%2Fv%2Fprensa%2Ffotos%2F0000--090813---1149--rally_a_mali---pioneros--mali--alejandro_cabezon---rutas_y_retos--version--p1150791.jpg.html HTTP/1.1" 302 20 "-" "Mozilla/5.0 (compatible; Googlebot/2.1; +http://www.google.com/bot.html)"
66.249.65.240 - - [06/Jun/2010:02:19:05 +0200] "GET /v/prensa/fotos/0000--090813---1149--rally_a_mali---pioneros--mali--alejandro_cabezon---rutas_y_retos--version--p1150791.jpg.html HTTP/1.1" 404 457 "-" "Mozilla/5.0 (compatible; Googlebot/2.1; +http://www.google.com/bot.html)"
66.249.65.240 - - [06/Jun/2010:02:34:25 +0200] "GET /main.php?g2_controller=cart.AddToCart&g2_itemId=4830&g2_return=%2Fmain.php HTTP/1.1" 302 20 "-" "Mozilla/5.0 (compatible; Googlebot/2.1; +http://www.google.com/bot.html)"
66.249.65.240 - - [06/Jun/2010:02:34:26 +0200] "GET /main.php?g2_view=cart.ViewCart&g2_itemId=4830 HTTP/1.1" 200 1614 "-" "Mozilla/5.0 (compatible; Googlebot/2.1; +http://www.google.com/bot.html)"
66.249.65.240 - - [06/Jun/2010:02:50:10 +0200] "GET /d/3871-11/0000--090816---1446--rally_a_mali---pioneros--mali--alejandro_cabezon---rutas_y_retos--version--p1160571.jpg HTTP/1.1" 304 - "-" "Googlebot-Image/1.0"
119.63.198.108 - - [06/Jun/2010:02:59:46 +0200] "GET / HTTP/1.1" 200 30 "-" "Baiduspider+(+http://www.baidu.jp/spider/)"
123.125.66.119 - - [06/Jun/2010:03:44:11 +0200] "GET / HTTP/1.1" 200 15 "-" "Baiduspider+(+http://www.baidu.com/search/spider.htm)"
220.181.7.83 - - [06/Jun/2010:03:44:55 +0200] "GET / HTTP/1.1" 200 15 "-" "Baiduspider+(+http://www.baidu.com/search/spider.htm)"
66.249.65.240 - - [06/Jun/2010:03:46:42 +0200] "GET /v/pioneros/seleccion/solidaridad_en_ruta/MAURITANIA-NOUADHIBOU-FUNDACIONCEAR/0000--090807---1435--rally_a_mali---pioneros--mali--spanishbullfighters---alberto_gomez-borrero--version--mauritania-69.jpg.html HTTP/1.1" 404 457 "-" "Mozilla/5.0 (compatible; Googlebot/2.1; +http://www.google.com/bot.html)"
207.46.199.32 - - [06/Jun/2010:04:50:08 +0200] "GET /v/pioneros/seleccion/solidaridad_en_ruta/MAURITANIA-NOUADHIBOU-FUNDACIONCEAR/0000--090807---1422--rally_a_mali---pioneros--mali--spanishbullfighters---alberto_gomez-borrero--version--mauritania-61.jpg.html HTTP/1.1" 404 504 "-" "Mozilla/4.0 (compatible; MSIE 6.0; Windows NT 5.2; SV1; .NET CLR 1.1.4325; .NET CLR 2.0.50727; .NET CLR 3.0.30729; .NET CLR 3.5.30707; InfoPath.2)"
66.249.65.240 - - [06/Jun/2010:05:20:03 +0200] "GET /robots.txt HTTP/1.1" 404 261 "-" "Googlebot-Image/1.0"
66.249.65.240 - - [06/Jun/2010:05:20:03 +0200] "GET /d/393-2/0000--090801---1215--rally_a_mali---pioneros--salida--raul_garcia--version--p1110093.jpg HTTP/1.1" 304 - "-" "Googlebot-Image/1.0"
207.46.199.191 - - [06/Jun/2010:05:26:08 +0200] "GET /robots.txt HTTP/1.1" 404 320 "-" "msnbot/2.0b (+http://search.msn.com/msnbot.htm)"
67.195.115.170 - - [06/Jun/2010:05:35:56 +0200] "GET / HTTP/1.0" 304 - "-" "Mozilla/5.0 (compatible; Yahoo! Slurp/3.0; http://help.yahoo.com/help/us/ysearch/slurp)"
207.46.199.53 - - [06/Jun/2010:05:43:41 +0200] "GET /robots.txt HTTP/1.1" 404 320 "-" "msnbot/2.0b (+http://search.msn.com/msnbot.htm)"
207.46.199.53 - - [06/Jun/2010:05:44:26 +0200] "GET /v/pioneros/seleccion/eventos/meta_hombori/ HTTP/1.1" 404 457 "-" "msnbot/2.0b (+http://search.msn.com/msnbot.htm)"
207.46.12.169 - - [06/Jun/2010:05:45:43 +0200] "GET /v/pioneros/seleccion/solidaridad_en_ruta/MAURITANIA-NOUADHIBOU-FUNDACIONCEAR/0000--090807---1449--rally_a_mali---pioneros--mali--spanishbullfighters---alberto_gomez-borrero--version--mauritania-64.jpg.html HTTP/1.1" 404 504 "-" "Mozilla/4.0 (compatible; MSIE 6.0; Windows NT 5.2; SV1; .NET CLR 1.1.4322; .NET CLR 2.0.50727; .NET CLR 3.0.04506.648)"
66.249.65.240 - - [06/Jun/2010:05:56:37 +0200] "GET /v/prensa/fotos/0000--090812---1739--rally_a_mali---pioneros--mali--spanishbullfighters--version--csc_0115.jpg.html HTTP/1.1" 404 457 "-" "Mozilla/5.0 (compatible; Googlebot/2.1; +http://www.google.com/bot.html)"
66.249.65.240 - - [06/Jun/2010:07:51:57 +0200] "GET /d/405-2/0000--090801---1225--rally_a_mali---pioneros--salida--raul_garcia--version--p1110129.jpg HTTP/1.1" 304 - "-" "Googlebot-Image/1.0"
208.80.193.29 - - [06/Jun/2010:07:57:31 +0200] "GET / HTTP/1.0" 200 15 "-" "Mozilla/4.0 (compatible; MSIE 5.5; AOL 9.0; Windows NT 5.0)"
66.249.65.240 - - [06/Jun/2010:08:06:29 +0200] "GET /main.php?g2_view=ecard.SendEcard&g2_itemId=3792&g2_return=%2Fv%2Fprensa%2Ffotos%2F0000--090812---1739--rally_a_mali---pioneros--mali--spanishbullfighters--version--csc_0115.jpg.html HTTP/1.1" 302 20 "-" "Mozilla/5.0 (compatible; Googlebot/2.1; +http://www.google.com/bot.html)"
66.249.65.240 - - [06/Jun/2010:08:06:29 +0200] "GET /main.php?g2_view=core.UserAdmin&g2_subView=core.UserLogin&g2_return=%2Fmain.php%3Fg2_view%3Decard.SendEcard%26g2_itemId%3D3792 HTTP/1.1" 200 1414 "-" "Mozilla/5.0 (compatible; Googlebot/2.1; +http://www.google.com/bot.html)"
67.195.115.170 - - [06/Jun/2010:08:11:17 +0200] "GET /v/prensa/fotos/0000--090806---2039--rally_a_mali---pioneros--mauritania--spanishbullfighters--version--dsc_0603.jpg.html HTTP/1.0" 404 457 "-" "Mozilla/5.0 (compatible; Yahoo! Slurp/3.0; http://help.yahoo.com/help/us/ysearch/slurp)"
67.195.115.170 - - [06/Jun/2010:08:11:19 +0200] "GET /themes/matrix/theme.css HTTP/1.0" 304 - "http://fotos.rallyamali.com/v/prensa/fotos/0000--090806---2039--rally_a_mali---pioneros--mauritania--spanishbullfighters--version--dsc_0603.jpg.html" "Mozilla/5.0 (compatible; Yahoo! Slurp/3.0; http://help.yahoo.com/help/us/ysearch/slurp)"
66.249.65.240 - - [06/Jun/2010:08:44:32 +0200] "GET /main.php?g2_controller=cart.AddToCart&g2_itemId=4826&g2_return=%2Fw%2F%3Fg2_originalPath%3D%252F HTTP/1.1" 302 20 "-" "Mozilla/5.0 (compatible; Googlebot/2.1; +http://www.google.com/bot.html)"
66.249.65.240 - - [06/Jun/2010:08:44:33 +0200] "GET /main.php?g2_view=cart.ViewCart&g2_itemId=4826 HTTP/1.1" 200 1614 "-" "Mozilla/5.0 (compatible; Googlebot/2.1; +http://www.google.com/bot.html)"
66.249.65.240 - - [06/Jun/2010:10:16:23 +0200] "GET /v/prensa/fotos/0000--090814---1640--rally_a_mali---pioneros--mali--spanishsiesta--version--img_0878.jpg.html HTTP/1.1" 404 457 "-" "Mozilla/5.0 (compatible; Googlebot/2.1; +http://www.google.com/bot.html)"
123.125.66.33 - - [06/Jun/2010:11:29:54 +0200] "GET /robots.txt HTTP/1.1" 404 261 "-" "Baiduspider+(+http://www.baidu.com/search/spider.htm)"
66.249.65.240 - - [06/Jun/2010:12:26:52 +0200] "GET /main.php?g2_view=ecard.SendEcard&g2_itemId=3846&g2_return=%2Fv%2Fprensa%2Ffotos%2F0000--090814---1640--rally_a_mali---pioneros--mali--spanishsiesta--version--img_0878.jpg.html HTTP/1.1" 302 20 "-" "Mozilla/5.0 (compatible; Googlebot/2.1; +http://www.google.com/bot.html)"
66.249.65.240 - - [06/Jun/2010:12:26:53 +0200] "GET /main.php?g2_view=core.UserAdmin&g2_subView=core.UserLogin&g2_return=%2Fmain.php%3Fg2_view%3Decard.SendEcard%26g2_itemId%3D3846 HTTP/1.1" 200 1414 "-" "Mozilla/5.0 (compatible; Googlebot/2.1; +http://www.google.com/bot.html)"
123.125.66.130 - - [06/Jun/2010:13:39:59 +0200] "GET / HTTP/1.1" 200 15 "-" "Baiduspider+(+http://www.baidu.com/search/spider.htm)"
220.181.7.90 - - [06/Jun/2010:13:41:32 +0200] "GET / HTTP/1.1" 200 15 "-" "Baiduspider+(+http://www.baidu.com/search/spider.htm)"
207.46.199.184 - - [06/Jun/2010:14:08:00 +0200] "GET /robots.txt HTTP/1.1" 404 320 "-" "msnbot/2.0b (+http://search.msn.com/msnbot.htm)"
207.46.12.75 - - [06/Jun/2010:14:19:12 +0200] "GET /v/pioneros/seleccion/aventura_en_ruta/mauritania/0000--090806---2038--rally_a_mali---pioneros--mauritania--spanishbullfighters---alberto_gomez-borrero--version---mauritania-.jpg.html HTTP/1.1" 404 504 "-" "Mozilla/4.0 (compatible; MSIE 7.0; Windows NT 5.1; SV1; .NET CLR 1.1.4322; .NET CLR 2.0.40607; .NET CLR 3.0.04506.648)"
207.46.12.75 - - [06/Jun/2010:14:19:16 +0200] "GET /lib/javascript/BlockToggle.js HTTP/1.1" 200 1359 "http://fotos.rallyamali.com/v/pioneros/seleccion/aventura_en_ruta/mauritania/0000--090806---2038--rally_a_mali---pioneros--mauritania--spanishbullfighters---alberto_gomez-borrero--version---mauritania-.jpg.html" "Mozilla/4.0 (compatible; MSIE 7.0; Windows NT 5.1; SV1; .NET CLR 1.1.4322; .NET CLR 2.0.40607; .NET CLR 3.0.04506.648)"
207.46.12.75 - - [06/Jun/2010:14:19:20 +0200] "GET /lib/javascript/BlockToggle.js HTTP/1.1" 304 - "http://fotos.rallyamali.com/v/pioneros/seleccion/aventura_en_ruta/mauritania/0000--090806---2038--rally_a_mali---pioneros--mauritania--spanishbullfighters---alberto_gomez-borrero--version---mauritania-.jpg.html" "Mozilla/4.0 (compatible; MSIE 7.0; Windows NT 5.1; SV1; .NET CLR 1.1.4322; .NET CLR 2.0.40607; .NET CLR 3.0.04506.648)"
207.46.12.75 - - [06/Jun/2010:14:19:21 +0200] "GET /themes/matrix/theme.css HTTP/1.1" 200 12501 "http://fotos.rallyamali.com/v/pioneros/seleccion/aventura_en_ruta/mauritania/0000--090806---2038--rally_a_mali---pioneros--mauritania--spanishbullfighters---alberto_gomez-borrero--version---mauritania-.jpg.html" "Mozilla/4.0 (compatible; MSIE 7.0; Windows NT 5.1; SV1; .NET CLR 1.1.4322; .NET CLR 2.0.40607; .NET CLR 3.0.04506.648)"
66.249.65.240 - - [06/Jun/2010:14:36:28 +0200] "GET /main.php?g2_view=ecard.SendEcard&g2_itemId=359&g2_return=%2Fv%2Fpioneros%2Fseleccion%2Feventos%2Fsalida%2F0000--090801---1153--rally_a_mali---pioneros--salida--raul_garcia--version--p1110059.jpg.html HTTP/1.1" 302 20 "-" "Mozilla/5.0 (compatible; Googlebot/2.1; +http://www.google.com/bot.html)"
66.249.65.240 - - [06/Jun/2010:14:36:29 +0200] "GET /main.php?g2_view=core.UserAdmin&g2_subView=core.UserLogin&g2_return=%2Fmain.php%3Fg2_view%3Decard.SendEcard%26g2_itemId%3D359 HTTP/1.1" 200 1415 "-" "Mozilla/5.0 (compatible; Googlebot/2.1; +http://www.google.com/bot.html)"
207.46.195.210 - - [06/Jun/2010:14:37:49 +0200] "GET /v/pioneros/seleccion/eventos/fiesta_nouadhibou/ HTTP/1.1" 404 504 "-" "Mozilla/4.0 (compatible; MSIE 7.0; Windows NT 5.2; SV1; .NET CLR 1.1.4322; .NET CLR 2.0.50727; .NET CLR 3.0.30729; .NET CLR 3.5.30729; MS-RTC LM 8)"
207.46.195.210 - - [06/Jun/2010:14:37:53 +0200] "GET /lib/javascript/BlockToggle.js HTTP/1.1" 200 1359 "http://fotos.rallyamali.com/v/pioneros/seleccion/eventos/fiesta_nouadhibou/" "Mozilla/4.0 (compatible; MSIE 7.0; Windows NT 5.2; SV1; .NET CLR 1.1.4322; .NET CLR 2.0.50727; .NET CLR 3.0.30729; .NET CLR 3.5.30729; MS-RTC LM 8)"
207.46.195.210 - - [06/Jun/2010:14:37:56 +0200] "GET /lib/javascript/BlockToggle.js HTTP/1.1" 304 - "http://fotos.rallyamali.com/v/pioneros/seleccion/eventos/fiesta_nouadhibou/" "Mozilla/4.0 (compatible; MSIE 7.0; Windows NT 5.2; SV1; .NET CLR 1.1.4322; .NET CLR 2.0.50727; .NET CLR 3.0.30729; .NET CLR 3.5.30729; MS-RTC LM 8)"
207.46.195.210 - - [06/Jun/2010:14:37:58 +0200] "GET /themes/matrix/theme.css HTTP/1.1" 200 12501 "http://fotos.rallyamali.com/v/pioneros/seleccion/eventos/fiesta_nouadhibou/" "Mozilla/4.0 (compatible; MSIE 7.0; Windows NT 5.2; SV1; .NET CLR 1.1.4322; .NET CLR 2.0.50727; .NET CLR 3.0.30729; .NET CLR 3.5.30729; MS-RTC LM 8)"
207.46.199.182 - - [06/Jun/2010:15:30:11 +0200] "GET /robots.txt HTTP/1.1" 404 320 "-" "msnbot/2.0b (+http://search.msn.com/msnbot.htm)"
67.195.115.170 - - [06/Jun/2010:16:15:50 +0200] "GET /robots.txt HTTP/1.0" 404 261 "-" "Mozilla/5.0 (compatible; Yahoo! Slurp; http://help.yahoo.com/help/us/ysearch/slurp)"
67.195.115.170 - - [06/Jun/2010:16:15:50 +0200] "GET /v/prensa/fotos/?g2_page=4 HTTP/1.0" 404 457 "-" "Mozilla/5.0 (compatible; Yahoo! Slurp/3.0; http://help.yahoo.com/help/us/ysearch/slurp)"
67.195.115.170 - - [06/Jun/2010:16:15:52 +0200] "GET /themes/matrix/theme.css HTTP/1.0" 304 - "http://fotos.rallyamali.com/v/prensa/fotos/?g2_page=4" "Mozilla/5.0 (compatible; Yahoo! Slurp/3.0; http://help.yahoo.com/help/us/ysearch/slurp)"
66.249.65.240 - - [06/Jun/2010:16:47:04 +0200] "GET /main.php?g2_controller=exif.SwitchDetailMode&g2_mode=detailed&g2_return=%2Fv%2Fprensa%2Ffotos%2F0000--090806---2038--rally_a_mali---pioneros--mauritania--spanishbullfighters--version--dsc_0599.jpg.html HTTP/1.1" 302 20 "-" "Mozilla/5.0 (compatible; Googlebot/2.1; +http://www.google.com/bot.html)"
207.46.195.223 - - [06/Jun/2010:17:17:24 +0200] "GET /robots.txt HTTP/1.1" 404 320 "-" "msnbot/2.0b (+http://search.msn.com/msnbot.htm)"
207.46.195.223 - - [06/Jun/2010:17:19:57 +0200] "GET /v/pioneros/seleccion/solidaridad_en_ruta/MAURITANIA-NOUADHIBOU-FUNDACIONCEAR/0000--090807---1418--rally_a_mali---pioneros--mali--spanishbullfighters---alberto_gomez-borrero--version--mauritania-59.jpg.html HTTP/1.1" 404 457 "-" "msnbot/2.0b (+http://search.msn.com/msnbot.htm)"
67.218.116.130 - - [06/Jun/2010:17:22:23 +0200] "GET /robots.txt HTTP/1.1" 404 261 "-" "Mozilla/5.0 (Twiceler-0.9 http://www.cuil.com/twiceler/robot.html)"
207.46.199.179 - - [06/Jun/2010:17:53:45 +0200] "GET /robots.txt HTTP/1.1" 404 320 "-" "msnbot/2.0b (+http://search.msn.com/msnbot.htm)"
66.249.65.240 - - [06/Jun/2010:18:34:34 +0200] "GET /robots.txt HTTP/1.1" 404 261 "-" "Googlebot-Image/1.0"
66.249.65.240 - - [06/Jun/2010:18:34:34 +0200] "GET /d/1742-2/mali-bamako-salesianos.jpg HTTP/1.1" 304 - "-" "Googlebot-Image/1.0"
66.249.65.240 - - [06/Jun/2010:18:57:05 +0200] "GET /main.php?g2_controller=exif.SwitchDetailMode&g2_mode=detailed&g2_return=%2Fv%2Fprensa%2Ffotos%2F0000--090812---1739--rally_a_mali---pioneros--mali--spanishbullfighters--version--csc_0115.jpg.html HTTP/1.1" 302 20 "-" "Mozilla/5.0 (compatible; Googlebot/2.1; +http://www.google.com/bot.html)"
66.249.65.240 - - [06/Jun/2010:18:57:06 +0200] "GET /v/prensa/fotos/0000--090812---1739--rally_a_mali---pioneros--mali--spanishbullfighters--version--csc_0115.jpg.html HTTP/1.1" 404 457 "-" "Mozilla/5.0 (compatible; Googlebot/2.1; +http://www.google.com/bot.html)"
67.195.115.170 - - [06/Jun/2010:19:13:59 +0200] "GET /v/pioneros/seleccion/solidaridad_en_ruta/mali-bamako-religiosas_de_maria_inmaculada/0000--090811---1620--rally_a_mali---pioneros--mali-solidaridad-religiosas_maria_inmaculada--spanishbullfighters---alberto_go.jpg.html HTTP/1.0" 404 457 "-" "Mozilla/5.0 (compatible; Yahoo! Slurp/3.0; http://help.yahoo.com/help/us/ysearch/slurp)"
