208.115.111.249 - - [09/Jun/2010:04:29:31 +0200] "GET /main.php?g2_view=slideshow.SlideshowMediaRss&g2_itemId=27 HTTP/1.1" 404 481 "-" "Mozilla/5.0 (compatible; DotBot/1.1; http://www.dotnetdotcom.org/, crawler@dotnetdotcom.org)"
208.115.111.249 - - [09/Jun/2010:04:29:35 +0200] "GET /main.php?g2_view=slideshow.SlideshowMediaRss&g2_itemId=4469 HTTP/1.1" 404 481 "-" "Mozilla/5.0 (compatible; DotBot/1.1; http://www.dotnetdotcom.org/, crawler@dotnetdotcom.org)"
208.115.111.249 - - [09/Jun/2010:04:29:39 +0200] "GET /main.php?g2_view=slideshow.SlideshowMediaRss&g2_itemId=7 HTTP/1.1" 200 223 "-" "Mozilla/5.0 (compatible; DotBot/1.1; http://www.dotnetdotcom.org/, crawler@dotnetdotcom.org)"
208.115.111.249 - - [09/Jun/2010:04:29:44 +0200] "GET /main.php?g2_view=slideshow.SlideshowMediaRss&g2_itemId=96 HTTP/1.1" 404 481 "-" "Mozilla/5.0 (compatible; DotBot/1.1; http://www.dotnetdotcom.org/, crawler@dotnetdotcom.org)"
67.195.115.170 - - [09/Jun/2010:05:16:20 +0200] "GET /robots.txt HTTP/1.0" 404 261 "-" "Mozilla/5.0 (compatible; Yahoo! Slurp; http://help.yahoo.com/help/us/ysearch/slurp)"
67.195.115.170 - - [09/Jun/2010:05:16:20 +0200] "GET /v/pioneros/seleccion/aventura_en_ruta/mali/?g2_page=4 HTTP/1.0" 404 457 "-" "Mozilla/5.0 (compatible; Yahoo! Slurp/3.0; http://help.yahoo.com/help/us/ysearch/slurp)"
67.195.115.170 - - [09/Jun/2010:05:16:22 +0200] "GET /themes/matrix/theme.css HTTP/1.0" 304 - "http://fotos.rallyamali.com/v/pioneros/seleccion/aventura_en_ruta/mali/?g2_page=4" "Mozilla/5.0 (compatible; Yahoo! Slurp/3.0; http://help.yahoo.com/help/us/ysearch/slurp)"
66.249.66.11 - - [09/Jun/2010:05:20:51 +0200] "GET /main.php?g2_controller=exif.SwitchDetailMode&g2_mode=detailed&g2_return=%2Fv%2Fprensa%2Ffotos%2F0000--090806---0000--rally_a_mali---pioneros--marruecos---vialix--angeles_del_desierto--version--p1000015.jpg.html HTTP/1.1" 302 20 "-" "Mozilla/5.0 (compatible; Googlebot/2.1; +http://www.google.com/bot.html)"
66.249.66.11 - - [09/Jun/2010:05:20:51 +0200] "GET /v/prensa/fotos/0000--090806---0000--rally_a_mali---pioneros--marruecos---vialix--angeles_del_desierto--version--p1000015.jpg.html HTTP/1.1" 404 457 "-" "Mozilla/5.0 (compatible; Googlebot/2.1; +http://www.google.com/bot.html)"
207.46.199.177 - - [09/Jun/2010:06:24:54 +0200] "GET /robots.txt HTTP/1.1" 404 320 "-" "msnbot/2.0b (+http://search.msn.com/msnbot.htm)"
207.46.13.136 - - [09/Jun/2010:06:57:57 +0200] "GET /robots.txt HTTP/1.1" 404 320 "-" "msnbot/2.0b (+http://search.msn.com/msnbot.htm)"
207.46.13.136 - - [09/Jun/2010:06:58:48 +0200] "GET /v/pioneros/seleccion/aventura_en_ruta/mauritania/0000--090807---1305--rally_a_mali---pioneros--mauritania--spanishbullfighters---alberto_gomez-borrero--version---mauritania-.jpg.html HTTP/1.1" 404 457 "-" "msnbot/2.0b (+http://search.msn.com/msnbot.htm)"
66.249.66.11 - - [09/Jun/2010:07:55:48 +0200] "GET /robots.txt HTTP/1.1" 404 261 "-" "Mozilla/5.0 (compatible; Googlebot/2.1; +http://www.google.com/bot.html)"
66.249.66.11 - - [09/Jun/2010:07:55:48 +0200] "GET /main.php?g2_controller=exif.SwitchDetailMode&g2_mode=detailed&g2_return=%2Fv%2Fprensa%2Ffotos%2F0000--090806---2039--rally_a_mali---pioneros--mauritania--spanishbullfighters--version--dsc_0603.jpg.html HTTP/1.1" 302 20 "-" "Mozilla/5.0 (compatible; Googlebot/2.1; +http://www.google.com/bot.html)"
66.249.66.11 - - [09/Jun/2010:07:55:48 +0200] "GET /v/prensa/fotos/0000--090806---2039--rally_a_mali---pioneros--mauritania--spanishbullfighters--version--dsc_0603.jpg.html HTTP/1.1" 404 457 "-" "Mozilla/5.0 (compatible; Googlebot/2.1; +http://www.google.com/bot.html)"
123.125.66.90 - - [09/Jun/2010:10:25:04 +0200] "GET / HTTP/1.1" 200 30 "-" "Baiduspider+(+http://www.baidu.com/search/spider.htm)"
66.249.66.11 - - [09/Jun/2010:11:51:01 +0200] "GET /main.php?g2_view=ecard.SendEcard&g2_itemId=3729&g2_return=%2Fv%2Fprensa%2Ffotos%2F0000--090808---1650--rally_a_mali---pioneros--mauritania--spanishbullfighters---alberto_gomez-borrero--version---mauritania-.jpg.html HTTP/1.1" 302 20 "-" "Mozilla/5.0 (compatible; Googlebot/2.1; +http://www.google.com/bot.html)"
66.249.66.11 - - [09/Jun/2010:11:51:03 +0200] "GET /main.php?g2_view=core.UserAdmin&g2_subView=core.UserLogin&g2_return=%2Fmain.php%3Fg2_view%3Decard.SendEcard%26g2_itemId%3D3729 HTTP/1.1" 200 1415 "-" "Mozilla/5.0 (compatible; Googlebot/2.1; +http://www.google.com/bot.html)"
67.195.115.170 - - [09/Jun/2010:13:06:08 +0200] "GET /robots.txt HTTP/1.0" 404 261 "-" "Mozilla/5.0 (compatible; Yahoo! Slurp; http://help.yahoo.com/help/us/ysearch/slurp)"
67.195.115.170 - - [09/Jun/2010:13:06:08 +0200] "GET /v/pioneros/seleccion/solidaridad_en_ruta/MAURITANIA-NOUADHIBOU-FUNDACIONCEAR/ HTTP/1.0" 404 457 "-" "Mozilla/5.0 (compatible; Yahoo! Slurp/3.0; http://help.yahoo.com/help/us/ysearch/slurp)"
67.195.115.170 - - [09/Jun/2010:13:06:09 +0200] "GET /themes/matrix/theme.css HTTP/1.0" 304 - "http://fotos.rallyamali.com/v/pioneros/seleccion/solidaridad_en_ruta/MAURITANIA-NOUADHIBOU-FUNDACIONCEAR/" "Mozilla/5.0 (compatible; Yahoo! Slurp/3.0; http://help.yahoo.com/help/us/ysearch/slurp)"
123.125.66.24 - - [09/Jun/2010:13:25:51 +0200] "GET /robots.txt HTTP/1.1" 404 261 "-" "Baiduspider+(+http://www.baidu.com/search/spider.htm)"
66.249.67.215 - - [09/Jun/2010:15:20:59 +0200] "GET /robots.txt HTTP/1.1" 404 261 "-" "Mozilla/5.0 (compatible; Googlebot/2.1; +http://www.google.com/bot.html)"
66.249.67.215 - - [09/Jun/2010:15:20:59 +0200] "GET / HTTP/1.1" 200 30 "-" "Mozilla/5.0 (compatible; Googlebot/2.1; +http://www.google.com/bot.html)"
204.236.249.179 - - [09/Jun/2010:15:51:55 +0200] "GET /robots.txt HTTP/1.1" 404 261 "-" "Mozilla/5.0 (compatible; spbot/2.0.4; +http://www.seoprofiler.com/bot )"
204.236.249.179 - - [09/Jun/2010:15:51:55 +0200] "GET / HTTP/1.1" 200 30 "-" "Mozilla/5.0 (compatible; spbot/2.0.4; +http://www.seoprofiler.com/bot )"
67.218.116.130 - - [09/Jun/2010:16:47:59 +0200] "GET /robots.txt HTTP/1.1" 404 261 "-" "Mozilla/5.0 (Twiceler-0.9 http://www.cuil.com/twiceler/robot.html)"
66.249.67.215 - - [09/Jun/2010:17:09:00 +0200] "GET /d/3892-11/0000--090816---1639--rally_a_mali---pioneros--mali--alejandro_cabezon---rutas_y_retos--version--p1160695.jpg HTTP/1.1" 304 - "-" "Googlebot-Image/1.0"
66.249.67.215 - - [09/Jun/2010:17:41:06 +0200] "GET /main.php?g2_controller=exif.SwitchDetailMode&g2_mode=detailed&g2_return=%2Fv%2Fprensa%2Ffotos%2F0000--090811---1933--rally_a_mali---pioneros--mali--osona_pandilleros--version--pic00142.jpg.html HTTP/1.1" 302 20 "-" "Mozilla/5.0 (compatible; Googlebot/2.1; +http://www.google.com/bot.html)"
66.249.67.215 - - [09/Jun/2010:17:41:06 +0200] "GET /v/prensa/fotos/0000--090811---1933--rally_a_mali---pioneros--mali--osona_pandilleros--version--pic00142.jpg.html HTTP/1.1" 404 457 "-" "Mozilla/5.0 (compatible; Googlebot/2.1; +http://www.google.com/bot.html)"
207.46.199.193 - - [09/Jun/2010:18:12:17 +0200] "GET /robots.txt HTTP/1.1" 404 320 "-" "msnbot/2.0b (+http://search.msn.com/msnbot.htm)"
220.181.7.124 - - [09/Jun/2010:18:44:01 +0200] "GET / HTTP/1.1" 200 15 "-" "Baiduspider+(+http://www.baidu.com/search/spider.htm)"
123.125.66.63 - - [09/Jun/2010:18:44:01 +0200] "GET / HTTP/1.1" 200 15 "-" "Baiduspider+(+http://www.baidu.com/search/spider.htm)"
66.249.67.215 - - [09/Jun/2010:18:48:18 +0200] "GET /v/prensa/fotos/0000--090818---1327--rally_a_mali---pioneros--mali--alejandro_cabezon---rutas_y_retos--version--p1170161.jpg.html HTTP/1.1" 404 457 "-" "Mozilla/5.0 (compatible; Googlebot/2.1; +http://www.google.com/bot.html)"
207.46.13.91 - - [09/Jun/2010:19:09:59 +0200] "GET /robots.txt HTTP/1.1" 404 320 "-" "msnbot/2.0b (+http://search.msn.com/msnbot.htm)"
207.46.13.91 - - [09/Jun/2010:19:11:00 +0200] "GET /v/pioneros/seleccion/aventura_en_ruta/mauritania/0000--090806---1936--rally_a_mali---pioneros--mauritania--spanishbullfighters---alberto_gomez-borrero--version---mauritania.jpg.html HTTP/1.1" 404 457 "-" "msnbot/2.0b (+http://search.msn.com/msnbot.htm)"
207.46.12.75 - - [09/Jun/2010:20:07:22 +0200] "GET /v/pioneros/seleccion/aventura_en_ruta/espagna/ HTTP/1.1" 404 504 "-" "Mozilla/4.0 (compatible; MSIE 6.0; Windows NT 5.2; SV1; .NET CLR 1.1.4322; .NET CLR 2.0.40607; .NET CLR 3.0.04506.648)"
66.249.67.215 - - [09/Jun/2010:21:35:54 +0200] "GET /themes/x_treme/images/blank.gif HTTP/1.1" 200 56 "-" "Googlebot-Image/1.0"
207.46.13.138 - - [09/Jun/2010:21:36:43 +0200] "GET /robots.txt HTTP/1.1" 404 320 "-" "msnbot/2.0b (+http://search.msn.com/msnbot.htm)"
207.46.13.138 - - [09/Jun/2010:21:37:26 +0200] "GET /v/pioneros/seleccion/solidaridad_en_ruta/MAURITANIA-NOUADHIBOU-FUNDACIONCEAR/0000--090807---1414--rally_a_mali---pioneros--mali--spanishbullfighters---alberto_gomez-borrero--version--mauritania-58.jpg.html HTTP/1.1" 404 457 "-" "msnbot/2.0b (+http://search.msn.com/msnbot.htm)"
119.63.198.41 - - [09/Jun/2010:23:04:20 +0200] "GET /robots.txt HTTP/1.1" 404 261 "-" "Baiduspider+(+http://www.baidu.com/search/spider.htm)"
123.125.66.91 - - [09/Jun/2010:23:47:42 +0200] "GET / HTTP/1.1" 200 15 "-" "Baiduspider+(+http://www.baidu.com/search/spider.htm)"
220.181.7.83 - - [09/Jun/2010:23:48:19 +0200] "GET / HTTP/1.1" 200 15 "-" "Baiduspider+(+http://www.baidu.com/search/spider.htm)"
207.46.199.191 - - [10/Jun/2010:00:11:40 +0200] "GET /robots.txt HTTP/1.1" 404 320 "-" "msnbot/2.0b (+http://search.msn.com/msnbot.htm)"
67.195.115.170 - - [10/Jun/2010:00:36:38 +0200] "GET /robots.txt HTTP/1.0" 404 261 "-" "Mozilla/5.0 (compatible; Yahoo! Slurp; http://help.yahoo.com/help/us/ysearch/slurp)"
67.195.115.170 - - [10/Jun/2010:00:36:39 +0200] "GET /v/prensa/fotos/0000--090807---1222--rally_a_mali---pioneros--mauritania--osona_pandilleros--version--pic00136.jpg.html HTTP/1.0" 404 457 "-" "Mozilla/5.0 (compatible; Yahoo! Slurp/3.0; http://help.yahoo.com/help/us/ysearch/slurp)"
67.195.115.170 - - [10/Jun/2010:00:36:39 +0200] "GET /themes/matrix/theme.css HTTP/1.0" 200 12501 "http://fotos.rallyamali.com/v/prensa/fotos/0000--090807---1222--rally_a_mali---pioneros--mauritania--osona_pandilleros--version--pic00136.jpg.html" "Mozilla/5.0 (compatible; Yahoo! Slurp/3.0; http://help.yahoo.com/help/us/ysearch/slurp)"
220.181.7.87 - - [10/Jun/2010:00:44:39 +0200] "GET / HTTP/1.1" 200 15 "-" "Baiduspider+(+http://www.baidu.com/search/spider.htm)"
123.125.66.75 - - [10/Jun/2010:00:44:57 +0200] "GET / HTTP/1.1" 200 15 "-" "Baiduspider+(+http://www.baidu.com/search/spider.htm)"
67.195.115.170 - - [10/Jun/2010:00:58:56 +0200] "GET /v/pioneros/seleccion/solidaridad_en_ruta/mali-bandiagara-hermanas_del_santo_angel/0000--090813---2016--rally_a_mali---pioneros--mali-solidaridad-hermanas_del_santo_angel--spanishbullfighters---alberto_gomez.jpg.html HTTP/1.0" 404 457 "-" "Mozilla/5.0 (compatible; Yahoo! Slurp/3.0; http://help.yahoo.com/help/us/ysearch/slurp)"
66.249.67.215 - - [10/Jun/2010:01:20:13 +0200] "GET /robots.txt HTTP/1.1" 404 261 "-" "Mozilla/5.0 (compatible; Googlebot/2.1; +http://www.google.com/bot.html)"
66.249.67.215 - - [10/Jun/2010:01:20:14 +0200] "GET /v/0000--090801---2110---000033--rally_a_mali---pioneros--la_sexta---la_sexta_noticias_tarde--version--Vi0240200908012110562111.wmv.html HTTP/1.1" 200 2257 "-" "Mozilla/5.0 (compatible; Googlebot/2.1; +http://www.google.com/bot.html)"
66.249.67.215 - - [10/Jun/2010:01:25:50 +0200] "GET /v/clipping/tv/0000--090801---2110---000033--rally_a_mali---pioneros--la_sexta---la_sexta_noticias_tarde--version--Vi0240200908012110562111.wmv.html HTTP/1.1" 404 457 "-" "Mozilla/5.0 (compatible; Googlebot/2.1; +http://www.google.com/bot.html)"
67.195.115.170 - - [10/Jun/2010:01:27:51 +0200] "GET /v/prensa/fotos/ HTTP/1.0" 404 457 "-" "Mozilla/5.0 (compatible; Yahoo! Slurp/3.0; http://help.yahoo.com/help/us/ysearch/slurp)"
66.249.67.215 - - [10/Jun/2010:01:54:56 +0200] "GET /main.php?g2_view=ecard.SendEcard&g2_itemId=3762&g2_return=%2Fv%2Fprensa%2Ffotos%2F0000--090812---1028--rally_a_mali---pioneros--mali--osona_pandilleros--version--cimg2036.jpg.html HTTP/1.1" 302 20 "-" "Mozilla/5.0 (compatible; Googlebot/2.1; +http://www.google.com/bot.html)"
66.249.67.215 - - [10/Jun/2010:01:54:56 +0200] "GET /main.php?g2_view=core.UserAdmin&g2_subView=core.UserLogin&g2_return=%2Fmain.php%3Fg2_view%3Decard.SendEcard%26g2_itemId%3D3762 HTTP/1.1" 200 1414 "-" "Mozilla/5.0 (compatible; Googlebot/2.1; +http://www.google.com/bot.html)"
67.195.115.170 - - [10/Jun/2010:03:43:34 +0200] "GET /v/pioneros/seleccion/eventos/fiesta_tras_aventura/0000--090911---2216--rally_a_mali---pioneros--fiesta_tras_aventura--alejandro_cabezon---rutas_y_retos--version--p1170926.jpg.html HTTP/1.0" 404 457 "-" "Mozilla/5.0 (compatible; Yahoo! Slurp/3.0; http://help.yahoo.com/help/us/ysearch/slurp)"
67.195.115.170 - - [10/Jun/2010:03:43:36 +0200] "GET /themes/matrix/theme.css HTTP/1.0" 304 - "http://fotos.rallyamali.com/v/pioneros/seleccion/eventos/fiesta_tras_aventura/0000--090911---2216--rally_a_mali---pioneros--fiesta_tras_aventura--alejandro_cabezon---rutas_y_retos--version--p1170926.jpg.html" "Mozilla/5.0 (compatible; Yahoo! Slurp/3.0; http://help.yahoo.com/help/us/ysearch/slurp)"
66.249.67.215 - - [10/Jun/2010:04:16:08 +0200] "GET /d/3685-13/0000--090806---1647--rally_a_mali---pioneros--mauritania--spanishbullfighters--version--dsc_0545.jpg HTTP/1.1" 304 - "-" "Googlebot-Image/1.0"
208.80.193.121 - - [10/Jun/2010:04:50:01 +0200] "GET / HTTP/1.0" 200 15 "-" "Mozilla/4.0 (compatible; MSIE 6.0; Windows NT 5.1; SV1; City of Plano Public Library; .NET CLR 1.1.4322)"
66.249.67.215 - - [10/Jun/2010:05:00:26 +0200] "GET /v/0000--090801---1448---000213--rally_a_mali---pioneros--cuatro---noticias_cuatro_1--version--Vi023420090801144804145017000001.wmv.html HTTP/1.1" 200 2237 "-" "Mozilla/5.0 (compatible; Googlebot/2.1; +http://www.google.com/bot.html)"
66.249.67.215 - - [10/Jun/2010:06:30:27 +0200] "GET /d/3652-13/0000--090805---1403--rally_a_mali---pioneros--marruecos--spanishbullfighters---alberto_gomez-borrero--version--marruecos-159.jpg HTTP/1.1" 304 - "-" "Googlebot-Image/1.0"
66.249.67.215 - - [10/Jun/2010:08:43:36 +0200] "GET /robots.txt HTTP/1.1" 404 261 "-" "Googlebot-Image/1.0"
66.249.67.215 - - [10/Jun/2010:08:43:36 +0200] "GET /d/3643-13/0000--090803---1126--rally_a_mali---pioneros--marruecos--spanishbullfighters--version--csc_3905.jpg HTTP/1.1" 304 - "-" "Googlebot-Image/1.0"
66.249.67.215 - - [10/Jun/2010:09:00:34 +0200] "GET /main.php?g2_view=ecard.SendEcard&g2_itemId=3759&g2_return=%2Fv%2Fprensa%2Ffotos%2F0000--090811---1933--rally_a_mali---pioneros--mali--osona_pandilleros--version--pic00142.jpg.html HTTP/1.1" 302 20 "-" "Mozilla/5.0 (compatible; Googlebot/2.1; +http://www.google.com/bot.html)"
66.249.67.215 - - [10/Jun/2010:09:00:35 +0200] "GET /main.php?g2_view=core.UserAdmin&g2_subView=core.UserLogin&g2_return=%2Fmain.php%3Fg2_view%3Decard.SendEcard%26g2_itemId%3D3759 HTTP/1.1" 200 1415 "-" "Mozilla/5.0 (compatible; Googlebot/2.1; +http://www.google.com/bot.html)"
207.46.199.46 - - [10/Jun/2010:09:31:07 +0200] "GET /robots.txt HTTP/1.1" 404 320 "-" "msnbot/2.0b (+http://search.msn.com/msnbot.htm)"
207.46.199.46 - - [10/Jun/2010:09:31:59 +0200] "GET /v/pioneros/seleccion/preparativos/0000--090728---1635--rally_a_mali---pioneros--preparativos--spanishbullfighters---alberto_gomez-borrero--version--dsc_3564.jpg.html HTTP/1.1" 404 457 "-" "msnbot/2.0b (+http://search.msn.com/msnbot.htm)"
67.195.115.170 - - [10/Jun/2010:10:51:36 +0200] "GET /robots.txt HTTP/1.0" 404 261 "-" "Mozilla/5.0 (compatible; Yahoo! Slurp; http://help.yahoo.com/help/us/ysearch/slurp)"
67.195.115.170 - - [10/Jun/2010:10:51:36 +0200] "GET /v/pioneros/seleccion/aventura_en_ruta/mauritania/0000--090807---1319--rally_a_mali---pioneros--mauritania--spanishbullfighters---alberto_gomez-borrero--version---mauritania-.jpg.html HTTP/1.0" 404 457 "-" "Mozilla/5.0 (compatible; Yahoo! Slurp/3.0; http://help.yahoo.com/help/us/ysearch/slurp)"
67.195.115.170 - - [10/Jun/2010:10:51:37 +0200] "GET /themes/matrix/theme.css HTTP/1.0" 304 - "http://fotos.rallyamali.com/v/pioneros/seleccion/aventura_en_ruta/mauritania/0000--090807---1319--rally_a_mali---pioneros--mauritania--spanishbullfighters---alberto_gomez-borrero--version---mauritania-.jpg.html" "Mozilla/5.0 (compatible; Yahoo! Slurp/3.0; http://help.yahoo.com/help/us/ysearch/slurp)"
123.125.66.79 - - [10/Jun/2010:11:52:31 +0200] "GET / HTTP/1.1" 200 15 "-" "Baiduspider+(+http://www.baidu.com/search/spider.htm)"
220.181.7.96 - - [10/Jun/2010:11:53:58 +0200] "GET / HTTP/1.1" 200 15 "-" "Baiduspider+(+http://www.baidu.com/search/spider.htm)"
67.195.115.170 - - [10/Jun/2010:12:51:46 +0200] "GET /v/prensa/fotos/0000--090805---1403--rally_a_mali---pioneros--marruecos--spanishbullfighters---alberto_gomez-borrero--version--marruecos-159.jpg.html HTTP/1.0" 404 457 "-" "Mozilla/5.0 (compatible; Yahoo! Slurp/3.0; http://help.yahoo.com/help/us/ysearch/slurp)"
208.115.111.249 - - [10/Jun/2010:13:26:34 +0200] "GET /robots.txt HTTP/1.1" 404 261 "-" "Mozilla/5.0 (compatible; DotBot/1.1; http://www.dotnetdotcom.org/, crawler@dotnetdotcom.org)"
220.181.7.59 - - [10/Jun/2010:13:41:05 +0200] "GET / HTTP/1.1" 200 15 "-" "Baiduspider+(+http://www.baidu.com/search/spider.htm)"
123.125.66.80 - - [10/Jun/2010:13:41:51 +0200] "GET / HTTP/1.1" 200 15 "-" "Baiduspider+(+http://www.baidu.com/search/spider.htm)"
123.125.66.17 - - [10/Jun/2010:14:02:13 +0200] "GET /robots.txt HTTP/1.1" 404 261 "-" "Baiduspider+(+http://www.baidu.com/search/spider.htm)"
207.46.199.51 - - [10/Jun/2010:15:27:54 +0200] "GET /robots.txt HTTP/1.1" 404 320 "-" "msnbot/2.0b (+http://search.msn.com/msnbot.htm)"
207.46.199.51 - - [10/Jun/2010:15:28:36 +0200] "GET /v/pioneros/seleccion/aventura_en_ruta/mauritania/0000--090806---2004--rally_a_mali---pioneros--mauritania--spanishbullfighters---alberto_gomez-borrero--version---mauritania-.jpg.html HTTP/1.1" 404 457 "-" "msnbot/2.0b (+http://search.msn.com/msnbot.htm)"
67.218.116.130 - - [10/Jun/2010:16:31:42 +0200] "GET /robots.txt HTTP/1.1" 404 261 "-" "Mozilla/5.0 (Twiceler-0.9 http://www.cuil.com/twiceler/robot.html)"
207.46.199.198 - - [10/Jun/2010:17:34:11 +0200] "GET /robots.txt HTTP/1.1" 404 320 "-" "msnbot/2.0b (+http://search.msn.com/msnbot.htm)"
208.115.111.249 - - [10/Jun/2010:17:49:42 +0200] "GET / HTTP/1.1" 200 30 "-" "Mozilla/5.0 (compatible; DotBot/1.1; http://www.dotnetdotcom.org/, crawler@dotnetdotcom.org)"
123.125.66.93 - - [10/Jun/2010:18:47:31 +0200] "GET / HTTP/1.1" 200 15 "-" "Baiduspider+(+http://www.baidu.com/search/spider.htm)"
67.195.115.170 - - [10/Jun/2010:20:07:51 +0200] "GET /main.php?g2_view=core.UserAdmin&g2_subView=core.UserLogin&g2_return=%2Fmain.php HTTP/1.0" 200 1396 "-" "Mozilla/5.0 (compatible; Yahoo! Slurp/3.0; http://help.yahoo.com/help/us/ysearch/slurp)"
67.195.115.170 - - [10/Jun/2010:20:07:52 +0200] "GET /modules/core/data/gallery.css HTTP/1.0" 200 10174 "http://fotos.rallyamali.com/main.php?g2_view=core.UserAdmin&g2_subView=core.UserLogin&g2_return=%2Fmain.php" "Mozilla/5.0 (compatible; Yahoo! Slurp/3.0; http://help.yahoo.com/help/us/ysearch/slurp)"
67.195.115.170 - - [10/Jun/2010:20:07:54 +0200] "GET /modules/icons/iconpacks/silk/icons.css HTTP/1.0" 200 11271 "http://fotos.rallyamali.com/main.php?g2_view=core.UserAdmin&g2_subView=core.UserLogin&g2_return=%2Fmain.php" "Mozilla/5.0 (compatible; Yahoo! Slurp/3.0; http://help.yahoo.com/help/us/ysearch/slurp)"
67.195.115.170 - - [10/Jun/2010:20:07:56 +0200] "GET /themes/matrix/theme.css HTTP/1.0" 304 - "http://fotos.rallyamali.com/main.php?g2_view=core.UserAdmin&g2_subView=core.UserLogin&g2_return=%2Fmain.php" "Mozilla/5.0 (compatible; Yahoo! Slurp/3.0; http://help.yahoo.com/help/us/ysearch/slurp)"
95.108.246.252 - - [10/Jun/2010:21:02:04 +0200] "GET /robots.txt HTTP/1.1" 404 320 "-" "Yandex/1.01.001 (compatible; Win16; I)"
95.108.246.252 - - [10/Jun/2010:22:08:49 +0200] "GET / HTTP/1.1" 200 30 "-" "Yandex/1.01.001 (compatible; Win16; I)"
207.46.199.180 - - [10/Jun/2010:22:39:38 +0200] "GET /robots.txt HTTP/1.1" 404 320 "-" "msnbot/2.0b (+http://search.msn.com/msnbot.htm)"
119.63.198.41 - - [10/Jun/2010:23:03:34 +0200] "GET /robots.txt HTTP/1.1" 404 261 "-" "Baiduspider+(+http://www.baidu.com/search/spider.htm)"
95.108.246.252 - - [10/Jun/2010:23:21:06 +0200] "GET /v/prensa/fotos/0000--090812---1208--rally_a_mali---pioneros--mali--spanishbullfighters---alberto_gomez-borrero--version--mali-106.jpg.html HTTP/1.1" 404 457 "-" "Yandex/1.01.001 (compatible; Win16; I)"
207.46.204.186 - - [10/Jun/2010:23:26:33 +0200] "GET /robots.txt HTTP/1.1" 404 320 "-" "msnbot/2.0b (+http://search.msn.com/msnbot.htm)"
207.46.204.186 - - [10/Jun/2010:23:27:34 +0200] "GET /v/pioneros/seleccion/aventura_en_ruta/mauritania/0000--090809---1627--rally_a_mali---pioneros--mauritania--spanishbullfighters---alberto_gomez-borrero--version---mauritania-.jpg.html HTTP/1.1" 404 457 "-" "msnbot/2.0b (+http://search.msn.com/msnbot.htm)"
207.46.13.140 - - [10/Jun/2010:23:30:04 +0200] "GET /v/pioneros/seleccion/preparativos/0000--090731---1126--rally_a_mali---pioneros--preparativos--spanishbullfighters---alberto_gomez-borrero--version--dsc_3587.jpg.html HTTP/1.1" 404 457 "-" "msnbot/2.0b (+http://search.msn.com/msnbot.htm)"
207.46.199.185 - - [10/Jun/2010:23:44:45 +0200] "GET /robots.txt HTTP/1.1" 404 320 "-" "msnbot/2.0b (+http://search.msn.com/msnbot.htm)"
123.125.66.96 - - [10/Jun/2010:23:47:08 +0200] "GET / HTTP/1.1" 200 15 "-" "Baiduspider+(+http://www.baidu.com/search/spider.htm)"
220.181.7.79 - - [11/Jun/2010:00:07:40 +0200] "GET / HTTP/1.1" 200 15 "-" "Baiduspider+(+http://www.baidu.com/search/spider.htm)"
67.195.115.170 - - [11/Jun/2010:00:17:54 +0200] "GET /robots.txt HTTP/1.0" 404 261 "-" "Mozilla/5.0 (compatible; Yahoo! Slurp; http://help.yahoo.com/help/us/ysearch/slurp)"
67.195.115.170 - - [11/Jun/2010:00:17:54 +0200] "GET /v/pioneros/seleccion/eventos/ HTTP/1.0" 404 457 "-" "Mozilla/5.0 (compatible; Yahoo! Slurp/3.0; http://help.yahoo.com/help/us/ysearch/slurp)"
67.195.115.170 - - [11/Jun/2010:00:17:55 +0200] "GET /themes/matrix/theme.css HTTP/1.0" 304 - "http://fotos.rallyamali.com/v/pioneros/seleccion/eventos/" "Mozilla/5.0 (compatible; Yahoo! Slurp/3.0; http://help.yahoo.com/help/us/ysearch/slurp)"
95.108.246.252 - - [11/Jun/2010:00:22:49 +0200] "GET /v/prensa/fotos/rally_a_mali-pioneros-alejandro_cabezon-P1150865.JPG.html HTTP/1.1" 404 457 "-" "Yandex/1.01.001 (compatible; Win16; I)"
66.249.66.11 - - [11/Jun/2010:01:03:41 +0200] "GET /robots.txt HTTP/1.1" 404 261 "-" "Mozilla/5.0 (compatible; Googlebot/2.1; +http://www.google.com/bot.html)"
66.249.66.11 - - [11/Jun/2010:01:03:41 +0200] "GET /v/prensa/fotos/0000--090806---2039--rally_a_mali---pioneros--mauritania--spanishbullfighters--version--dsc_0603.jpg.html HTTP/1.1" 404 457 "-" "Mozilla/5.0 (compatible; Googlebot/2.1; +http://www.google.com/bot.html)"
79.154.52.110 - - [11/Jun/2010:01:14:33 +0200] "GET /v/pioneros/seleccion/ HTTP/1.1" 404 505 "http://www.rallyamali.com/www.rallyamali.com/zona-de-ralliers.html" "Mozilla/5.0 (Windows; U; Windows NT 6.0; es-ES; rv:1.9.2.3) Gecko/20100401 Firefox/3.6.3 (.NET CLR 3.5.30729)"
79.154.52.110 - - [11/Jun/2010:01:14:34 +0200] "GET /lib/javascript/BlockToggle.js HTTP/1.1" 200 1359 "http://fotos.rallyamali.com/v/pioneros/seleccion/" "Mozilla/5.0 (Windows; U; Windows NT 6.0; es-ES; rv:1.9.2.3) Gecko/20100401 Firefox/3.6.3 (.NET CLR 3.5.30729)"
79.154.52.110 - - [11/Jun/2010:01:14:34 +0200] "GET /themes/matrix/theme.css HTTP/1.1" 200 12501 "http://fotos.rallyamali.com/v/pioneros/seleccion/" "Mozilla/5.0 (Windows; U; Windows NT 6.0; es-ES; rv:1.9.2.3) Gecko/20100401 Firefox/3.6.3 (.NET CLR 3.5.30729)"
79.154.52.110 - - [11/Jun/2010:01:14:34 +0200] "GET /favicon.ico HTTP/1.1" 404 262 "-" "Mozilla/5.0 (Windows; U; Windows NT 6.0; es-ES; rv:1.9.2.3) Gecko/20100401 Firefox/3.6.3 (.NET CLR 3.5.30729)"
79.154.52.110 - - [11/Jun/2010:01:16:01 +0200] "GET /favicon.ico HTTP/1.1" 404 262 "-" "Mozilla/5.0 (Windows; U; Windows NT 6.0; es-ES; rv:1.9.2.3) Gecko/20100401 Firefox/3.6.3 (.NET CLR 3.5.30729)"
95.108.246.252 - - [11/Jun/2010:01:37:31 +0200] "GET /v/prensa/fotos/0000--090806---0000--rally_a_mali---pioneros--marruecos---vialix--angeles_del_desierto--version--p1000015.jpg.html HTTP/1.1" 404 457 "-" "Yandex/1.01.001 (compatible; Win16; I)"
207.46.13.139 - - [11/Jun/2010:01:38:08 +0200] "GET /v/pioneros/seleccion/preparativos/0000--090731---1125--rally_a_mali---pioneros--preparativos--spanishbullfighters---alberto_gomez-borrero--version--dsc_3586.jpg.html HTTP/1.1" 404 457 "-" "msnbot/2.0b (+http://search.msn.com/msnbot.htm)"
66.249.66.11 - - [11/Jun/2010:01:56:14 +0200] "GET /d/4506-11/0000--090801---1448---000213--rally_a_mali---pioneros--cuatro---noticias_cuatro_1--version--Vi023420090801144804145017000001.jpg HTTP/1.1" 404 483 "-" "Mozilla/5.0 (compatible; Googlebot/2.1; +http://www.google.com/bot.html)"
95.108.246.252 - - [11/Jun/2010:02:39:38 +0200] "GET /v/prensa/fotos/0000--090806---0817--rally_a_mali---pioneros--marruecos--gregbol--version--img_1537.jpg.html HTTP/1.1" 404 457 "-" "Yandex/1.01.001 (compatible; Win16; I)"
123.125.66.73 - - [11/Jun/2010:02:39:59 +0200] "GET / HTTP/1.1" 200 15 "-" "Baiduspider+(+http://www.baidu.com/search/spider.htm)"
220.181.7.77 - - [11/Jun/2010:02:56:13 +0200] "GET / HTTP/1.1" 200 15 "-" "Baiduspider+(+http://www.baidu.com/search/spider.htm)"
66.249.66.11 - - [11/Jun/2010:03:31:05 +0200] "GET /d/4515-4/0000--090801---2127---000135--rally_a_mali---pioneros--telemadrid---telenoticias_fin_de_semana--version--Vi00142009080121270.jpg HTTP/1.1" 404 483 "-" "Mozilla/5.0 (compatible; Googlebot/2.1; +http://www.google.com/bot.html)"
95.108.246.252 - - [11/Jun/2010:03:46:09 +0200] "GET /v/prensa/fotos/0000--090807---1744--rally_a_mali---pioneros--mauritania--spanishbullfighters--version--csc_1014.jpg.html HTTP/1.1" 404 457 "-" "Yandex/1.01.001 (compatible; Win16; I)"
95.108.246.252 - - [11/Jun/2010:04:43:08 +0200] "GET /v/clipping/tv/?g2_highlightId=4511 HTTP/1.1" 404 457 "-" "Yandex/1.01.001 (compatible; Win16; I)"
95.108.246.252 - - [11/Jun/2010:05:33:58 +0200] "GET /v/prensa/fotos/0000--090807---1222--rally_a_mali---pioneros--mauritania--osona_pandilleros--version--pic00136.jpg.html HTTP/1.1" 404 457 "-" "Yandex/1.01.001 (compatible; Win16; I)"
207.46.204.244 - - [11/Jun/2010:05:58:13 +0200] "GET /robots.txt HTTP/1.1" 404 320 "-" "msnbot/2.0b (+http://search.msn.com/msnbot.htm)"
207.46.204.244 - - [11/Jun/2010:05:59:05 +0200] "GET /main.php?g2_highlightId=27 HTTP/1.1" 302 20 "-" "msnbot/2.0b (+http://search.msn.com/msnbot.htm)"
207.46.204.244 - - [11/Jun/2010:05:59:06 +0200] "GET /main.php HTTP/1.1" 200 2207 "-" "msnbot/2.0b (+http://search.msn.com/msnbot.htm)"
95.108.246.252 - - [11/Jun/2010:06:30:45 +0200] "GET /v/prensa/fotos/0000--090806---0000--rally_a_mali---pioneros--marruecos---spanishsiesta_y_murcia_mali_ole--angeles_del_desierto--version--p1.jpg.html HTTP/1.1" 404 457 "-" "Yandex/1.01.001 (compatible; Win16; I)"
66.249.66.11 - - [11/Jun/2010:06:46:46 +0200] "GET /d/4512-4/0000--090801---2110---000033--rally_a_mali---pioneros--la_sexta---la_sexta_noticias_tarde--version--Vi0240200908012110562111.jpg HTTP/1.1" 404 483 "-" "Mozilla/5.0 (compatible; Googlebot/2.1; +http://www.google.com/bot.html)"
67.195.115.170 - - [11/Jun/2010:06:51:03 +0200] "GET /main.php?g2_view=slideshow.SlideshowMediaRss&g2_itemId=3618 HTTP/1.0" 404 481 "-" "Mozilla/5.0 (compatible; Yahoo! Slurp/3.0; http://help.yahoo.com/help/us/ysearch/slurp)"
67.195.115.170 - - [11/Jun/2010:06:51:08 +0200] "GET /themes/matrix/theme.css HTTP/1.0" 304 - "http://fotos.rallyamali.com/main.php?g2_view=slideshow.SlideshowMediaRss&g2_itemId=3618" "Mozilla/5.0 (compatible; Yahoo! Slurp/3.0; http://help.yahoo.com/help/us/ysearch/slurp)"
220.181.7.78 - - [11/Jun/2010:07:01:53 +0200] "GET / HTTP/1.1" 200 30 "-" "Baiduspider+(+http://www.baidu.com/search/spider.htm)"
207.46.199.177 - - [11/Jun/2010:07:31:43 +0200] "GET /robots.txt HTTP/1.1" 404 320 "-" "msnbot/2.0b (+http://search.msn.com/msnbot.htm)"
95.108.246.252 - - [11/Jun/2010:07:34:49 +0200] "GET /v/prensa/fotos/?g2_highlightId=3678 HTTP/1.1" 404 457 "-" "Yandex/1.01.001 (compatible; Win16; I)"
67.195.115.170 - - [11/Jun/2010:08:22:53 +0200] "GET /robots.txt HTTP/1.0" 404 261 "-" "Mozilla/5.0 (compatible; Yahoo! Slurp; http://help.yahoo.com/help/us/ysearch/slurp)"
67.195.115.170 - - [11/Jun/2010:08:22:53 +0200] "GET /v/prensa/fotos/0000--090801---1204--rally_a_mali---pioneros--salida_madrid--osona_pandilleros--version--pic00019.jpg.html HTTP/1.0" 404 457 "-" "Mozilla/5.0 (compatible; Yahoo! Slurp/3.0; http://help.yahoo.com/help/us/ysearch/slurp)"
207.46.12.116 - - [11/Jun/2010:08:31:31 +0200] "GET /v/pioneros/seleccion/solidaridad_en_ruta/MAURITANIA-NOUADHIBOU-FUNDACIONCEAR/ HTTP/1.1" 404 504 "-" "Mozilla/4.0 (compatible; MSIE 6.0; Windows NT 5.1; SLCC1; .NET CLR 1.1.4325; .NET CLR 2.0.50727; .NET CLR 3.0.30729; .NET CLR 3.5.30707; MS-RTC LM 8)"
95.108.246.252 - - [11/Jun/2010:08:32:19 +0200] "GET /v/prensa/fotos/0000--090806---1647--rally_a_mali---pioneros--mauritania--spanishbullfighters--version--dsc_0545.jpg.html HTTP/1.1" 404 457 "-" "Yandex/1.01.001 (compatible; Win16; I)"
95.108.246.252 - - [11/Jun/2010:09:29:17 +0200] "GET /v/clipping/?g2_highlightId=4475 HTTP/1.1" 404 457 "-" "Yandex/1.01.001 (compatible; Win16; I)"
66.249.66.11 - - [11/Jun/2010:09:42:52 +0200] "GET /main.php?g2_view=ecard.SendEcard&g2_itemId=3831&g2_return=%2Fv%2Fprensa%2Ffotos%2F0000--090814---1102--rally_a_mali---pioneros--mali--alejandro_cabezon---rutas_y_retos--version--p1150814.jpg.html HTTP/1.1" 302 20 "-" "Mozilla/5.0 (compatible; Googlebot/2.1; +http://www.google.com/bot.html)"
66.249.66.11 - - [11/Jun/2010:09:42:52 +0200] "GET /main.php?g2_view=core.UserAdmin&g2_subView=core.UserLogin&g2_return=%2Fmain.php%3Fg2_view%3Decard.SendEcard%26g2_itemId%3D3831 HTTP/1.1" 200 1414 "-" "Mozilla/5.0 (compatible; Googlebot/2.1; +http://www.google.com/bot.html)"
207.46.204.204 - - [11/Jun/2010:09:43:05 +0200] "GET /main.php?g2_view=ecard.SendEcard&g2_itemId=142&g2_return=%2Fv%2Fpioneros%2Fseleccion%2Fpreparativos%2F0000--090731---1354--rally_a_mali---pioneros--preparativos--spanishbullfighters---alberto_gomez-borrero--version--dsc_3591.jpg.html HTTP/1.1" 302 20 "-" "Mozilla/4.0 (compatible; MSIE 6.0; Windows NT 5.2; SV1; .NET CLR 1.1.4322; .NET CLR 2.0.40607; .NET CLR 3.0.04506.648)"
207.46.204.204 - - [11/Jun/2010:09:43:05 +0200] "GET /main.php?g2_view=core.UserAdmin&g2_subView=core.UserLogin&g2_return=%2Fmain.php%3Fg2_view%3Decard.SendEcard%26g2_itemId%3D142%26 HTTP/1.1" 200 1425 "-" "Mozilla/4.0 (compatible; MSIE 6.0; Windows NT 5.2; SV1; .NET CLR 1.1.4322; .NET CLR 2.0.40607; .NET CLR 3.0.04506.648)"
207.46.204.204 - - [11/Jun/2010:09:43:08 +0200] "GET /modules/core/data/gallery.css HTTP/1.1" 200 10174 "http://fotos.rallyamali.com/main.php?g2_view=core.UserAdmin&g2_subView=core.UserLogin&g2_return=%2Fmain.php%3Fg2_view%3Decard.SendEcard%26g2_itemId%3D142%26" "Mozilla/4.0 (compatible; MSIE 6.0; Windows NT 5.2; SV1; .NET CLR 1.1.4322; .NET CLR 2.0.40607; .NET CLR 3.0.04506.648)"
207.46.204.204 - - [11/Jun/2010:09:43:09 +0200] "GET /main.php?g2_view=core.CombinedJavascript&g2_key=6f4128736939e89bb5962446d0fad789 HTTP/1.1" 200 338 "http://fotos.rallyamali.com/main.php?g2_view=core.UserAdmin&g2_subView=core.UserLogin&g2_return=%2Fmain.php%3Fg2_view%3Decard.SendEcard%26g2_itemId%3D142%26" "Mozilla/4.0 (compatible; MSIE 6.0; Windows NT 5.2; SV1; .NET CLR 1.1.4322; .NET CLR 2.0.40607; .NET CLR 3.0.04506.648)"
207.46.204.204 - - [11/Jun/2010:09:43:10 +0200] "GET /modules/icons/iconpacks/silk/icons.css HTTP/1.1" 200 11271 "http://fotos.rallyamali.com/main.php?g2_view=core.UserAdmin&g2_subView=core.UserLogin&g2_return=%2Fmain.php%3Fg2_view%3Decard.SendEcard%26g2_itemId%3D142%26" "Mozilla/4.0 (compatible; MSIE 6.0; Windows NT 5.2; SV1; .NET CLR 1.1.4322; .NET CLR 2.0.40607; .NET CLR 3.0.04506.648)"
207.46.204.204 - - [11/Jun/2010:09:43:14 +0200] "GET /themes/matrix/theme.css HTTP/1.1" 200 12501 "http://fotos.rallyamali.com/main.php?g2_view=core.UserAdmin&g2_subView=core.UserLogin&g2_return=%2Fmain.php%3Fg2_view%3Decard.SendEcard%26g2_itemId%3D142%26" "Mozilla/4.0 (compatible; MSIE 6.0; Windows NT 5.2; SV1; .NET CLR 1.1.4322; .NET CLR 2.0.40607; .NET CLR 3.0.04506.648)"
207.46.204.241 - - [11/Jun/2010:10:17:21 +0200] "GET /robots.txt HTTP/1.1" 404 320 "-" "msnbot/2.0b (+http://search.msn.com/msnbot.htm)"
207.46.204.241 - - [11/Jun/2010:10:18:36 +0200] "GET /v/pioneros/seleccion/solidaridad_en_ruta/MAURITANIA-NOUADHIBOU-FUNDACIONCEAR/0000--090807---1449--rally_a_mali---pioneros--mali--spanishbullfighters---alberto_gomez-borrero--version--mauritania-64.jpg.html HTTP/1.1" 404 457 "-" "msnbot/2.0b (+http://search.msn.com/msnbot.htm)"
95.108.246.252 - - [11/Jun/2010:10:20:04 +0200] "GET /v/prensa/fotos/0000--090816---1517--rally_a_mali---pioneros--mali--spanishsiesta--version--img_1059.jpg.html HTTP/1.1" 404 457 "-" "Yandex/1.01.001 (compatible; Win16; I)"
66.249.66.11 - - [11/Jun/2010:10:48:00 +0200] "GET /main.php?g2_view=ecard.SendEcard&g2_itemId=3825&g2_return=%2Fv%2Fprensa%2Ffotos%2F0000--090814---1000--rally_a_mali---pioneros--mali---encendios_solidarios_con_chavales--betis_rally_team--version--img_4047.jpg.html HTTP/1.1" 302 20 "-" "Mozilla/5.0 (compatible; Googlebot/2.1; +http://www.google.com/bot.html)"
66.249.66.11 - - [11/Jun/2010:10:48:01 +0200] "GET /main.php?g2_view=core.UserAdmin&g2_subView=core.UserLogin&g2_return=%2Fmain.php%3Fg2_view%3Decard.SendEcard%26g2_itemId%3D3825 HTTP/1.1" 200 1413 "-" "Mozilla/5.0 (compatible; Googlebot/2.1; +http://www.google.com/bot.html)"
208.80.193.39 - - [11/Jun/2010:11:05:50 +0200] "GET / HTTP/1.0" 200 15 "-" "Mozilla/4.0 (compatible; MSIE 7.0; Windows NT 5.1; .NET CLR 1.1.4322; IEMB3; ZangoToolbar 4.8.3; .NET CLR 2.0.50727; IEMB3)"
95.108.246.252 - - [11/Jun/2010:11:16:56 +0200] "GET /v/prensa/fotos/rally_a_mali-pioneros-alejandro_cabezon-P1170096.JPG.html HTTP/1.1" 404 457 "-" "Yandex/1.01.001 (compatible; Win16; I)"
217.127.206.67 - - [11/Jun/2010:11:21:11 +0200] "GET / HTTP/1.1" 200 30 "http://www.rallyamali.com/www.rallyamali.com/index.html" "Mozilla/4.0 (compatible; MSIE 8.0; Windows NT 5.1; Trident/4.0; .NET CLR 1.1.4322; .NET CLR 2.0.50727; InfoPath.2; .NET CLR 3.0.4506.2152; .NET CLR 3.5.30729)"
217.127.206.67 - - [11/Jun/2010:11:21:14 +0200] "GET /favicon.ico HTTP/1.1" 404 262 "-" "Mozilla/4.0 (compatible; MSIE 8.0; Windows NT 5.1; Trident/4.0; .NET CLR 1.1.4322; .NET CLR 2.0.50727; InfoPath.2; .NET CLR 3.0.4506.2152; .NET CLR 3.5.30729)"
123.125.66.124 - - [11/Jun/2010:11:50:11 +0200] "GET / HTTP/1.1" 200 15 "-" "Baiduspider+(+http://www.baidu.com/search/spider.htm)"
220.181.7.118 - - [11/Jun/2010:11:58:39 +0200] "GET / HTTP/1.1" 200 15 "-" "Baiduspider+(+http://www.baidu.com/search/spider.htm)"
95.108.246.252 - - [11/Jun/2010:12:25:59 +0200] "GET /v/prensa/ HTTP/1.1" 404 457 "-" "Yandex/1.01.001 (compatible; Win16; I)"
123.125.66.65 - - [11/Jun/2010:12:44:07 +0200] "GET / HTTP/1.1" 200 15 "-" "Baiduspider+(+http://www.baidu.com/search/spider.htm)"
220.181.7.81 - - [11/Jun/2010:12:45:27 +0200] "GET / HTTP/1.1" 200 15 "-" "Baiduspider+(+http://www.baidu.com/search/spider.htm)"
66.249.66.11 - - [11/Jun/2010:12:58:02 +0200] "GET /main.php?g2_view=core.UserAdmin&g2_subView=core.UserLogin&g2_return=%2Fv%2Fprensa%2Ffotos%2F0000--090813---1953--rally_a_mali---pioneros--mali--osona_pandilleros--version--pic00017.jpg.html HTTP/1.1" 200 1460 "-" "Mozilla/5.0 (compatible; Googlebot/2.1; +http://www.google.com/bot.html)"
95.108.246.252 - - [11/Jun/2010:13:27:14 +0200] "GET /v/pioneros/seleccion/eventos/ HTTP/1.1" 404 457 "-" "Yandex/1.01.001 (compatible; Win16; I)"
66.249.66.11 - - [11/Jun/2010:13:46:24 +0200] "GET /robots.txt HTTP/1.1" 404 261 "-" "Mozilla/5.0 (compatible; Googlebot/2.1; +http://www.google.com/bot.html)"
66.249.66.11 - - [11/Jun/2010:13:46:24 +0200] "GET /v/pioneros/ HTTP/1.1" 404 457 "-" "Mozilla/5.0 (compatible; Googlebot/2.1; +http://www.google.com/bot.html)"
66.249.66.11 - - [11/Jun/2010:14:02:37 +0200] "GET /main.php?g2_view=ecard.SendEcard&g2_itemId=3816&g2_return=%2Fv%2Fprensa%2Ffotos%2F0000--090813---1953--rally_a_mali---pioneros--mali--osona_pandilleros--version--pic00017.jpg.html HTTP/1.1" 302 20 "-" "Mozilla/5.0 (compatible; Googlebot/2.1; +http://www.google.com/bot.html)"
66.249.66.11 - - [11/Jun/2010:14:02:37 +0200] "GET /main.php?g2_view=core.UserAdmin&g2_subView=core.UserLogin&g2_return=%2Fmain.php%3Fg2_view%3Decard.SendEcard%26g2_itemId%3D3816 HTTP/1.1" 200 1413 "-" "Mozilla/5.0 (compatible; Googlebot/2.1; +http://www.google.com/bot.html)"
123.125.66.99 - - [11/Jun/2010:14:16:49 +0200] "GET /robots.txt HTTP/1.1" 404 261 "-" "Baiduspider+(+http://www.baidu.com/search/spider.htm)"
95.108.246.252 - - [11/Jun/2010:14:29:08 +0200] "GET /v/pioneros/seleccion/solidaridad_en_ruta/ HTTP/1.1" 404 457 "-" "Yandex/1.01.001 (compatible; Win16; I)"
66.249.66.11 - - [11/Jun/2010:15:07:52 +0200] "GET /v/prensa/?g2_highlightId=3603 HTTP/1.1" 404 457 "-" "Mozilla/5.0 (compatible; Googlebot/2.1; +http://www.google.com/bot.html)"
207.46.13.143 - - [11/Jun/2010:15:09:01 +0200] "GET /robots.txt HTTP/1.1" 404 320 "-" "msnbot/2.0b (+http://search.msn.com/msnbot.htm)"
207.46.13.143 - - [11/Jun/2010:15:10:08 +0200] "GET /v/pioneros/seleccion/?g2_highlightId=90 HTTP/1.1" 404 457 "-" "msnbot/2.0b (+http://search.msn.com/msnbot.htm)"
95.108.246.252 - - [11/Jun/2010:15:24:10 +0200] "GET /v/pioneros/?g2_highlightId=96 HTTP/1.1" 404 457 "-" "Yandex/1.01.001 (compatible; Win16; I)"
66.249.66.11 - - [11/Jun/2010:16:12:37 +0200] "GET /robots.txt HTTP/1.1" 404 261 "-" "Mozilla/5.0 (compatible; Googlebot/2.1; +http://www.google.com/bot.html)"
66.249.66.11 - - [11/Jun/2010:16:12:37 +0200] "GET /main.php?g2_controller=exif.SwitchDetailMode&g2_mode=detailed&g2_return=%2Fv%2Fprensa%2Ffotos%2F0000--090806---2039--rally_a_mali---pioneros--mauritania--spanishbullfighters--version--dsc_0603.jpg.html HTTP/1.1" 302 20 "-" "Mozilla/5.0 (compatible; Googlebot/2.1; +http://www.google.com/bot.html)"
66.249.66.11 - - [11/Jun/2010:16:12:38 +0200] "GET /v/prensa/fotos/0000--090806---2039--rally_a_mali---pioneros--mauritania--spanishbullfighters--version--dsc_0603.jpg.html HTTP/1.1" 404 457 "-" "Mozilla/5.0 (compatible; Googlebot/2.1; +http://www.google.com/bot.html)"
95.108.246.252 - - [11/Jun/2010:16:25:12 +0200] "GET /v/pioneros/seleccion/aventura_en_ruta/ HTTP/1.1" 404 457 "-" "Yandex/1.01.001 (compatible; Win16; I)"
207.46.13.48 - - [11/Jun/2010:16:30:14 +0200] "GET /v/pioneros/seleccion/eventos/salida/ HTTP/1.1" 404 457 "-" "msnbot/2.0b (+http://search.msn.com/msnbot.htm)"
67.218.116.167 - - [11/Jun/2010:16:34:41 +0200] "GET /robots.txt HTTP/1.1" 404 261 "-" "Mozilla/5.0 (Twiceler-0.9 http://www.cuil.com/twiceler/robot.html)"
66.249.66.11 - - [11/Jun/2010:17:17:13 +0200] "GET /main.php?g2_view=core.UserAdmin&g2_subView=core.UserLogin&g2_return=%2Fmain.php%3Fg2_view%3Decard.SendEcard%26g2_itemId%3D3816 HTTP/1.1" 200 1414 "-" "Mozilla/5.0 (compatible; Googlebot/2.1; +http://www.google.com/bot.html)"
95.108.246.252 - - [11/Jun/2010:17:25:03 +0200] "GET /v/prensa/fotos/0000--090806---2038--rally_a_mali---pioneros--mauritania--spanishbullfighters--version--dsc_0599.jpg.html HTTP/1.1" 404 457 "-" "Yandex/1.01.001 (compatible; Win16; I)"
67.195.115.170 - - [11/Jun/2010:17:37:31 +0200] "GET /v/pioneros/seleccion/eventos/salida/0000--090801---1109--rally_a_mali---pioneros--salida--raul_garcia--version--p1110013.jpg.html HTTP/1.0" 404 457 "-" "Mozilla/5.0 (compatible; Yahoo! Slurp/3.0; http://help.yahoo.com/help/us/ysearch/slurp)"
67.195.115.170 - - [11/Jun/2010:17:37:33 +0200] "GET /themes/matrix/theme.css HTTP/1.0" 304 - "http://fotos.rallyamali.com/v/pioneros/seleccion/eventos/salida/0000--090801---1109--rally_a_mali---pioneros--salida--raul_garcia--version--p1110013.jpg.html" "Mozilla/5.0 (compatible; Yahoo! Slurp/3.0; http://help.yahoo.com/help/us/ysearch/slurp)"
67.195.115.170 - - [11/Jun/2010:17:56:41 +0200] "GET /v/pioneros/seleccion/eventos/salida/?g2_page=2 HTTP/1.0" 404 457 "-" "Mozilla/5.0 (compatible; Yahoo! Slurp/3.0; http://help.yahoo.com/help/us/ysearch/slurp)"
66.249.66.11 - - [11/Jun/2010:18:09:11 +0200] "GET /v/prensa/ HTTP/1.1" 404 457 "-" "Mozilla/5.0 (compatible; Googlebot/2.1; +http://www.google.com/bot.html)"
95.108.246.252 - - [11/Jun/2010:18:11:32 +0200] "GET /v/pioneros/ HTTP/1.1" 404 457 "-" "Yandex/1.01.001 (compatible; Win16; I)"
207.46.204.177 - - [11/Jun/2010:19:09:51 +0200] "GET /robots.txt HTTP/1.1" 404 320 "-" "msnbot/2.0b (+http://search.msn.com/msnbot.htm)"
207.46.204.177 - - [11/Jun/2010:19:10:44 +0200] "GET /v/pioneros/?g2_highlightId=96 HTTP/1.1" 404 457 "-" "msnbot/2.0b (+http://search.msn.com/msnbot.htm)"
66.249.66.11 - - [11/Jun/2010:19:27:00 +0200] "GET /main.php?g2_view=core.UserAdmin&g2_subView=core.UserLogin&g2_return=%2Fv%2Fpioneros%2Fseleccion%2Feventos%2Fsalida%2F0000--090801---1213--rally_a_mali---pioneros--salida--raul_garcia--version--p1110083.jpg.html HTTP/1.1" 200 1471 "-" "Mozilla/5.0 (compatible; Googlebot/2.1; +http://www.google.com/bot.html)"
66.249.66.11 - - [11/Jun/2010:19:59:55 +0200] "GET /main.php?g2_view=core.UserAdmin&g2_subView=core.UserLogin&g2_return=%2Fmain.php%3Fg2_view%3Decard.SendEcard%26g2_itemId%3D3825 HTTP/1.1" 200 1413 "-" "Mozilla/5.0 (compatible; Googlebot/2.1; +http://www.google.com/bot.html)"
119.63.198.124 - - [11/Jun/2010:20:43:44 +0200] "GET / HTTP/1.1" 200 30 "-" "Baiduspider+(+http://www.baidu.jp/spider/)"
207.46.204.202 - - [11/Jun/2010:21:26:31 +0200] "GET /main.php?g2_view=ecard.SendEcard&g2_itemId=115&g2_return=%2Fv%2Fpioneros%2Fseleccion%2Fpreparativos%2F0000--090724---1929--rally_a_mali---pioneros--preparativos--spanishbullfighters---alberto_gomez-borrero--version--csc_3560.jpg.html HTTP/1.1" 302 20 "-" "Mozilla/4.0 (compatible; MSIE 7.0; Windows NT 5.2; SV1; .NET CLR 1.1.4322; .NET CLR 2.0.50727; .NET CLR 3.0.30729; .NET CLR 3.5.30729; MS-RTC LM 8)"
207.46.204.202 - - [11/Jun/2010:21:26:31 +0200] "GET /main.php?g2_view=core.UserAdmin&g2_subView=core.UserLogin&g2_return=%2Fmain.php%3Fg2_view%3Decard.SendEcard%26g2_itemId%3D115%26 HTTP/1.1" 200 1427 "-" "Mozilla/4.0 (compatible; MSIE 7.0; Windows NT 5.2; SV1; .NET CLR 1.1.4322; .NET CLR 2.0.50727; .NET CLR 3.0.30729; .NET CLR 3.5.30729; MS-RTC LM 8)"
207.46.204.202 - - [11/Jun/2010:21:26:34 +0200] "GET /modules/core/data/gallery.css HTTP/1.1" 200 10174 "http://fotos.rallyamali.com/main.php?g2_view=core.UserAdmin&g2_subView=core.UserLogin&g2_return=%2Fmain.php%3Fg2_view%3Decard.SendEcard%26g2_itemId%3D115%26" "Mozilla/4.0 (compatible; MSIE 7.0; Windows NT 5.2; SV1; .NET CLR 1.1.4322; .NET CLR 2.0.50727; .NET CLR 3.0.30729; .NET CLR 3.5.30729; MS-RTC LM 8)"
207.46.204.202 - - [11/Jun/2010:21:26:35 +0200] "GET /modules/icons/iconpacks/silk/icons.css HTTP/1.1" 200 11271 "http://fotos.rallyamali.com/main.php?g2_view=core.UserAdmin&g2_subView=core.UserLogin&g2_return=%2Fmain.php%3Fg2_view%3Decard.SendEcard%26g2_itemId%3D115%26" "Mozilla/4.0 (compatible; MSIE 7.0; Windows NT 5.2; SV1; .NET CLR 1.1.4322; .NET CLR 2.0.50727; .NET CLR 3.0.30729; .NET CLR 3.5.30729; MS-RTC LM 8)"
207.46.204.202 - - [11/Jun/2010:21:26:35 +0200] "GET /main.php?g2_view=core.CombinedJavascript&g2_key=6f4128736939e89bb5962446d0fad789 HTTP/1.1" 200 338 "http://fotos.rallyamali.com/main.php?g2_view=core.UserAdmin&g2_subView=core.UserLogin&g2_return=%2Fmain.php%3Fg2_view%3Decard.SendEcard%26g2_itemId%3D115%26" "Mozilla/4.0 (compatible; MSIE 7.0; Windows NT 5.2; SV1; .NET CLR 1.1.4322; .NET CLR 2.0.50727; .NET CLR 3.0.30729; .NET CLR 3.5.30729; MS-RTC LM 8)"
207.46.204.202 - - [11/Jun/2010:21:26:38 +0200] "GET /themes/matrix/theme.css HTTP/1.1" 200 12501 "http://fotos.rallyamali.com/main.php?g2_view=core.UserAdmin&g2_subView=core.UserLogin&g2_return=%2Fmain.php%3Fg2_view%3Decard.SendEcard%26g2_itemId%3D115%26" "Mozilla/4.0 (compatible; MSIE 7.0; Windows NT 5.2; SV1; .NET CLR 1.1.4322; .NET CLR 2.0.50727; .NET CLR 3.0.30729; .NET CLR 3.5.30729; MS-RTC LM 8)"
95.108.246.252 - - [11/Jun/2010:21:37:59 +0200] "GET /robots.txt HTTP/1.1" 404 320 "-" "Yandex/1.01.001 (compatible; Win16; I)"
95.108.246.252 - - [11/Jun/2010:22:49:55 +0200] "GET /v/prensa/ HTTP/1.1" 404 457 "-" "Yandex/1.01.001 (compatible; Win16; I)"
119.63.198.59 - - [11/Jun/2010:23:06:31 +0200] "GET /robots.txt HTTP/1.1" 404 261 "-" "Baiduspider+(+http://www.baidu.com/search/spider.htm)"
95.108.246.252 - - [12/Jun/2010:00:37:20 +0200] "GET /v/prensa/?g2_highlightId=3603 HTTP/1.1" 404 457 "-" "Yandex/1.01.001 (compatible; Win16; I)"
123.125.66.123 - - [12/Jun/2010:00:42:32 +0200] "GET / HTTP/1.1" 200 15 "-" "Baiduspider+(+http://www.baidu.com/search/spider.htm)"
95.108.246.252 - - [12/Jun/2010:01:48:54 +0200] "GET /v/prensa/fotos/0000--090806---2039--rally_a_mali---pioneros--mauritania--spanishbullfighters--version--dsc_0603.jpg.html HTTP/1.1" 404 457 "-" "Yandex/1.01.001 (compatible; Win16; I)"
66.249.66.11 - - [12/Jun/2010:02:54:14 +0200] "GET /v/pioneros/?g2_highlightId=96 HTTP/1.1" 404 457 "-" "Mozilla/5.0 (compatible; Googlebot/2.1; +http://www.google.com/bot.html)"
95.108.246.252 - - [12/Jun/2010:03:54:05 +0200] "GET /v/prensa/fotos/0000--090813---1716--rally_a_mali---pioneros--mali--gregbol--version--img_2133.jpg.html HTTP/1.1" 404 457 "-" "Yandex/1.01.001 (compatible; Win16; I)"
207.46.199.55 - - [12/Jun/2010:04:15:01 +0200] "GET /robots.txt HTTP/1.1" 404 320 "-" "msnbot/2.0b (+http://search.msn.com/msnbot.htm)"
207.46.199.55 - - [12/Jun/2010:04:15:46 +0200] "GET /v/pioneros/seleccion/aventura_en_ruta/mali/?g2_page=5 HTTP/1.1" 404 457 "-" "msnbot/2.0b (+http://search.msn.com/msnbot.htm)"
95.108.246.252 - - [12/Jun/2010:05:23:29 +0200] "GET /v/prensa/fotos/0000--090807---1305--rally_a_mali---pioneros--mauritania--spanishbullfighters--version--dsc_0694.jpg.html HTTP/1.1" 404 457 "-" "Yandex/1.01.001 (compatible; Win16; I)"
207.46.204.232 - - [12/Jun/2010:05:32:14 +0200] "GET /v/pioneros/seleccion/solidaridad_en_ruta/mali-bandiagara-hermanas_del_santo_angel/0000--090813---2012--rally_a_mali---pioneros--mali-solidaridad-hermanas_del_santo_angel--spanishbullfighters---alberto_g_001.jpg.html HTTP/1.1" 404 457 "-" "msnbot/2.0b (+http://search.msn.com/msnbot.htm)"
67.195.115.170 - - [12/Jun/2010:05:43:24 +0200] "GET /robots.txt HTTP/1.0" 404 261 "-" "Mozilla/5.0 (compatible; Yahoo! Slurp; http://help.yahoo.com/help/us/ysearch/slurp)"
67.195.115.170 - - [12/Jun/2010:05:43:25 +0200] "GET /v/prensa/fotos/0000--090806---1647--rally_a_mali---pioneros--mauritania--spanishbullfighters--version--dsc_0545.jpg.html HTTP/1.0" 404 457 "-" "Mozilla/5.0 (compatible; Yahoo! Slurp/3.0; http://help.yahoo.com/help/us/ysearch/slurp)"
67.195.115.170 - - [12/Jun/2010:05:43:26 +0200] "GET /themes/matrix/theme.css HTTP/1.0" 304 - "http://fotos.rallyamali.com/v/prensa/fotos/0000--090806---1647--rally_a_mali---pioneros--mauritania--spanishbullfighters--version--dsc_0545.jpg.html" "Mozilla/5.0 (compatible; Yahoo! Slurp/3.0; http://help.yahoo.com/help/us/ysearch/slurp)"
123.125.66.72 - - [12/Jun/2010:06:35:22 +0200] "GET / HTTP/1.1" 200 15 "-" "Baiduspider+(+http://www.baidu.com/search/spider.htm)"
220.181.7.85 - - [12/Jun/2010:06:51:58 +0200] "GET / HTTP/1.1" 200 15 "-" "Baiduspider+(+http://www.baidu.com/search/spider.htm)"
95.108.246.252 - - [12/Jun/2010:07:10:52 +0200] "GET /v/prensa/fotos/0000--090804---1613--rally_a_mali---pioneros--marruecos--osona_pandilleros--version--pic00070.jpg.html HTTP/1.1" 404 457 "-" "Yandex/1.01.001 (compatible; Win16; I)"
67.195.115.170 - - [12/Jun/2010:07:36:41 +0200] "GET /v/pioneros/seleccion/solidaridad_en_ruta/mali-bamako-religiosas_de_maria_inmaculada/0000--090811---1616--rally_a_mali---pioneros--mali-solidaridad-religiosas_maria_inmaculada--spanishbullfighters---alberto_go.jpg.html HTTP/1.0" 404 457 "-" "Mozilla/5.0 (compatible; Yahoo! Slurp/3.0; http://help.yahoo.com/help/us/ysearch/slurp)"
95.108.246.252 - - [12/Jun/2010:08:22:24 +0200] "GET /v/prensa/fotos/0000--090801---1348--rally_a_mali---pioneros--salida--last_lap--version--salida2.jpg.html HTTP/1.1" 404 457 "-" "Yandex/1.01.001 (compatible; Win16; I)"
95.108.246.252 - - [12/Jun/2010:09:51:44 +0200] "GET /v/prensa/fotos/0000--090809---1448--rally_a_mali---pioneros--mali--spanishbullfighters--version--dsc_1197.jpg.html HTTP/1.1" 404 457 "-" "Yandex/1.01.001 (compatible; Win16; I)"
66.249.66.11 - - [12/Jun/2010:11:05:18 +0200] "GET /robots.txt HTTP/1.1" 404 261 "-" "Mozilla/5.0 (compatible; Googlebot/2.1; +http://www.google.com/bot.html)"
66.249.66.11 - - [12/Jun/2010:11:05:18 +0200] "GET /main.php?g2_view=ecard.SendEcard&g2_itemId=3918&g2_return=%2Fv%2Fprensa%2Ffotos%2F0000--090817---1027--rally_a_mali---pioneros--mali--alejandro_cabezon---rutas_y_retos--version--p1160943.jpg.html HTTP/1.1" 302 20 "-" "Mozilla/5.0 (compatible; Googlebot/2.1; +http://www.google.com/bot.html)"
66.249.66.11 - - [12/Jun/2010:11:05:19 +0200] "GET /main.php?g2_view=core.UserAdmin&g2_subView=core.UserLogin&g2_return=%2Fmain.php%3Fg2_view%3Decard.SendEcard%26g2_itemId%3D3918 HTTP/1.1" 200 1414 "-" "Mozilla/5.0 (compatible; Googlebot/2.1; +http://www.google.com/bot.html)"
95.108.246.252 - - [12/Jun/2010:11:21:03 +0200] "GET /v/clipping/tv/?g2_highlightId=4505 HTTP/1.1" 404 457 "-" "Yandex/1.01.001 (compatible; Win16; I)"
95.108.246.252 - - [12/Jun/2010:12:14:40 +0200] "GET /v/prensa/fotos/0000--090813---1305--rally_a_mali---pioneros--mali---encendios_solidarios_averia--betis_rally_team--version--img_3979.jpg.html HTTP/1.1" 404 457 "-" "Yandex/1.01.001 (compatible; Win16; I)"
95.108.246.252 - - [12/Jun/2010:13:26:04 +0200] "GET /v/clipping/ HTTP/1.1" 404 457 "-" "Yandex/1.01.001 (compatible; Win16; I)"
207.46.199.182 - - [12/Jun/2010:13:59:34 +0200] "GET /robots.txt HTTP/1.1" 404 320 "-" "msnbot/2.0b (+http://search.msn.com/msnbot.htm)"
220.181.7.128 - - [12/Jun/2010:14:23:51 +0200] "GET / HTTP/1.1" 200 30 "-" "Baiduspider+(+http://www.baidu.com/search/spider.htm)"
123.125.66.110 - - [12/Jun/2010:14:47:42 +0200] "GET /robots.txt HTTP/1.1" 404 261 "-" "Baiduspider+(+http://www.baidu.com/search/spider.htm)"
