207.46.13.89 - - [17/Aug/2010:20:12:32 +0200] "GET /v/pioneros/seleccion/eventos/salida/0000--090801---1053--rally_a_mali---pioneros--salida--patricia_ozores--version--p1150083.jpg.html HTTP/1.1" 404 464 "-" "msnbot/2.0b (+http://search.msn.com/msnbot.htm)"
123.125.66.114 - - [17/Aug/2010:21:22:07 +0200] "GET /robots.txt HTTP/1.1" 404 261 "-" "Baiduspider+(+http://www.baidu.com/search/spider.htm)"
95.108.246.252 - - [17/Aug/2010:22:37:25 +0200] "GET /robots.txt HTTP/1.1" 404 320 "-" "Mozilla/5.0 (compatible; YandexBot/3.0; +http://yandex.com/bots)"
65.52.49.77 - - [18/Aug/2010:00:17:20 +0200] "GET /robots.txt HTTP/1.1" 404 320 "-" "msnbot/2.0b (+http://search.msn.com/msnbot.htm)"
208.80.194.36 - - [18/Aug/2010:01:08:05 +0200] "GET / HTTP/1.0" 200 15 "-" "Mozilla/4.0 (compatible; MSIE 7.0; Windows NT 5.1; acc=vonner; acc=; iebar; FunWebProducts; .NET CLR 1.1.4322)"
95.108.246.252 - - [18/Aug/2010:01:57:53 +0200] "GET / HTTP/1.1" 200 30 "-" "Mozilla/5.0 (compatible; YandexBot/3.0; +http://yandex.com/bots)"
207.46.199.201 - - [18/Aug/2010:04:18:17 +0200] "GET /robots.txt HTTP/1.1" 404 320 "-" "msnbot/2.0b (+http://search.msn.com/msnbot.htm)"
119.63.198.50 - - [18/Aug/2010:09:37:23 +0200] "GET /robots.txt HTTP/1.1" 404 261 "-" "Baiduspider+(+http://www.baidu.com/search/spider.htm)"
66.249.71.218 - - [18/Aug/2010:12:53:06 +0200] "GET /robots.txt HTTP/1.1" 404 261 "-" "Mozilla/5.0 (compatible; Googlebot/2.1; +http://www.google.com/bot.html)"
66.249.71.218 - - [18/Aug/2010:12:53:06 +0200] "GET /v/pioneros/seleccion/eventos/salida/?g2_highlightId=275 HTTP/1.1" 404 464 "-" "Mozilla/5.0 (compatible; Googlebot/2.1; +http://www.google.com/bot.html)"
123.125.66.30 - - [18/Aug/2010:13:32:13 +0200] "GET /robots.txt HTTP/1.1" 404 261 "-" "Baiduspider+(+http://www.baidu.com/search/spider.htm)"
66.249.71.218 - - [18/Aug/2010:18:57:10 +0200] "GET /robots.txt HTTP/1.1" 404 261 "-" "Mozilla/5.0 (compatible; Googlebot/2.1; +http://www.google.com/bot.html)"
66.249.71.218 - - [18/Aug/2010:18:57:10 +0200] "GET /main.php?g2_view=rss.SimpleRender&g2_itemId=4830 HTTP/1.1" 500 65 "-" "Mozilla/5.0 (compatible; Googlebot/2.1; +http://www.google.com/bot.html)"
95.108.246.252 - - [18/Aug/2010:21:08:32 +0200] "GET /robots.txt HTTP/1.1" 404 320 "-" "Mozilla/5.0 (compatible; YandexBot/3.0; +http://yandex.com/bots)"
95.108.246.252 - - [18/Aug/2010:23:40:58 +0200] "GET / HTTP/1.1" 200 30 "-" "Mozilla/5.0 (compatible; YandexBot/3.0; +http://yandex.com/bots)"
207.46.199.178 - - [19/Aug/2010:03:25:38 +0200] "GET /robots.txt HTTP/1.1" 404 320 "-" "msnbot/2.0b (+http://search.msn.com/msnbot.htm)"
207.46.199.201 - - [19/Aug/2010:07:17:49 +0200] "GET /robots.txt HTTP/1.1" 404 320 "-" "msnbot/2.0b (+http://search.msn.com/msnbot.htm)"
65.52.49.141 - - [19/Aug/2010:07:18:57 +0200] "GET /robots.txt HTTP/1.1" 404 320 "-" "msnbot/2.0b (+http://search.msn.com/msnbot.htm)"
207.46.199.198 - - [19/Aug/2010:08:08:29 +0200] "GET /robots.txt HTTP/1.1" 404 320 "-" "msnbot/2.0b (+http://search.msn.com/msnbot.htm)"
119.63.198.37 - - [19/Aug/2010:09:41:36 +0200] "GET /robots.txt HTTP/1.1" 404 261 "-" "Baiduspider+(+http://www.baidu.com/search/spider.htm)"
208.80.194.37 - - [19/Aug/2010:10:39:36 +0200] "GET / HTTP/1.0" 200 15 "-" "Mozilla/4.0 (compatible; MSIE 7.0; Windows NT 5.1; .NET CLR 1.0.3705; .NET CLR 1.1.4322; ZangoToolbar 4.8.2; PeoplePal 3.0; .NET CLR 2.0.50727)"
67.195.111.52 - - [19/Aug/2010:11:30:05 +0200] "GET /robots.txt HTTP/1.0" 404 261 "-" "Mozilla/5.0 (compatible; Yahoo! Slurp; http://help.yahoo.com/help/us/ysearch/slurp)"
67.195.111.52 - - [19/Aug/2010:11:30:06 +0200] "GET /main.php?g2_view=slideshow.SlideshowMediaRss&g2_itemId=96 HTTP/1.0" 404 488 "-" "Mozilla/5.0 (compatible; Yahoo! Slurp/3.0; http://help.yahoo.com/help/us/ysearch/slurp)"
67.195.111.52 - - [19/Aug/2010:11:30:08 +0200] "GET /themes/matrix/theme.css HTTP/1.0" 200 12501 "http://fotos.rallyamali.com/main.php?g2_view=slideshow.SlideshowMediaRss&g2_itemId=96" "Mozilla/5.0 (compatible; Yahoo! Slurp/3.0; http://help.yahoo.com/help/us/ysearch/slurp)"
66.249.71.218 - - [19/Aug/2010:11:33:25 +0200] "GET /robots.txt HTTP/1.1" 404 261 "-" "Mozilla/5.0 (compatible; Googlebot/2.1; +http://www.google.com/bot.html)"
66.249.71.218 - - [19/Aug/2010:11:33:25 +0200] "GET /v/pioneros/seleccion/ HTTP/1.1" 404 464 "-" "Mozilla/5.0 (compatible; Googlebot/2.1; +http://www.google.com/bot.html)"
65.52.51.179 - - [19/Aug/2010:12:26:37 +0200] "GET /robots.txt HTTP/1.1" 404 320 "-" "msnbot/2.0b (+http://search.msn.com/msnbot.htm)"
217.116.25.94 - - [19/Aug/2010:13:04:55 +0200] "GET / HTTP/1.1" 200 30 "http://www.rallyamali.com/www.rallyamali.com/index.html" "Mozilla/5.0 (Windows; U; Windows NT 5.1; es-ES; rv:1.9.2.8) Gecko/20100722 Firefox/3.6.8"
217.116.25.94 - - [19/Aug/2010:13:04:55 +0200] "GET /favicon.ico HTTP/1.1" 404 262 "-" "Mozilla/5.0 (Windows; U; Windows NT 5.1; es-ES; rv:1.9.2.8) Gecko/20100722 Firefox/3.6.8"
217.116.25.94 - - [19/Aug/2010:13:04:58 +0200] "GET /favicon.ico HTTP/1.1" 404 262 "-" "Mozilla/5.0 (Windows; U; Windows NT 5.1; es-ES; rv:1.9.2.8) Gecko/20100722 Firefox/3.6.8"
207.46.199.193 - - [19/Aug/2010:15:26:42 +0200] "GET /robots.txt HTTP/1.1" 404 320 "-" "msnbot/2.0b (+http://search.msn.com/msnbot.htm)"
66.249.65.241 - - [19/Aug/2010:21:33:11 +0200] "GET /robots.txt HTTP/1.1" 404 261 "-" "Googlebot-Image/1.0"
66.249.65.241 - - [19/Aug/2010:21:33:11 +0200] "GET /d/1713-2/mali-bamako-religiosas_de_maria_inmaculada.jpg HTTP/1.1" 304 - "-" "Googlebot-Image/1.0"
66.249.65.199 - - [19/Aug/2010:22:45:14 +0200] "GET /d/3895-11/0000--090816---1744--rally_a_mali---pioneros--mali--alejandro_cabezon---rutas_y_retos--version--p1160724.jpg HTTP/1.1" 304 - "-" "Googlebot-Image/1.0"
207.46.199.178 - - [19/Aug/2010:23:22:39 +0200] "GET /robots.txt HTTP/1.1" 404 320 "-" "msnbot/2.0b (+http://search.msn.com/msnbot.htm)"
123.125.66.45 - - [19/Aug/2010:23:23:12 +0200] "GET /robots.txt HTTP/1.1" 404 261 "-" "Baiduspider+(+http://www.baidu.com/search/spider.htm)"
67.195.111.52 - - [19/Aug/2010:23:26:44 +0200] "GET /robots.txt HTTP/1.0" 404 261 "-" "Mozilla/5.0 (compatible; Yahoo! Slurp; http://help.yahoo.com/help/us/ysearch/slurp)"
67.195.111.52 - - [19/Aug/2010:23:26:44 +0200] "GET /main.php?g2_view=core.UserAdmin&g2_subView=core.UserLogin&g2_return=%2Fv%2Fpioneros%2Fseleccion%2F HTTP/1.0" 200 1457 "-" "Mozilla/5.0 (compatible; Yahoo! Slurp/3.0; http://help.yahoo.com/help/us/ysearch/slurp)"
67.195.111.52 - - [19/Aug/2010:23:26:48 +0200] "GET /modules/core/data/gallery.css HTTP/1.0" 200 10174 "http://fotos.rallyamali.com/main.php?g2_view=core.UserAdmin&g2_subView=core.UserLogin&g2_return=%2Fv%2Fpioneros%2Fseleccion%2F" "Mozilla/5.0 (compatible; Yahoo! Slurp/3.0; http://help.yahoo.com/help/us/ysearch/slurp)"
67.195.111.52 - - [19/Aug/2010:23:26:49 +0200] "GET /modules/icons/iconpacks/silk/icons.css HTTP/1.0" 200 11271 "http://fotos.rallyamali.com/main.php?g2_view=core.UserAdmin&g2_subView=core.UserLogin&g2_return=%2Fv%2Fpioneros%2Fseleccion%2F" "Mozilla/5.0 (compatible; Yahoo! Slurp/3.0; http://help.yahoo.com/help/us/ysearch/slurp)"
67.195.111.52 - - [19/Aug/2010:23:26:51 +0200] "GET /themes/matrix/theme.css HTTP/1.0" 304 - "http://fotos.rallyamali.com/main.php?g2_view=core.UserAdmin&g2_subView=core.UserLogin&g2_return=%2Fv%2Fpioneros%2Fseleccion%2F" "Mozilla/5.0 (compatible; Yahoo! Slurp/3.0; http://help.yahoo.com/help/us/ysearch/slurp)"
66.249.65.199 - - [19/Aug/2010:23:57:33 +0200] "GET /d/402-2/0000--090801---1223--rally_a_mali---pioneros--salida--raul_garcia--version--p1110120.jpg HTTP/1.1" 304 - "-" "Googlebot-Image/1.0"
66.249.65.199 - - [20/Aug/2010:02:30:27 +0200] "GET /main.php HTTP/1.1" 200 2286 "-" "Mozilla/5.0 (compatible; Googlebot/2.1; +http://www.google.com/bot.html)"
207.46.199.200 - - [20/Aug/2010:02:51:04 +0200] "GET /robots.txt HTTP/1.1" 404 320 "-" "msnbot/2.0b (+http://search.msn.com/msnbot.htm)"
66.249.65.243 - - [20/Aug/2010:06:22:40 +0200] "GET /v/prensa/fotos/0000--090804---1613--rally_a_mali---pioneros--marruecos--osona_pandilleros--version--pic00070.jpg.html HTTP/1.1" 404 464 "-" "Mozilla/5.0 (compatible; Googlebot/2.1; +http://www.google.com/bot.html)"
66.249.65.231 - - [20/Aug/2010:07:09:11 +0200] "GET /v/prensa/fotos/0000--090801---1350--rally_a_mali---pioneros--salida--last_lap--version--salida5.jpg.html HTTP/1.1" 404 464 "-" "Mozilla/5.0 (compatible; Googlebot/2.1; +http://www.google.com/bot.html)"
66.249.65.241 - - [20/Aug/2010:08:41:57 +0200] "GET /v/prensa/fotos/0000--090801---1211--rally_a_mali---pioneros--salida--patricia_ozores--version--p1150240.jpg.html HTTP/1.1" 404 464 "-" "Mozilla/5.0 (compatible; Googlebot/2.1; +http://www.google.com/bot.html)"
65.52.53.244 - - [20/Aug/2010:08:49:06 +0200] "GET /robots.txt HTTP/1.1" 404 320 "-" "msnbot/2.0b (+http://search.msn.com/msnbot.htm)"
119.63.198.43 - - [20/Aug/2010:09:40:34 +0200] "GET /robots.txt HTTP/1.1" 404 261 "-" "Baiduspider+(+http://www.baidu.com/search/spider.htm)"
123.125.66.55 - - [20/Aug/2010:13:45:17 +0200] "GET /robots.txt HTTP/1.1" 404 261 "-" "Baiduspider+(+http://www.baidu.com/search/spider.htm)"
207.46.204.185 - - [20/Aug/2010:15:52:39 +0200] "GET /robots.txt HTTP/1.1" 404 320 "-" "msnbot/2.0b (+http://search.msn.com/msnbot.htm)"
207.46.204.185 - - [20/Aug/2010:16:41:53 +0200] "GET /main.php?g2_highlightId=27 HTTP/1.1" 302 20 "-" "msnbot/2.0b (+http://search.msn.com/msnbot.htm)"
207.46.204.185 - - [20/Aug/2010:16:41:55 +0200] "GET /main.php HTTP/1.1" 200 2287 "-" "msnbot/2.0b (+http://search.msn.com/msnbot.htm)"
66.249.65.243 - - [20/Aug/2010:17:21:41 +0200] "GET /robots.txt HTTP/1.1" 404 261 "-" "Mozilla/5.0 (compatible; Googlebot/2.1; +http://www.google.com/bot.html)"
66.249.65.243 - - [20/Aug/2010:17:21:41 +0200] "GET /main.php?g2_view=rss.SimpleRender&g2_itemId=4830 HTTP/1.1" 500 65 "-" "Mozilla/5.0 (compatible; Googlebot/2.1; +http://www.google.com/bot.html)"
208.80.194.34 - - [20/Aug/2010:20:23:29 +0200] "GET / HTTP/1.0" 200 15 "-" "Mozilla/4.0 (compatible; MSIE 6.0; Windows NT 5.1; sv1; .NET CLR 2.0.50727; .NET CLR 3.0.04506.30)"
66.249.65.193 - - [20/Aug/2010:21:15:22 +0200] "GET /d/4100-7/DSC_0122.JPG HTTP/1.1" 304 - "-" "Googlebot-Image/1.0"
67.195.111.52 - - [20/Aug/2010:22:10:29 +0200] "GET /robots.txt HTTP/1.0" 404 261 "-" "Mozilla/5.0 (compatible; Yahoo! Slurp; http://help.yahoo.com/help/us/ysearch/slurp)"
67.195.111.52 - - [20/Aug/2010:22:10:29 +0200] "GET /main.php?g2_view=core.UserAdmin&g2_subView=core.UserLogin&g2_return=%2Fmain.php%3Fg2_view%3Dcore.UserAdmin%26g2_subView%3Dcore.UserRecoverPassword HTTP/1.0" 200 1452 "-" "Mozilla/5.0 (compatible; Yahoo! Slurp/3.0; http://help.yahoo.com/help/us/ysearch/slurp)"
67.195.111.52 - - [20/Aug/2010:22:10:30 +0200] "GET /modules/core/data/gallery.css HTTP/1.0" 304 - "http://fotos.rallyamali.com/main.php?g2_view=core.UserAdmin&g2_subView=core.UserLogin&g2_return=%2Fmain.php%3Fg2_view%3Dcore.UserAdmin%26g2_subView%3Dcore.UserRecoverPassword" "Mozilla/5.0 (compatible; Yahoo! Slurp/3.0; http://help.yahoo.com/help/us/ysearch/slurp)"
67.195.111.52 - - [20/Aug/2010:22:10:31 +0200] "GET /modules/icons/iconpacks/silk/icons.css HTTP/1.0" 304 - "http://fotos.rallyamali.com/main.php?g2_view=core.UserAdmin&g2_subView=core.UserLogin&g2_return=%2Fmain.php%3Fg2_view%3Dcore.UserAdmin%26g2_subView%3Dcore.UserRecoverPassword" "Mozilla/5.0 (compatible; Yahoo! Slurp/3.0; http://help.yahoo.com/help/us/ysearch/slurp)"
67.195.111.52 - - [20/Aug/2010:22:10:31 +0200] "GET /themes/matrix/theme.css HTTP/1.0" 304 - "http://fotos.rallyamali.com/main.php?g2_view=core.UserAdmin&g2_subView=core.UserLogin&g2_return=%2Fmain.php%3Fg2_view%3Dcore.UserAdmin%26g2_subView%3Dcore.UserRecoverPassword" "Mozilla/5.0 (compatible; Yahoo! Slurp/3.0; http://help.yahoo.com/help/us/ysearch/slurp)"
67.195.111.52 - - [21/Aug/2010:02:57:37 +0200] "GET /main.php?g2_view=core.UserAdmin&g2_subView=core.UserLogin&g2_return=%2Fv%2Fclipping%2F HTTP/1.0" 200 1453 "-" "Mozilla/5.0 (compatible; Yahoo! Slurp/3.0; http://help.yahoo.com/help/us/ysearch/slurp)"
67.195.111.52 - - [21/Aug/2010:02:57:38 +0200] "GET /modules/core/data/gallery.css HTTP/1.0" 304 - "http://fotos.rallyamali.com/main.php?g2_view=core.UserAdmin&g2_subView=core.UserLogin&g2_return=%2Fv%2Fclipping%2F" "Mozilla/5.0 (compatible; Yahoo! Slurp/3.0; http://help.yahoo.com/help/us/ysearch/slurp)"
67.195.111.52 - - [21/Aug/2010:02:57:38 +0200] "GET /modules/icons/iconpacks/silk/icons.css HTTP/1.0" 304 - "http://fotos.rallyamali.com/main.php?g2_view=core.UserAdmin&g2_subView=core.UserLogin&g2_return=%2Fv%2Fclipping%2F" "Mozilla/5.0 (compatible; Yahoo! Slurp/3.0; http://help.yahoo.com/help/us/ysearch/slurp)"
67.195.111.52 - - [21/Aug/2010:02:57:38 +0200] "GET /themes/matrix/theme.css HTTP/1.0" 304 - "http://fotos.rallyamali.com/main.php?g2_view=core.UserAdmin&g2_subView=core.UserLogin&g2_return=%2Fv%2Fclipping%2F" "Mozilla/5.0 (compatible; Yahoo! Slurp/3.0; http://help.yahoo.com/help/us/ysearch/slurp)"
66.249.65.193 - - [21/Aug/2010:03:12:27 +0200] "GET /main.php?g2_view=rss.SimpleRender&g2_itemId=4833 HTTP/1.1" 500 65 "-" "Mozilla/5.0 (compatible; Googlebot/2.1; +http://www.google.com/bot.html)"
95.108.246.252 - - [21/Aug/2010:06:28:08 +0200] "GET /robots.txt HTTP/1.1" 404 320 "-" "Mozilla/5.0 (compatible; YandexBot/3.0; +http://yandex.com/bots)"
95.108.246.252 - - [21/Aug/2010:07:45:58 +0200] "GET /main.php?g2_view=core.UserAdmin&g2_subView=register.UserSelfRegistration&g2_return=%2Fmain.php%3Fg2_view%3Dsearch.SearchScan%26g2_form%255BuseDefaultSettings%255D%3D1 HTTP/1.1" 200 1526 "-" "Mozilla/5.0 (compatible; YandexBot/3.0; +http://yandex.com/bots)"
67.195.111.52 - - [21/Aug/2010:07:51:14 +0200] "GET /main.php?g2_view=slideshow.SlideshowMediaRss&g2_itemId=2210 HTTP/1.0" 404 488 "-" "Mozilla/5.0 (compatible; Yahoo! Slurp/3.0; http://help.yahoo.com/help/us/ysearch/slurp)"
67.195.111.52 - - [21/Aug/2010:07:51:16 +0200] "GET /themes/matrix/theme.css HTTP/1.0" 304 - "http://fotos.rallyamali.com/main.php?g2_view=slideshow.SlideshowMediaRss&g2_itemId=2210" "Mozilla/5.0 (compatible; Yahoo! Slurp/3.0; http://help.yahoo.com/help/us/ysearch/slurp)"
66.249.65.243 - - [21/Aug/2010:08:08:30 +0200] "GET /robots.txt HTTP/1.1" 404 261 "-" "Mozilla/5.0 (compatible; Googlebot/2.1; +http://www.google.com/bot.html)"
66.249.65.243 - - [21/Aug/2010:08:08:30 +0200] "GET /v/prensa/fotos/0000--090806---0817--rally_a_mali---pioneros--marruecos--gregbol--version--img_1537.jpg.html HTTP/1.1" 404 464 "-" "Mozilla/5.0 (compatible; Googlebot/2.1; +http://www.google.com/bot.html)"
66.249.65.243 - - [21/Aug/2010:08:33:27 +0200] "GET /v/pioneros/seleccion/eventos/salida/0000--090801---1109--rally_a_mali---pioneros--salida--raul_garcia--version--p1110013.jpg.html HTTP/1.1" 404 464 "-" "Mozilla/5.0 (compatible; Googlebot/2.1; +http://www.google.com/bot.html)"
95.108.246.252 - - [21/Aug/2010:09:06:58 +0200] "GET /main.php?g2_view=core.UserAdmin&g2_subView=register.UserSelfRegistration&g2_return=%2Fmain.php%3Fg2_view%3Dcart.ViewCart%26g2_itemId%3D4826 HTTP/1.1" 200 1512 "-" "Mozilla/5.0 (compatible; YandexBot/3.0; +http://yandex.com/bots)"
119.63.198.14 - - [21/Aug/2010:09:42:59 +0200] "GET /robots.txt HTTP/1.1" 404 261 "-" "Baiduspider+(+http://www.baidu.com/search/spider.htm)"
66.249.65.231 - - [21/Aug/2010:09:48:33 +0200] "GET /v/prensa/fotos/0000--090814---1102--rally_a_mali---pioneros--mali--alejandro_cabezon---rutas_y_retos--version--p1150814.jpg.html HTTP/1.1" 404 464 "-" "Mozilla/5.0 (compatible; Googlebot/2.1; +http://www.google.com/bot.html)"
66.249.65.199 - - [21/Aug/2010:10:13:00 +0200] "GET /v/pioneros/seleccion/eventos/salida/0000--090801---0000--rally_a_mali---pioneros--salida--sinoriel--version--3788327184_bf628b5a3f_b.jpg.html HTTP/1.1" 404 464 "-" "Mozilla/5.0 (compatible; Googlebot/2.1; +http://www.google.com/bot.html)"
95.108.246.252 - - [21/Aug/2010:10:16:21 +0200] "GET /main.php?g2_view=core.UserAdmin&g2_subView=core.UserLogin&g2_return=%2Fv%2Fpioneros%2F HTTP/1.1" 200 1451 "-" "Mozilla/5.0 (compatible; YandexBot/3.0; +http://yandex.com/bots)"
66.249.65.231 - - [21/Aug/2010:10:38:13 +0200] "GET /v/pioneros/seleccion/eventos/salida/0000--090801---1044--rally_a_mali---pioneros--salida--raul_garcia--version--p1100985.jpg.html HTTP/1.1" 404 464 "-" "Mozilla/5.0 (compatible; Googlebot/2.1; +http://www.google.com/bot.html)"
66.249.65.231 - - [21/Aug/2010:11:03:14 +0200] "GET /v/pioneros/seleccion/eventos/salida/0000--090801---0703--rally_a_mali---pioneros--salida--maria_del_carre--version--rally_mali_jul_09+572.jpg.html HTTP/1.1" 404 464 "-" "Mozilla/5.0 (compatible; Googlebot/2.1; +http://www.google.com/bot.html)"
95.108.246.252 - - [21/Aug/2010:11:14:09 +0200] "GET /main.php?g2_view=core.UserAdmin&g2_subView=core.UserLogin&g2_return=%2Fmain.php%3Fg2_view%3Dcart.ViewCart%26g2_itemId%3D4833 HTTP/1.1" 200 1462 "-" "Mozilla/5.0 (compatible; YandexBot/3.0; +http://yandex.com/bots)"
66.249.65.231 - - [21/Aug/2010:11:27:49 +0200] "GET /v/prensa/fotos/0000--090817---1358--rally_a_mali---pioneros--mali--alejandro_cabezon---rutas_y_retos--version--p1160984.jpg.html HTTP/1.1" 404 464 "-" "Mozilla/5.0 (compatible; Googlebot/2.1; +http://www.google.com/bot.html)"
207.46.199.193 - - [21/Aug/2010:11:27:55 +0200] "GET /robots.txt HTTP/1.1" 404 320 "-" "msnbot/2.0b (+http://search.msn.com/msnbot.htm)"
66.249.65.231 - - [21/Aug/2010:11:53:12 +0200] "GET /v/pioneros/seleccion/eventos/salida/0000--090801---1040--rally_a_mali---pioneros--salida--patricia_ozores--version--p1150062.jpg.html HTTP/1.1" 404 464 "-" "Mozilla/5.0 (compatible; Googlebot/2.1; +http://www.google.com/bot.html)"
66.249.65.231 - - [21/Aug/2010:12:17:24 +0200] "GET /v/pioneros/seleccion/eventos/salida/0000--060311---2353--rally_a_mali---pioneros--salida--beatriz_rezola--version--cimg3023.jpg.html HTTP/1.1" 404 464 "-" "Mozilla/5.0 (compatible; Googlebot/2.1; +http://www.google.com/bot.html)"
95.108.246.252 - - [21/Aug/2010:12:35:10 +0200] "GET /main.php?g2_controller=cart.AddToCart&g2_itemId=4833&g2_return=%2Fw%2F%3Fg2_originalPath%3D%252F HTTP/1.1" 302 20 "-" "Mozilla/5.0 (compatible; YandexBot/3.0; +http://yandex.com/bots)"
95.108.246.252 - - [21/Aug/2010:12:35:12 +0200] "GET /main.php?g2_view=cart.ViewCart&g2_itemId=4833 HTTP/1.1" 200 1690 "-" "Mozilla/5.0 (compatible; YandexBot/3.0; +http://yandex.com/bots)"
95.108.246.252 - - [21/Aug/2010:13:35:57 +0200] "GET /main.php?g2_view=search.SearchScan&g2_form%5BuseDefaultSettings%5D=1&g2_return=%2Fw%2F%3Fg2_originalPath%3D%252F HTTP/1.1" 200 2153 "-" "Mozilla/5.0 (compatible; YandexBot/3.0; +http://yandex.com/bots)"
65.52.49.76 - - [21/Aug/2010:14:49:02 +0200] "GET /robots.txt HTTP/1.1" 404 320 "-" "msnbot/2.0b (+http://search.msn.com/msnbot.htm)"
95.108.246.252 - - [21/Aug/2010:15:00:59 +0200] "GET /main.php?g2_view=search.SearchScan&g2_form%5BuseDefaultSettings%5D=1&g2_return=%2Fmain.php%3Fg2_view%3Dwebdav.WebDavMount%26g2_itemId%3D7 HTTP/1.1" 200 2152 "-" "Mozilla/5.0 (compatible; YandexBot/3.0; +http://yandex.com/bots)"
95.108.246.252 - - [21/Aug/2010:16:01:38 +0200] "GET /main.php?g2_view=core.UserAdmin&g2_subView=core.UserLogin&g2_return=%2Fv%2Fprensa%2F HTTP/1.1" 200 1450 "-" "Mozilla/5.0 (compatible; YandexBot/3.0; +http://yandex.com/bots)"
67.195.111.52 - - [21/Aug/2010:16:18:26 +0200] "GET /robots.txt HTTP/1.0" 404 261 "-" "Mozilla/5.0 (compatible; Yahoo! Slurp; http://help.yahoo.com/help/us/ysearch/slurp)"
67.195.111.52 - - [21/Aug/2010:16:18:27 +0200] "GET /main.php?g2_view=slideshow.SlideshowMediaRss&g2_itemId=1738 HTTP/1.0" 404 488 "-" "Mozilla/5.0 (compatible; Yahoo! Slurp/3.0; http://help.yahoo.com/help/us/ysearch/slurp)"
67.195.111.52 - - [21/Aug/2010:16:18:27 +0200] "GET /themes/matrix/theme.css HTTP/1.0" 304 - "http://fotos.rallyamali.com/main.php?g2_view=slideshow.SlideshowMediaRss&g2_itemId=1738" "Mozilla/5.0 (compatible; Yahoo! Slurp/3.0; http://help.yahoo.com/help/us/ysearch/slurp)"
95.108.246.252 - - [21/Aug/2010:17:02:19 +0200] "GET /main.php?g2_view=search.SearchScan&g2_form%5BuseDefaultSettings%5D=1&g2_return=%2Fmain.php HTTP/1.1" 200 2132 "-" "Mozilla/5.0 (compatible; YandexBot/3.0; +http://yandex.com/bots)"
207.46.195.239 - - [21/Aug/2010:17:09:44 +0200] "GET /robots.txt HTTP/1.1" 404 320 "-" "msnbot/2.0b (+http://search.msn.com/msnbot.htm)"
207.46.195.239 - - [21/Aug/2010:17:42:14 +0200] "GET /main.php HTTP/1.1" 200 2286 "-" "msnbot/2.0b (+http://search.msn.com/msnbot.htm)"
95.108.246.252 - - [21/Aug/2010:18:03:02 +0200] "GET /main.php?g2_view=core.UserAdmin&g2_subView=core.UserLogin&g2_return=%2Fw%2F%3Fg2_originalPath%3D%252F HTTP/1.1" 200 1457 "-" "Mozilla/5.0 (compatible; YandexBot/3.0; +http://yandex.com/bots)"
65.52.51.180 - - [21/Aug/2010:18:52:56 +0200] "GET /robots.txt HTTP/1.1" 404 320 "-" "msnbot/2.0b (+http://search.msn.com/msnbot.htm)"
95.108.246.252 - - [21/Aug/2010:19:26:47 +0200] "GET /main.php?g2_view=core.UserAdmin&g2_subView=register.UserSelfRegistration&g2_return=%2Fmain.php HTTP/1.1" 200 1492 "-" "Mozilla/5.0 (compatible; YandexBot/3.0; +http://yandex.com/bots)"
207.46.199.177 - - [21/Aug/2010:19:38:53 +0200] "GET /robots.txt HTTP/1.1" 404 320 "-" "msnbot/2.0b (+http://search.msn.com/msnbot.htm)"
95.108.246.252 - - [21/Aug/2010:21:37:38 +0200] "GET /main.php?g2_view=core.UserAdmin&g2_subView=core.UserLogin&g2_return=%2Fmain.php HTTP/1.1" 200 1446 "-" "Mozilla/5.0 (compatible; YandexBot/3.0; +http://yandex.com/bots)"
123.125.66.104 - - [21/Aug/2010:23:31:25 +0200] "GET /robots.txt HTTP/1.1" 404 261 "-" "Baiduspider+(+http://www.baidu.com/search/spider.htm)"
66.249.65.247 - - [21/Aug/2010:23:47:04 +0200] "GET /robots.txt HTTP/1.1" 404 261 "-" "Googlebot-Image/1.0"
66.249.65.247 - - [21/Aug/2010:23:47:04 +0200] "GET /d/3643-13/0000--090803---1126--rally_a_mali---pioneros--marruecos--spanishbullfighters--version--csc_3905.jpg HTTP/1.1" 304 - "-" "Googlebot-Image/1.0"
95.108.246.252 - - [22/Aug/2010:00:25:46 +0200] "GET /main.php?g2_view=core.UserAdmin&g2_subView=register.UserSelfRegistration HTTP/1.1" 200 1490 "-" "Mozilla/5.0 (compatible; YandexBot/3.0; +http://yandex.com/bots)"
67.195.111.52 - - [22/Aug/2010:00:39:50 +0200] "GET /robots.txt HTTP/1.0" 404 261 "-" "Mozilla/5.0 (compatible; Yahoo! Slurp; http://help.yahoo.com/help/us/ysearch/slurp)"
67.195.111.52 - - [22/Aug/2010:00:39:50 +0200] "GET /v/prensa/fotos/0000--090806---0817--rally_a_mali---pioneros--marruecos--gregbol--version--img_1537.jpg.html HTTP/1.0" 404 464 "-" "Mozilla/5.0 (compatible; Yahoo! Slurp/3.0; http://help.yahoo.com/help/us/ysearch/slurp)"
67.195.111.52 - - [22/Aug/2010:00:39:52 +0200] "GET /themes/matrix/theme.css HTTP/1.0" 200 12501 "http://fotos.rallyamali.com/v/prensa/fotos/0000--090806---0817--rally_a_mali---pioneros--marruecos--gregbol--version--img_1537.jpg.html" "Mozilla/5.0 (compatible; Yahoo! Slurp/3.0; http://help.yahoo.com/help/us/ysearch/slurp)"
66.249.65.193 - - [22/Aug/2010:01:18:59 +0200] "GET /d/3685-13/0000--090806---1647--rally_a_mali---pioneros--mauritania--spanishbullfighters--version--dsc_0545.jpg HTTP/1.1" 304 - "-" "Googlebot-Image/1.0"
95.108.246.252 - - [22/Aug/2010:03:09:47 +0200] "GET /main.php?g2_view=core.UserAdmin&g2_subView=core.UserLogin&g2_return=%2Fv%2F0000--090801---1448---000213--rally_a_mali---pioneros--cuatro---noticias_cuatro_1--version--Vi023420090801144804145017000001.wmv.html HTTP/1.1" 200 1531 "-" "Mozilla/5.0 (compatible; YandexBot/3.0; +http://yandex.com/bots)"
208.80.194.31 - - [22/Aug/2010:05:39:24 +0200] "GET / HTTP/1.0" 200 15 "-" "Mozilla/4.0 (compatible; MSIE 7.0; Windows NT 5.1; SV1; .NET CLR 2.0.50727; .NET CLR 1.1.4322)"
66.249.65.231 - - [22/Aug/2010:06:23:24 +0200] "GET /main.php HTTP/1.1" 200 2287 "-" "Mozilla/5.0 (compatible; Googlebot/2.1; +http://www.google.com/bot.html)"
66.249.65.231 - - [22/Aug/2010:08:46:40 +0200] "GET /main.php?g2_controller=exif.SwitchDetailMode&g2_mode=detailed&g2_return=%2Fv%2Fprensa%2Ffotos%2F0000--090804---1613--rally_a_mali---pioneros--marruecos--osona_pandilleros--version--pic00070.jpg.html HTTP/1.1" 302 20 "-" "Mozilla/5.0 (compatible; Googlebot/2.1; +http://www.google.com/bot.html)"
66.249.65.231 - - [22/Aug/2010:08:46:40 +0200] "GET /v/prensa/fotos/0000--090804---1613--rally_a_mali---pioneros--marruecos--osona_pandilleros--version--pic00070.jpg.html HTTP/1.1" 404 464 "-" "Mozilla/5.0 (compatible; Googlebot/2.1; +http://www.google.com/bot.html)"
66.249.65.233 - - [22/Aug/2010:09:10:24 +0200] "GET /main.php?g2_controller=exif.SwitchDetailMode&g2_mode=detailed&g2_return=%2Fv%2Fprensa%2Ffotos%2F0000--090801---1350--rally_a_mali---pioneros--salida--last_lap--version--salida5.jpg.html HTTP/1.1" 302 20 "-" "Mozilla/5.0 (compatible; Googlebot/2.1; +http://www.google.com/bot.html)"
66.249.65.233 - - [22/Aug/2010:09:10:24 +0200] "GET /v/prensa/fotos/0000--090801---1350--rally_a_mali---pioneros--salida--last_lap--version--salida5.jpg.html HTTP/1.1" 404 464 "-" "Mozilla/5.0 (compatible; Googlebot/2.1; +http://www.google.com/bot.html)"
66.249.65.233 - - [22/Aug/2010:09:34:22 +0200] "GET /main.php?g2_controller=exif.SwitchDetailMode&g2_mode=detailed&g2_return=%2Fv%2Fprensa%2Ffotos%2F0000--090801---1211--rally_a_mali---pioneros--salida--patricia_ozores--version--p1150240.jpg.html HTTP/1.1" 302 20 "-" "Mozilla/5.0 (compatible; Googlebot/2.1; +http://www.google.com/bot.html)"
66.249.65.233 - - [22/Aug/2010:09:34:23 +0200] "GET /v/prensa/fotos/0000--090801---1211--rally_a_mali---pioneros--salida--patricia_ozores--version--p1150240.jpg.html HTTP/1.1" 404 464 "-" "Mozilla/5.0 (compatible; Googlebot/2.1; +http://www.google.com/bot.html)"
119.63.198.15 - - [22/Aug/2010:09:45:52 +0200] "GET /robots.txt HTTP/1.1" 404 261 "-" "Baiduspider+(+http://www.baidu.com/search/spider.htm)"
66.249.65.241 - - [22/Aug/2010:09:58:09 +0200] "GET /main.php?g2_view=ecard.SendEcard&g2_itemId=326&g2_return=%2Fv%2Fpioneros%2Fseleccion%2Feventos%2Fsalida%2F0000--090801---1044--rally_a_mali---pioneros--salida--raul_garcia--version--p1100985.jpg.html HTTP/1.1" 302 20 "-" "Mozilla/5.0 (compatible; Googlebot/2.1; +http://www.google.com/bot.html)"
66.249.65.241 - - [22/Aug/2010:09:58:09 +0200] "GET /main.php?g2_view=core.UserAdmin&g2_subView=core.UserLogin&g2_return=%2Fmain.php%3Fg2_view%3Decard.SendEcard%26g2_itemId%3D326 HTTP/1.1" 200 1466 "-" "Mozilla/5.0 (compatible; Googlebot/2.1; +http://www.google.com/bot.html)"
66.249.65.241 - - [22/Aug/2010:10:21:59 +0200] "GET /v/pioneros/seleccion/eventos/salida/0000--090801---1125--rally_a_mali---pioneros--salida--raul_garcia--version--p1110037.jpg.html HTTP/1.1" 404 464 "-" "Mozilla/5.0 (compatible; Googlebot/2.1; +http://www.google.com/bot.html)"
66.249.65.241 - - [22/Aug/2010:10:46:10 +0200] "GET /v/pioneros/seleccion/eventos/salida/0000--090801---1231--rally_a_mali---pioneros--salida--raul_garcia--version--p1110153.jpg.html HTTP/1.1" 404 464 "-" "Mozilla/5.0 (compatible; Googlebot/2.1; +http://www.google.com/bot.html)"
66.249.65.241 - - [22/Aug/2010:11:33:59 +0200] "GET /v/pioneros/seleccion/eventos/salida/0000--090801---1256--rally_a_mali---pioneros--salida--raul_garcia--version--p1110209.jpg.html HTTP/1.1" 404 464 "-" "Mozilla/5.0 (compatible; Googlebot/2.1; +http://www.google.com/bot.html)"
66.249.65.241 - - [22/Aug/2010:11:58:51 +0200] "GET /robots.txt HTTP/1.1" 404 261 "-" "Mozilla/5.0 (compatible; Googlebot/2.1; +http://www.google.com/bot.html)"
66.249.65.241 - - [22/Aug/2010:11:58:51 +0200] "GET /main.php?g2_view=ecard.SendEcard&g2_itemId=320&g2_return=%2Fv%2Fpioneros%2Fseleccion%2Feventos%2Fsalida%2F0000--090801---1035--rally_a_mali---pioneros--salida--patricia_ozores--version--p1150042.jpg.html HTTP/1.1" 302 20 "-" "Mozilla/5.0 (compatible; Googlebot/2.1; +http://www.google.com/bot.html)"
66.249.65.241 - - [22/Aug/2010:11:58:52 +0200] "GET /main.php?g2_view=core.UserAdmin&g2_subView=core.UserLogin&g2_return=%2Fmain.php%3Fg2_view%3Decard.SendEcard%26g2_itemId%3D320 HTTP/1.1" 200 1465 "-" "Mozilla/5.0 (compatible; Googlebot/2.1; +http://www.google.com/bot.html)"
66.249.65.241 - - [22/Aug/2010:12:21:26 +0200] "GET /main.php?g2_view=ecard.SendEcard&g2_itemId=413&g2_return=%2Fv%2Fpioneros%2Fseleccion%2Feventos%2Fsalida%2F0000--090801---1231--rally_a_mali---pioneros--salida--raul_garcia--version--p1110153.jpg.html HTTP/1.1" 302 20 "-" "Mozilla/5.0 (compatible; Googlebot/2.1; +http://www.google.com/bot.html)"
66.249.65.241 - - [22/Aug/2010:12:21:27 +0200] "GET /main.php?g2_view=core.UserAdmin&g2_subView=core.UserLogin&g2_return=%2Fmain.php%3Fg2_view%3Decard.SendEcard%26g2_itemId%3D413 HTTP/1.1" 200 1467 "-" "Mozilla/5.0 (compatible; Googlebot/2.1; +http://www.google.com/bot.html)"
66.249.65.201 - - [22/Aug/2010:12:40:43 +0200] "GET /main.php?g2_view=rss.SimpleRender&g2_itemId=4830 HTTP/1.1" 500 65 "-" "Mozilla/5.0 (compatible; Googlebot/2.1; +http://www.google.com/bot.html)"
123.125.66.22 - - [22/Aug/2010:14:07:06 +0200] "GET /robots.txt HTTP/1.1" 404 261 "-" "Baiduspider+(+http://www.baidu.com/search/spider.htm)"
207.46.13.137 - - [22/Aug/2010:15:31:41 +0200] "GET /robots.txt HTTP/1.1" 404 320 "-" "msnbot/2.0b (+http://search.msn.com/msnbot.htm)"
66.249.65.243 - - [22/Aug/2010:15:44:38 +0200] "GET /main.php?g2_view=rss.SimpleRender&g2_itemId=4826 HTTP/1.1" 500 65 "-" "Mozilla/5.0 (compatible; Googlebot/2.1; +http://www.google.com/bot.html)"
67.195.111.52 - - [22/Aug/2010:15:49:12 +0200] "GET /robots.txt HTTP/1.0" 404 261 "-" "Mozilla/5.0 (compatible; Yahoo! Slurp; http://help.yahoo.com/help/us/ysearch/slurp)"
67.195.111.52 - - [22/Aug/2010:15:49:12 +0200] "GET /v/prensa/fotos/?g2_page=3 HTTP/1.0" 404 464 "-" "Mozilla/5.0 (compatible; Yahoo! Slurp/3.0; http://help.yahoo.com/help/us/ysearch/slurp)"
67.195.111.52 - - [22/Aug/2010:15:49:15 +0200] "GET /themes/matrix/theme.css HTTP/1.0" 304 - "http://fotos.rallyamali.com/v/prensa/fotos/?g2_page=3" "Mozilla/5.0 (compatible; Yahoo! Slurp/3.0; http://help.yahoo.com/help/us/ysearch/slurp)"
207.46.13.137 - - [22/Aug/2010:16:31:21 +0200] "GET /v/pioneros/seleccion/eventos/ HTTP/1.1" 404 464 "-" "msnbot/2.0b (+http://search.msn.com/msnbot.htm)"
95.108.246.252 - - [22/Aug/2010:20:07:26 +0200] "GET /robots.txt HTTP/1.1" 404 320 "-" "Mozilla/5.0 (compatible; YandexBot/3.0; +http://yandex.com/bots)"
67.195.111.52 - - [22/Aug/2010:21:01:27 +0200] "GET /v/pioneros/seleccion/solidaridad_en_ruta/ HTTP/1.0" 404 464 "-" "Mozilla/5.0 (compatible; Yahoo! Slurp/3.0; http://help.yahoo.com/help/us/ysearch/slurp)"
67.195.111.52 - - [22/Aug/2010:21:01:28 +0200] "GET /themes/matrix/theme.css HTTP/1.0" 304 - "http://fotos.rallyamali.com/v/pioneros/seleccion/solidaridad_en_ruta/" "Mozilla/5.0 (compatible; Yahoo! Slurp/3.0; http://help.yahoo.com/help/us/ysearch/slurp)"
95.108.246.252 - - [22/Aug/2010:21:02:48 +0200] "GET /main.php?g2_view=core.UserAdmin&g2_subView=core.UserLogin&g2_return=%2Fv%2Fclipping%2Ftv%2F HTTP/1.1" 200 1456 "-" "Mozilla/5.0 (compatible; YandexBot/3.0; +http://yandex.com/bots)"
95.108.246.252 - - [22/Aug/2010:21:47:06 +0200] "GET /main.php?g2_controller=exif.SwitchDetailMode&g2_mode=detailed&g2_return=%2Fv%2Fprensa%2Ffotos%2F0000--090806---1631--rally_a_mali---pioneros--marruecos--spanishbullfighters---alberto_gomez-borrero--version--marruecos-212.jpg.html HTTP/1.1" 302 20 "-" "Mozilla/5.0 (compatible; YandexBot/3.0; +http://yandex.com/bots)"
95.108.246.252 - - [22/Aug/2010:21:47:08 +0200] "GET /v/prensa/fotos/0000--090806---1631--rally_a_mali---pioneros--marruecos--spanishbullfighters---alberto_gomez-borrero--version--marruecos-212.jpg.html HTTP/1.1" 404 464 "-" "Mozilla/5.0 (compatible; YandexBot/3.0; +http://yandex.com/bots)"
65.52.51.179 - - [22/Aug/2010:22:16:37 +0200] "GET /robots.txt HTTP/1.1" 404 320 "-" "msnbot/2.0b (+http://search.msn.com/msnbot.htm)"
67.195.111.52 - - [22/Aug/2010:22:33:45 +0200] "GET /v/pioneros/seleccion/ HTTP/1.0" 404 464 "-" "Mozilla/5.0 (compatible; Yahoo! Slurp/3.0; http://help.yahoo.com/help/us/ysearch/slurp)"
66.249.65.209 - - [22/Aug/2010:22:33:52 +0200] "GET /d/3613-13/0000--090801---1153--rally_a_mali---pioneros--salida--patricia_ozores--version--p1150183.jpg HTTP/1.1" 304 - "-" "Googlebot-Image/1.0"
95.108.246.252 - - [22/Aug/2010:22:44:13 +0200] "GET /main.php?g2_view=search.SearchScan&g2_form%5BuseDefaultSettings%5D=1&g2_return=%2Fmain.php%3Fg2_view%3Dcart.ViewCart%26g2_itemId%3D4833 HTTP/1.1" 200 2151 "-" "Mozilla/5.0 (compatible; YandexBot/3.0; +http://yandex.com/bots)"
95.108.246.252 - - [22/Aug/2010:23:30:23 +0200] "GET /main.php?g2_view=search.SearchScan&g2_form%5BuseDefaultSettings%5D=1&g2_return=%2Fmain.php%3Fg2_view%3Dcart.ViewCart%26g2_itemId%3D7 HTTP/1.1" 200 2150 "-" "Mozilla/5.0 (compatible; YandexBot/3.0; +http://yandex.com/bots)"
66.249.65.209 - - [22/Aug/2010:23:41:00 +0200] "GET /d/3655-13/0000--090805---1509--rally_a_mali---pioneros--marruecos--osona_pandilleros--version--pic00063.jpg HTTP/1.1" 304 - "-" "Googlebot-Image/1.0"
66.249.65.209 - - [22/Aug/2010:23:52:56 +0200] "GET /main.php?g2_controller=exif.SwitchDetailMode&g2_mode=detailed&g2_return=%2Fv%2Fprensa%2Ffotos%2FDSC_0003.JPG.html HTTP/1.1" 302 20 "-" "Mozilla/5.0 (compatible; Googlebot/2.1; +http://www.google.com/bot.html)"
66.249.65.209 - - [22/Aug/2010:23:52:57 +0200] "GET /v/prensa/fotos/DSC_0003.JPG.html HTTP/1.1" 404 464 "-" "Mozilla/5.0 (compatible; Googlebot/2.1; +http://www.google.com/bot.html)"
95.108.246.252 - - [23/Aug/2010:00:14:46 +0200] "GET /main.php?g2_view=core.UserAdmin&g2_subView=register.UserSelfRegistration&g2_return=%2Fmain.php%3Fg2_view%3Dcart.ViewCart%26g2_itemId%3D4830 HTTP/1.1" 200 1511 "-" "Mozilla/5.0 (compatible; YandexBot/3.0; +http://yandex.com/bots)"
95.108.246.252 - - [23/Aug/2010:00:14:51 +0200] "GET /main.php?g2_view=core.UserAdmin&g2_subView=register.UserSelfRegistration&g2_return=%2Fmain.php%3Fg2_view%3Dcart.ViewCart%26g2_itemId%3D4833 HTTP/1.1" 200 1512 "-" "Mozilla/5.0 (compatible; YandexBot/3.0; +http://yandex.com/bots)"
95.108.246.252 - - [23/Aug/2010:00:14:53 +0200] "GET /main.php?g2_view=core.UserAdmin&g2_subView=core.UserLogin&g2_return=%2Fmain.php%3Fg2_view%3Dcart.ViewCart%26g2_itemId%3D4826 HTTP/1.1" 200 1465 "-" "Mozilla/5.0 (compatible; YandexBot/3.0; +http://yandex.com/bots)"
95.108.246.252 - - [23/Aug/2010:00:14:56 +0200] "GET /main.php?g2_controller=cart.AddToCart&g2_itemId=4826&g2_return=%2Fw%2F%3Fg2_originalPath%3D%252F HTTP/1.1" 302 20 "-" "Mozilla/5.0 (compatible; YandexBot/3.0; +http://yandex.com/bots)"
95.108.246.252 - - [23/Aug/2010:00:14:59 +0200] "GET /main.php?g2_view=cart.ViewCart&g2_itemId=4826 HTTP/1.1" 200 1690 "-" "Mozilla/5.0 (compatible; YandexBot/3.0; +http://yandex.com/bots)"
66.249.65.231 - - [23/Aug/2010:00:48:27 +0200] "GET /robots.txt HTTP/1.1" 404 261 "-" "Googlebot-Image/1.0"
66.249.65.231 - - [23/Aug/2010:00:48:27 +0200] "GET /d/3901-11/0000--090816---1747--rally_a_mali---pioneros--mali--alejandro_cabezon---rutas_y_retos--version--p1160742.jpg HTTP/1.1" 304 - "-" "Googlebot-Image/1.0"
95.108.246.252 - - [23/Aug/2010:01:24:30 +0200] "GET /main.php?g2_view=core.UserAdmin&g2_subView=core.UserLogin HTTP/1.1" 200 1444 "-" "Mozilla/5.0 (compatible; YandexBot/3.0; +http://yandex.com/bots)"
67.195.111.52 - - [23/Aug/2010:01:54:14 +0200] "GET /robots.txt HTTP/1.0" 404 261 "-" "Mozilla/5.0 (compatible; Yahoo! Slurp; http://help.yahoo.com/help/us/ysearch/slurp)"
67.195.111.52 - - [23/Aug/2010:01:54:14 +0200] "GET /main.php?g2_view=slideshow.SlideshowMediaRss&g2_itemId=3624 HTTP/1.0" 404 488 "-" "Mozilla/5.0 (compatible; Yahoo! Slurp/3.0; http://help.yahoo.com/help/us/ysearch/slurp)"
67.195.111.52 - - [23/Aug/2010:01:54:16 +0200] "GET /themes/matrix/theme.css HTTP/1.0" 304 - "http://fotos.rallyamali.com/main.php?g2_view=slideshow.SlideshowMediaRss&g2_itemId=3624" "Mozilla/5.0 (compatible; Yahoo! Slurp/3.0; http://help.yahoo.com/help/us/ysearch/slurp)"
66.249.65.209 - - [23/Aug/2010:01:56:18 +0200] "GET /d/3925-11/0000--090817---1412--rally_a_mali---pioneros--mali--alejandro_cabezon---rutas_y_retos--version--p1170011.jpg HTTP/1.1" 304 - "-" "Googlebot-Image/1.0"
65.52.49.141 - - [23/Aug/2010:02:05:13 +0200] "GET /robots.txt HTTP/1.1" 404 320 "-" "msnbot/2.0b (+http://search.msn.com/msnbot.htm)"
66.249.65.209 - - [23/Aug/2010:02:18:14 +0200] "GET /main.php?g2_view=rss.SimpleRender&g2_itemId=4830 HTTP/1.1" 500 65 "-" "Mozilla/5.0 (compatible; Googlebot/2.1; +http://www.google.com/bot.html)"
95.108.246.252 - - [23/Aug/2010:02:47:54 +0200] "GET /main.php?g2_view=core.UserAdmin&g2_subView=core.UserLogin&g2_return=%2Fv%2Fclipping%2F HTTP/1.1" 200 1454 "-" "Mozilla/5.0 (compatible; YandexBot/3.0; +http://yandex.com/bots)"
95.108.246.252 - - [23/Aug/2010:04:11:16 +0200] "GET /main.php?g2_view=search.SearchScan&g2_form%5BuseDefaultSettings%5D=1&g2_return=%2Fmain.php%3Fg2_view%3Dcart.ViewCart%26g2_itemId%3D4826 HTTP/1.1" 200 2152 "-" "Mozilla/5.0 (compatible; YandexBot/3.0; +http://yandex.com/bots)"
95.108.246.252 - - [23/Aug/2010:05:06:55 +0200] "GET /main.php?g2_view=core.UserAdmin&g2_subView=core.UserLogin&g2_return=%2Fmain.php%3Fg2_view%3Dwebdav.WebDavMount%26g2_itemId%3D7 HTTP/1.1" 200 1468 "-" "Mozilla/5.0 (compatible; YandexBot/3.0; +http://yandex.com/bots)"
67.195.111.52 - - [23/Aug/2010:05:31:08 +0200] "GET /v/prensa/fotos/DSC_0671.JPG.html HTTP/1.0" 404 464 "-" "Mozilla/5.0 (compatible; Yahoo! Slurp/3.0; http://help.yahoo.com/help/us/ysearch/slurp)"
67.195.111.52 - - [23/Aug/2010:05:31:09 +0200] "GET /themes/matrix/theme.css HTTP/1.0" 304 - "http://fotos.rallyamali.com/v/prensa/fotos/DSC_0671.JPG.html" "Mozilla/5.0 (compatible; Yahoo! Slurp/3.0; http://help.yahoo.com/help/us/ysearch/slurp)"
95.108.246.252 - - [23/Aug/2010:05:48:37 +0200] "GET /v/prensa/fotos/DSC_0671.JPG.html HTTP/1.1" 404 464 "-" "Mozilla/5.0 (compatible; YandexBot/3.0; +http://yandex.com/bots)"
95.108.246.252 - - [23/Aug/2010:07:20:55 +0200] "GET /main.php?g2_view=core.UserAdmin&g2_subView=core.UserLogin&g2_return=%2Fmain.php%3Fg2_view%3Dcart.ViewCart%26g2_itemId%3D7 HTTP/1.1" 200 1462 "-" "Mozilla/5.0 (compatible; YandexBot/3.0; +http://yandex.com/bots)"
207.46.204.237 - - [23/Aug/2010:08:08:30 +0200] "GET /robots.txt HTTP/1.1" 404 320 "-" "msnbot/2.0b (+http://search.msn.com/msnbot.htm)"
95.108.246.252 - - [23/Aug/2010:08:38:55 +0200] "GET /main.php?g2_view=core.UserAdmin&g2_subView=register.UserSelfRegistration&g2_return=%2Fmain.php%3Fg2_view%3Dcart.ViewCart%26g2_itemId%3D7 HTTP/1.1" 200 1510 "-" "Mozilla/5.0 (compatible; YandexBot/3.0; +http://yandex.com/bots)"
67.195.111.52 - - [23/Aug/2010:09:06:44 +0200] "GET /v/prensa/fotos/0000--090801---1350--rally_a_mali---pioneros--salida--last_lap--version--salida8.jpg.html HTTP/1.0" 404 464 "-" "Mozilla/5.0 (compatible; Yahoo! Slurp/3.0; http://help.yahoo.com/help/us/ysearch/slurp)"
67.195.111.52 - - [23/Aug/2010:09:06:47 +0200] "GET /themes/matrix/theme.css HTTP/1.0" 304 - "http://fotos.rallyamali.com/v/prensa/fotos/0000--090801---1350--rally_a_mali---pioneros--salida--last_lap--version--salida8.jpg.html" "Mozilla/5.0 (compatible; Yahoo! Slurp/3.0; http://help.yahoo.com/help/us/ysearch/slurp)"
207.46.204.237 - - [23/Aug/2010:09:19:59 +0200] "GET /v/pioneros/seleccion/eventos/meeting_day/ HTTP/1.1" 404 464 "-" "msnbot/2.0b (+http://search.msn.com/msnbot.htm)"
119.63.198.36 - - [23/Aug/2010:09:48:31 +0200] "GET /robots.txt HTTP/1.1" 404 261 "-" "Baiduspider+(+http://www.baidu.com/search/spider.htm)"
95.108.246.252 - - [23/Aug/2010:09:51:48 +0200] "GET /main.php?g2_controller=cart.AddToCart&g2_itemId=4830&g2_return=%2Fw%2F%3Fg2_originalPath%3D%252F HTTP/1.1" 302 20 "-" "Mozilla/5.0 (compatible; YandexBot/3.0; +http://yandex.com/bots)"
95.108.246.252 - - [23/Aug/2010:09:51:51 +0200] "GET /main.php?g2_view=cart.ViewCart&g2_itemId=4830 HTTP/1.1" 200 1694 "-" "Mozilla/5.0 (compatible; YandexBot/3.0; +http://yandex.com/bots)"
95.108.246.252 - - [23/Aug/2010:11:05:14 +0200] "GET /main.php?g2_controller=cart.AddToCart&g2_itemId=4833&g2_return=%2Fmain.php HTTP/1.1" 302 20 "-" "Mozilla/5.0 (compatible; YandexBot/3.0; +http://yandex.com/bots)"
95.108.246.252 - - [23/Aug/2010:11:05:17 +0200] "GET /main.php?g2_view=cart.ViewCart&g2_itemId=4833 HTTP/1.1" 200 1690 "-" "Mozilla/5.0 (compatible; YandexBot/3.0; +http://yandex.com/bots)"
207.46.13.86 - - [23/Aug/2010:11:07:56 +0200] "GET /robots.txt HTTP/1.1" 404 320 "-" "msnbot/2.0b (+http://search.msn.com/msnbot.htm)"
207.46.13.86 - - [23/Aug/2010:12:02:24 +0200] "GET / HTTP/1.1" 304 - "-" "msnbot/2.0b (+http://search.msn.com/msnbot.htm)"
95.108.246.252 - - [23/Aug/2010:12:10:11 +0200] "GET /v/prensa/fotos/DSC_0790.JPG.html HTTP/1.1" 404 464 "-" "Mozilla/5.0 (compatible; YandexBot/3.0; +http://yandex.com/bots)"
66.249.65.193 - - [23/Aug/2010:14:01:00 +0200] "GET /robots.txt HTTP/1.1" 404 261 "-" "Mozilla/5.0 (compatible; Googlebot/2.1; +http://www.google.com/bot.html)"
66.249.65.193 - - [23/Aug/2010:14:01:00 +0200] "GET /v/pioneros/seleccion/eventos/salida/?g2_highlightId=264 HTTP/1.1" 404 464 "-" "Mozilla/5.0 (compatible; Googlebot/2.1; +http://www.google.com/bot.html)"
66.249.65.193 - - [23/Aug/2010:14:08:54 +0200] "GET /main.php?g2_view=rss.SimpleRender&g2_itemId=4830 HTTP/1.1" 500 65 "-" "Mozilla/5.0 (compatible; Googlebot/2.1; +http://www.google.com/bot.html)"
207.46.199.198 - - [23/Aug/2010:14:13:25 +0200] "GET /robots.txt HTTP/1.1" 404 320 "-" "msnbot/2.0b (+http://search.msn.com/msnbot.htm)"
207.46.195.105 - - [23/Aug/2010:14:35:52 +0200] "GET /robots.txt HTTP/1.1" 404 320 "-" "msnbot/2.0b (+http://search.msn.com/msnbot.htm)"
95.108.246.252 - - [23/Aug/2010:14:36:43 +0200] "GET /main.php?g2_view=core.UserAdmin&g2_subView=core.UserLogin&g2_return=%2Fmain.php%3Fg2_view%3Dsearch.SearchScan%26g2_form%255BuseDefaultSettings%255D%3D1 HTTP/1.1" 200 1482 "-" "Mozilla/5.0 (compatible; YandexBot/3.0; +http://yandex.com/bots)"
208.80.194.30 - - [23/Aug/2010:15:15:58 +0200] "GET / HTTP/1.0" 200 15 "-" "Mozilla/4.0 (compatible; MSIE 7.0; Windows NT 5.1; DigExt; (R1 1.5); MSN 9.0;MSN 9.1; MSNbVZ02; MSNmen-us; MSNcOTH)"
213.98.50.224 - - [23/Aug/2010:15:45:59 +0200] "GET / HTTP/1.0" 200 30 "http://www.rallyamali.com/www.rallyamali.com/index.html" "Mozilla/4.0 (compatible; MSIE 7.0; Windows NT 5.1; .NET CLR 1.1.4322; .NET CLR 2.0.50727; .NET CLR 3.0.4506.2152; .NET CLR 3.5.30729)"
213.98.50.224 - - [23/Aug/2010:15:45:59 +0200] "GET /favicon.ico HTTP/1.0" 404 262 "-" "Mozilla/4.0 (compatible; MSIE 7.0; Windows NT 5.1; .NET CLR 1.1.4322; .NET CLR 2.0.50727; .NET CLR 3.0.4506.2152; .NET CLR 3.5.30729)"
207.46.195.105 - - [23/Aug/2010:15:49:58 +0200] "GET /v/pioneros/seleccion/aventura_en_ruta/ HTTP/1.1" 404 464 "-" "msnbot/2.0b (+http://search.msn.com/msnbot.htm)"
207.46.199.179 - - [23/Aug/2010:17:23:51 +0200] "GET /robots.txt HTTP/1.1" 404 320 "-" "msnbot/2.0b (+http://search.msn.com/msnbot.htm)"
67.195.111.52 - - [23/Aug/2010:18:30:40 +0200] "GET /robots.txt HTTP/1.0" 404 261 "-" "Mozilla/5.0 (compatible; Yahoo! Slurp; http://help.yahoo.com/help/us/ysearch/slurp)"
67.195.111.52 - - [23/Aug/2010:18:30:40 +0200] "GET /main.php?g2_view=core.UserAdmin&g2_subView=core.UserLogin&g2_return=%2Fv%2Fpioneros%2F HTTP/1.0" 200 1450 "-" "Mozilla/5.0 (compatible; Yahoo! Slurp/3.0; http://help.yahoo.com/help/us/ysearch/slurp)"
67.195.111.52 - - [23/Aug/2010:18:30:41 +0200] "GET /modules/core/data/gallery.css HTTP/1.0" 200 10174 "http://fotos.rallyamali.com/main.php?g2_view=core.UserAdmin&g2_subView=core.UserLogin&g2_return=%2Fv%2Fpioneros%2F" "Mozilla/5.0 (compatible; Yahoo! Slurp/3.0; http://help.yahoo.com/help/us/ysearch/slurp)"
67.195.111.52 - - [23/Aug/2010:18:30:42 +0200] "GET /modules/icons/iconpacks/silk/icons.css HTTP/1.0" 200 11271 "http://fotos.rallyamali.com/main.php?g2_view=core.UserAdmin&g2_subView=core.UserLogin&g2_return=%2Fv%2Fpioneros%2F" "Mozilla/5.0 (compatible; Yahoo! Slurp/3.0; http://help.yahoo.com/help/us/ysearch/slurp)"
67.195.111.52 - - [23/Aug/2010:18:30:42 +0200] "GET /themes/matrix/theme.css HTTP/1.0" 304 - "http://fotos.rallyamali.com/main.php?g2_view=core.UserAdmin&g2_subView=core.UserLogin&g2_return=%2Fv%2Fpioneros%2F" "Mozilla/5.0 (compatible; Yahoo! Slurp/3.0; http://help.yahoo.com/help/us/ysearch/slurp)"
207.46.199.180 - - [23/Aug/2010:19:37:45 +0200] "GET /robots.txt HTTP/1.1" 404 320 "-" "msnbot/2.0b (+http://search.msn.com/msnbot.htm)"
67.195.111.52 - - [23/Aug/2010:20:25:23 +0200] "GET /main.php?g2_view=core.UserAdmin&g2_subView=core.UserLogin&g2_return=%2Fmain.php%3Fg2_view%3Dcore.UserAdmin%26g2_subView%3Dcore.UserLogin HTTP/1.0" 200 1444 "-" "Mozilla/5.0 (compatible; Yahoo! Slurp/3.0; http://help.yahoo.com/help/us/ysearch/slurp)"
207.46.12.239 - - [23/Aug/2010:21:14:14 +0200] "GET /robots.txt HTTP/1.1" 404 320 "-" "msnbot/2.0b (+http://search.msn.com/msnbot.htm)"
207.46.12.239 - - [23/Aug/2010:22:21:58 +0200] "GET /v/clipping/tv/ HTTP/1.1" 404 464 "-" "msnbot/2.0b (+http://search.msn.com/msnbot.htm)"
123.125.66.55 - - [23/Aug/2010:23:59:05 +0200] "GET /robots.txt HTTP/1.1" 404 261 "-" "Baiduspider+(+http://www.baidu.com/search/spider.htm)"
67.195.111.52 - - [24/Aug/2010:00:57:32 +0200] "GET /robots.txt HTTP/1.0" 404 261 "-" "Mozilla/5.0 (compatible; Yahoo! Slurp; http://help.yahoo.com/help/us/ysearch/slurp)"
67.195.111.52 - - [24/Aug/2010:00:57:32 +0200] "GET / HTTP/1.0" 200 30 "-" "Mozilla/5.0 (compatible; Yahoo! Slurp/3.0; http://help.yahoo.com/help/us/ysearch/slurp)"
207.46.199.200 - - [24/Aug/2010:01:12:23 +0200] "GET /robots.txt HTTP/1.1" 404 320 "-" "msnbot/2.0b (+http://search.msn.com/msnbot.htm)"
67.195.111.52 - - [24/Aug/2010:03:28:06 +0200] "GET /v/prensa/fotos/0000--090816---1517--rally_a_mali---pioneros--mali--spanishsiesta--version--img_1059.jpg.html HTTP/1.0" 404 464 "-" "Mozilla/5.0 (compatible; Yahoo! Slurp/3.0; http://help.yahoo.com/help/us/ysearch/slurp)"
67.195.111.52 - - [24/Aug/2010:03:28:08 +0200] "GET /themes/matrix/theme.css HTTP/1.0" 304 - "http://fotos.rallyamali.com/v/prensa/fotos/0000--090816---1517--rally_a_mali---pioneros--mali--spanishsiesta--version--img_1059.jpg.html" "Mozilla/5.0 (compatible; Yahoo! Slurp/3.0; http://help.yahoo.com/help/us/ysearch/slurp)"
65.52.49.76 - - [24/Aug/2010:05:03:17 +0200] "GET /robots.txt HTTP/1.1" 404 320 "-" "msnbot/2.0b (+http://search.msn.com/msnbot.htm)"
67.195.111.52 - - [24/Aug/2010:05:17:50 +0200] "GET /v/prensa/fotos/0000--090803---1126--rally_a_mali---pioneros--marruecos--spanishbullfighters--version--csc_3905.jpg.html HTTP/1.0" 404 464 "-" "Mozilla/5.0 (compatible; Yahoo! Slurp/3.0; http://help.yahoo.com/help/us/ysearch/slurp)"
65.52.49.76 - - [24/Aug/2010:09:34:44 +0200] "GET /robots.txt HTTP/1.1" 404 320 "-" "msnbot/2.0b (+http://search.msn.com/msnbot.htm)"
207.46.204.197 - - [24/Aug/2010:09:38:35 +0200] "GET /robots.txt HTTP/1.1" 404 320 "-" "msnbot/2.0b (+http://search.msn.com/msnbot.htm)"
119.63.198.56 - - [24/Aug/2010:09:48:56 +0200] "GET /robots.txt HTTP/1.1" 404 261 "-" "Baiduspider+(+http://www.baidu.com/search/spider.htm)"
66.249.65.233 - - [24/Aug/2010:09:53:33 +0200] "GET /robots.txt HTTP/1.1" 404 261 "-" "Googlebot-Image/1.0"
66.249.65.233 - - [24/Aug/2010:09:53:33 +0200] "GET /d/3628-13/0000--090801---1254--rally_a_mali---pioneros--salida--osona_pandilleros--version--pic00025.jpg HTTP/1.1" 304 - "-" "Googlebot-Image/1.0"
207.46.204.197 - - [24/Aug/2010:10:21:49 +0200] "GET /v/pioneros/seleccion/solidaridad_en_ruta/ HTTP/1.1" 404 464 "-" "msnbot/2.0b (+http://search.msn.com/msnbot.htm)"
66.249.65.233 - - [24/Aug/2010:10:25:20 +0200] "GET /d/3646-13/0000--090804---1555--rally_a_mali---pioneros--marruecos--osona_pandilleros--version--pic00039.jpg HTTP/1.1" 304 - "-" "Googlebot-Image/1.0"
66.249.65.233 - - [24/Aug/2010:10:33:18 +0200] "GET /d/4512-4/0000--090801---2110---000033--rally_a_mali---pioneros--la_sexta---la_sexta_noticias_tarde--version--Vi0240200908012110562111.jpg HTTP/1.1" 304 - "-" "Googlebot-Image/1.0"
66.249.65.199 - - [24/Aug/2010:10:49:11 +0200] "GET /d/285-2/0000--090801---0616--rally_a_mali---pioneros--salida--maria_del_carre--version--rally_mali_jul_09+207.jpg HTTP/1.1" 304 - "-" "Googlebot-Image/1.0"
67.195.111.52 - - [24/Aug/2010:10:59:45 +0200] "GET /robots.txt HTTP/1.0" 404 261 "-" "Mozilla/5.0 (compatible; Yahoo! Slurp; http://help.yahoo.com/help/us/ysearch/slurp)"
67.195.111.52 - - [24/Aug/2010:10:59:46 +0200] "GET /v/prensa/fotos/0000--090807---1305--rally_a_mali---pioneros--mauritania--spanishbullfighters--version--dsc_0694.jpg.html HTTP/1.0" 404 464 "-" "Mozilla/5.0 (compatible; Yahoo! Slurp/3.0; http://help.yahoo.com/help/us/ysearch/slurp)"
67.195.111.52 - - [24/Aug/2010:10:59:47 +0200] "GET /themes/matrix/theme.css HTTP/1.0" 304 - "http://fotos.rallyamali.com/v/prensa/fotos/0000--090807---1305--rally_a_mali---pioneros--mauritania--spanishbullfighters--version--dsc_0694.jpg.html" "Mozilla/5.0 (compatible; Yahoo! Slurp/3.0; http://help.yahoo.com/help/us/ysearch/slurp)"
123.125.66.48 - - [24/Aug/2010:14:32:06 +0200] "GET /robots.txt HTTP/1.1" 404 261 "-" "Baiduspider+(+http://www.baidu.com/search/spider.htm)"
67.195.111.52 - - [24/Aug/2010:14:49:51 +0200] "GET /v/prensa/fotos/0000--090801---1350--rally_a_mali---pioneros--salida--last_lap--version--salida5.jpg.html HTTP/1.0" 404 464 "-" "Mozilla/5.0 (compatible; Yahoo! Slurp/3.0; http://help.yahoo.com/help/us/ysearch/slurp)"
67.195.111.52 - - [24/Aug/2010:14:49:53 +0200] "GET /themes/matrix/theme.css HTTP/1.0" 200 12501 "http://fotos.rallyamali.com/v/prensa/fotos/0000--090801---1350--rally_a_mali---pioneros--salida--last_lap--version--salida5.jpg.html" "Mozilla/5.0 (compatible; Yahoo! Slurp/3.0; http://help.yahoo.com/help/us/ysearch/slurp)"
67.195.111.52 - - [24/Aug/2010:16:33:57 +0200] "GET /v/prensa/ HTTP/1.0" 404 464 "-" "Mozilla/5.0 (compatible; Yahoo! Slurp/3.0; http://help.yahoo.com/help/us/ysearch/slurp)"
67.195.111.52 - - [24/Aug/2010:16:54:44 +0200] "GET /v/pioneros/seleccion/solidaridad_en_ruta/mali-bamako-religiosas_de_maria_inmaculada/0000--090811---1638--rally_a_mali---pioneros--mali-solidaridad-religiosas_maria_inmaculada--spanishbullfighters---alberto_go.jpg.html HTTP/1.0" 404 464 "-" "Mozilla/5.0 (compatible; Yahoo! Slurp/3.0; http://help.yahoo.com/help/us/ysearch/slurp)"
