95.108.246.252 - - [02/Aug/2010:20:03:31 +0200] "GET /main.php?g2_view=core.UserAdmin&g2_subView=core.UserLogin&g2_return=%2Fmain.php HTTP/1.1" 200 1445 "-" "Mozilla/5.0 (compatible; YandexBot/3.0; +http://yandex.com/bots)"
95.108.246.252 - - [02/Aug/2010:20:03:34 +0200] "GET /main.php?g2_view=core.UserAdmin&g2_subView=core.UserLogin&g2_return=%2Fv%2Fclipping%2Ftv%2F0000--090801---2127---000135--rally_a_mali---pioneros--telemadrid---telenoticias_fin_de_semana--version--Vi00142009080121270.wmv.html HTTP/1.1" 200 1540 "-" "Mozilla/5.0 (compatible; YandexBot/3.0; +http://yandex.com/bots)"
95.108.246.252 - - [02/Aug/2010:20:13:41 +0200] "GET /main.php?g2_view=search.SearchScan&g2_form%5BuseDefaultSettings%5D=1&g2_return=%2Fmain.php%3Fg2_view%3Dcart.ViewCart%26g2_itemId%3D4833 HTTP/1.1" 200 2154 "-" "Mozilla/5.0 (compatible; YandexBot/3.0; +http://yandex.com/bots)"
95.108.246.252 - - [02/Aug/2010:20:13:46 +0200] "GET /main.php?g2_view=rss.SimpleRender&g2_itemId=4826 HTTP/1.1" 500 65 "-" "Mozilla/5.0 (compatible; YandexBot/3.0; +http://yandex.com/bots)"
95.108.246.252 - - [02/Aug/2010:20:13:49 +0200] "GET /main.php?g2_view=search.SearchScan&g2_form%5BuseDefaultSettings%5D=1&g2_return=%2Fv%2F0000--090801---2127---000135--rally_a_mali---pioneros--telemadrid---telenoticias_fin_de_semana--version--Vi00142009080121270.wmv.html HTTP/1.1" 200 2146 "-" "Mozilla/5.0 (compatible; YandexBot/3.0; +http://yandex.com/bots)"
95.108.246.252 - - [02/Aug/2010:20:27:05 +0200] "GET /main.php?g2_view=search.SearchScan&g2_form%5BuseDefaultSettings%5D=1&g2_return=%2Fv%2F0000--090801---1448---000213--rally_a_mali---pioneros--cuatro---noticias_cuatro_1--version--Vi023420090801144804145017000001.wmv.html HTTP/1.1" 408 263 "-" "Mozilla/5.0 (compatible; YandexBot/3.0; +http://yandex.com/bots)"
95.108.246.252 - - [02/Aug/2010:20:27:06 +0200] "GET /main.php?g2_view=search.SearchScan&g2_form%5BuseDefaultSettings%5D=1&g2_return=%2Fv%2F0000--090801---1448---000213--rally_a_mali---pioneros--cuatro---noticias_cuatro_1--version--Vi023420090801144804145017000001.wmv.html HTTP/1.1" 200 2192 "-" "Mozilla/5.0 (compatible; YandexBot/3.0; +http://yandex.com/bots)"
220.181.7.115 - - [02/Aug/2010:20:49:42 +0200] "GET / HTTP/1.1" 200 15 "-" "Baiduspider+(+http://www.baidu.com/search/spider.htm)"
123.125.66.77 - - [02/Aug/2010:20:52:27 +0200] "GET / HTTP/1.1" 200 15 "-" "Baiduspider+(+http://www.baidu.com/search/spider.htm)"
207.46.199.185 - - [02/Aug/2010:20:58:55 +0200] "GET /robots.txt HTTP/1.1" 404 320 "-" "msnbot/2.0b (+http://search.msn.com/msnbot.htm)"
95.108.246.252 - - [02/Aug/2010:21:10:40 +0200] "GET /main.php?g2_view=search.SearchScan&g2_form%5BuseDefaultSettings%5D=1&g2_return=%2Fmain.php HTTP/1.1" 200 2138 "-" "Mozilla/5.0 (compatible; YandexBot/3.0; +http://yandex.com/bots)"
95.108.246.252 - - [02/Aug/2010:21:12:30 +0200] "GET /main.php?g2_view=core.UserAdmin&g2_subView=core.UserLogin HTTP/1.1" 200 1445 "-" "Mozilla/5.0 (compatible; YandexBot/3.0; +http://yandex.com/bots)"
95.108.246.252 - - [02/Aug/2010:21:12:34 +0200] "GET /main.php?g2_view=core.UserAdmin&g2_subView=register.UserSelfRegistration HTTP/1.1" 200 1491 "-" "Mozilla/5.0 (compatible; YandexBot/3.0; +http://yandex.com/bots)"
95.108.246.252 - - [02/Aug/2010:21:13:53 +0200] "GET /main.php?g2_controller=cart.AddToCart&g2_itemId=4830&g2_return=%2Fmain.php HTTP/1.1" 302 20 "-" "Mozilla/5.0 (compatible; YandexBot/3.0; +http://yandex.com/bots)"
95.108.246.252 - - [02/Aug/2010:21:13:55 +0200] "GET /main.php?g2_view=cart.ViewCart&g2_itemId=4830 HTTP/1.1" 200 1693 "-" "Mozilla/5.0 (compatible; YandexBot/3.0; +http://yandex.com/bots)"
95.108.246.252 - - [02/Aug/2010:21:14:00 +0200] "GET /main.php?g2_view=search.SearchScan&g2_form%5BuseDefaultSettings%5D=1&g2_return=%2Fv%2F0000--090801---2110---000033--rally_a_mali---pioneros--la_sexta---la_sexta_noticias_tarde--version--Vi0240200908012110562111.wmv.html HTTP/1.1" 200 2186 "-" "Mozilla/5.0 (compatible; YandexBot/3.0; +http://yandex.com/bots)"
220.181.7.55 - - [02/Aug/2010:21:38:09 +0200] "GET / HTTP/1.1" 200 15 "-" "Baiduspider+(+http://www.baidu.com/search/spider.htm)"
123.125.66.81 - - [02/Aug/2010:21:41:32 +0200] "GET / HTTP/1.1" 200 15 "-" "Baiduspider+(+http://www.baidu.com/search/spider.htm)"
95.108.246.252 - - [02/Aug/2010:21:41:40 +0200] "GET /main.php?g2_view=core.UserAdmin&g2_subView=core.UserLogin&g2_return=%2Fv%2F0000--090801---2110---000033--rally_a_mali---pioneros--la_sexta---la_sexta_noticias_tarde--version--Vi0240200908012110562111.wmv.html HTTP/1.1" 200 1527 "-" "Mozilla/5.0 (compatible; YandexBot/3.0; +http://yandex.com/bots)"
95.108.246.252 - - [02/Aug/2010:21:41:42 +0200] "GET /main.php?g2_view=core.UserAdmin&g2_subView=core.UserLogin&g2_return=%2Fmain.php%3Fg2_view%3Decard.SendEcard%26g2_itemId%3D4511 HTTP/1.1" 200 1467 "-" "Mozilla/5.0 (compatible; YandexBot/3.0; +http://yandex.com/bots)"
95.108.246.252 - - [02/Aug/2010:21:41:45 +0200] "GET /main.php?g2_view=search.SearchScan&g2_form%5BuseDefaultSettings%5D=1&g2_return=%2Fmain.php%3Fg2_view%3Dcart.ViewCart%26g2_itemId%3D4830 HTTP/1.1" 200 2154 "-" "Mozilla/5.0 (compatible; YandexBot/3.0; +http://yandex.com/bots)"
95.108.246.252 - - [02/Aug/2010:21:41:47 +0200] "GET /main.php?g2_view=rss.SimpleRender&g2_itemId=4833 HTTP/1.1" 500 65 "-" "Mozilla/5.0 (compatible; YandexBot/3.0; +http://yandex.com/bots)"
66.249.71.139 - - [02/Aug/2010:21:58:10 +0200] "GET /v/prensa/fotos/?g2_page=3 HTTP/1.1" 404 464 "-" "Mozilla/5.0 (compatible; Googlebot/2.1; +http://www.google.com/bot.html)"
95.108.246.252 - - [02/Aug/2010:22:53:49 +0200] "GET /main.php?g2_controller=cart.AddToCart&g2_itemId=4826&g2_return=%2Fmain.php HTTP/1.1" 302 20 "-" "Mozilla/5.0 (compatible; YandexBot/3.0; +http://yandex.com/bots)"
95.108.246.252 - - [02/Aug/2010:22:53:51 +0200] "GET /main.php?g2_view=cart.ViewCart&g2_itemId=4826 HTTP/1.1" 200 1690 "-" "Mozilla/5.0 (compatible; YandexBot/3.0; +http://yandex.com/bots)"
95.108.246.252 - - [02/Aug/2010:22:59:57 +0200] "GET /main.php?g2_view=search.SearchScan&g2_form%5BuseDefaultSettings%5D=1&g2_return=%2Fmain.php%3Fg2_view%3Dwebdav.WebDavMount%26g2_itemId%3D7 HTTP/1.1" 200 2156 "-" "Mozilla/5.0 (compatible; YandexBot/3.0; +http://yandex.com/bots)"
95.108.246.252 - - [02/Aug/2010:23:00:02 +0200] "GET /main.php?g2_view=rss.SimpleRender&g2_itemId=4830 HTTP/1.1" 500 65 "-" "Mozilla/5.0 (compatible; YandexBot/3.0; +http://yandex.com/bots)"
95.108.246.252 - - [02/Aug/2010:23:00:05 +0200] "GET /main.php?g2_controller=cart.AddToCart&g2_itemId=7&g2_return=%2Fmain.php HTTP/1.1" 302 20 "-" "Mozilla/5.0 (compatible; YandexBot/3.0; +http://yandex.com/bots)"
95.108.246.252 - - [02/Aug/2010:23:00:08 +0200] "GET /main.php?g2_view=cart.ViewCart&g2_itemId=7 HTTP/1.1" 200 1672 "-" "Mozilla/5.0 (compatible; YandexBot/3.0; +http://yandex.com/bots)"
207.46.199.198 - - [02/Aug/2010:23:01:53 +0200] "GET /robots.txt HTTP/1.1" 404 320 "-" "msnbot/2.0b (+http://search.msn.com/msnbot.htm)"
207.46.199.185 - - [02/Aug/2010:23:36:22 +0200] "GET /robots.txt HTTP/1.1" 404 320 "-" "msnbot/2.0b (+http://search.msn.com/msnbot.htm)"
95.108.246.252 - - [03/Aug/2010:00:05:36 +0200] "GET /main.php?g2_view=search.SearchScan&g2_form%5BuseDefaultSettings%5D=1&g2_return=%2Fmain.php%3Fg2_view%3Dcart.ViewCart%26g2_itemId%3D4826 HTTP/1.1" 200 2151 "-" "Mozilla/5.0 (compatible; YandexBot/3.0; +http://yandex.com/bots)"
66.249.71.139 - - [03/Aug/2010:00:08:46 +0200] "GET /d/3619-13/0000--090801---1209--rally_a_mali---pioneros--salida--patricia_ozores--version--p1150229.jpg HTTP/1.1" 304 - "-" "Googlebot-Image/1.0"
95.108.246.252 - - [03/Aug/2010:01:45:30 +0200] "GET /main.php?g2_view=ecard.SendEcard&g2_itemId=4511&g2_return=%2Fv%2Fclipping%2Ftv%2F0000--090801---2110---000033--rally_a_mali---pioneros--la_sexta---la_sexta_noticias_tarde--version--Vi0240200908012110562111.wmv.html HTTP/1.1" 302 20 "-" "Mozilla/5.0 (compatible; YandexBot/3.0; +http://yandex.com/bots)"
67.195.111.52 - - [03/Aug/2010:01:57:05 +0200] "GET /robots.txt HTTP/1.0" 404 261 "-" "Mozilla/5.0 (compatible; Yahoo! Slurp; http://help.yahoo.com/help/us/ysearch/slurp)"
67.195.111.52 - - [03/Aug/2010:01:57:06 +0200] "GET /v/pioneros/seleccion/preparativos/0000--090728---1927--rally_a_mali---pioneros--preparativos--spanishbullfighters---alberto_gomez-borrero--version--dsc_3582.jpg.html HTTP/1.0" 404 464 "-" "Mozilla/5.0 (compatible; Yahoo! Slurp/3.0; http://help.yahoo.com/help/us/ysearch/slurp)"
67.195.111.52 - - [03/Aug/2010:01:57:07 +0200] "GET /themes/matrix/theme.css HTTP/1.0" 304 - "http://fotos.rallyamali.com/v/pioneros/seleccion/preparativos/0000--090728---1927--rally_a_mali---pioneros--preparativos--spanishbullfighters---alberto_gomez-borrero--version--dsc_3582.jpg.html" "Mozilla/5.0 (compatible; Yahoo! Slurp/3.0; http://help.yahoo.com/help/us/ysearch/slurp)"
119.63.198.103 - - [03/Aug/2010:02:17:53 +0200] "GET / HTTP/1.1" 200 30 "-" "Baiduspider+(+http://www.baidu.jp/spider/)"
95.108.246.252 - - [03/Aug/2010:03:28:59 +0200] "GET /main.php?g2_view=core.UserAdmin&g2_subView=core.UserLogin&g2_return=%2Fmain.php%3Fg2_view%3Decard.SendEcard%26g2_itemId%3D3678 HTTP/1.1" 200 1465 "-" "Mozilla/5.0 (compatible; YandexBot/3.0; +http://yandex.com/bots)"
123.125.66.81 - - [03/Aug/2010:03:40:38 +0200] "GET / HTTP/1.1" 200 15 "-" "Baiduspider+(+http://www.baidu.com/search/spider.htm)"
95.108.246.252 - - [03/Aug/2010:03:41:27 +0200] "GET /main.php?g2_view=core.UserAdmin&g2_subView=register.UserSelfRegistration&g2_return=%2Fv%2F0000--090801---2127---000135--rally_a_mali---pioneros--telemadrid---telenoticias_fin_de_semana--version--Vi00142009080121270.wmv.html HTTP/1.1" 200 1574 "-" "Mozilla/5.0 (compatible; YandexBot/3.0; +http://yandex.com/bots)"
220.181.7.96 - - [03/Aug/2010:03:43:25 +0200] "GET / HTTP/1.1" 200 15 "-" "Baiduspider+(+http://www.baidu.com/search/spider.htm)"
95.108.246.252 - - [03/Aug/2010:04:15:00 +0200] "GET /main.php?g2_view=core.UserAdmin&g2_subView=core.UserLogin&g2_return=%2Fv%2Fclipping%2Ftv%2F0000--090801---2110---000033--rally_a_mali---pioneros--la_sexta---la_sexta_noticias_tarde--version--Vi0240200908012110562111.wmv.html HTTP/1.1" 200 1536 "-" "Mozilla/5.0 (compatible; YandexBot/3.0; +http://yandex.com/bots)"
95.108.246.252 - - [03/Aug/2010:06:10:47 +0200] "GET /main.php?g2_view=core.UserAdmin&g2_subView=register.UserSelfRegistration&g2_return=%2Fv%2F0000--090801---1448---000213--rally_a_mali---pioneros--cuatro---noticias_cuatro_1--version--Vi023420090801144804145017000001.wmv.html HTTP/1.1" 200 1576 "-" "Mozilla/5.0 (compatible; YandexBot/3.0; +http://yandex.com/bots)"
119.63.193.129 - - [03/Aug/2010:06:15:20 +0200] "GET /robots.txt HTTP/1.1" 404 261 "-" "Baiduspider+(+http://www.baidu.jp/spider/)"
95.108.246.252 - - [03/Aug/2010:07:44:47 +0200] "GET /main.php?g2_view=ecard.SendEcard&g2_itemId=3678&g2_return=%2Fv%2Fprensa%2Ffotos%2F0000--090806---1631--rally_a_mali---pioneros--marruecos--spanishbullfighters---alberto_gomez-borrero--version--marruecos-212.jpg.html HTTP/1.1" 302 20 "-" "Mozilla/5.0 (compatible; YandexBot/3.0; +http://yandex.com/bots)"
95.108.246.252 - - [03/Aug/2010:07:44:59 +0200] "GET /main.php?g2_view=search.SearchScan&g2_form%5BuseDefaultSettings%5D=1&g2_return=%2Fmain.php%3Fg2_view%3Dsearch.SearchScan%26g2_form%255BuseDefaultSettings%255D%3D1 HTTP/1.1" 200 2135 "-" "Mozilla/5.0 (compatible; YandexBot/3.0; +http://yandex.com/bots)"
95.108.246.252 - - [03/Aug/2010:07:47:15 +0200] "GET / HTTP/1.1" 200 30 "-" "Mozilla/5.0 (compatible; YandexBot/3.0; +http://yandex.com/bots)"
95.108.246.252 - - [03/Aug/2010:07:47:47 +0200] "GET /main.php?g2_controller=cart.AddToCart&g2_itemId=4833&g2_return=%2Fmain.php HTTP/1.1" 302 20 "-" "Mozilla/5.0 (compatible; YandexBot/3.0; +http://yandex.com/bots)"
95.108.246.252 - - [03/Aug/2010:07:47:50 +0200] "GET /main.php?g2_view=cart.ViewCart&g2_itemId=4833 HTTP/1.1" 200 1691 "-" "Mozilla/5.0 (compatible; YandexBot/3.0; +http://yandex.com/bots)"
95.108.246.252 - - [03/Aug/2010:07:53:51 +0200] "GET /main.php?g2_view=core.UserAdmin&g2_subView=core.UserLogin&g2_return=%2Fv%2Fprensa%2Ffotos%2F0000--090806---1631--rally_a_mali---pioneros--marruecos--spanishbullfighters---alberto_gomez-borrero--version--marruecos-212.jpg.html HTTP/1.1" 200 1535 "-" "Mozilla/5.0 (compatible; YandexBot/3.0; +http://yandex.com/bots)"
95.108.246.252 - - [03/Aug/2010:07:57:30 +0200] "GET /main.php?g2_view=webdav.DownloadDavMount&g2_itemId=7 HTTP/1.1" 200 117 "-" "Mozilla/5.0 (compatible; YandexBot/3.0; +http://yandex.com/bots)"
119.63.198.50 - - [03/Aug/2010:09:11:16 +0200] "GET /robots.txt HTTP/1.1" 404 261 "-" "Baiduspider+(+http://www.baidu.com/search/spider.htm)"
208.80.194.31 - - [03/Aug/2010:11:27:32 +0200] "GET / HTTP/1.0" 200 15 "-" "Mozilla/4.0 (compatible; MSIE 6.0; Windows NT 5.1; {A413E9F7-2D96-4798-B945-6DB182B28A95}; SV1; .NET CLR 1.0.3705; .NET CLR 1.1.4322; HbTools 4.8.2)"
123.125.66.25 - - [03/Aug/2010:13:35:16 +0200] "GET /robots.txt HTTP/1.1" 404 261 "-" "Baiduspider+(+http://www.baidu.com/search/spider.htm)"
220.181.7.68 - - [03/Aug/2010:15:45:29 +0200] "GET / HTTP/1.1" 200 15 "-" "Baiduspider+(+http://www.baidu.com/search/spider.htm)"
123.125.66.58 - - [03/Aug/2010:15:46:28 +0200] "GET / HTTP/1.1" 200 15 "-" "Baiduspider+(+http://www.baidu.com/search/spider.htm)"
123.125.66.80 - - [03/Aug/2010:16:38:22 +0200] "GET / HTTP/1.1" 200 15 "-" "Baiduspider+(+http://www.baidu.com/search/spider.htm)"
220.181.7.79 - - [03/Aug/2010:16:38:45 +0200] "GET / HTTP/1.1" 200 15 "-" "Baiduspider+(+http://www.baidu.com/search/spider.htm)"
207.46.199.184 - - [03/Aug/2010:19:25:40 +0200] "GET /robots.txt HTTP/1.1" 404 320 "-" "msnbot/2.0b (+http://search.msn.com/msnbot.htm)"
95.108.246.252 - - [03/Aug/2010:19:49:11 +0200] "GET /robots.txt HTTP/1.1" 404 320 "-" "Mozilla/5.0 (compatible; YandexBot/3.0; +http://yandex.com/bots)"
66.249.71.139 - - [03/Aug/2010:20:31:14 +0200] "GET /robots.txt HTTP/1.1" 404 261 "-" "Mozilla/5.0 (compatible; Googlebot/2.1; +http://www.google.com/bot.html)"
66.249.71.139 - - [03/Aug/2010:20:31:14 +0200] "GET /v/prensa/fotos/?g2_highlightId=3867 HTTP/1.1" 404 464 "-" "Mozilla/5.0 (compatible; Googlebot/2.1; +http://www.google.com/bot.html)"
95.108.246.252 - - [03/Aug/2010:20:35:00 +0200] "GET /main.php?g2_view=core.UserAdmin&g2_subView=core.UserLogin&g2_return=%2Fmain.php%3Fg2_view%3Dsearch.SearchScan%26g2_form%255BuseDefaultSettings%255D%3D1 HTTP/1.1" 200 1479 "-" "Mozilla/5.0 (compatible; YandexBot/3.0; +http://yandex.com/bots)"
95.108.246.252 - - [03/Aug/2010:21:21:14 +0200] "GET /main.php?g2_view=core.UserAdmin&g2_subView=core.UserLogin&g2_return=%2Fmain.php%3Fg2_view%3Dcart.ViewCart%26g2_itemId%3D4830 HTTP/1.1" 200 1465 "-" "Mozilla/5.0 (compatible; YandexBot/3.0; +http://yandex.com/bots)"
66.249.71.139 - - [03/Aug/2010:22:06:36 +0200] "GET /main.php?g2_view=ecard.SendEcard&g2_itemId=347&g2_return=%2Fv%2Fpioneros%2Fseleccion%2Feventos%2Fsalida%2F0000--090801---1134--rally_a_mali---pioneros--salida--patricia_ozores--version--p1150158.jpg.html HTTP/1.1" 302 20 "-" "Mozilla/5.0 (compatible; Googlebot/2.1; +http://www.google.com/bot.html)"
66.249.71.139 - - [03/Aug/2010:22:06:37 +0200] "GET /main.php?g2_view=core.UserAdmin&g2_subView=core.UserLogin&g2_return=%2Fmain.php%3Fg2_view%3Decard.SendEcard%26g2_itemId%3D347 HTTP/1.1" 200 1464 "-" "Mozilla/5.0 (compatible; Googlebot/2.1; +http://www.google.com/bot.html)"
95.108.246.252 - - [03/Aug/2010:22:11:06 +0200] "GET /main.php?g2_view=core.UserAdmin&g2_subView=register.UserSelfRegistration&g2_return=%2Fmain.php%3Fg2_view%3Dsearch.SearchScan%26g2_form%255BuseDefaultSettings%255D%3D1 HTTP/1.1" 200 1526 "-" "Mozilla/5.0 (compatible; YandexBot/3.0; +http://yandex.com/bots)"
95.108.246.252 - - [03/Aug/2010:22:26:55 +0200] "GET /main.php?g2_view=core.UserAdmin&g2_subView=register.UserSelfRegistration&g2_return=%2Fw%2F%3Fg2_originalPath%3D%252F HTTP/1.1" 200 1505 "-" "Mozilla/5.0 (compatible; YandexBot/3.0; +http://yandex.com/bots)"
66.249.71.139 - - [03/Aug/2010:22:39:46 +0200] "GET /main.php?g2_view=rss.SimpleRender&g2_itemId=4826 HTTP/1.1" 500 65 "-" "Mozilla/5.0 (compatible; Googlebot/2.1; +http://www.google.com/bot.html)"
95.108.246.252 - - [03/Aug/2010:23:16:53 +0200] "GET /main.php?g2_view=core.UserAdmin&g2_subView=core.UserLogin&g2_return=%2Fv%2Fclipping%2Ftv%2F HTTP/1.1" 200 1456 "-" "Mozilla/5.0 (compatible; YandexBot/3.0; +http://yandex.com/bots)"
66.249.71.139 - - [03/Aug/2010:23:18:20 +0200] "GET /d/3649-13/0000--090804---1613--rally_a_mali---pioneros--marruecos--osona_pandilleros--version--pic00070.jpg HTTP/1.1" 304 - "-" "Googlebot-Image/1.0"
95.108.246.252 - - [04/Aug/2010:00:06:57 +0200] "GET /main.php?g2_view=search.SearchScan&g2_form%5BuseDefaultSettings%5D=1&g2_return=%2Fmain.php%3Fg2_view%3Dcart.ViewCart%26g2_itemId%3D7 HTTP/1.1" 408 263 "-" "Mozilla/5.0 (compatible; YandexBot/3.0; +http://yandex.com/bots)"
95.108.246.252 - - [04/Aug/2010:00:06:58 +0200] "GET /main.php?g2_view=search.SearchScan&g2_form%5BuseDefaultSettings%5D=1&g2_return=%2Fmain.php%3Fg2_view%3Dcart.ViewCart%26g2_itemId%3D7 HTTP/1.1" 200 2153 "-" "Mozilla/5.0 (compatible; YandexBot/3.0; +http://yandex.com/bots)"
95.108.246.252 - - [04/Aug/2010:01:00:35 +0200] "GET /main.php?g2_controller=cart.AddToCart&g2_itemId=7&g2_return=%2Fw%2F%3Fg2_originalPath%3D%252F HTTP/1.1" 302 20 "-" "Mozilla/5.0 (compatible; YandexBot/3.0; +http://yandex.com/bots)"
95.108.246.252 - - [04/Aug/2010:01:00:38 +0200] "GET /main.php?g2_view=cart.ViewCart&g2_itemId=7 HTTP/1.1" 408 263 "-" "Mozilla/5.0 (compatible; YandexBot/3.0; +http://yandex.com/bots)"
95.108.246.252 - - [04/Aug/2010:01:00:38 +0200] "GET /main.php?g2_view=cart.ViewCart&g2_itemId=7 HTTP/1.1" 200 1675 "-" "Mozilla/5.0 (compatible; YandexBot/3.0; +http://yandex.com/bots)"
95.108.246.252 - - [04/Aug/2010:01:57:52 +0200] "GET /main.php?g2_controller=cart.AddToCart&g2_itemId=4833&g2_return=%2Fw%2F%3Fg2_originalPath%3D%252F HTTP/1.1" 302 20 "-" "Mozilla/5.0 (compatible; YandexBot/3.0; +http://yandex.com/bots)"
95.108.246.252 - - [04/Aug/2010:01:57:54 +0200] "GET /main.php?g2_view=cart.ViewCart&g2_itemId=4833 HTTP/1.1" 408 263 "-" "Mozilla/5.0 (compatible; YandexBot/3.0; +http://yandex.com/bots)"
95.108.246.252 - - [04/Aug/2010:01:57:54 +0200] "GET /main.php?g2_view=cart.ViewCart&g2_itemId=4833 HTTP/1.1" 200 1690 "-" "Mozilla/5.0 (compatible; YandexBot/3.0; +http://yandex.com/bots)"
95.108.246.252 - - [04/Aug/2010:02:49:41 +0200] "GET /main.php?g2_view=core.UserAdmin&g2_subView=core.UserLogin&g2_return=%2Fv%2F0000--090801---1448---000213--rally_a_mali---pioneros--cuatro---noticias_cuatro_1--version--Vi023420090801144804145017000001.wmv.html HTTP/1.1" 200 1531 "-" "Mozilla/5.0 (compatible; YandexBot/3.0; +http://yandex.com/bots)"
123.125.66.95 - - [04/Aug/2010:03:43:16 +0200] "GET / HTTP/1.1" 200 15 "-" "Baiduspider+(+http://www.baidu.com/search/spider.htm)"
95.108.246.252 - - [04/Aug/2010:03:43:16 +0200] "GET /main.php?g2_view=core.UserAdmin&g2_subView=core.UserLogin&g2_return=%2Fw%2F%3Fg2_originalPath%3D%252F HTTP/1.1" 200 1457 "-" "Mozilla/5.0 (compatible; YandexBot/3.0; +http://yandex.com/bots)"
220.181.7.70 - - [04/Aug/2010:03:45:11 +0200] "GET / HTTP/1.1" 200 15 "-" "Baiduspider+(+http://www.baidu.com/search/spider.htm)"
207.46.199.184 - - [04/Aug/2010:03:51:17 +0200] "GET /robots.txt HTTP/1.1" 404 320 "-" "msnbot/2.0b (+http://search.msn.com/msnbot.htm)"
207.46.199.177 - - [04/Aug/2010:04:18:34 +0200] "GET /robots.txt HTTP/1.1" 404 320 "-" "msnbot/2.0b (+http://search.msn.com/msnbot.htm)"
95.108.246.252 - - [04/Aug/2010:04:28:25 +0200] "GET /main.php?g2_view=core.UserAdmin&g2_subView=core.UserLogin&g2_return=%2Fmain.php%3Fg2_view%3Dcart.ViewCart%26g2_itemId%3D4833 HTTP/1.1" 408 263 "-" "Mozilla/5.0 (compatible; YandexBot/3.0; +http://yandex.com/bots)"
95.108.246.252 - - [04/Aug/2010:04:28:25 +0200] "GET /main.php?g2_view=core.UserAdmin&g2_subView=core.UserLogin&g2_return=%2Fmain.php%3Fg2_view%3Dcart.ViewCart%26g2_itemId%3D4833 HTTP/1.1" 200 1465 "-" "Mozilla/5.0 (compatible; YandexBot/3.0; +http://yandex.com/bots)"
123.125.66.134 - - [04/Aug/2010:04:40:15 +0200] "GET / HTTP/1.1" 200 15 "-" "Baiduspider+(+http://www.baidu.com/search/spider.htm)"
220.181.7.57 - - [04/Aug/2010:04:41:31 +0200] "GET / HTTP/1.1" 200 15 "-" "Baiduspider+(+http://www.baidu.com/search/spider.htm)"
66.249.71.139 - - [04/Aug/2010:05:10:33 +0200] "GET /main.php?g2_view=rss.SimpleRender&g2_itemId=4830 HTTP/1.1" 500 65 "-" "Mozilla/5.0 (compatible; Googlebot/2.1; +http://www.google.com/bot.html)"
95.108.246.252 - - [04/Aug/2010:05:22:36 +0200] "GET /main.php?g2_view=core.UserAdmin&g2_subView=register.UserSelfRegistration&g2_return=%2Fmain.php HTTP/1.1" 200 1492 "-" "Mozilla/5.0 (compatible; YandexBot/3.0; +http://yandex.com/bots)"
95.108.246.252 - - [04/Aug/2010:06:16:44 +0200] "GET /main.php?g2_view=core.UserAdmin&g2_subView=core.UserLogin&g2_return=%2Fmain.php%3Fg2_view%3Dcart.ViewCart%26g2_itemId%3D7 HTTP/1.1" 200 1462 "-" "Mozilla/5.0 (compatible; YandexBot/3.0; +http://yandex.com/bots)"
95.108.246.252 - - [04/Aug/2010:06:33:53 +0200] "GET /main.php?g2_view=core.UserAdmin&g2_subView=core.UserLogin&g2_return=%2Fv%2Fpioneros%2F HTTP/1.1" 200 1451 "-" "Mozilla/5.0 (compatible; YandexBot/3.0; +http://yandex.com/bots)"
66.249.71.139 - - [04/Aug/2010:06:38:36 +0200] "GET /main.php?g2_view=rss.SimpleRender&g2_itemId=4826 HTTP/1.1" 500 65 "-" "Mozilla/5.0 (compatible; Googlebot/2.1; +http://www.google.com/bot.html)"
95.108.246.252 - - [04/Aug/2010:07:28:35 +0200] "GET /v/0000--090801---2110---000033--rally_a_mali---pioneros--la_sexta---la_sexta_noticias_tarde--version--Vi0240200908012110562111.wmv.html HTTP/1.1" 200 2343 "-" "Mozilla/5.0 (compatible; YandexBot/3.0; +http://yandex.com/bots)"
95.108.246.252 - - [04/Aug/2010:08:25:07 +0200] "GET /main.php?g2_view=core.UserAdmin&g2_subView=register.UserSelfRegistration&g2_return=%2Fmain.php%3Fg2_view%3Dcart.ViewCart%26g2_itemId%3D4833 HTTP/1.1" 200 1512 "-" "Mozilla/5.0 (compatible; YandexBot/3.0; +http://yandex.com/bots)"
95.108.246.252 - - [04/Aug/2010:08:45:09 +0200] "GET /main.php?g2_view=core.UserAdmin&g2_subView=core.UserLogin&g2_return=%2Fmain.php%3Fg2_view%3Dwebdav.WebDavMount%26g2_itemId%3D7 HTTP/1.1" 200 1468 "-" "Mozilla/5.0 (compatible; YandexBot/3.0; +http://yandex.com/bots)"
67.195.111.52 - - [04/Aug/2010:09:17:56 +0200] "GET /robots.txt HTTP/1.0" 404 261 "-" "Mozilla/5.0 (compatible; Yahoo! Slurp; http://help.yahoo.com/help/us/ysearch/slurp)"
67.195.111.52 - - [04/Aug/2010:09:17:57 +0200] "GET /v/prensa/fotos/0000--090801---1053--rally_a_mali---pioneros--salida--patricia_ozores--version--p1150083.jpg.html HTTP/1.0" 404 464 "-" "Mozilla/5.0 (compatible; Yahoo! Slurp/3.0; http://help.yahoo.com/help/us/ysearch/slurp)"
67.195.111.52 - - [04/Aug/2010:09:17:59 +0200] "GET /themes/matrix/theme.css HTTP/1.0" 200 12501 "http://fotos.rallyamali.com/v/prensa/fotos/0000--090801---1053--rally_a_mali---pioneros--salida--patricia_ozores--version--p1150083.jpg.html" "Mozilla/5.0 (compatible; Yahoo! Slurp/3.0; http://help.yahoo.com/help/us/ysearch/slurp)"
95.108.246.252 - - [04/Aug/2010:09:40:09 +0200] "GET /main.php?g2_controller=cart.AddToCart&g2_itemId=4830&g2_return=%2Fw%2F%3Fg2_originalPath%3D%252F HTTP/1.1" 408 263 "-" "Mozilla/5.0 (compatible; YandexBot/3.0; +http://yandex.com/bots)"
95.108.246.252 - - [04/Aug/2010:09:40:10 +0200] "GET /main.php?g2_controller=cart.AddToCart&g2_itemId=4830&g2_return=%2Fw%2F%3Fg2_originalPath%3D%252F HTTP/1.1" 302 20 "-" "Mozilla/5.0 (compatible; YandexBot/3.0; +http://yandex.com/bots)"
95.108.246.252 - - [04/Aug/2010:09:40:12 +0200] "GET /main.php?g2_view=cart.ViewCart&g2_itemId=4830 HTTP/1.1" 200 1693 "-" "Mozilla/5.0 (compatible; YandexBot/3.0; +http://yandex.com/bots)"
95.108.246.252 - - [04/Aug/2010:10:40:06 +0200] "GET /main.php?g2_view=core.UserAdmin&g2_subView=core.UserLogin&g2_return=%2Fv%2Fclipping%2F HTTP/1.1" 200 1452 "-" "Mozilla/5.0 (compatible; YandexBot/3.0; +http://yandex.com/bots)"
207.46.199.180 - - [04/Aug/2010:10:41:56 +0200] "GET /robots.txt HTTP/1.1" 404 320 "-" "msnbot/2.0b (+http://search.msn.com/msnbot.htm)"
66.249.71.139 - - [04/Aug/2010:11:07:52 +0200] "GET /robots.txt HTTP/1.1" 404 261 "-" "Mozilla/5.0 (compatible; Googlebot/2.1; +http://www.google.com/bot.html)"
66.249.71.139 - - [04/Aug/2010:11:07:52 +0200] "GET /main.php?g2_view=rss.SimpleRender&g2_itemId=4833 HTTP/1.1" 500 65 "-" "Mozilla/5.0 (compatible; Googlebot/2.1; +http://www.google.com/bot.html)"
95.108.246.252 - - [04/Aug/2010:11:42:14 +0200] "GET /main.php?g2_view=core.UserAdmin&g2_subView=core.UserLogin&g2_return=%2Fmain.php%3Fg2_view%3Dcart.ViewCart%26g2_itemId%3D4826 HTTP/1.1" 200 1464 "-" "Mozilla/5.0 (compatible; YandexBot/3.0; +http://yandex.com/bots)"
95.108.246.252 - - [04/Aug/2010:12:40:36 +0200] "GET /main.php?g2_controller=cart.AddToCart&g2_itemId=4826&g2_return=%2Fw%2F%3Fg2_originalPath%3D%252F HTTP/1.1" 302 20 "-" "Mozilla/5.0 (compatible; YandexBot/3.0; +http://yandex.com/bots)"
95.108.246.252 - - [04/Aug/2010:12:40:38 +0200] "GET /main.php?g2_view=cart.ViewCart&g2_itemId=4826 HTTP/1.1" 408 263 "-" "Mozilla/5.0 (compatible; YandexBot/3.0; +http://yandex.com/bots)"
95.108.246.252 - - [04/Aug/2010:12:40:38 +0200] "GET /main.php?g2_view=cart.ViewCart&g2_itemId=4826 HTTP/1.1" 200 1690 "-" "Mozilla/5.0 (compatible; YandexBot/3.0; +http://yandex.com/bots)"
66.249.71.139 - - [04/Aug/2010:13:08:19 +0200] "GET /main.php?g2_view=rss.SimpleRender&g2_itemId=4830 HTTP/1.1" 500 65 "-" "Mozilla/5.0 (compatible; Googlebot/2.1; +http://www.google.com/bot.html)"
123.125.66.53 - - [04/Aug/2010:13:24:06 +0200] "GET /robots.txt HTTP/1.1" 404 261 "-" "Baiduspider+(+http://www.baidu.com/search/spider.htm)"
66.249.71.139 - - [04/Aug/2010:13:38:24 +0200] "GET /main.php?g2_view=rss.SimpleRender&g2_itemId=4826 HTTP/1.1" 500 65 "-" "Mozilla/5.0 (compatible; Googlebot/2.1; +http://www.google.com/bot.html)"
95.108.246.252 - - [04/Aug/2010:13:40:46 +0200] "GET /v/prensa/fotos/DSC_0671.JPG.html HTTP/1.1" 404 464 "-" "Mozilla/5.0 (compatible; YandexBot/3.0; +http://yandex.com/bots)"
220.181.7.92 - - [04/Aug/2010:14:11:46 +0200] "GET / HTTP/1.1" 200 30 "-" "Baiduspider+(+http://www.baidu.com/search/spider.htm)"
95.108.246.252 - - [04/Aug/2010:14:39:07 +0200] "GET /main.php?g2_view=core.UserAdmin&g2_subView=register.UserSelfRegistration&g2_return=%2Fmain.php%3Fg2_view%3Dcart.ViewCart%26g2_itemId%3D7 HTTP/1.1" 408 263 "-" "Mozilla/5.0 (compatible; YandexBot/3.0; +http://yandex.com/bots)"
95.108.246.252 - - [04/Aug/2010:14:39:08 +0200] "GET /main.php?g2_view=core.UserAdmin&g2_subView=register.UserSelfRegistration&g2_return=%2Fmain.php%3Fg2_view%3Dcart.ViewCart%26g2_itemId%3D7 HTTP/1.1" 200 1509 "-" "Mozilla/5.0 (compatible; YandexBot/3.0; +http://yandex.com/bots)"
66.249.71.139 - - [04/Aug/2010:15:14:07 +0200] "GET /main.php?g2_controller=exif.SwitchDetailMode&g2_mode=detailed&g2_return=%2Fv%2Fprensa%2Ffotos%2F0000--090813---1953--rally_a_mali---pioneros--mali--osona_pandilleros--version--pic00017.jpg.html HTTP/1.1" 302 20 "-" "Mozilla/5.0 (compatible; Googlebot/2.1; +http://www.google.com/bot.html)"
66.249.71.139 - - [04/Aug/2010:15:14:07 +0200] "GET /v/prensa/fotos/0000--090813---1953--rally_a_mali---pioneros--mali--osona_pandilleros--version--pic00017.jpg.html HTTP/1.1" 404 464 "-" "Mozilla/5.0 (compatible; Googlebot/2.1; +http://www.google.com/bot.html)"
95.108.246.252 - - [04/Aug/2010:15:36:04 +0200] "GET /main.php?g2_view=core.UserAdmin&g2_subView=register.UserSelfRegistration&g2_return=%2Fmain.php%3Fg2_view%3Dwebdav.WebDavMount%26g2_itemId%3D7 HTTP/1.1" 200 1516 "-" "Mozilla/5.0 (compatible; YandexBot/3.0; +http://yandex.com/bots)"
66.249.71.139 - - [04/Aug/2010:15:55:40 +0200] "GET /v/pioneros/seleccion/eventos/salida/?g2_highlightId=275 HTTP/1.1" 404 464 "-" "Mozilla/5.0 (compatible; Googlebot/2.1; +http://www.google.com/bot.html)"
95.108.246.252 - - [04/Aug/2010:16:35:53 +0200] "GET /main.php?g2_view=core.UserAdmin&g2_subView=core.UserLogin&g2_return=%2Fv%2Fprensa%2F HTTP/1.1" 200 1451 "-" "Mozilla/5.0 (compatible; YandexBot/3.0; +http://yandex.com/bots)"
95.108.246.252 - - [04/Aug/2010:17:10:21 +0200] "GET /main.php?g2_view=core.UserAdmin&g2_subView=register.UserSelfRegistration&g2_return=%2Fmain.php%3Fg2_view%3Dcart.ViewCart%26g2_itemId%3D4830 HTTP/1.1" 200 1511 "-" "Mozilla/5.0 (compatible; YandexBot/3.0; +http://yandex.com/bots)"
66.249.71.139 - - [04/Aug/2010:17:16:37 +0200] "GET /v/prensa/fotos/?g2_highlightId=4060 HTTP/1.1" 404 464 "-" "Mozilla/5.0 (compatible; Googlebot/2.1; +http://www.google.com/bot.html)"
95.108.246.252 - - [04/Aug/2010:17:53:13 +0200] "GET /main.php?g2_view=search.SearchScan&g2_form%5BuseDefaultSettings%5D=1&g2_return=%2Fw%2F%3Fg2_originalPath%3D%252F HTTP/1.1" 200 2154 "-" "Mozilla/5.0 (compatible; YandexBot/3.0; +http://yandex.com/bots)"
66.249.71.139 - - [04/Aug/2010:18:27:28 +0200] "GET /v/prensa/fotos/0000--090814---1810--rally_a_mali---pioneros--mali--spanishbullfighters---alberto_gomez-borrero--version--mali-275.jpg.html HTTP/1.1" 404 464 "-" "Mozilla/5.0 (compatible; Googlebot/2.1; +http://www.google.com/bot.html)"
95.108.246.252 - - [04/Aug/2010:18:37:28 +0200] "GET /main.php?g2_view=core.UserAdmin&g2_subView=register.UserSelfRegistration&g2_return=%2Fmain.php%3Fg2_view%3Dcart.ViewCart%26g2_itemId%3D4826 HTTP/1.1" 200 1512 "-" "Mozilla/5.0 (compatible; YandexBot/3.0; +http://yandex.com/bots)"
208.80.194.30 - - [04/Aug/2010:18:55:25 +0200] "GET / HTTP/1.0" 200 15 "-" "Mozilla/4.0 (compatible; MSIE 7.0; Windows NT 5.1; BT Business Broadband; FunWebProducts; .NET CLR 1.1.4322)"
66.249.71.139 - - [04/Aug/2010:19:33:46 +0200] "GET /d/4058-7/MARRUECOS+_197_.JPG HTTP/1.1" 304 - "-" "Googlebot-Image/1.0"
66.249.71.139 - - [04/Aug/2010:19:36:12 +0200] "GET /main.php?g2_view=rss.SimpleRender&g2_itemId=4830 HTTP/1.1" 500 65 "-" "Mozilla/5.0 (compatible; Googlebot/2.1; +http://www.google.com/bot.html)"
66.249.71.139 - - [04/Aug/2010:20:08:57 +0200] "GET /main.php?g2_view=rss.SimpleRender&g2_itemId=4833 HTTP/1.1" 500 65 "-" "Mozilla/5.0 (compatible; Googlebot/2.1; +http://www.google.com/bot.html)"
66.249.71.139 - - [04/Aug/2010:20:09:04 +0200] "GET /d/3871-11/0000--090816---1446--rally_a_mali---pioneros--mali--alejandro_cabezon---rutas_y_retos--version--p1160571.jpg HTTP/1.1" 304 - "-" "Googlebot-Image/1.0"
66.249.71.139 - - [04/Aug/2010:20:44:18 +0200] "GET /main.php?g2_view=rss.SimpleRender&g2_itemId=4826 HTTP/1.1" 500 65 "-" "Mozilla/5.0 (compatible; Googlebot/2.1; +http://www.google.com/bot.html)"
66.249.71.139 - - [04/Aug/2010:20:49:12 +0200] "GET /v/prensa/fotos/0000--090805---1403--rally_a_mali---pioneros--marruecos--spanishbullfighters---alberto_gomez-borrero--version--marruecos-159.jpg.html HTTP/1.1" 404 464 "-" "Mozilla/5.0 (compatible; Googlebot/2.1; +http://www.google.com/bot.html)"
207.46.199.180 - - [05/Aug/2010:01:22:16 +0200] "GET /robots.txt HTTP/1.1" 404 320 "-" "msnbot/2.0b (+http://search.msn.com/msnbot.htm)"
66.249.71.139 - - [05/Aug/2010:01:43:42 +0200] "GET /robots.txt HTTP/1.1" 404 261 "-" "Mozilla/5.0 (compatible; Googlebot/2.1; +http://www.google.com/bot.html)"
66.249.71.139 - - [05/Aug/2010:01:43:42 +0200] "GET /main.php?g2_view=rss.SimpleRender&g2_itemId=4830 HTTP/1.1" 500 65 "-" "Mozilla/5.0 (compatible; Googlebot/2.1; +http://www.google.com/bot.html)"
66.249.71.139 - - [05/Aug/2010:02:03:18 +0200] "GET /d/393-2/0000--090801---1215--rally_a_mali---pioneros--salida--raul_garcia--version--p1110093.jpg HTTP/1.1" 304 - "-" "Googlebot-Image/1.0"
220.181.7.78 - - [05/Aug/2010:02:07:15 +0200] "GET / HTTP/1.1" 200 15 "-" "Baiduspider+(+http://www.baidu.com/search/spider.htm)"
123.125.66.66 - - [05/Aug/2010:02:07:39 +0200] "GET / HTTP/1.1" 200 15 "-" "Baiduspider+(+http://www.baidu.com/search/spider.htm)"
66.249.71.139 - - [05/Aug/2010:02:19:17 +0200] "GET /main.php?g2_view=rss.SimpleRender&g2_itemId=4833 HTTP/1.1" 500 65 "-" "Mozilla/5.0 (compatible; Googlebot/2.1; +http://www.google.com/bot.html)"
66.249.71.139 - - [05/Aug/2010:02:38:29 +0200] "GET /d/3805-11/0000--090813---1449--rally_a_mali---pioneros--mali---encendios_solidarios_falla_y_cascada_dogon--betis_rally_team--version--.jpg HTTP/1.1" 304 - "-" "Googlebot-Image/1.0"
123.125.66.83 - - [05/Aug/2010:06:06:54 +0200] "GET / HTTP/1.1" 200 15 "-" "Baiduspider+(+http://www.baidu.com/search/spider.htm)"
220.181.7.68 - - [05/Aug/2010:06:08:19 +0200] "GET / HTTP/1.1" 200 15 "-" "Baiduspider+(+http://www.baidu.com/search/spider.htm)"
220.181.7.126 - - [05/Aug/2010:06:13:08 +0200] "GET / HTTP/1.1" 200 30 "-" "Baiduspider+(+http://www.baidu.com/search/spider.htm)"
123.125.66.93 - - [05/Aug/2010:07:09:11 +0200] "GET / HTTP/1.1" 200 15 "-" "Baiduspider+(+http://www.baidu.com/search/spider.htm)"
220.181.7.79 - - [05/Aug/2010:07:10:04 +0200] "GET / HTTP/1.1" 200 15 "-" "Baiduspider+(+http://www.baidu.com/search/spider.htm)"
66.249.71.139 - - [05/Aug/2010:08:18:34 +0200] "GET /main.php?g2_view=rss.SimpleRender&g2_itemId=4833 HTTP/1.1" 500 65 "-" "Mozilla/5.0 (compatible; Googlebot/2.1; +http://www.google.com/bot.html)"
67.195.111.52 - - [05/Aug/2010:08:59:38 +0200] "GET /robots.txt HTTP/1.0" 404 261 "-" "Mozilla/5.0 (compatible; Yahoo! Slurp; http://help.yahoo.com/help/us/ysearch/slurp)"
67.195.111.52 - - [05/Aug/2010:08:59:39 +0200] "GET /v/pioneros/seleccion/preparativos/0000--090731---1438--rally_a_mali---pioneros--preparativos--spanishbullfighters---alberto_gomez-borrero--version--dsc_3597.jpg.html HTTP/1.0" 404 464 "-" "Mozilla/5.0 (compatible; Yahoo! Slurp/3.0; http://help.yahoo.com/help/us/ysearch/slurp)"
67.195.111.52 - - [05/Aug/2010:08:59:41 +0200] "GET /themes/matrix/theme.css HTTP/1.0" 304 - "http://fotos.rallyamali.com/v/pioneros/seleccion/preparativos/0000--090731---1438--rally_a_mali---pioneros--preparativos--spanishbullfighters---alberto_gomez-borrero--version--dsc_3597.jpg.html" "Mozilla/5.0 (compatible; Yahoo! Slurp/3.0; http://help.yahoo.com/help/us/ysearch/slurp)"
119.63.198.15 - - [05/Aug/2010:09:32:33 +0200] "GET /robots.txt HTTP/1.1" 404 261 "-" "Baiduspider+(+http://www.baidu.com/search/spider.htm)"
207.46.199.199 - - [05/Aug/2010:11:16:17 +0200] "GET /robots.txt HTTP/1.1" 404 320 "-" "msnbot/2.0b (+http://search.msn.com/msnbot.htm)"
220.181.7.124 - - [05/Aug/2010:12:02:28 +0200] "GET / HTTP/1.1" 200 15 "-" "Baiduspider+(+http://www.baidu.com/search/spider.htm)"
123.125.66.63 - - [05/Aug/2010:12:05:01 +0200] "GET / HTTP/1.1" 200 15 "-" "Baiduspider+(+http://www.baidu.com/search/spider.htm)"
207.46.199.199 - - [05/Aug/2010:14:27:32 +0200] "GET /robots.txt HTTP/1.1" 404 320 "-" "msnbot/2.0b (+http://search.msn.com/msnbot.htm)"
123.125.66.17 - - [05/Aug/2010:15:23:59 +0200] "GET /robots.txt HTTP/1.1" 404 261 "-" "Baiduspider+(+http://www.baidu.com/search/spider.htm)"
66.249.71.139 - - [05/Aug/2010:17:02:56 +0200] "GET /robots.txt HTTP/1.1" 404 261 "-" "Mozilla/5.0 (compatible; Googlebot/2.1; +http://www.google.com/bot.html)"
66.249.71.139 - - [05/Aug/2010:17:02:56 +0200] "GET /main.php?g2_controller=exif.SwitchDetailMode&g2_mode=detailed&g2_return=%2Fv%2Fprensa%2Ffotos%2F0000--090805---1403--rally_a_mali---pioneros--marruecos--spanishbullfighters---alberto_gomez-borrero--version--marruecos-159.jpg.html HTTP/1.1" 302 20 "-" "Mozilla/5.0 (compatible; Googlebot/2.1; +http://www.google.com/bot.html)"
123.125.66.73 - - [05/Aug/2010:17:10:03 +0200] "GET / HTTP/1.1" 200 15 "-" "Baiduspider+(+http://www.baidu.com/search/spider.htm)"
220.181.7.85 - - [05/Aug/2010:17:10:48 +0200] "GET / HTTP/1.1" 200 15 "-" "Baiduspider+(+http://www.baidu.com/search/spider.htm)"
66.249.71.139 - - [05/Aug/2010:18:20:32 +0200] "GET /v/prensa/fotos/DSC_1203.JPG.html HTTP/1.1" 404 464 "-" "Mozilla/5.0 (compatible; Googlebot/2.1; +http://www.google.com/bot.html)"
67.195.111.52 - - [05/Aug/2010:19:00:41 +0200] "GET /robots.txt HTTP/1.0" 404 261 "-" "Mozilla/5.0 (compatible; Yahoo! Slurp; http://help.yahoo.com/help/us/ysearch/slurp)"
67.195.111.52 - - [05/Aug/2010:19:00:42 +0200] "GET /v/prensa/fotos/MALI+_48_.JPG.html HTTP/1.0" 404 464 "-" "Mozilla/5.0 (compatible; Yahoo! Slurp/3.0; http://help.yahoo.com/help/us/ysearch/slurp)"
67.195.111.52 - - [05/Aug/2010:19:00:43 +0200] "GET /themes/matrix/theme.css HTTP/1.0" 304 - "http://fotos.rallyamali.com/v/prensa/fotos/MALI+_48_.JPG.html" "Mozilla/5.0 (compatible; Yahoo! Slurp/3.0; http://help.yahoo.com/help/us/ysearch/slurp)"
207.46.13.92 - - [05/Aug/2010:19:15:35 +0200] "GET /robots.txt HTTP/1.1" 404 320 "-" "msnbot/2.0b (+http://search.msn.com/msnbot.htm)"
95.108.246.252 - - [05/Aug/2010:19:30:14 +0200] "GET /robots.txt HTTP/1.1" 404 320 "-" "Mozilla/5.0 (compatible; YandexBot/3.0; +http://yandex.com/bots)"
207.46.13.92 - - [05/Aug/2010:19:34:06 +0200] "GET /v/pioneros/seleccion/aventura_en_ruta/mali/?g2_page=4 HTTP/1.1" 404 464 "-" "msnbot/2.0b (+http://search.msn.com/msnbot.htm)"
95.108.246.252 - - [05/Aug/2010:19:58:13 +0200] "GET /main.php?g2_controller=cart.AddToCart&g2_itemId=4830&g2_return=%2Fmain.php HTTP/1.1" 302 20 "-" "Mozilla/5.0 (compatible; YandexBot/3.0; +http://yandex.com/bots)"
95.108.246.252 - - [05/Aug/2010:19:58:15 +0200] "GET /main.php?g2_view=cart.ViewCart&g2_itemId=4830 HTTP/1.1" 200 1693 "-" "Mozilla/5.0 (compatible; YandexBot/3.0; +http://yandex.com/bots)"
95.108.246.252 - - [05/Aug/2010:20:50:32 +0200] "GET /main.php?g2_view=core.UserAdmin&g2_subView=register.UserSelfRegistration&g2_return=%2Fv%2F0000--090801---2127---000135--rally_a_mali---pioneros--telemadrid---telenoticias_fin_de_semana--version--Vi00142009080121270.wmv.html HTTP/1.1" 200 1577 "-" "Mozilla/5.0 (compatible; YandexBot/3.0; +http://yandex.com/bots)"
66.249.71.139 - - [05/Aug/2010:20:58:22 +0200] "GET /d/3919-11/0000--090817---1027--rally_a_mali---pioneros--mali--alejandro_cabezon---rutas_y_retos--version--p1160943.jpg HTTP/1.1" 304 - "-" "Googlebot-Image/1.0"
66.249.71.139 - - [05/Aug/2010:21:25:57 +0200] "GET /d/408-2/0000--090801---1225--rally_a_mali---pioneros--salida--raul_garcia--version--p1110131.jpg HTTP/1.1" 304 - "-" "Googlebot-Image/1.0"
95.108.246.252 - - [05/Aug/2010:21:45:01 +0200] "GET /main.php?g2_view=core.UserAdmin&g2_subView=core.UserLogin&g2_return=%2Fv%2Fclipping%2Ftv%2F0000--090801---1448---000213--rally_a_mali---pioneros--cuatro---noticias_cuatro_1--version--Vi023420090801144804145017000001.wmv.html HTTP/1.1" 200 1539 "-" "Mozilla/5.0 (compatible; YandexBot/3.0; +http://yandex.com/bots)"
95.108.246.252 - - [05/Aug/2010:22:35:26 +0200] "GET /main.php?g2_view=ecard.SendEcard&g2_itemId=4511&g2_return=%2Fv%2Fclipping%2Ftv%2F0000--090801---2110---000033--rally_a_mali---pioneros--la_sexta---la_sexta_noticias_tarde--version--Vi0240200908012110562111.wmv.html HTTP/1.1" 302 20 "-" "Mozilla/5.0 (compatible; YandexBot/3.0; +http://yandex.com/bots)"
95.108.246.252 - - [05/Aug/2010:22:35:30 +0200] "GET /main.php?g2_view=core.UserAdmin&g2_subView=core.UserLogin&g2_return=%2Fmain.php%3Fg2_view%3Decard.SendEcard%26g2_itemId%3D4511 HTTP/1.1" 200 1465 "-" "Mozilla/5.0 (compatible; YandexBot/3.0; +http://yandex.com/bots)"
95.108.246.252 - - [05/Aug/2010:23:26:24 +0200] "GET /main.php?g2_view=search.SearchScan&g2_form%5BuseDefaultSettings%5D=1&g2_return=%2Fmain.php HTTP/1.1" 200 2138 "-" "Mozilla/5.0 (compatible; YandexBot/3.0; +http://yandex.com/bots)"
123.125.66.58 - - [06/Aug/2010:00:13:15 +0200] "GET / HTTP/1.1" 200 15 "-" "Baiduspider+(+http://www.baidu.com/search/spider.htm)"
220.181.7.73 - - [06/Aug/2010:00:13:42 +0200] "GET / HTTP/1.1" 200 15 "-" "Baiduspider+(+http://www.baidu.com/search/spider.htm)"
95.108.246.252 - - [06/Aug/2010:00:17:47 +0200] "GET /main.php?g2_controller=cart.AddToCart&g2_itemId=4826&g2_return=%2Fmain.php HTTP/1.1" 302 20 "-" "Mozilla/5.0 (compatible; YandexBot/3.0; +http://yandex.com/bots)"
95.108.246.252 - - [06/Aug/2010:00:17:49 +0200] "GET /main.php?g2_view=cart.ViewCart&g2_itemId=4826 HTTP/1.1" 408 263 "-" "Mozilla/5.0 (compatible; YandexBot/3.0; +http://yandex.com/bots)"
95.108.246.252 - - [06/Aug/2010:00:17:49 +0200] "GET /main.php?g2_view=cart.ViewCart&g2_itemId=4826 HTTP/1.1" 200 1691 "-" "Mozilla/5.0 (compatible; YandexBot/3.0; +http://yandex.com/bots)"
95.108.246.252 - - [06/Aug/2010:01:10:30 +0200] "GET /main.php?g2_view=search.SearchScan&g2_form%5BuseDefaultSettings%5D=1&g2_return=%2Fmain.php%3Fg2_view%3Dcart.ViewCart%26g2_itemId%3D4833 HTTP/1.1" 200 2153 "-" "Mozilla/5.0 (compatible; YandexBot/3.0; +http://yandex.com/bots)"
207.46.199.199 - - [06/Aug/2010:01:33:41 +0200] "GET /robots.txt HTTP/1.1" 404 320 "-" "msnbot/2.0b (+http://search.msn.com/msnbot.htm)"
95.108.246.252 - - [06/Aug/2010:02:00:06 +0200] "GET /main.php?g2_view=core.UserAdmin&g2_subView=core.UserLogin&g2_return=%2Fv%2F0000--090801---2127---000135--rally_a_mali---pioneros--telemadrid---telenoticias_fin_de_semana--version--Vi00142009080121270.wmv.html HTTP/1.1" 200 1527 "-" "Mozilla/5.0 (compatible; YandexBot/3.0; +http://yandex.com/bots)"
220.181.7.73 - - [06/Aug/2010:02:04:36 +0200] "GET / HTTP/1.1" 200 15 "-" "Baiduspider+(+http://www.baidu.com/search/spider.htm)"
123.125.66.128 - - [06/Aug/2010:02:04:54 +0200] "GET / HTTP/1.1" 200 15 "-" "Baiduspider+(+http://www.baidu.com/search/spider.htm)"
66.249.71.139 - - [06/Aug/2010:02:10:04 +0200] "GET /v/pioneros/seleccion/eventos/salida/?g2_highlightId=275 HTTP/1.1" 404 464 "-" "Mozilla/5.0 (compatible; Googlebot/2.1; +http://www.google.com/bot.html)"
80.58.205.108 - - [06/Aug/2010:02:22:51 +0200] "GET / HTTP/1.1" 200 30 "http://www.rallyamali.com/www.rallyamali.com/index.html" "Mozilla/5.0 (Windows; U; Windows NT 5.1; es-ES; rv:1.9.2.8) Gecko/20100722 Firefox/3.6.8"
80.58.205.108 - - [06/Aug/2010:02:22:51 +0200] "GET /favicon.ico HTTP/1.1" 404 262 "-" "Mozilla/5.0 (Windows; U; Windows NT 5.1; es-ES; rv:1.9.2.8) Gecko/20100722 Firefox/3.6.8"
80.58.205.108 - - [06/Aug/2010:02:22:54 +0200] "GET /favicon.ico HTTP/1.1" 404 262 "-" "Mozilla/5.0 (Windows; U; Windows NT 5.1; es-ES; rv:1.9.2.8) Gecko/20100722 Firefox/3.6.8"
207.46.199.48 - - [06/Aug/2010:02:23:16 +0200] "GET /robots.txt HTTP/1.1" 404 320 "-" "msnbot/2.0b (+http://search.msn.com/msnbot.htm)"
80.58.205.108 - - [06/Aug/2010:02:26:20 +0200] "GET /v/pioneros/seleccion/ HTTP/1.1" 404 512 "http://www.rallyamali.com/www.rallyamali.com/zona-de-ralliers.html" "Mozilla/5.0 (Windows; U; Windows NT 5.1; es-ES; rv:1.9.2.8) Gecko/20100722 Firefox/3.6.8"
80.58.205.108 - - [06/Aug/2010:02:26:20 +0200] "GET /themes/matrix/theme.css HTTP/1.1" 200 12501 "http://fotos.rallyamali.com/v/pioneros/seleccion/" "Mozilla/5.0 (Windows; U; Windows NT 5.1; es-ES; rv:1.9.2.8) Gecko/20100722 Firefox/3.6.8"
80.58.205.108 - - [06/Aug/2010:02:26:20 +0200] "GET /lib/javascript/BlockToggle.js HTTP/1.1" 200 1359 "http://fotos.rallyamali.com/v/pioneros/seleccion/" "Mozilla/5.0 (Windows; U; Windows NT 5.1; es-ES; rv:1.9.2.8) Gecko/20100722 Firefox/3.6.8"
95.108.246.252 - - [06/Aug/2010:02:29:21 +0200] "GET /v/prensa/fotos/DSC_0790.JPG.html HTTP/1.1" 404 464 "-" "Mozilla/5.0 (compatible; YandexBot/3.0; +http://yandex.com/bots)"
207.46.199.48 - - [06/Aug/2010:02:38:35 +0200] "GET /v/clipping/tv/0000--090801---1448---000213--rally_a_mali---pioneros--cuatro---noticias_cuatro_1--version--Vi023420090801144804145017000001.wmv.html HTTP/1.1" 404 464 "-" "msnbot/2.0b (+http://search.msn.com/msnbot.htm)"
95.108.246.252 - - [06/Aug/2010:03:22:00 +0200] "GET /main.php?g2_view=core.UserAdmin&g2_subView=core.UserLogin&g2_return=%2Fmain.php%3Fg2_view%3Decard.SendEcard%26g2_itemId%3D4505 HTTP/1.1" 200 1467 "-" "Mozilla/5.0 (compatible; YandexBot/3.0; +http://yandex.com/bots)"
66.249.71.139 - - [06/Aug/2010:03:54:00 +0200] "GET /d/405-2/0000--090801---1225--rally_a_mali---pioneros--salida--raul_garcia--version--p1110129.jpg HTTP/1.1" 304 - "-" "Googlebot-Image/1.0"
95.108.246.252 - - [06/Aug/2010:04:14:17 +0200] "GET /main.php?g2_view=core.UserAdmin&g2_subView=core.UserLogin HTTP/1.1" 200 1443 "-" "Mozilla/5.0 (compatible; YandexBot/3.0; +http://yandex.com/bots)"
66.249.71.139 - - [06/Aug/2010:04:21:22 +0200] "GET /d/3850-11/0000--090814---1703--rally_a_mali---pioneros--mali--spanishbullfighters---alberto_gomez-borrero--version--mali-269.jpg HTTP/1.1" 304 - "-" "Googlebot-Image/1.0"
65.52.49.141 - - [06/Aug/2010:04:39:48 +0200] "GET /robots.txt HTTP/1.1" 404 320 "-" "msnbot/2.0b (+http://search.msn.com/msnbot.htm)"
174.129.174.161 - - [06/Aug/2010:04:44:56 +0200] "GET /robots.txt HTTP/1.1" 404 261 "-" "Mozilla/5.0 (compatible; spbot/2.0.4; +http://www.seoprofiler.com/bot )"
174.129.174.161 - - [06/Aug/2010:04:44:57 +0200] "GET / HTTP/1.1" 200 30 "-" "Mozilla/5.0 (compatible; spbot/2.0.4; +http://www.seoprofiler.com/bot )"
95.108.246.252 - - [06/Aug/2010:05:04:34 +0200] "GET /main.php?g2_controller=cart.AddToCart&g2_itemId=4833&g2_return=%2Fmain.php HTTP/1.1" 302 20 "-" "Mozilla/5.0 (compatible; YandexBot/3.0; +http://yandex.com/bots)"
95.108.246.252 - - [06/Aug/2010:05:04:37 +0200] "GET /main.php?g2_view=cart.ViewCart&g2_itemId=4833 HTTP/1.1" 408 263 "-" "Mozilla/5.0 (compatible; YandexBot/3.0; +http://yandex.com/bots)"
95.108.246.252 - - [06/Aug/2010:05:04:37 +0200] "GET /main.php?g2_view=cart.ViewCart&g2_itemId=4833 HTTP/1.1" 200 1689 "-" "Mozilla/5.0 (compatible; YandexBot/3.0; +http://yandex.com/bots)"
95.108.246.252 - - [06/Aug/2010:05:58:16 +0200] "GET /main.php?g2_controller=cart.AddToCart&g2_itemId=7&g2_return=%2Fmain.php HTTP/1.1" 302 20 "-" "Mozilla/5.0 (compatible; YandexBot/3.0; +http://yandex.com/bots)"
95.108.246.252 - - [06/Aug/2010:05:58:19 +0200] "GET /main.php?g2_view=cart.ViewCart&g2_itemId=7 HTTP/1.1" 200 1672 "-" "Mozilla/5.0 (compatible; YandexBot/3.0; +http://yandex.com/bots)"
220.181.7.90 - - [06/Aug/2010:06:07:17 +0200] "GET / HTTP/1.1" 200 15 "-" "Baiduspider+(+http://www.baidu.com/search/spider.htm)"
123.125.66.58 - - [06/Aug/2010:06:08:39 +0200] "GET / HTTP/1.1" 200 15 "-" "Baiduspider+(+http://www.baidu.com/search/spider.htm)"
208.80.194.34 - - [06/Aug/2010:06:24:59 +0200] "GET / HTTP/1.0" 200 15 "-" "Mozilla/4.0 (compatible; MSIE 6.0; Windows NT 5.1; SV1; MS-RTC LM 8)"
95.108.246.252 - - [06/Aug/2010:06:52:53 +0200] "GET /w/ HTTP/1.1" 200 2318 "-" "Mozilla/5.0 (compatible; YandexBot/3.0; +http://yandex.com/bots)"
95.108.246.252 - - [06/Aug/2010:07:44:40 +0200] "GET /main.php?g2_view=rss.SimpleRender&g2_itemId=4830 HTTP/1.1" 500 65 "-" "Mozilla/5.0 (compatible; YandexBot/3.0; +http://yandex.com/bots)"
95.108.246.252 - - [06/Aug/2010:08:10:52 +0200] "GET /main.php?g2_view=core.UserAdmin&g2_subView=register.UserSelfRegistration HTTP/1.1" 200 1490 "-" "Mozilla/5.0 (compatible; YandexBot/3.0; +http://yandex.com/bots)"
95.108.246.252 - - [06/Aug/2010:09:07:09 +0200] "GET /main.php?g2_view=ecard.SendEcard&g2_itemId=4505&g2_return=%2Fv%2Fclipping%2Ftv%2F0000--090801---1448---000213--rally_a_mali---pioneros--cuatro---noticias_cuatro_1--version--Vi023420090801144804145017000001.wmv.html HTTP/1.1" 302 20 "-" "Mozilla/5.0 (compatible; YandexBot/3.0; +http://yandex.com/bots)"
95.108.246.252 - - [06/Aug/2010:09:07:11 +0200] "GET /main.php?g2_view=core.UserAdmin&g2_subView=core.UserLogin&g2_return=%2Fmain.php%3Fg2_view%3Decard.SendEcard%26g2_itemId%3D4505 HTTP/1.1" 200 1467 "-" "Mozilla/5.0 (compatible; YandexBot/3.0; +http://yandex.com/bots)"
95.108.246.252 - - [06/Aug/2010:09:49:32 +0200] "GET /main.php?g2_view=rss.SimpleRender&g2_itemId=4833 HTTP/1.1" 500 65 "-" "Mozilla/5.0 (compatible; YandexBot/3.0; +http://yandex.com/bots)"
65.52.49.76 - - [06/Aug/2010:10:00:10 +0200] "GET /robots.txt HTTP/1.1" 404 320 "-" "msnbot/2.0b (+http://search.msn.com/msnbot.htm)"
95.108.246.252 - - [06/Aug/2010:10:43:21 +0200] "GET /main.php?g2_view=search.SearchScan&g2_form%5BuseDefaultSettings%5D=1&g2_return=%2Fmain.php%3Fg2_view%3Dsearch.SearchScan%26g2_form%255BuseDefaultSettings%255D%3D1 HTTP/1.1" 200 2140 "-" "Mozilla/5.0 (compatible; YandexBot/3.0; +http://yandex.com/bots)"
119.63.198.8 - - [06/Aug/2010:11:09:20 +0200] "GET /robots.txt HTTP/1.1" 404 261 "-" "Baiduspider+(+http://www.baidu.com/search/spider.htm)"
95.108.246.252 - - [06/Aug/2010:11:35:06 +0200] "GET /main.php?g2_view=core.UserAdmin&g2_subView=register.UserSelfRegistration&g2_return=%2Fv%2F0000--090801---2110---000033--rally_a_mali---pioneros--la_sexta---la_sexta_noticias_tarde--version--Vi0240200908012110562111.wmv.html HTTP/1.1" 200 1573 "-" "Mozilla/5.0 (compatible; YandexBot/3.0; +http://yandex.com/bots)"
95.108.246.252 - - [06/Aug/2010:12:28:50 +0200] "GET /main.php?g2_view=search.SearchScan&g2_form%5BuseDefaultSettings%5D=1&g2_return=%2Fmain.php%3Fg2_view%3Dcart.ViewCart%26g2_itemId%3D4830 HTTP/1.1" 200 2151 "-" "Mozilla/5.0 (compatible; YandexBot/3.0; +http://yandex.com/bots)"
207.46.13.89 - - [06/Aug/2010:12:39:36 +0200] "GET /robots.txt HTTP/1.1" 404 320 "-" "msnbot/2.0b (+http://search.msn.com/msnbot.htm)"
207.46.13.89 - - [06/Aug/2010:13:12:41 +0200] "GET /main.php HTTP/1.1" 200 2286 "-" "msnbot/2.0b (+http://search.msn.com/msnbot.htm)"
95.108.246.252 - - [06/Aug/2010:13:25:00 +0200] "GET /main.php?g2_view=search.SearchScan&g2_form%5BuseDefaultSettings%5D=1&g2_return=%2Fmain.php%3Fg2_view%3Dcart.ViewCart%26g2_itemId%3D4826 HTTP/1.1" 200 2155 "-" "Mozilla/5.0 (compatible; YandexBot/3.0; +http://yandex.com/bots)"
220.181.7.87 - - [06/Aug/2010:13:39:40 +0200] "GET / HTTP/1.1" 200 30 "-" "Baiduspider+(+http://www.baidu.com/search/spider.htm)"
207.46.199.177 - - [06/Aug/2010:13:53:23 +0200] "GET /robots.txt HTTP/1.1" 404 320 "-" "msnbot/2.0b (+http://search.msn.com/msnbot.htm)"
95.108.246.252 - - [06/Aug/2010:14:18:14 +0200] "GET /main.php?g2_view=search.SearchScan&g2_form%5BuseDefaultSettings%5D=1&g2_return=%2Fmain.php%3Fg2_view%3Dwebdav.WebDavMount%26g2_itemId%3D7 HTTP/1.1" 200 2158 "-" "Mozilla/5.0 (compatible; YandexBot/3.0; +http://yandex.com/bots)"
207.46.204.194 - - [06/Aug/2010:14:35:32 +0200] "GET /robots.txt HTTP/1.1" 404 320 "-" "msnbot/2.0b (+http://search.msn.com/msnbot.htm)"
207.46.204.194 - - [06/Aug/2010:14:52:13 +0200] "GET / HTTP/1.1" 304 - "-" "msnbot/2.0b (+http://search.msn.com/msnbot.htm)"
