66.249.71.139 - - [18/Jul/2010:01:32:23 +0200] "GET /main.php?g2_view=rss.SimpleRender&g2_itemId=4826 HTTP/1.1" 500 65 "-" "Mozilla/5.0 (compatible; Googlebot/2.1; +http://www.google.com/bot.html)"
67.195.111.52 - - [18/Jul/2010:02:06:16 +0200] "GET /v/prensa/fotos/DSC_0671.JPG.html HTTP/1.0" 404 464 "-" "Mozilla/5.0 (compatible; Yahoo! Slurp/3.0; http://help.yahoo.com/help/us/ysearch/slurp)"
67.195.111.52 - - [18/Jul/2010:02:06:18 +0200] "GET /themes/matrix/theme.css HTTP/1.0" 304 - "http://fotos.rallyamali.com/v/prensa/fotos/DSC_0671.JPG.html" "Mozilla/5.0 (compatible; Yahoo! Slurp/3.0; http://help.yahoo.com/help/us/ysearch/slurp)"
67.195.111.52 - - [18/Jul/2010:02:23:01 +0200] "GET /v/pioneros/seleccion/preparativos/0000--090724---1929--rally_a_mali---pioneros--preparativos--spanishbullfighters---alberto_gomez-borrero--version--csc_3560.jpg.html HTTP/1.0" 404 464 "-" "Mozilla/5.0 (compatible; Yahoo! Slurp/3.0; http://help.yahoo.com/help/us/ysearch/slurp)"
66.249.71.139 - - [18/Jul/2010:03:02:04 +0200] "GET /d/3916-11/0000--090817---0759--rally_a_mali---pioneros--mali--alejandro_cabezon---rutas_y_retos--version--p1160900.jpg HTTP/1.1" 304 - "-" "Googlebot-Image/1.0"
208.80.193.37 - - [18/Jul/2010:03:03:46 +0200] "GET / HTTP/1.0" 200 15 "-" "Mozilla/4.0 (compatible; MSIE 7.0; Windows NT 5.1; .NET CLR 1.0.3705; .NET CLR 1.1.4322; Media Center PC 4.0; InfoPath.1; MSN 9.0;MSN 9.1; MSNbVZ02; MSNmen-us; MSNcOTH)"
220.181.7.115 - - [18/Jul/2010:05:43:11 +0200] "GET / HTTP/1.1" 200 15 "-" "Baiduspider+(+http://www.baidu.com/search/spider.htm)"
123.125.66.84 - - [18/Jul/2010:05:44:03 +0200] "GET / HTTP/1.1" 200 15 "-" "Baiduspider+(+http://www.baidu.com/search/spider.htm)"
119.63.198.43 - - [18/Jul/2010:05:48:07 +0200] "GET /robots.txt HTTP/1.1" 404 261 "-" "Baiduspider+(+http://www.baidu.com/search/spider.htm)"
207.46.199.179 - - [18/Jul/2010:06:32:29 +0200] "GET /robots.txt HTTP/1.1" 404 320 "-" "msnbot/2.0b (+http://search.msn.com/msnbot.htm)"
207.46.199.185 - - [18/Jul/2010:07:05:09 +0200] "GET /robots.txt HTTP/1.1" 404 320 "-" "msnbot/2.0b (+http://search.msn.com/msnbot.htm)"
123.125.66.94 - - [18/Jul/2010:07:45:26 +0200] "GET / HTTP/1.1" 200 15 "-" "Baiduspider+(+http://www.baidu.com/search/spider.htm)"
220.181.7.90 - - [18/Jul/2010:07:45:31 +0200] "GET / HTTP/1.1" 200 15 "-" "Baiduspider+(+http://www.baidu.com/search/spider.htm)"
67.195.111.52 - - [18/Jul/2010:08:03:43 +0200] "GET /robots.txt HTTP/1.0" 404 261 "-" "Mozilla/5.0 (compatible; Yahoo! Slurp; http://help.yahoo.com/help/us/ysearch/slurp)"
67.195.111.52 - - [18/Jul/2010:08:03:43 +0200] "GET /main.php?g2_view=slideshow.SlideshowMediaRss&g2_itemId=3696 HTTP/1.0" 404 488 "-" "Mozilla/5.0 (compatible; Yahoo! Slurp/3.0; http://help.yahoo.com/help/us/ysearch/slurp)"
67.195.111.52 - - [18/Jul/2010:08:03:45 +0200] "GET /themes/matrix/theme.css HTTP/1.0" 304 - "http://fotos.rallyamali.com/main.php?g2_view=slideshow.SlideshowMediaRss&g2_itemId=3696" "Mozilla/5.0 (compatible; Yahoo! Slurp/3.0; http://help.yahoo.com/help/us/ysearch/slurp)"
65.52.108.58 - - [18/Jul/2010:08:20:02 +0200] "GET /robots.txt HTTP/1.1" 404 320 "-" "msnbot/2.0b (+http://search.msn.com/msnbot.htm)"
65.52.108.58 - - [18/Jul/2010:08:21:02 +0200] "GET /v/pioneros/seleccion/solidaridad_en_ruta/MAURITANIA-NOUADHIBOU-FUNDACIONCEAR/ HTTP/1.1" 404 464 "-" "msnbot/2.0b (+http://search.msn.com/msnbot.htm)"
220.181.7.57 - - [18/Jul/2010:08:34:00 +0200] "GET / HTTP/1.1" 200 15 "-" "Baiduspider+(+http://www.baidu.com/search/spider.htm)"
123.125.66.85 - - [18/Jul/2010:08:38:04 +0200] "GET / HTTP/1.1" 200 15 "-" "Baiduspider+(+http://www.baidu.com/search/spider.htm)"
66.249.71.139 - - [18/Jul/2010:08:41:41 +0200] "GET /robots.txt HTTP/1.1" 404 261 "-" "Mozilla/5.0 (compatible; Googlebot/2.1; +http://www.google.com/bot.html)"
66.249.71.139 - - [18/Jul/2010:08:41:41 +0200] "GET /main.php?g2_view=rss.SimpleRender&g2_itemId=4830 HTTP/1.1" 500 65 "-" "Mozilla/5.0 (compatible; Googlebot/2.1; +http://www.google.com/bot.html)"
67.195.111.52 - - [18/Jul/2010:10:01:32 +0200] "GET /v/prensa/fotos/0000--090806---0000--rally_a_mali---pioneros--marruecos---rodaocasio--angeles_del_desierto--version--p1000016.jpg.html HTTP/1.0" 404 464 "-" "Mozilla/5.0 (compatible; Yahoo! Slurp/3.0; http://help.yahoo.com/help/us/ysearch/slurp)"
207.46.199.179 - - [18/Jul/2010:11:26:42 +0200] "GET /robots.txt HTTP/1.1" 404 320 "-" "msnbot/2.0b (+http://search.msn.com/msnbot.htm)"
66.249.71.139 - - [18/Jul/2010:11:38:25 +0200] "GET /main.php?g2_view=rss.SimpleRender&g2_itemId=4826 HTTP/1.1" 500 65 "-" "Mozilla/5.0 (compatible; Googlebot/2.1; +http://www.google.com/bot.html)"
67.195.111.52 - - [18/Jul/2010:12:48:21 +0200] "GET /v/pioneros/seleccion/eventos/fiesta_nouadhibou/ HTTP/1.0" 404 464 "-" "Mozilla/5.0 (compatible; Yahoo! Slurp/3.0; http://help.yahoo.com/help/us/ysearch/slurp)"
67.195.111.52 - - [18/Jul/2010:12:48:22 +0200] "GET /themes/matrix/theme.css HTTP/1.0" 304 - "http://fotos.rallyamali.com/v/pioneros/seleccion/eventos/fiesta_nouadhibou/" "Mozilla/5.0 (compatible; Yahoo! Slurp/3.0; http://help.yahoo.com/help/us/ysearch/slurp)"
66.249.71.139 - - [18/Jul/2010:13:32:16 +0200] "GET /main.php?g2_view=search.SearchScan&g2_form%5BuseDefaultSettings%5D=1&g2_return=%2Fw%2F%3Fg2_originalPath%3D%252F HTTP/1.1" 200 2153 "-" "Mozilla/5.0 (compatible; Googlebot/2.1; +http://www.google.com/bot.html)"
66.249.71.139 - - [18/Jul/2010:13:36:00 +0200] "GET /main.php?g2_view=rss.SimpleRender&g2_itemId=4833 HTTP/1.1" 500 65 "-" "Mozilla/5.0 (compatible; Googlebot/2.1; +http://www.google.com/bot.html)"
220.181.7.78 - - [18/Jul/2010:14:38:57 +0200] "GET / HTTP/1.1" 200 30 "-" "Baiduspider+(+http://www.baidu.com/search/spider.htm)"
65.55.2.141 - - [18/Jul/2010:14:45:36 +0200] "GET /robots.txt HTTP/1.1" 404 320 "-" "msnbot/2.0b (+http://search.msn.com/msnbot.htm)"
207.46.13.141 - - [18/Jul/2010:15:01:04 +0200] "GET /robots.txt HTTP/1.1" 404 320 "-" "msnbot/2.0b (+http://search.msn.com/msnbot.htm)"
207.46.13.141 - - [18/Jul/2010:15:02:01 +0200] "GET /v/pioneros/seleccion/aventura_en_ruta/mali/ HTTP/1.1" 404 464 "-" "msnbot/2.0b (+http://search.msn.com/msnbot.htm)"
123.125.66.50 - - [18/Jul/2010:15:28:58 +0200] "GET /robots.txt HTTP/1.1" 404 261 "-" "Baiduspider+(+http://www.baidu.com/search/spider.htm)"
66.249.71.139 - - [18/Jul/2010:18:06:58 +0200] "GET /main.php?g2_view=rss.SimpleRender&g2_itemId=4830 HTTP/1.1" 500 65 "-" "Mozilla/5.0 (compatible; Googlebot/2.1; +http://www.google.com/bot.html)"
66.249.71.139 - - [18/Jul/2010:18:37:26 +0200] "GET /main.php?g2_view=rss.SimpleRender&g2_itemId=4826 HTTP/1.1" 500 65 "-" "Mozilla/5.0 (compatible; Googlebot/2.1; +http://www.google.com/bot.html)"
66.249.71.139 - - [18/Jul/2010:19:17:35 +0200] "GET /main.php?g2_controller=cart.AddToCart&g2_itemId=4826&g2_return=%2Fmain.php HTTP/1.1" 302 20 "-" "Mozilla/5.0 (compatible; Googlebot/2.1; +http://www.google.com/bot.html)"
66.249.71.139 - - [18/Jul/2010:19:17:36 +0200] "GET /main.php?g2_view=cart.ViewCart&g2_itemId=4826 HTTP/1.1" 200 1691 "-" "Mozilla/5.0 (compatible; Googlebot/2.1; +http://www.google.com/bot.html)"
67.195.111.52 - - [18/Jul/2010:19:39:41 +0200] "GET /robots.txt HTTP/1.0" 404 261 "-" "Mozilla/5.0 (compatible; Yahoo! Slurp; http://help.yahoo.com/help/us/ysearch/slurp)"
67.195.111.52 - - [18/Jul/2010:19:39:42 +0200] "GET / HTTP/1.0" 200 30 "-" "Mozilla/5.0 (compatible; Yahoo! Slurp/3.0; http://help.yahoo.com/help/us/ysearch/slurp)"
95.108.246.252 - - [18/Jul/2010:19:52:38 +0200] "GET /robots.txt HTTP/1.1" 404 320 "-" "Mozilla/5.0 (compatible; YandexBot/3.0; +http://yandex.com/bots)"
208.115.111.249 - - [18/Jul/2010:21:45:51 +0200] "GET /robots.txt HTTP/1.1" 404 261 "-" "Mozilla/5.0 (compatible; DotBot/1.1; http://www.dotnetdotcom.org/, crawler@dotnetdotcom.org)"
123.125.66.119 - - [18/Jul/2010:22:33:12 +0200] "GET / HTTP/1.1" 200 15 "-" "Baiduspider+(+http://www.baidu.com/search/spider.htm)"
220.181.7.92 - - [18/Jul/2010:22:35:31 +0200] "GET / HTTP/1.1" 200 15 "-" "Baiduspider+(+http://www.baidu.com/search/spider.htm)"
207.46.199.198 - - [19/Jul/2010:00:12:58 +0200] "GET /robots.txt HTTP/1.1" 404 320 "-" "msnbot/2.0b (+http://search.msn.com/msnbot.htm)"
95.108.246.252 - - [19/Jul/2010:00:36:57 +0200] "GET /main.php?g2_controller=exif.SwitchDetailMode&g2_mode=detailed&g2_return=%2Fv%2Fprensa%2Ffotos%2F0000--090806---1631--rally_a_mali---pioneros--marruecos--spanishbullfighters---alberto_gomez-borrero--version--marruecos-212.jpg.html HTTP/1.1" 302 20 "-" "Mozilla/5.0 (compatible; YandexBot/3.0; +http://yandex.com/bots)"
95.108.246.252 - - [19/Jul/2010:00:37:00 +0200] "GET /v/prensa/fotos/0000--090806---1631--rally_a_mali---pioneros--marruecos--spanishbullfighters---alberto_gomez-borrero--version--marruecos-212.jpg.html HTTP/1.1" 404 464 "-" "Mozilla/5.0 (compatible; YandexBot/3.0; +http://yandex.com/bots)"
66.249.71.139 - - [19/Jul/2010:00:37:23 +0200] "GET /robots.txt HTTP/1.1" 404 261 "-" "Mozilla/5.0 (compatible; Googlebot/2.1; +http://www.google.com/bot.html)"
66.249.71.139 - - [19/Jul/2010:00:37:24 +0200] "GET /main.php?g2_view=rss.SimpleRender&g2_itemId=4830 HTTP/1.1" 500 65 "-" "Mozilla/5.0 (compatible; Googlebot/2.1; +http://www.google.com/bot.html)"
208.115.111.249 - - [19/Jul/2010:01:13:06 +0200] "GET /robots.txt HTTP/1.1" 404 261 "-" "Mozilla/5.0 (compatible; DotBot/1.1; http://www.dotnetdotcom.org/, crawler@dotnetdotcom.org)"
207.46.204.243 - - [19/Jul/2010:01:20:51 +0200] "GET /robots.txt HTTP/1.1" 404 320 "-" "msnbot/2.0b (+http://search.msn.com/msnbot.htm)"
207.46.204.243 - - [19/Jul/2010:01:24:04 +0200] "GET /main.php?g2_highlightId=27 HTTP/1.1" 302 20 "-" "msnbot/2.0b (+http://search.msn.com/msnbot.htm)"
207.46.204.243 - - [19/Jul/2010:01:24:04 +0200] "GET /main.php HTTP/1.1" 200 2289 "-" "msnbot/2.0b (+http://search.msn.com/msnbot.htm)"
207.46.199.191 - - [19/Jul/2010:01:29:14 +0200] "GET /robots.txt HTTP/1.1" 404 320 "-" "msnbot/2.0b (+http://search.msn.com/msnbot.htm)"
66.249.71.139 - - [19/Jul/2010:01:33:56 +0200] "GET /main.php?g2_view=rss.SimpleRender&g2_itemId=4833 HTTP/1.1" 500 65 "-" "Mozilla/5.0 (compatible; Googlebot/2.1; +http://www.google.com/bot.html)"
208.115.111.249 - - [19/Jul/2010:01:41:59 +0200] "GET /main.php?g2_highlightId=3110 HTTP/1.1" 302 20 "-" "Mozilla/5.0 (compatible; DotBot/1.1; http://www.dotnetdotcom.org/, crawler@dotnetdotcom.org)"
208.115.111.249 - - [19/Jul/2010:01:42:03 +0200] "GET /main.php?g2_highlightId=4469 HTTP/1.1" 302 20 "-" "Mozilla/5.0 (compatible; DotBot/1.1; http://www.dotnetdotcom.org/, crawler@dotnetdotcom.org)"
208.115.111.249 - - [19/Jul/2010:01:42:08 +0200] "GET /v/pioneros/?g2_highlightId=96 HTTP/1.1" 404 505 "-" "Mozilla/5.0 (compatible; DotBot/1.1; http://www.dotnetdotcom.org/, crawler@dotnetdotcom.org)"
208.115.111.249 - - [19/Jul/2010:01:42:13 +0200] "GET /v/pioneros/seleccion/eventos/ HTTP/1.1" 404 505 "-" "Mozilla/5.0 (compatible; DotBot/1.1; http://www.dotnetdotcom.org/, crawler@dotnetdotcom.org)"
66.249.71.139 - - [19/Jul/2010:02:05:28 +0200] "GET /main.php?g2_view=rss.SimpleRender&g2_itemId=4826 HTTP/1.1" 500 65 "-" "Mozilla/5.0 (compatible; Googlebot/2.1; +http://www.google.com/bot.html)"
67.195.111.52 - - [19/Jul/2010:02:14:06 +0200] "GET /main.php?g2_view=slideshow.SlideshowMediaRss&g2_itemId=779 HTTP/1.0" 404 488 "-" "Mozilla/5.0 (compatible; Yahoo! Slurp/3.0; http://help.yahoo.com/help/us/ysearch/slurp)"
67.195.111.52 - - [19/Jul/2010:02:14:07 +0200] "GET /themes/matrix/theme.css HTTP/1.0" 304 - "http://fotos.rallyamali.com/main.php?g2_view=slideshow.SlideshowMediaRss&g2_itemId=779" "Mozilla/5.0 (compatible; Yahoo! Slurp/3.0; http://help.yahoo.com/help/us/ysearch/slurp)"
119.63.198.76 - - [19/Jul/2010:02:37:24 +0200] "GET / HTTP/1.1" 200 30 "-" "Baiduspider+(+http://www.baidu.jp/spider/)"
66.249.71.139 - - [19/Jul/2010:03:07:03 +0200] "GET /d/4512-4/0000--090801---2110---000033--rally_a_mali---pioneros--la_sexta---la_sexta_noticias_tarde--version--Vi0240200908012110562111.jpg HTTP/1.1" 304 - "-" "Googlebot-Image/1.0"
207.46.199.185 - - [19/Jul/2010:03:41:57 +0200] "GET /robots.txt HTTP/1.1" 404 320 "-" "msnbot/2.0b (+http://search.msn.com/msnbot.htm)"
95.108.246.252 - - [19/Jul/2010:03:43:46 +0200] "GET /main.php?g2_highlightId=4826 HTTP/1.1" 302 20 "-" "Mozilla/5.0 (compatible; YandexBot/3.0; +http://yandex.com/bots)"
95.108.246.252 - - [19/Jul/2010:03:43:47 +0200] "GET /main.php HTTP/1.1" 200 2289 "-" "Mozilla/5.0 (compatible; YandexBot/3.0; +http://yandex.com/bots)"
220.181.7.92 - - [19/Jul/2010:03:47:13 +0200] "GET / HTTP/1.1" 200 15 "-" "Baiduspider+(+http://www.baidu.com/search/spider.htm)"
123.125.66.85 - - [19/Jul/2010:03:50:05 +0200] "GET / HTTP/1.1" 200 15 "-" "Baiduspider+(+http://www.baidu.com/search/spider.htm)"
66.249.71.139 - - [19/Jul/2010:04:17:42 +0200] "GET /v/pioneros/seleccion/ HTTP/1.1" 404 464 "-" "Mozilla/5.0 (compatible; Googlebot/2.1; +http://www.google.com/bot.html)"
208.115.111.249 - - [19/Jul/2010:04:42:46 +0200] "GET /robots.txt HTTP/1.1" 404 261 "-" "Mozilla/5.0 (compatible; DotBot/1.1; http://www.dotnetdotcom.org/, crawler@dotnetdotcom.org)"
220.181.7.68 - - [19/Jul/2010:04:44:25 +0200] "GET / HTTP/1.1" 200 15 "-" "Baiduspider+(+http://www.baidu.com/search/spider.htm)"
95.108.246.252 - - [19/Jul/2010:04:44:58 +0200] "GET /v/pioneros/seleccion/ HTTP/1.1" 404 464 "-" "Mozilla/5.0 (compatible; YandexBot/3.0; +http://yandex.com/bots)"
123.125.66.70 - - [19/Jul/2010:04:47:28 +0200] "GET / HTTP/1.1" 200 15 "-" "Baiduspider+(+http://www.baidu.com/search/spider.htm)"
67.195.111.52 - - [19/Jul/2010:04:55:43 +0200] "GET /v/pioneros/seleccion/preparativos/0000--081104---0159--rally_a_mali---pioneros--preparativos--spanishbullfighters---alberto_gomez-borrero--version--csc_1808.jpg.html HTTP/1.0" 404 464 "-" "Mozilla/5.0 (compatible; Yahoo! Slurp/3.0; http://help.yahoo.com/help/us/ysearch/slurp)"
67.195.111.52 - - [19/Jul/2010:04:55:44 +0200] "GET /themes/matrix/theme.css HTTP/1.0" 200 12501 "http://fotos.rallyamali.com/v/pioneros/seleccion/preparativos/0000--081104---0159--rally_a_mali---pioneros--preparativos--spanishbullfighters---alberto_gomez-borrero--version--csc_1808.jpg.html" "Mozilla/5.0 (compatible; Yahoo! Slurp/3.0; http://help.yahoo.com/help/us/ysearch/slurp)"
208.115.111.249 - - [19/Jul/2010:05:15:40 +0200] "GET /main.php?g2_highlightId=27 HTTP/1.1" 302 20 "-" "Mozilla/5.0 (compatible; DotBot/1.1; http://www.dotnetdotcom.org/, crawler@dotnetdotcom.org)"
208.115.111.249 - - [19/Jul/2010:05:15:44 +0200] "GET /v/clipping/ HTTP/1.1" 404 505 "-" "Mozilla/5.0 (compatible; DotBot/1.1; http://www.dotnetdotcom.org/, crawler@dotnetdotcom.org)"
208.115.111.249 - - [19/Jul/2010:05:15:49 +0200] "GET /v/clipping/tv/ HTTP/1.1" 404 505 "-" "Mozilla/5.0 (compatible; DotBot/1.1; http://www.dotnetdotcom.org/, crawler@dotnetdotcom.org)"
208.115.111.249 - - [19/Jul/2010:05:15:54 +0200] "GET /v/pioneros/seleccion/ HTTP/1.1" 404 505 "-" "Mozilla/5.0 (compatible; DotBot/1.1; http://www.dotnetdotcom.org/, crawler@dotnetdotcom.org)"
208.115.111.249 - - [19/Jul/2010:05:15:59 +0200] "GET /v/prensa/fotos/ HTTP/1.1" 404 505 "-" "Mozilla/5.0 (compatible; DotBot/1.1; http://www.dotnetdotcom.org/, crawler@dotnetdotcom.org)"
119.63.198.9 - - [19/Jul/2010:05:49:11 +0200] "GET /robots.txt HTTP/1.1" 404 261 "-" "Baiduspider+(+http://www.baidu.com/search/spider.htm)"
66.249.71.139 - - [19/Jul/2010:06:42:42 +0200] "GET /main.php?g2_view=rss.SimpleRender&g2_itemId=4830 HTTP/1.1" 500 65 "-" "Mozilla/5.0 (compatible; Googlebot/2.1; +http://www.google.com/bot.html)"
220.181.7.73 - - [19/Jul/2010:07:53:55 +0200] "GET / HTTP/1.1" 200 15 "-" "Baiduspider+(+http://www.baidu.com/search/spider.htm)"
123.125.66.88 - - [19/Jul/2010:07:56:19 +0200] "GET / HTTP/1.1" 200 15 "-" "Baiduspider+(+http://www.baidu.com/search/spider.htm)"
208.115.111.249 - - [19/Jul/2010:08:14:59 +0200] "GET /robots.txt HTTP/1.1" 404 261 "-" "Mozilla/5.0 (compatible; DotBot/1.1; http://www.dotnetdotcom.org/, crawler@dotnetdotcom.org)"
208.115.111.249 - - [19/Jul/2010:08:48:53 +0200] "GET /v/pioneros/ HTTP/1.1" 404 505 "-" "Mozilla/5.0 (compatible; DotBot/1.1; http://www.dotnetdotcom.org/, crawler@dotnetdotcom.org)"
208.115.111.249 - - [19/Jul/2010:08:49:08 +0200] "GET /v/prensa/ HTTP/1.1" 404 505 "-" "Mozilla/5.0 (compatible; DotBot/1.1; http://www.dotnetdotcom.org/, crawler@dotnetdotcom.org)"
66.249.71.139 - - [19/Jul/2010:10:05:14 +0200] "GET /main.php?g2_view=ecard.SendEcard&g2_itemId=329&g2_return=%2Fv%2Fpioneros%2Fseleccion%2Feventos%2Fsalida%2F0000--090801---1053--rally_a_mali---pioneros--salida--patricia_ozores--version--p1150083.jpg.html HTTP/1.1" 302 20 "-" "Mozilla/5.0 (compatible; Googlebot/2.1; +http://www.google.com/bot.html)"
66.249.71.139 - - [19/Jul/2010:10:05:15 +0200] "GET /main.php?g2_view=core.UserAdmin&g2_subView=core.UserLogin&g2_return=%2Fmain.php%3Fg2_view%3Decard.SendEcard%26g2_itemId%3D329 HTTP/1.1" 200 1466 "-" "Mozilla/5.0 (compatible; Googlebot/2.1; +http://www.google.com/bot.html)"
80.59.43.122 - - [19/Jul/2010:10:08:46 +0200] "GET / HTTP/1.1" 200 30 "http://www.rallyamali.com/www.rallyamali.com/index.html" "Mozilla/4.0 (compatible; MSIE 8.0; Windows NT 5.1; Trident/4.0; .NET CLR 2.0.50727)"
80.59.43.122 - - [19/Jul/2010:10:08:47 +0200] "GET / HTTP/1.1" 200 30 "http://www.rallyamali.com/www.rallyamali.com/index.html" "Mozilla/4.0 (compatible; MSIE 8.0; Windows NT 5.1; Trident/4.0; .NET CLR 2.0.50727)"
80.59.43.122 - - [19/Jul/2010:10:08:47 +0200] "GET /favicon.ico HTTP/1.1" 404 262 "-" "Mozilla/4.0 (compatible; MSIE 8.0; Windows NT 5.1; Trident/4.0; .NET CLR 2.0.50727)"
80.59.43.122 - - [19/Jul/2010:10:09:31 +0200] "GET / HTTP/1.1" 304 - "http://www.rallyamali.com/www.rallyamali.com/index.html" "Mozilla/4.0 (compatible; MSIE 8.0; Windows NT 5.1; Trident/4.0; .NET CLR 2.0.50727)"
80.59.43.122 - - [19/Jul/2010:10:09:31 +0200] "GET /favicon.ico HTTP/1.1" 404 262 "-" "Mozilla/4.0 (compatible; MSIE 8.0; Windows NT 5.1; Trident/4.0; .NET CLR 2.0.50727)"
66.249.71.139 - - [19/Jul/2010:12:02:28 +0200] "GET /main.php?g2_view=cart.ViewCart&g2_itemId=7 HTTP/1.1" 200 1674 "-" "Mozilla/5.0 (compatible; Googlebot/2.1; +http://www.google.com/bot.html)"
208.115.111.249 - - [19/Jul/2010:12:30:41 +0200] "GET / HTTP/1.1" 200 30 "-" "Mozilla/5.0 (compatible; DotBot/1.1; http://www.dotnetdotcom.org/, crawler@dotnetdotcom.org)"
208.80.193.37 - - [19/Jul/2010:12:46:06 +0200] "GET / HTTP/1.0" 200 15 "-" "Mozilla/4.0 (compatible; MSIE 6.0; Windows NT 5.1; {5EF477EB-4442-455D-9177-8DEF064A8408}; .NET CLR 1.1.4322; ZangoToolbar 4.8.2)"
123.125.66.62 - - [19/Jul/2010:13:06:27 +0200] "GET / HTTP/1.1" 200 15 "-" "Baiduspider+(+http://www.baidu.com/search/spider.htm)"
220.181.7.80 - - [19/Jul/2010:13:09:39 +0200] "GET / HTTP/1.1" 200 15 "-" "Baiduspider+(+http://www.baidu.com/search/spider.htm)"
66.249.71.139 - - [19/Jul/2010:13:41:59 +0200] "GET /robots.txt HTTP/1.1" 404 261 "-" "Mozilla/5.0 (compatible; Googlebot/2.1; +http://www.google.com/bot.html)"
66.249.71.139 - - [19/Jul/2010:13:41:59 +0200] "GET /main.php?g2_view=rss.SimpleRender&g2_itemId=4833 HTTP/1.1" 500 65 "-" "Mozilla/5.0 (compatible; Googlebot/2.1; +http://www.google.com/bot.html)"
220.181.7.122 - - [19/Jul/2010:13:50:56 +0200] "GET / HTTP/1.1" 200 15 "-" "Baiduspider+(+http://www.baidu.com/search/spider.htm)"
123.125.66.72 - - [19/Jul/2010:13:52:40 +0200] "GET / HTTP/1.1" 200 15 "-" "Baiduspider+(+http://www.baidu.com/search/spider.htm)"
207.46.13.50 - - [19/Jul/2010:14:14:56 +0200] "GET /robots.txt HTTP/1.1" 404 320 "-" "msnbot/2.0b (+http://search.msn.com/msnbot.htm)"
207.46.13.50 - - [19/Jul/2010:14:16:35 +0200] "GET /v/pioneros/?g2_highlightId=96 HTTP/1.1" 404 464 "-" "msnbot/2.0b (+http://search.msn.com/msnbot.htm)"
123.125.66.114 - - [19/Jul/2010:15:27:55 +0200] "GET /robots.txt HTTP/1.1" 404 261 "-" "Baiduspider+(+http://www.baidu.com/search/spider.htm)"
220.181.7.93 - - [19/Jul/2010:15:44:36 +0200] "GET / HTTP/1.1" 200 30 "-" "Baiduspider+(+http://www.baidu.com/search/spider.htm)"
66.249.71.139 - - [19/Jul/2010:16:10:39 +0200] "GET / HTTP/1.1" 304 - "-" "Mozilla/5.0 (compatible; Googlebot/2.1; +http://www.google.com/bot.html)"
66.249.71.139 - - [19/Jul/2010:18:36:34 +0200] "GET /v/pioneros/seleccion/eventos/salida/?g2_highlightId=275 HTTP/1.1" 404 464 "-" "Mozilla/5.0 (compatible; Googlebot/2.1; +http://www.google.com/bot.html)"
207.46.199.193 - - [19/Jul/2010:18:38:26 +0200] "GET /robots.txt HTTP/1.1" 404 320 "-" "msnbot/2.0b (+http://search.msn.com/msnbot.htm)"
220.181.7.85 - - [19/Jul/2010:19:28:16 +0200] "GET / HTTP/1.1" 200 15 "-" "Baiduspider+(+http://www.baidu.com/search/spider.htm)"
123.125.66.90 - - [19/Jul/2010:19:28:49 +0200] "GET / HTTP/1.1" 200 15 "-" "Baiduspider+(+http://www.baidu.com/search/spider.htm)"
95.108.246.252 - - [19/Jul/2010:20:33:34 +0200] "GET /robots.txt HTTP/1.1" 404 320 "-" "Mozilla/5.0 (compatible; YandexBot/3.0; +http://yandex.com/bots)"
67.195.111.52 - - [20/Jul/2010:00:40:24 +0200] "GET /robots.txt HTTP/1.0" 404 261 "-" "Mozilla/5.0 (compatible; Yahoo! Slurp; http://help.yahoo.com/help/us/ysearch/slurp)"
67.195.111.52 - - [20/Jul/2010:00:40:24 +0200] "GET /v/prensa/fotos/rally_a_mali-pioneros-alejandro_cabezon-P1150865.JPG.html HTTP/1.0" 404 464 "-" "Mozilla/5.0 (compatible; Yahoo! Slurp/3.0; http://help.yahoo.com/help/us/ysearch/slurp)"
67.195.111.52 - - [20/Jul/2010:00:40:28 +0200] "GET /themes/matrix/theme.css HTTP/1.0" 304 - "http://fotos.rallyamali.com/v/prensa/fotos/rally_a_mali-pioneros-alejandro_cabezon-P1150865.JPG.html" "Mozilla/5.0 (compatible; Yahoo! Slurp/3.0; http://help.yahoo.com/help/us/ysearch/slurp)"
66.249.71.139 - - [20/Jul/2010:01:07:18 +0200] "GET /main.php?g2_controller=exif.SwitchDetailMode&g2_mode=detailed&g2_return=%2Fv%2Fprensa%2Ffotos%2F0000--090801---1134--rally_a_mali---pioneros--salida--patricia_ozores--version--p1150158.jpg.html HTTP/1.1" 302 20 "-" "Mozilla/5.0 (compatible; Googlebot/2.1; +http://www.google.com/bot.html)"
66.249.71.139 - - [20/Jul/2010:01:07:26 +0200] "GET /v/prensa/fotos/0000--090801---1134--rally_a_mali---pioneros--salida--patricia_ozores--version--p1150158.jpg.html HTTP/1.1" 404 464 "-" "Mozilla/5.0 (compatible; Googlebot/2.1; +http://www.google.com/bot.html)"
207.46.199.183 - - [20/Jul/2010:02:59:15 +0200] "GET /robots.txt HTTP/1.1" 404 320 "-" "msnbot/2.0b (+http://search.msn.com/msnbot.htm)"
66.249.71.139 - - [20/Jul/2010:03:04:13 +0200] "GET /robots.txt HTTP/1.1" 404 261 "-" "Googlebot-Image/1.0"
66.249.71.139 - - [20/Jul/2010:03:04:13 +0200] "GET /d/285-2/0000--090801---0616--rally_a_mali---pioneros--salida--maria_del_carre--version--rally_mali_jul_09+207.jpg HTTP/1.1" 304 - "-" "Googlebot-Image/1.0"
66.249.71.139 - - [20/Jul/2010:03:11:29 +0200] "GET /images/galleryLogo_sm.gif HTTP/1.1" 304 - "-" "Googlebot-Image/1.0"
220.181.7.77 - - [20/Jul/2010:03:51:55 +0200] "GET / HTTP/1.1" 200 15 "-" "Baiduspider+(+http://www.baidu.com/search/spider.htm)"
123.125.66.96 - - [20/Jul/2010:03:56:29 +0200] "GET / HTTP/1.1" 200 15 "-" "Baiduspider+(+http://www.baidu.com/search/spider.htm)"
123.125.66.90 - - [20/Jul/2010:05:39:57 +0200] "GET / HTTP/1.1" 200 15 "-" "Baiduspider+(+http://www.baidu.com/search/spider.htm)"
220.181.7.55 - - [20/Jul/2010:05:40:28 +0200] "GET / HTTP/1.1" 200 15 "-" "Baiduspider+(+http://www.baidu.com/search/spider.htm)"
119.63.198.44 - - [20/Jul/2010:05:56:01 +0200] "GET /robots.txt HTTP/1.1" 404 261 "-" "Baiduspider+(+http://www.baidu.com/search/spider.htm)"
184.73.11.191 - - [20/Jul/2010:07:32:37 +0200] "GET /robots.txt HTTP/1.1" 404 261 "-" "Mozilla/5.0 (compatible; spbot/2.0.4; +http://www.seoprofiler.com/bot )"
184.73.11.191 - - [20/Jul/2010:07:32:38 +0200] "GET / HTTP/1.1" 200 30 "-" "Mozilla/5.0 (compatible; spbot/2.0.4; +http://www.seoprofiler.com/bot )"
207.46.199.193 - - [20/Jul/2010:08:11:30 +0200] "GET /robots.txt HTTP/1.1" 404 320 "-" "msnbot/2.0b (+http://search.msn.com/msnbot.htm)"
207.46.199.183 - - [20/Jul/2010:08:31:33 +0200] "GET /robots.txt HTTP/1.1" 404 320 "-" "msnbot/2.0b (+http://search.msn.com/msnbot.htm)"
207.46.13.42 - - [20/Jul/2010:10:16:19 +0200] "GET /robots.txt HTTP/1.1" 404 320 "-" "msnbot/2.0b (+http://search.msn.com/msnbot.htm)"
207.46.13.42 - - [20/Jul/2010:10:17:11 +0200] "GET /v/pioneros/seleccion/aventura_en_ruta/mali/?g2_page=4 HTTP/1.1" 404 464 "-" "msnbot/2.0b (+http://search.msn.com/msnbot.htm)"
220.181.7.121 - - [20/Jul/2010:10:41:02 +0200] "GET / HTTP/1.1" 200 15 "-" "Baiduspider+(+http://www.baidu.com/search/spider.htm)"
123.125.66.65 - - [20/Jul/2010:10:42:48 +0200] "GET / HTTP/1.1" 200 15 "-" "Baiduspider+(+http://www.baidu.com/search/spider.htm)"
207.46.199.198 - - [20/Jul/2010:10:48:03 +0200] "GET /robots.txt HTTP/1.1" 404 320 "-" "msnbot/2.0b (+http://search.msn.com/msnbot.htm)"
66.249.71.139 - - [20/Jul/2010:12:28:32 +0200] "GET /main.php?g2_view=search.SearchScan&g2_form%5BuseDefaultSettings%5D=1&g2_return=%2Fw%2F%3Fg2_originalPath%3D%252F HTTP/1.1" 200 2155 "-" "Mozilla/5.0 (compatible; Googlebot/2.1; +http://www.google.com/bot.html)"
95.108.246.252 - - [20/Jul/2010:14:27:16 +0200] "GET /main.php?g2_highlightId=4833 HTTP/1.1" 302 20 "-" "Mozilla/5.0 (compatible; YandexBot/3.0; +http://yandex.com/bots)"
95.108.246.252 - - [20/Jul/2010:14:27:19 +0200] "GET /main.php HTTP/1.1" 200 2288 "-" "Mozilla/5.0 (compatible; YandexBot/3.0; +http://yandex.com/bots)"
207.46.13.88 - - [20/Jul/2010:15:16:20 +0200] "GET /robots.txt HTTP/1.1" 404 320 "-" "msnbot/2.0b (+http://search.msn.com/msnbot.htm)"
207.46.13.88 - - [20/Jul/2010:15:17:40 +0200] "GET /v/clipping/tv/0000--090801---1448---000213--rally_a_mali---pioneros--cuatro---noticias_cuatro_1--version--Vi023420090801144804145017000001.wmv.html HTTP/1.1" 404 464 "-" "msnbot/2.0b (+http://search.msn.com/msnbot.htm)"
207.46.199.184 - - [20/Jul/2010:15:27:00 +0200] "GET /robots.txt HTTP/1.1" 404 320 "-" "msnbot/2.0b (+http://search.msn.com/msnbot.htm)"
123.125.66.35 - - [20/Jul/2010:15:36:50 +0200] "GET /robots.txt HTTP/1.1" 404 261 "-" "Baiduspider+(+http://www.baidu.com/search/spider.htm)"
220.181.7.62 - - [20/Jul/2010:15:44:26 +0200] "GET / HTTP/1.1" 200 15 "-" "Baiduspider+(+http://www.baidu.com/search/spider.htm)"
123.125.66.129 - - [20/Jul/2010:15:44:36 +0200] "GET / HTTP/1.1" 200 15 "-" "Baiduspider+(+http://www.baidu.com/search/spider.htm)"
207.46.199.185 - - [20/Jul/2010:18:02:02 +0200] "GET /robots.txt HTTP/1.1" 404 320 "-" "msnbot/2.0b (+http://search.msn.com/msnbot.htm)"
67.195.111.52 - - [20/Jul/2010:18:14:48 +0200] "GET /robots.txt HTTP/1.0" 404 261 "-" "Mozilla/5.0 (compatible; Yahoo! Slurp; http://help.yahoo.com/help/us/ysearch/slurp)"
67.195.111.52 - - [20/Jul/2010:18:14:49 +0200] "GET /main.php?g2_view=slideshow.SlideshowMediaRss&g2_itemId=112 HTTP/1.0" 404 488 "-" "Mozilla/5.0 (compatible; Yahoo! Slurp/3.0; http://help.yahoo.com/help/us/ysearch/slurp)"
67.195.111.52 - - [20/Jul/2010:18:14:56 +0200] "GET /themes/matrix/theme.css HTTP/1.0" 304 - "http://fotos.rallyamali.com/main.php?g2_view=slideshow.SlideshowMediaRss&g2_itemId=112" "Mozilla/5.0 (compatible; Yahoo! Slurp/3.0; http://help.yahoo.com/help/us/ysearch/slurp)"
123.125.66.120 - - [20/Jul/2010:19:50:19 +0200] "GET / HTTP/1.1" 200 15 "-" "Baiduspider+(+http://www.baidu.com/search/spider.htm)"
220.181.7.116 - - [20/Jul/2010:19:51:55 +0200] "GET / HTTP/1.1" 200 15 "-" "Baiduspider+(+http://www.baidu.com/search/spider.htm)"
220.181.7.120 - - [20/Jul/2010:20:42:14 +0200] "GET / HTTP/1.1" 200 15 "-" "Baiduspider+(+http://www.baidu.com/search/spider.htm)"
123.125.66.92 - - [20/Jul/2010:20:42:15 +0200] "GET / HTTP/1.1" 200 15 "-" "Baiduspider+(+http://www.baidu.com/search/spider.htm)"
67.195.111.52 - - [20/Jul/2010:20:55:38 +0200] "GET /robots.txt HTTP/1.0" 404 261 "-" "Mozilla/5.0 (compatible; Yahoo! Slurp; http://help.yahoo.com/help/us/ysearch/slurp)"
67.195.111.52 - - [20/Jul/2010:20:55:39 +0200] "GET /v/prensa/fotos/0000--090813---1716--rally_a_mali---pioneros--mali--gregbol--version--img_2133.jpg.html HTTP/1.0" 404 464 "-" "Mozilla/5.0 (compatible; Yahoo! Slurp/3.0; http://help.yahoo.com/help/us/ysearch/slurp)"
67.195.111.52 - - [20/Jul/2010:20:55:40 +0200] "GET /themes/matrix/theme.css HTTP/1.0" 304 - "http://fotos.rallyamali.com/v/prensa/fotos/0000--090813---1716--rally_a_mali---pioneros--mali--gregbol--version--img_2133.jpg.html" "Mozilla/5.0 (compatible; Yahoo! Slurp/3.0; http://help.yahoo.com/help/us/ysearch/slurp)"
66.249.71.139 - - [20/Jul/2010:21:27:41 +0200] "GET /robots.txt HTTP/1.1" 404 261 "-" "Mozilla/5.0 (compatible; Googlebot/2.1; +http://www.google.com/bot.html)"
66.249.71.139 - - [20/Jul/2010:21:27:41 +0200] "GET /main.php?g2_view=search.SearchScan&g2_form%5BuseDefaultSettings%5D=1&g2_return=%2Fmain.php%3Fg2_view%3Dcart.ViewCart%26g2_itemId%3D7 HTTP/1.1" 200 2151 "-" "Mozilla/5.0 (compatible; Googlebot/2.1; +http://www.google.com/bot.html)"
208.80.193.27 - - [20/Jul/2010:21:29:49 +0200] "GET / HTTP/1.0" 200 15 "-" "Mozilla/4.0 (compatible; MSIE 6.0; Windows NT 5.1; SV1; (R1 1.5); .NET CLR 1.1.4322; .NET CLR 1.0.3705; InfoPath.1)"
67.195.111.52 - - [20/Jul/2010:21:30:27 +0200] "GET /v/pioneros/seleccion/aventura_en_ruta/ HTTP/1.0" 404 464 "-" "Mozilla/5.0 (compatible; Yahoo! Slurp/3.0; http://help.yahoo.com/help/us/ysearch/slurp)"
67.195.111.52 - - [20/Jul/2010:22:09:43 +0200] "GET /v/pioneros/seleccion/aventura_en_ruta/mauritania/0000--090807---1319--rally_a_mali---pioneros--mauritania--spanishbullfighters---alberto_gomez-borrero--version---mauritania-.jpg.html HTTP/1.0" 404 464 "-" "Mozilla/5.0 (compatible; Yahoo! Slurp/3.0; http://help.yahoo.com/help/us/ysearch/slurp)"
67.195.111.52 - - [20/Jul/2010:22:37:45 +0200] "GET /v/pioneros/seleccion/solidaridad_en_ruta/mali-bandiagara-hermanas_del_santo_angel/ HTTP/1.0" 404 464 "-" "Mozilla/5.0 (compatible; Yahoo! Slurp/3.0; http://help.yahoo.com/help/us/ysearch/slurp)"
220.181.7.75 - - [21/Jul/2010:00:28:07 +0200] "GET / HTTP/1.1" 200 30 "-" "Baiduspider+(+http://www.baidu.com/search/spider.htm)"
207.46.13.50 - - [21/Jul/2010:04:36:03 +0200] "GET /robots.txt HTTP/1.1" 404 320 "-" "msnbot/2.0b (+http://search.msn.com/msnbot.htm)"
207.46.13.50 - - [21/Jul/2010:04:38:20 +0200] "GET / HTTP/1.1" 304 - "-" "msnbot/2.0b (+http://search.msn.com/msnbot.htm)"
220.181.7.62 - - [21/Jul/2010:05:11:54 +0200] "GET / HTTP/1.1" 200 30 "-" "Baiduspider+(+http://www.baidu.com/search/spider.htm)"
66.249.71.139 - - [21/Jul/2010:08:12:29 +0200] "GET /main.php?g2_view=rss.SimpleRender&g2_itemId=4826 HTTP/1.1" 500 65 "-" "Mozilla/5.0 (compatible; Googlebot/2.1; +http://www.google.com/bot.html)"
67.195.111.52 - - [21/Jul/2010:08:42:21 +0200] "GET /v/prensa/fotos/0000--090806---2039--rally_a_mali---pioneros--mauritania--spanishbullfighters--version--dsc_0603.jpg.html HTTP/1.0" 404 464 "-" "Mozilla/5.0 (compatible; Yahoo! Slurp/3.0; http://help.yahoo.com/help/us/ysearch/slurp)"
67.195.111.52 - - [21/Jul/2010:08:42:22 +0200] "GET /themes/matrix/theme.css HTTP/1.0" 304 - "http://fotos.rallyamali.com/v/prensa/fotos/0000--090806---2039--rally_a_mali---pioneros--mauritania--spanishbullfighters--version--dsc_0603.jpg.html" "Mozilla/5.0 (compatible; Yahoo! Slurp/3.0; http://help.yahoo.com/help/us/ysearch/slurp)"
66.249.71.139 - - [21/Jul/2010:09:31:27 +0200] "GET /robots.txt HTTP/1.1" 404 261 "-" "Mozilla/5.0 (compatible; Googlebot/2.1; +http://www.google.com/bot.html)"
66.249.71.139 - - [21/Jul/2010:09:31:27 +0200] "GET /v/pioneros/seleccion/eventos/salida/?g2_highlightId=275 HTTP/1.1" 404 464 "-" "Mozilla/5.0 (compatible; Googlebot/2.1; +http://www.google.com/bot.html)"
67.195.111.52 - - [21/Jul/2010:10:59:56 +0200] "GET /robots.txt HTTP/1.0" 404 261 "-" "Mozilla/5.0 (compatible; Yahoo! Slurp; http://help.yahoo.com/help/us/ysearch/slurp)"
67.195.111.52 - - [21/Jul/2010:10:59:57 +0200] "GET /v/pioneros/seleccion/solidaridad_en_ruta/mali-bandiagara-hermanas_del_santo_angel/0000--090813---2012--rally_a_mali---pioneros--mali-solidaridad-hermanas_del_santo_angel--spanishbullfighters---alberto_gomez.jpg.html HTTP/1.0" 404 464 "-" "Mozilla/5.0 (compatible; Yahoo! Slurp/3.0; http://help.yahoo.com/help/us/ysearch/slurp)"
67.195.111.52 - - [21/Jul/2010:10:59:58 +0200] "GET /themes/matrix/theme.css HTTP/1.0" 304 - "http://fotos.rallyamali.com/v/pioneros/seleccion/solidaridad_en_ruta/mali-bandiagara-hermanas_del_santo_angel/0000--090813---2012--rally_a_mali---pioneros--mali-solidaridad-hermanas_del_santo_angel--spanishbullfighters---alberto_gomez.jpg.html" "Mozilla/5.0 (compatible; Yahoo! Slurp/3.0; http://help.yahoo.com/help/us/ysearch/slurp)"
67.195.111.52 - - [21/Jul/2010:13:54:32 +0200] "GET /v/prensa/fotos/DSC_4200.JPG.html HTTP/1.0" 404 464 "-" "Mozilla/5.0 (compatible; Yahoo! Slurp/3.0; http://help.yahoo.com/help/us/ysearch/slurp)"
67.195.111.52 - - [21/Jul/2010:13:54:35 +0200] "GET /themes/matrix/theme.css HTTP/1.0" 304 - "http://fotos.rallyamali.com/v/prensa/fotos/DSC_4200.JPG.html" "Mozilla/5.0 (compatible; Yahoo! Slurp/3.0; http://help.yahoo.com/help/us/ysearch/slurp)"
66.249.71.139 - - [21/Jul/2010:15:10:21 +0200] "GET /main.php?g2_view=rss.SimpleRender&g2_itemId=4830 HTTP/1.1" 500 65 "-" "Mozilla/5.0 (compatible; Googlebot/2.1; +http://www.google.com/bot.html)"
123.125.66.34 - - [21/Jul/2010:15:54:09 +0200] "GET /robots.txt HTTP/1.1" 404 261 "-" "Baiduspider+(+http://www.baidu.com/search/spider.htm)"
66.249.71.139 - - [21/Jul/2010:16:03:32 +0200] "GET /v/pioneros/seleccion/eventos/salida/?g2_page=2 HTTP/1.1" 404 464 "-" "Mozilla/5.0 (compatible; Googlebot/2.1; +http://www.google.com/bot.html)"
66.249.71.139 - - [21/Jul/2010:16:17:13 +0200] "GET /main.php?g2_view=rss.SimpleRender&g2_itemId=4826 HTTP/1.1" 500 65 "-" "Mozilla/5.0 (compatible; Googlebot/2.1; +http://www.google.com/bot.html)"
207.46.13.142 - - [21/Jul/2010:18:30:06 +0200] "GET /robots.txt HTTP/1.1" 404 320 "-" "msnbot/2.0b (+http://search.msn.com/msnbot.htm)"
207.46.13.142 - - [21/Jul/2010:18:35:51 +0200] "GET /v/pioneros/seleccion/eventos/meeting_day/ HTTP/1.1" 404 464 "-" "msnbot/2.0b (+http://search.msn.com/msnbot.htm)"
66.249.71.139 - - [21/Jul/2010:19:42:12 +0200] "GET /main.php?g2_view=rss.SimpleRender&g2_itemId=4833 HTTP/1.1" 500 65 "-" "Mozilla/5.0 (compatible; Googlebot/2.1; +http://www.google.com/bot.html)"
66.249.71.139 - - [21/Jul/2010:22:21:03 +0200] "GET /robots.txt HTTP/1.1" 404 261 "-" "Mozilla/5.0 (compatible; Googlebot/2.1; +http://www.google.com/bot.html)"
66.249.71.139 - - [21/Jul/2010:22:21:03 +0200] "GET /main.php?g2_view=rss.SimpleRender&g2_itemId=4830 HTTP/1.1" 500 65 "-" "Mozilla/5.0 (compatible; Googlebot/2.1; +http://www.google.com/bot.html)"
66.249.71.139 - - [21/Jul/2010:22:59:18 +0200] "GET /main.php?g2_view=rss.SimpleRender&g2_itemId=4826 HTTP/1.1" 500 65 "-" "Mozilla/5.0 (compatible; Googlebot/2.1; +http://www.google.com/bot.html)"
67.195.111.52 - - [22/Jul/2010:00:30:39 +0200] "GET /robots.txt HTTP/1.0" 404 261 "-" "Mozilla/5.0 (compatible; Yahoo! Slurp; http://help.yahoo.com/help/us/ysearch/slurp)"
67.195.111.52 - - [22/Jul/2010:00:30:39 +0200] "GET /v/pioneros/seleccion/aventura_en_ruta/espagna/0000--090801---1809--rally_a_mali---pioneros--espagna--spanishbullfighters---alberto_gomez-borrero--version--1-1.jpg.html HTTP/1.0" 404 464 "-" "Mozilla/5.0 (compatible; Yahoo! Slurp/3.0; http://help.yahoo.com/help/us/ysearch/slurp)"
67.195.111.52 - - [22/Jul/2010:00:30:40 +0200] "GET /themes/matrix/theme.css HTTP/1.0" 200 12501 "http://fotos.rallyamali.com/v/pioneros/seleccion/aventura_en_ruta/espagna/0000--090801---1809--rally_a_mali---pioneros--espagna--spanishbullfighters---alberto_gomez-borrero--version--1-1.jpg.html" "Mozilla/5.0 (compatible; Yahoo! Slurp/3.0; http://help.yahoo.com/help/us/ysearch/slurp)"
67.195.111.52 - - [22/Jul/2010:00:45:28 +0200] "GET /v/pioneros/seleccion/eventos/salida/0000--090801---1343--rally_a_mali---pioneros--salida--last_lap--version--salida4.jpg.html HTTP/1.0" 404 464 "-" "Mozilla/5.0 (compatible; Yahoo! Slurp/3.0; http://help.yahoo.com/help/us/ysearch/slurp)"
123.125.66.87 - - [22/Jul/2010:01:46:09 +0200] "GET / HTTP/1.1" 200 15 "-" "Baiduspider+(+http://www.baidu.com/search/spider.htm)"
220.181.7.67 - - [22/Jul/2010:01:46:49 +0200] "GET / HTTP/1.1" 200 15 "-" "Baiduspider+(+http://www.baidu.com/search/spider.htm)"
66.249.71.139 - - [22/Jul/2010:02:12:51 +0200] "GET /main.php?g2_controller=cart.AddToCart&g2_itemId=4826&g2_return=%2Fmain.php HTTP/1.1" 302 20 "-" "Mozilla/5.0 (compatible; Googlebot/2.1; +http://www.google.com/bot.html)"
66.249.71.139 - - [22/Jul/2010:02:12:52 +0200] "GET /main.php?g2_view=cart.ViewCart&g2_itemId=4826 HTTP/1.1" 200 1690 "-" "Mozilla/5.0 (compatible; Googlebot/2.1; +http://www.google.com/bot.html)"
207.46.204.180 - - [22/Jul/2010:03:06:31 +0200] "GET /robots.txt HTTP/1.1" 404 320 "-" "msnbot/2.0b (+http://search.msn.com/msnbot.htm)"
207.46.204.180 - - [22/Jul/2010:03:08:22 +0200] "GET /main.php HTTP/1.1" 200 2289 "-" "msnbot/2.0b (+http://search.msn.com/msnbot.htm)"
207.46.13.145 - - [22/Jul/2010:03:53:22 +0200] "GET /v/pioneros/seleccion/aventura_en_ruta/espagna/ HTTP/1.1" 404 464 "-" "msnbot/2.0b (+http://search.msn.com/msnbot.htm)"
207.46.199.200 - - [22/Jul/2010:04:09:54 +0200] "GET /robots.txt HTTP/1.1" 404 320 "-" "msnbot/2.0b (+http://search.msn.com/msnbot.htm)"
207.46.199.185 - - [22/Jul/2010:04:55:36 +0200] "GET /robots.txt HTTP/1.1" 404 320 "-" "msnbot/2.0b (+http://search.msn.com/msnbot.htm)"
207.46.199.183 - - [22/Jul/2010:05:34:10 +0200] "GET /robots.txt HTTP/1.1" 404 320 "-" "msnbot/2.0b (+http://search.msn.com/msnbot.htm)"
119.63.198.41 - - [22/Jul/2010:06:14:36 +0200] "GET /robots.txt HTTP/1.1" 404 261 "-" "Baiduspider+(+http://www.baidu.com/search/spider.htm)"
123.125.66.87 - - [22/Jul/2010:06:39:43 +0200] "GET / HTTP/1.1" 200 15 "-" "Baiduspider+(+http://www.baidu.com/search/spider.htm)"
220.181.7.79 - - [22/Jul/2010:06:39:58 +0200] "GET / HTTP/1.1" 200 15 "-" "Baiduspider+(+http://www.baidu.com/search/spider.htm)"
66.249.71.139 - - [22/Jul/2010:06:40:19 +0200] "GET /main.php?g2_view=rss.SimpleRender&g2_itemId=4830 HTTP/1.1" 500 65 "-" "Mozilla/5.0 (compatible; Googlebot/2.1; +http://www.google.com/bot.html)"
66.249.71.139 - - [22/Jul/2010:07:09:44 +0200] "GET /main.php?g2_view=rss.SimpleRender&g2_itemId=4826 HTTP/1.1" 500 65 "-" "Mozilla/5.0 (compatible; Googlebot/2.1; +http://www.google.com/bot.html)"
208.80.193.39 - - [22/Jul/2010:07:13:26 +0200] "GET / HTTP/1.0" 200 15 "-" "Mozilla/4.0 (compatible; MSIE 7.0; Windows NT 5.1; (R1 1.5); .NET CLR 1.1.4322; Windows-Media-Player/10.00.00.3990)"
66.249.71.139 - - [22/Jul/2010:08:08:39 +0200] "GET /main.php?g2_view=rss.SimpleRender&g2_itemId=4833 HTTP/1.1" 500 65 "-" "Mozilla/5.0 (compatible; Googlebot/2.1; +http://www.google.com/bot.html)"
220.181.7.132 - - [22/Jul/2010:08:26:27 +0200] "GET / HTTP/1.1" 200 30 "-" "Baiduspider+(+http://www.baidu.com/search/spider.htm)"
67.195.111.52 - - [22/Jul/2010:08:43:07 +0200] "GET /robots.txt HTTP/1.0" 404 261 "-" "Mozilla/5.0 (compatible; Yahoo! Slurp; http://help.yahoo.com/help/us/ysearch/slurp)"
67.195.111.52 - - [22/Jul/2010:08:43:08 +0200] "GET /v/prensa/fotos/?g2_page=4 HTTP/1.0" 404 464 "-" "Mozilla/5.0 (compatible; Yahoo! Slurp/3.0; http://help.yahoo.com/help/us/ysearch/slurp)"
67.195.111.52 - - [22/Jul/2010:08:43:09 +0200] "GET /themes/matrix/theme.css HTTP/1.0" 304 - "http://fotos.rallyamali.com/v/prensa/fotos/?g2_page=4" "Mozilla/5.0 (compatible; Yahoo! Slurp/3.0; http://help.yahoo.com/help/us/ysearch/slurp)"
67.195.111.52 - - [22/Jul/2010:08:45:27 +0200] "GET /v/pioneros/seleccion/preparativos/0000--090731---1354--rally_a_mali---pioneros--preparativos--spanishbullfighters---alberto_gomez-borrero--version--dsc_3591.jpg.html HTTP/1.0" 404 464 "-" "Mozilla/5.0 (compatible; Yahoo! Slurp/3.0; http://help.yahoo.com/help/us/ysearch/slurp)"
207.46.199.180 - - [22/Jul/2010:12:40:26 +0200] "GET /robots.txt HTTP/1.1" 404 320 "-" "msnbot/2.0b (+http://search.msn.com/msnbot.htm)"
123.125.66.53 - - [22/Jul/2010:16:29:45 +0200] "GET /robots.txt HTTP/1.1" 404 261 "-" "Baiduspider+(+http://www.baidu.com/search/spider.htm)"
67.195.111.52 - - [22/Jul/2010:16:39:20 +0200] "GET /main.php?g2_view=core.UserAdmin&g2_subView=core.UserLogin&g2_return=%2Fv%2Fpioneros%2Fseleccion%2Faventura_en_ruta%2F HTTP/1.0" 200 1470 "-" "Mozilla/5.0 (compatible; Yahoo! Slurp/3.0; http://help.yahoo.com/help/us/ysearch/slurp)"
67.195.111.52 - - [22/Jul/2010:16:39:24 +0200] "GET /modules/core/data/gallery.css HTTP/1.0" 200 10174 "http://fotos.rallyamali.com/main.php?g2_view=core.UserAdmin&g2_subView=core.UserLogin&g2_return=%2Fv%2Fpioneros%2Fseleccion%2Faventura_en_ruta%2F" "Mozilla/5.0 (compatible; Yahoo! Slurp/3.0; http://help.yahoo.com/help/us/ysearch/slurp)"
67.195.111.52 - - [22/Jul/2010:16:39:25 +0200] "GET /modules/icons/iconpacks/silk/icons.css HTTP/1.0" 200 11271 "http://fotos.rallyamali.com/main.php?g2_view=core.UserAdmin&g2_subView=core.UserLogin&g2_return=%2Fv%2Fpioneros%2Fseleccion%2Faventura_en_ruta%2F" "Mozilla/5.0 (compatible; Yahoo! Slurp/3.0; http://help.yahoo.com/help/us/ysearch/slurp)"
67.195.111.52 - - [22/Jul/2010:16:39:25 +0200] "GET /themes/matrix/theme.css HTTP/1.0" 304 - "http://fotos.rallyamali.com/main.php?g2_view=core.UserAdmin&g2_subView=core.UserLogin&g2_return=%2Fv%2Fpioneros%2Fseleccion%2Faventura_en_ruta%2F" "Mozilla/5.0 (compatible; Yahoo! Slurp/3.0; http://help.yahoo.com/help/us/ysearch/slurp)"
66.249.71.139 - - [22/Jul/2010:18:56:41 +0200] "GET /robots.txt HTTP/1.1" 404 261 "-" "Mozilla/5.0 (compatible; Googlebot/2.1; +http://www.google.com/bot.html)"
66.249.71.139 - - [22/Jul/2010:18:56:41 +0200] "GET /main.php?g2_view=rss.SimpleRender&g2_itemId=4833 HTTP/1.1" 500 65 "-" "Mozilla/5.0 (compatible; Googlebot/2.1; +http://www.google.com/bot.html)"
95.108.246.252 - - [22/Jul/2010:19:48:47 +0200] "GET /robots.txt HTTP/1.1" 404 320 "-" "Mozilla/5.0 (compatible; YandexBot/3.0; +http://yandex.com/bots)"
95.108.246.252 - - [22/Jul/2010:21:36:27 +0200] "GET /v/0000--090801---2127---000135--rally_a_mali---pioneros--telemadrid---telenoticias_fin_de_semana--version--Vi00142009080121270.wmv.html HTTP/1.1" 200 2301 "-" "Mozilla/5.0 (compatible; YandexBot/3.0; +http://yandex.com/bots)"
95.108.246.252 - - [22/Jul/2010:23:16:53 +0200] "GET /v/prensa/fotos/0000--090806---1631--rally_a_mali---pioneros--marruecos--spanishbullfighters---alberto_gomez-borrero--version--marruecos-212.jpg.html HTTP/1.1" 404 464 "-" "Mozilla/5.0 (compatible; YandexBot/3.0; +http://yandex.com/bots)"
67.195.111.52 - - [22/Jul/2010:23:35:52 +0200] "GET /robots.txt HTTP/1.0" 404 261 "-" "Mozilla/5.0 (compatible; Yahoo! Slurp; http://help.yahoo.com/help/us/ysearch/slurp)"
67.195.111.52 - - [22/Jul/2010:23:35:52 +0200] "GET /v/prensa/fotos/MARRUECOS+_197_.JPG.html HTTP/1.0" 404 464 "-" "Mozilla/5.0 (compatible; Yahoo! Slurp/3.0; http://help.yahoo.com/help/us/ysearch/slurp)"
67.195.111.52 - - [22/Jul/2010:23:35:53 +0200] "GET /themes/matrix/theme.css HTTP/1.0" 304 - "http://fotos.rallyamali.com/v/prensa/fotos/MARRUECOS+_197_.JPG.html" "Mozilla/5.0 (compatible; Yahoo! Slurp/3.0; http://help.yahoo.com/help/us/ysearch/slurp)"
95.108.246.252 - - [23/Jul/2010:00:36:29 +0200] "GET /main.php?g2_controller=cart.AddToCart&g2_itemId=4826&g2_return=%2Fv%2F0000--090801---1448---000213--rally_a_mali---pioneros--cuatro---noticias_cuatro_1--version--Vi023420090801144804145017000001.wmv.html HTTP/1.1" 302 20 "-" "Mozilla/5.0 (compatible; YandexBot/3.0; +http://yandex.com/bots)"
95.108.246.252 - - [23/Jul/2010:00:36:31 +0200] "GET /main.php?g2_view=cart.ViewCart&g2_itemId=4826 HTTP/1.1" 200 1690 "-" "Mozilla/5.0 (compatible; YandexBot/3.0; +http://yandex.com/bots)"
220.181.7.73 - - [23/Jul/2010:00:52:36 +0200] "GET / HTTP/1.1" 200 15 "-" "Baiduspider+(+http://www.baidu.com/search/spider.htm)"
123.125.66.57 - - [23/Jul/2010:00:53:06 +0200] "GET / HTTP/1.1" 200 15 "-" "Baiduspider+(+http://www.baidu.com/search/spider.htm)"
220.181.7.61 - - [23/Jul/2010:01:44:27 +0200] "GET / HTTP/1.1" 200 15 "-" "Baiduspider+(+http://www.baidu.com/search/spider.htm)"
123.125.66.123 - - [23/Jul/2010:01:44:34 +0200] "GET / HTTP/1.1" 200 15 "-" "Baiduspider+(+http://www.baidu.com/search/spider.htm)"
95.108.246.252 - - [23/Jul/2010:02:08:53 +0200] "GET /main.php?g2_controller=cart.AddToCart&g2_itemId=4830&g2_return=%2Fv%2F0000--090801---2110---000033--rally_a_mali---pioneros--la_sexta---la_sexta_noticias_tarde--version--Vi0240200908012110562111.wmv.html HTTP/1.1" 302 20 "-" "Mozilla/5.0 (compatible; YandexBot/3.0; +http://yandex.com/bots)"
95.108.246.252 - - [23/Jul/2010:02:08:55 +0200] "GET /main.php?g2_view=cart.ViewCart&g2_itemId=4830 HTTP/1.1" 200 1693 "-" "Mozilla/5.0 (compatible; YandexBot/3.0; +http://yandex.com/bots)"
66.249.71.139 - - [23/Jul/2010:02:10:18 +0200] "GET /main.php?g2_view=search.SearchScan&g2_form%5BuseDefaultSettings%5D=1&g2_return=%2Fw%2F%3Fg2_originalPath%3D%252F HTTP/1.1" 200 2154 "-" "Mozilla/5.0 (compatible; Googlebot/2.1; +http://www.google.com/bot.html)"
66.249.71.139 - - [23/Jul/2010:02:44:52 +0200] "GET /d/3904-11/0000--090816---1904--rally_a_mali---pioneros--mali--alejandro_cabezon---rutas_y_retos--version--p1160823.jpg HTTP/1.1" 304 - "-" "Googlebot-Image/1.0"
66.249.71.139 - - [23/Jul/2010:02:54:53 +0200] "GET /d/384-2/0000--090801---1212--rally_a_mali---pioneros--salida--raul_garcia--version--p1110077.jpg HTTP/1.1" 304 - "-" "Googlebot-Image/1.0"
66.249.71.139 - - [23/Jul/2010:03:14:55 +0200] "GET /d/4834-3/0000--090801---2127---000135--rally_a_mali---pioneros--telemadrid---telenoticias_fin_de_semana--version--Vi00142009080121270.gif HTTP/1.1" 200 1589 "-" "Googlebot-Image/1.0"
66.249.71.139 - - [23/Jul/2010:03:50:47 +0200] "GET /main.php?g2_view=search.SearchScan&g2_form%5BuseDefaultSettings%5D=1&g2_return=%2Fmain.php HTTP/1.1" 200 2140 "-" "Mozilla/5.0 (compatible; Googlebot/2.1; +http://www.google.com/bot.html)"
95.108.246.252 - - [23/Jul/2010:04:02:36 +0200] "GET /main.php?g2_highlightId=4469 HTTP/1.1" 302 20 "-" "Mozilla/5.0 (compatible; YandexBot/3.0; +http://yandex.com/bots)"
95.108.246.252 - - [23/Jul/2010:04:02:38 +0200] "GET /main.php HTTP/1.1" 200 2287 "-" "Mozilla/5.0 (compatible; YandexBot/3.0; +http://yandex.com/bots)"
220.181.7.63 - - [23/Jul/2010:04:44:48 +0200] "GET / HTTP/1.1" 200 15 "-" "Baiduspider+(+http://www.baidu.com/search/spider.htm)"
123.125.66.95 - - [23/Jul/2010:04:44:48 +0200] "GET / HTTP/1.1" 200 15 "-" "Baiduspider+(+http://www.baidu.com/search/spider.htm)"
95.108.246.252 - - [23/Jul/2010:05:16:08 +0200] "GET /main.php?g2_highlightId=27 HTTP/1.1" 302 20 "-" "Mozilla/5.0 (compatible; YandexBot/3.0; +http://yandex.com/bots)"
119.63.198.27 - - [23/Jul/2010:05:58:41 +0200] "GET /robots.txt HTTP/1.1" 404 261 "-" "Baiduspider+(+http://www.baidu.com/search/spider.htm)"
95.108.246.252 - - [23/Jul/2010:06:41:19 +0200] "GET /main.php?g2_highlightId=4830 HTTP/1.1" 302 20 "-" "Mozilla/5.0 (compatible; YandexBot/3.0; +http://yandex.com/bots)"
67.195.111.52 - - [23/Jul/2010:08:08:01 +0200] "GET /robots.txt HTTP/1.0" 404 261 "-" "Mozilla/5.0 (compatible; Yahoo! Slurp; http://help.yahoo.com/help/us/ysearch/slurp)"
67.195.111.52 - - [23/Jul/2010:08:08:01 +0200] "GET /main.php?g2_view=core.UserAdmin&g2_subView=core.UserLogin&g2_return=%2Fv%2Fpioneros%2Fseleccion%2Fsolidaridad_en_ruta%2F HTTP/1.0" 200 1472 "-" "Mozilla/5.0 (compatible; Yahoo! Slurp/3.0; http://help.yahoo.com/help/us/ysearch/slurp)"
67.195.111.52 - - [23/Jul/2010:08:08:02 +0200] "GET /modules/core/data/gallery.css HTTP/1.0" 304 - "http://fotos.rallyamali.com/main.php?g2_view=core.UserAdmin&g2_subView=core.UserLogin&g2_return=%2Fv%2Fpioneros%2Fseleccion%2Fsolidaridad_en_ruta%2F" "Mozilla/5.0 (compatible; Yahoo! Slurp/3.0; http://help.yahoo.com/help/us/ysearch/slurp)"
67.195.111.52 - - [23/Jul/2010:08:08:02 +0200] "GET /modules/icons/iconpacks/silk/icons.css HTTP/1.0" 304 - "http://fotos.rallyamali.com/main.php?g2_view=core.UserAdmin&g2_subView=core.UserLogin&g2_return=%2Fv%2Fpioneros%2Fseleccion%2Fsolidaridad_en_ruta%2F" "Mozilla/5.0 (compatible; Yahoo! Slurp/3.0; http://help.yahoo.com/help/us/ysearch/slurp)"
67.195.111.52 - - [23/Jul/2010:08:08:03 +0200] "GET /themes/matrix/theme.css HTTP/1.0" 304 - "http://fotos.rallyamali.com/main.php?g2_view=core.UserAdmin&g2_subView=core.UserLogin&g2_return=%2Fv%2Fpioneros%2Fseleccion%2Fsolidaridad_en_ruta%2F" "Mozilla/5.0 (compatible; Yahoo! Slurp/3.0; http://help.yahoo.com/help/us/ysearch/slurp)"
95.108.246.252 - - [23/Jul/2010:08:13:59 +0200] "GET /v/pioneros/seleccion/ HTTP/1.1" 404 464 "-" "Mozilla/5.0 (compatible; YandexBot/3.0; +http://yandex.com/bots)"
95.108.246.252 - - [23/Jul/2010:08:44:56 +0200] "GET /main.php?g2_highlightId=4826 HTTP/1.1" 302 20 "-" "Mozilla/5.0 (compatible; YandexBot/3.0; +http://yandex.com/bots)"
95.108.246.252 - - [23/Jul/2010:08:44:58 +0200] "GET /main.php HTTP/1.1" 200 2287 "-" "Mozilla/5.0 (compatible; YandexBot/3.0; +http://yandex.com/bots)"
220.181.7.59 - - [23/Jul/2010:09:44:29 +0200] "GET / HTTP/1.1" 200 30 "-" "Baiduspider+(+http://www.baidu.com/search/spider.htm)"
95.108.246.252 - - [23/Jul/2010:10:51:21 +0200] "GET /main.php?g2_view=core.UserAdmin&g2_subView=core.UserLogin&g2_return=%2Fv%2Fpioneros%2Fseleccion%2F HTTP/1.1" 200 1457 "-" "Mozilla/5.0 (compatible; YandexBot/3.0; +http://yandex.com/bots)"
95.108.246.252 - - [23/Jul/2010:11:04:04 +0200] "GET /main.php?g2_controller=exif.SwitchDetailMode&g2_mode=detailed&g2_return=%2Fv%2Fprensa%2Ffotos%2F0000--090806---1631--rally_a_mali---pioneros--marruecos--spanishbullfighters---alberto_gomez-borrero--version--marruecos-212.jpg.html HTTP/1.1" 302 20 "-" "Mozilla/5.0 (compatible; YandexBot/3.0; +http://yandex.com/bots)"
95.108.246.252 - - [23/Jul/2010:11:04:06 +0200] "GET /v/prensa/fotos/0000--090806---1631--rally_a_mali---pioneros--marruecos--spanishbullfighters---alberto_gomez-borrero--version--marruecos-212.jpg.html HTTP/1.1" 404 464 "-" "Mozilla/5.0 (compatible; YandexBot/3.0; +http://yandex.com/bots)"
