67.195.115.170 - - [31/May/2010:07:24:04 +0200] "GET /main.php?g2_highlightId=3110 HTTP/1.0" 302 20 "-" "Mozilla/5.0 (compatible; Yahoo! Slurp/3.0; http://help.yahoo.com/help/us/ysearch/slurp)"
67.195.115.170 - - [31/May/2010:07:24:07 +0200] "GET /main.php HTTP/1.0" 200 2233 "-" "Mozilla/5.0 (compatible; Yahoo! Slurp/3.0; http://help.yahoo.com/help/us/ysearch/slurp)"
67.195.115.170 - - [31/May/2010:07:24:11 +0200] "GET /modules/core/data/gallery.css HTTP/1.0" 200 10174 "http://fotos.rallyamali.com/main.php" "Mozilla/5.0 (compatible; Yahoo! Slurp/3.0; http://help.yahoo.com/help/us/ysearch/slurp)"
67.195.115.170 - - [31/May/2010:07:24:13 +0200] "GET /modules/icons/iconpacks/silk/icons.css HTTP/1.0" 200 11271 "http://fotos.rallyamali.com/main.php" "Mozilla/5.0 (compatible; Yahoo! Slurp/3.0; http://help.yahoo.com/help/us/ysearch/slurp)"
67.195.115.170 - - [31/May/2010:07:24:15 +0200] "GET /themes/matrix/theme.css HTTP/1.0" 304 - "http://fotos.rallyamali.com/main.php" "Mozilla/5.0 (compatible; Yahoo! Slurp/3.0; http://help.yahoo.com/help/us/ysearch/slurp)"
87.250.253.242 - - [31/May/2010:07:26:48 +0200] "GET /robots.txt HTTP/1.1" 404 320 "-" "Yandex/1.01.001 (compatible; Win16; I)"
66.249.66.11 - - [31/May/2010:07:34:40 +0200] "GET /main.php?g2_view=ecard.SendEcard&g2_itemId=2315&g2_return=%2Fv%2Fpioneros%2Fseleccion%2Feventos%2Fsalida%2F0000--090801---1340--rally_a_mali---pioneros--salida--last_lap--version--salida3.jpg.html HTTP/1.1" 302 20 "-" "Mozilla/5.0 (compatible; Googlebot/2.1; +http://www.google.com/bot.html)"
66.249.66.11 - - [31/May/2010:07:34:40 +0200] "GET /main.php?g2_view=core.UserAdmin&g2_subView=core.UserLogin&g2_return=%2Fmain.php%3Fg2_view%3Decard.SendEcard%26g2_itemId%3D2315 HTTP/1.1" 200 1415 "-" "Mozilla/5.0 (compatible; Googlebot/2.1; +http://www.google.com/bot.html)"
66.249.66.11 - - [31/May/2010:07:57:31 +0200] "GET / HTTP/1.1" 200 30 "-" "Mozilla/5.0 (compatible; Googlebot/2.1; +http://www.google.com/bot.html)"
66.249.66.11 - - [31/May/2010:08:33:47 +0200] "GET /v/prensa/fotos/0000--090801---1254--rally_a_mali---pioneros--salida--osona_pandilleros--version--pic00025.jpg.html HTTP/1.1" 404 457 "-" "Mozilla/5.0 (compatible; Googlebot/2.1; +http://www.google.com/bot.html)"
66.249.66.11 - - [31/May/2010:09:01:36 +0200] "GET /main.php?g2_view=ecard.SendEcard&g2_itemId=3618&g2_return=%2Fv%2Fprensa%2Ffotos%2F0000--090801---1209--rally_a_mali---pioneros--salida--patricia_ozores--version--p1150229.jpg.html HTTP/1.1" 302 20 "-" "Mozilla/5.0 (compatible; Googlebot/2.1; +http://www.google.com/bot.html)"
66.249.66.11 - - [31/May/2010:09:01:37 +0200] "GET /main.php?g2_view=core.UserAdmin&g2_subView=core.UserLogin&g2_return=%2Fmain.php%3Fg2_view%3Decard.SendEcard%26g2_itemId%3D3618 HTTP/1.1" 200 1413 "-" "Mozilla/5.0 (compatible; Googlebot/2.1; +http://www.google.com/bot.html)"
67.195.115.170 - - [31/May/2010:09:04:38 +0200] "GET /main.php?g2_view=slideshow.SlideshowMediaRss&g2_itemId=35 HTTP/1.0" 404 481 "-" "Mozilla/5.0 (compatible; Yahoo! Slurp/3.0; http://help.yahoo.com/help/us/ysearch/slurp)"
66.249.66.11 - - [31/May/2010:09:25:52 +0200] "GET /main.php?g2_controller=exif.SwitchDetailMode&g2_mode=detailed&g2_return=%2Fv%2Fprensa%2Ffotos%2F0000--090806---2038--rally_a_mali---pioneros--mauritania--spanishbullfighters--version--dsc_0599.jpg.html HTTP/1.1" 302 20 "-" "Mozilla/5.0 (compatible; Googlebot/2.1; +http://www.google.com/bot.html)"
66.249.66.11 - - [31/May/2010:09:25:53 +0200] "GET /v/prensa/fotos/0000--090806---2038--rally_a_mali---pioneros--mauritania--spanishbullfighters--version--dsc_0599.jpg.html HTTP/1.1" 404 457 "-" "Mozilla/5.0 (compatible; Googlebot/2.1; +http://www.google.com/bot.html)"
66.249.66.11 - - [31/May/2010:09:26:32 +0200] "GET /d/4512-4/0000--090801---2110---000033--rally_a_mali---pioneros--la_sexta---la_sexta_noticias_tarde--version--Vi0240200908012110562111.jpg HTTP/1.1" 304 - "-" "Googlebot-Image/1.0"
66.249.66.11 - - [31/May/2010:09:38:47 +0200] "GET /images/galleryLogo_sm.gif HTTP/1.1" 200 3488 "-" "Googlebot-Image/1.0"
66.249.66.11 - - [31/May/2010:09:39:13 +0200] "GET /main.php?g2_view=core.UserAdmin&g2_subView=register.UserSelfRegistration HTTP/1.1" 200 1428 "-" "Mozilla/5.0 (compatible; Googlebot/2.1; +http://www.google.com/bot.html)"
66.249.66.11 - - [31/May/2010:10:02:33 +0200] "GET /main.php?g2_view=core.UserAdmin&g2_subView=register.UserSelfRegistration&g2_return=%2Fmain.php%3Fg2_view%3Dcore.UserAdmin%26g2_subView%3Dcore.UserLogin HTTP/1.1" 200 1436 "-" "Mozilla/5.0 (compatible; Googlebot/2.1; +http://www.google.com/bot.html)"
66.249.66.11 - - [31/May/2010:10:07:40 +0200] "GET /main.php?g2_view=core.UserAdmin&g2_subView=core.UserLogin&g2_return=%2Fv%2Fclipping%2F HTTP/1.1" 200 1401 "-" "Mozilla/5.0 (compatible; Googlebot/2.1; +http://www.google.com/bot.html)"
66.249.66.11 - - [31/May/2010:10:18:36 +0200] "GET /v/prensa/fotos/ HTTP/1.1" 404 457 "-" "Mozilla/5.0 (compatible; Googlebot/2.1; +http://www.google.com/bot.html)"
67.195.115.170 - - [31/May/2010:10:38:57 +0200] "GET /main.php?g2_view=slideshow.SlideshowMediaRss&g2_itemId=4057 HTTP/1.0" 404 481 "-" "Mozilla/5.0 (compatible; Yahoo! Slurp/3.0; http://help.yahoo.com/help/us/ysearch/slurp)"
67.195.115.170 - - [31/May/2010:10:38:58 +0200] "GET /themes/matrix/theme.css HTTP/1.0" 304 - "http://fotos.rallyamali.com/main.php?g2_view=slideshow.SlideshowMediaRss&g2_itemId=4057" "Mozilla/5.0 (compatible; Yahoo! Slurp/3.0; http://help.yahoo.com/help/us/ysearch/slurp)"
66.249.66.11 - - [31/May/2010:11:13:47 +0200] "GET /main.php?g2_view=core.UserAdmin&g2_subView=core.UserLogin&g2_return=%2Fmain.php%3Fg2_view%3Dcore.UserAdmin%26g2_subView%3Dregister.UserSelfRegistration HTTP/1.1" 200 1398 "-" "Mozilla/5.0 (compatible; Googlebot/2.1; +http://www.google.com/bot.html)"
66.249.66.11 - - [31/May/2010:11:13:48 +0200] "GET /main.php?g2_view=core.UserAdmin&g2_subView=register.UserSelfRegistration&g2_return=%2Fmain.php%3Fg2_view%3Dcore.UserAdmin%26g2_subView%3Dregister.UserSelfRegistration HTTP/1.1" 200 1428 "-" "Mozilla/5.0 (compatible; Googlebot/2.1; +http://www.google.com/bot.html)"
67.195.115.170 - - [31/May/2010:11:18:42 +0200] "GET / HTTP/1.0" 200 30 "-" "Mozilla/5.0 (compatible; Yahoo! Slurp/3.0; http://help.yahoo.com/help/us/ysearch/slurp)"
204.236.249.179 - - [31/May/2010:11:19:23 +0200] "GET /robots.txt HTTP/1.1" 404 261 "-" "Mozilla/5.0 (compatible; spbot/2.0.3; +http://www.seoprofiler.com/bot/ )"
204.236.249.179 - - [31/May/2010:11:19:23 +0200] "GET /v/prensa/fotos/0000--090818---1154--rally_a_mali---pioneros--mali--alejandro_cabezon---rutas_y_retos--version--p1170081.jpg.html HTTP/1.1" 404 497 "-" "Mozilla/5.0 (compatible; spbot/2.0.3; +http://www.seoprofiler.com/bot/ )"
66.249.66.11 - - [31/May/2010:11:37:41 +0200] "GET /v/pioneros/seleccion/eventos/salida/?g2_highlightId=2315 HTTP/1.1" 404 457 "-" "Mozilla/5.0 (compatible; Googlebot/2.1; +http://www.google.com/bot.html)"
123.125.66.97 - - [31/May/2010:11:47:02 +0200] "GET / HTTP/1.1" 200 15 "-" "Baiduspider+(+http://www.baidu.com/search/spider.htm)"
220.181.7.79 - - [31/May/2010:11:48:57 +0200] "GET / HTTP/1.1" 200 15 "-" "Baiduspider+(+http://www.baidu.com/search/spider.htm)"
66.249.66.11 - - [31/May/2010:12:06:22 +0200] "GET /main.php?g2_controller=exif.SwitchDetailMode&g2_mode=detailed&g2_return=%2Fv%2Fprensa%2Ffotos%2F0000--090801---1254--rally_a_mali---pioneros--salida--osona_pandilleros--version--pic00025.jpg.html HTTP/1.1" 302 20 "-" "Mozilla/5.0 (compatible; Googlebot/2.1; +http://www.google.com/bot.html)"
67.195.115.170 - - [31/May/2010:12:56:35 +0200] "GET /v/pioneros/seleccion/eventos/salida/0000--090801---0703--rally_a_mali---pioneros--salida--maria_del_carre--version--rally_mali_jul_09+572.jpg.html HTTP/1.0" 404 457 "-" "Mozilla/5.0 (compatible; Yahoo! Slurp/3.0; http://help.yahoo.com/help/us/ysearch/slurp)"
67.195.115.170 - - [31/May/2010:12:56:36 +0200] "GET /themes/matrix/theme.css HTTP/1.0" 304 - "http://fotos.rallyamali.com/v/pioneros/seleccion/eventos/salida/0000--090801---0703--rally_a_mali---pioneros--salida--maria_del_carre--version--rally_mali_jul_09+572.jpg.html" "Mozilla/5.0 (compatible; Yahoo! Slurp/3.0; http://help.yahoo.com/help/us/ysearch/slurp)"
220.181.7.78 - - [31/May/2010:13:43:00 +0200] "GET / HTTP/1.1" 200 15 "-" "Baiduspider+(+http://www.baidu.com/search/spider.htm)"
123.125.66.118 - - [31/May/2010:13:43:03 +0200] "GET / HTTP/1.1" 200 15 "-" "Baiduspider+(+http://www.baidu.com/search/spider.htm)"
89.141.115.129 - - [31/May/2010:13:54:41 +0200] "GET /v/clipping/tv/ HTTP/1.1" 404 504 "-" "Mozilla/4.0 (compatible; MSIE 8.0; Windows NT 5.1; Trident/4.0; GTB6.4)"
89.141.115.129 - - [31/May/2010:13:54:42 +0200] "GET /lib/javascript/BlockToggle.js HTTP/1.1" 200 1359 "http://fotos.rallyamali.com/v/clipping/tv/" "Mozilla/4.0 (compatible; MSIE 8.0; Windows NT 5.1; Trident/4.0; GTB6.4)"
89.141.115.129 - - [31/May/2010:13:54:42 +0200] "GET /themes/matrix/theme.css HTTP/1.1" 200 12501 "http://fotos.rallyamali.com/v/clipping/tv/" "Mozilla/4.0 (compatible; MSIE 8.0; Windows NT 5.1; Trident/4.0; GTB6.4)"
89.141.115.129 - - [31/May/2010:13:54:49 +0200] "GET /main.php?g2_GALLERYSID=TMP_SESSION_ID_DI_NOISSES_PMT HTTP/1.1" 200 2240 "http://fotos.rallyamali.com/v/clipping/tv/" "Mozilla/4.0 (compatible; MSIE 8.0; Windows NT 5.1; Trident/4.0; GTB6.4)"
89.141.115.129 - - [31/May/2010:13:54:50 +0200] "GET /modules/icons/iconpacks/silk/icons.css HTTP/1.1" 200 11271 "http://fotos.rallyamali.com/main.php?g2_GALLERYSID=TMP_SESSION_ID_DI_NOISSES_PMT" "Mozilla/4.0 (compatible; MSIE 8.0; Windows NT 5.1; Trident/4.0; GTB6.4)"
89.141.115.129 - - [31/May/2010:13:54:50 +0200] "GET /modules/core/data/gallery.css HTTP/1.1" 200 10174 "http://fotos.rallyamali.com/main.php?g2_GALLERYSID=TMP_SESSION_ID_DI_NOISSES_PMT" "Mozilla/4.0 (compatible; MSIE 8.0; Windows NT 5.1; Trident/4.0; GTB6.4)"
89.141.115.129 - - [31/May/2010:13:54:50 +0200] "GET /main.php?g2_view=core.CombinedJavascript&g2_key=6f4128736939e89bb5962446d0fad789 HTTP/1.1" 200 338 "http://fotos.rallyamali.com/main.php?g2_GALLERYSID=TMP_SESSION_ID_DI_NOISSES_PMT" "Mozilla/4.0 (compatible; MSIE 8.0; Windows NT 5.1; Trident/4.0; GTB6.4)"
89.141.115.129 - - [31/May/2010:13:54:50 +0200] "GET /main.php?g2_view=slideshow.DownloadPicLens&g2_file=js&g2_v=1.3.1.14221 HTTP/1.1" 200 21750 "http://fotos.rallyamali.com/main.php?g2_GALLERYSID=TMP_SESSION_ID_DI_NOISSES_PMT" "Mozilla/4.0 (compatible; MSIE 8.0; Windows NT 5.1; Trident/4.0; GTB6.4)"
89.141.115.129 - - [31/May/2010:13:54:51 +0200] "GET /images/galleryLogo_sm.gif HTTP/1.1" 200 3488 "http://fotos.rallyamali.com/main.php?g2_GALLERYSID=TMP_SESSION_ID_DI_NOISSES_PMT" "Mozilla/4.0 (compatible; MSIE 8.0; Windows NT 5.1; Trident/4.0; GTB6.4)"
89.141.115.129 - - [31/May/2010:13:54:51 +0200] "GET /modules/icons/iconpacks/silk/advanced_search.png HTTP/1.1" 200 615 "http://fotos.rallyamali.com/main.php?g2_GALLERYSID=TMP_SESSION_ID_DI_NOISSES_PMT" "Mozilla/4.0 (compatible; MSIE 8.0; Windows NT 5.1; Trident/4.0; GTB6.4)"
89.141.115.129 - - [31/May/2010:13:54:51 +0200] "GET /modules/icons/iconpacks/silk/cart_add.png HTTP/1.1" 200 711 "http://fotos.rallyamali.com/main.php?g2_GALLERYSID=TMP_SESSION_ID_DI_NOISSES_PMT" "Mozilla/4.0 (compatible; MSIE 8.0; Windows NT 5.1; Trident/4.0; GTB6.4)"
89.141.115.129 - - [31/May/2010:13:54:51 +0200] "GET /modules/icons/iconpacks/silk/folder_picture.png HTTP/1.1" 200 713 "http://fotos.rallyamali.com/main.php?g2_GALLERYSID=TMP_SESSION_ID_DI_NOISSES_PMT" "Mozilla/4.0 (compatible; MSIE 8.0; Windows NT 5.1; Trident/4.0; GTB6.4)"
89.141.115.129 - - [31/May/2010:13:54:51 +0200] "GET /modules/icons/iconpacks/silk/rss_feed.png HTTP/1.1" 200 589 "http://fotos.rallyamali.com/main.php?g2_GALLERYSID=TMP_SESSION_ID_DI_NOISSES_PMT" "Mozilla/4.0 (compatible; MSIE 8.0; Windows NT 5.1; Trident/4.0; GTB6.4)"
89.141.115.129 - - [31/May/2010:13:54:52 +0200] "GET /images/gallery.gif HTTP/1.1" 200 1180 "http://fotos.rallyamali.com/main.php?g2_GALLERYSID=TMP_SESSION_ID_DI_NOISSES_PMT" "Mozilla/4.0 (compatible; MSIE 8.0; Windows NT 5.1; Trident/4.0; GTB6.4)"
89.141.115.129 - - [31/May/2010:13:54:51 +0200] "GET /d/4834-3/0000--090801---2127---000135--rally_a_mali---pioneros--telemadrid---telenoticias_fin_de_semana--version--Vi00142009080121270.gif HTTP/1.1" 200 4092 "http://fotos.rallyamali.com/main.php?g2_GALLERYSID=TMP_SESSION_ID_DI_NOISSES_PMT" "Mozilla/4.0 (compatible; MSIE 8.0; Windows NT 5.1; Trident/4.0; GTB6.4)"
89.141.115.129 - - [31/May/2010:13:54:51 +0200] "GET /d/4831-3/0000--090801---2110---000033--rally_a_mali---pioneros--la_sexta---la_sexta_noticias_tarde--version--Vi0240200908012110562111.gif HTTP/1.1" 200 3868 "http://fotos.rallyamali.com/main.php?g2_GALLERYSID=TMP_SESSION_ID_DI_NOISSES_PMT" "Mozilla/4.0 (compatible; MSIE 8.0; Windows NT 5.1; Trident/4.0; GTB6.4)"
89.141.115.129 - - [31/May/2010:13:54:52 +0200] "GET /d/4827-3/0000--090801---1448---000213--rally_a_mali---pioneros--cuatro---noticias_cuatro_1--version--Vi023420090801144804145017000001.gif HTTP/1.1" 200 3868 "http://fotos.rallyamali.com/main.php?g2_GALLERYSID=TMP_SESSION_ID_DI_NOISSES_PMT" "Mozilla/4.0 (compatible; MSIE 8.0; Windows NT 5.1; Trident/4.0; GTB6.4)"
89.141.115.129 - - [31/May/2010:13:54:53 +0200] "GET /favicon.ico HTTP/1.1" 404 262 "-" "Mozilla/4.0 (compatible; MSIE 8.0; Windows NT 5.1; Trident/4.0; GTB6.4)"
89.141.115.129 - - [31/May/2010:13:55:07 +0200] "GET /v/0000--090801---1448---000213--rally_a_mali---pioneros--cuatro---noticias_cuatro_1--version--Vi023420090801144804145017000001.wmv.html HTTP/1.1" 200 2250 "http://fotos.rallyamali.com/main.php?g2_GALLERYSID=TMP_SESSION_ID_DI_NOISSES_PMT" "Mozilla/4.0 (compatible; MSIE 8.0; Windows NT 5.1; Trident/4.0; GTB6.4)"
89.141.115.129 - - [31/May/2010:13:55:08 +0200] "GET /d/4834-3/0000--090801---2127---000135--rally_a_mali---pioneros--telemadrid---telenoticias_fin_de_semana--version--Vi00142009080121270.gif HTTP/1.1" 200 1589 "http://fotos.rallyamali.com/v/0000--090801---1448---000213--rally_a_mali---pioneros--cuatro---noticias_cuatro_1--version--Vi023420090801144804145017000001.wmv.html" "Mozilla/4.0 (compatible; MSIE 8.0; Windows NT 5.1; Trident/4.0; GTB6.4)"
89.141.115.129 - - [31/May/2010:13:55:09 +0200] "GET /themes/matrix/images/icon_path_separator.gif HTTP/1.1" 200 106 "http://fotos.rallyamali.com/v/0000--090801---1448---000213--rally_a_mali---pioneros--cuatro---noticias_cuatro_1--version--Vi023420090801144804145017000001.wmv.html" "Mozilla/4.0 (compatible; MSIE 8.0; Windows NT 5.1; Trident/4.0; GTB6.4)"
89.141.115.129 - - [31/May/2010:13:55:09 +0200] "GET /themes/matrix/images/nav_next.gif HTTP/1.1" 200 133 "http://fotos.rallyamali.com/v/0000--090801---1448---000213--rally_a_mali---pioneros--cuatro---noticias_cuatro_1--version--Vi023420090801144804145017000001.wmv.html" "Mozilla/4.0 (compatible; MSIE 8.0; Windows NT 5.1; Trident/4.0; GTB6.4)"
89.141.115.129 - - [31/May/2010:13:55:09 +0200] "GET /themes/matrix/images/nav_last.gif HTTP/1.1" 200 92 "http://fotos.rallyamali.com/v/0000--090801---1448---000213--rally_a_mali---pioneros--cuatro---noticias_cuatro_1--version--Vi023420090801144804145017000001.wmv.html" "Mozilla/4.0 (compatible; MSIE 8.0; Windows NT 5.1; Trident/4.0; GTB6.4)"
89.141.115.129 - - [31/May/2010:13:55:09 +0200] "GET /favicon.ico HTTP/1.1" 404 262 "-" "Mozilla/4.0 (compatible; MSIE 8.0; Windows NT 5.1; Trident/4.0; GTB6.4)"
89.141.115.129 - - [31/May/2010:13:55:15 +0200] "GET /d/4831-3/0000--090801---2110---000033--rally_a_mali---pioneros--la_sexta---la_sexta_noticias_tarde--version--Vi0240200908012110562111.gif HTTP/1.1" 200 1589 "http://fotos.rallyamali.com/main.php?g2_GALLERYSID=TMP_SESSION_ID_DI_NOISSES_PMT" "Mozilla/4.0 (compatible; MSIE 8.0; Windows NT 5.1; Trident/4.0; GTB6.4)"
89.141.115.129 - - [31/May/2010:13:55:15 +0200] "GET /d/4827-3/0000--090801---1448---000213--rally_a_mali---pioneros--cuatro---noticias_cuatro_1--version--Vi023420090801144804145017000001.gif HTTP/1.1" 200 1589 "http://fotos.rallyamali.com/main.php?g2_GALLERYSID=TMP_SESSION_ID_DI_NOISSES_PMT" "Mozilla/4.0 (compatible; MSIE 8.0; Windows NT 5.1; Trident/4.0; GTB6.4)"
89.141.115.129 - - [31/May/2010:13:55:17 +0200] "GET /v/clipping/tv/ HTTP/1.1" 404 504 "-" "Mozilla/4.0 (compatible; MSIE 8.0; Windows NT 5.1; Trident/4.0; GTB6.4)"
66.249.66.11 - - [31/May/2010:13:56:20 +0200] "GET /v/prensa/fotos/0000--090801---1223--rally_a_mali---pioneros--salida--raul_garcia--version--p1110120.jpg.html HTTP/1.1" 404 457 "-" "Mozilla/5.0 (compatible; Googlebot/2.1; +http://www.google.com/bot.html)"
67.195.115.170 - - [31/May/2010:14:43:21 +0200] "GET /v/pioneros/seleccion/eventos/fiesta_tras_aventura/0000--090911---2208--rally_a_mali---pioneros--fiesta_tras_aventura--alejandro_cabezon---rutas_y_retos--version--p1170899.jpg.html HTTP/1.0" 404 457 "-" "Mozilla/5.0 (compatible; Yahoo! Slurp/3.0; http://help.yahoo.com/help/us/ysearch/slurp)"
67.195.115.170 - - [31/May/2010:14:44:51 +0200] "GET /v/pioneros/seleccion/aventura_en_ruta/mali/ HTTP/1.0" 404 457 "-" "Mozilla/5.0 (compatible; Yahoo! Slurp/3.0; http://help.yahoo.com/help/us/ysearch/slurp)"
66.249.66.11 - - [31/May/2010:14:47:55 +0200] "GET /main.php?g2_controller=exif.SwitchDetailMode&g2_mode=detailed&g2_return=%2Fv%2Fprensa%2Ffotos%2F0000--090805---1831--rally_a_mali---pioneros--marruecos--osona_pandilleros--version--pic00067.jpg.html HTTP/1.1" 302 20 "-" "Mozilla/5.0 (compatible; Googlebot/2.1; +http://www.google.com/bot.html)"
66.249.66.11 - - [31/May/2010:14:47:56 +0200] "GET /v/prensa/fotos/0000--090805---1831--rally_a_mali---pioneros--marruecos--osona_pandilleros--version--pic00067.jpg.html HTTP/1.1" 404 457 "-" "Mozilla/5.0 (compatible; Googlebot/2.1; +http://www.google.com/bot.html)"
67.195.115.170 - - [31/May/2010:15:09:42 +0200] "GET /v/pioneros/seleccion/aventura_en_ruta/mali/0000--090810---1024--rally_a_mali---pioneros--mali--spanishbullfighters---alberto_gomez-borrero--version--mali-10.jpg.html HTTP/1.0" 404 457 "-" "Mozilla/5.0 (compatible; Yahoo! Slurp/3.0; http://help.yahoo.com/help/us/ysearch/slurp)"
67.195.115.170 - - [31/May/2010:15:09:43 +0200] "GET /themes/matrix/theme.css HTTP/1.0" 304 - "http://fotos.rallyamali.com/v/pioneros/seleccion/aventura_en_ruta/mali/0000--090810---1024--rally_a_mali---pioneros--mali--spanishbullfighters---alberto_gomez-borrero--version--mali-10.jpg.html" "Mozilla/5.0 (compatible; Yahoo! Slurp/3.0; http://help.yahoo.com/help/us/ysearch/slurp)"
66.249.66.11 - - [31/May/2010:15:26:19 +0200] "GET /v/pioneros/seleccion/eventos/salida/?g2_highlightId=278 HTTP/1.1" 404 457 "-" "Mozilla/5.0 (compatible; Googlebot/2.1; +http://www.google.com/bot.html)"
67.195.115.170 - - [31/May/2010:15:31:36 +0200] "GET /main.php HTTP/1.0" 200 2237 "-" "Mozilla/5.0 (compatible; Yahoo! Slurp/3.0; http://help.yahoo.com/help/us/ysearch/slurp)"
67.195.115.170 - - [31/May/2010:15:31:38 +0200] "GET /modules/core/data/gallery.css HTTP/1.0" 304 - "http://fotos.rallyamali.com/main.php" "Mozilla/5.0 (compatible; Yahoo! Slurp/3.0; http://help.yahoo.com/help/us/ysearch/slurp)"
67.195.115.170 - - [31/May/2010:15:31:39 +0200] "GET /modules/icons/iconpacks/silk/icons.css HTTP/1.0" 304 - "http://fotos.rallyamali.com/main.php" "Mozilla/5.0 (compatible; Yahoo! Slurp/3.0; http://help.yahoo.com/help/us/ysearch/slurp)"
67.195.115.170 - - [31/May/2010:15:49:51 +0200] "GET /main.php?g2_view=core.UserAdmin&g2_subView=core.UserLogin&g2_return=%2Fv%2Fprensa%2F HTTP/1.0" 200 1398 "-" "Mozilla/5.0 (compatible; Yahoo! Slurp/3.0; http://help.yahoo.com/help/us/ysearch/slurp)"
67.195.115.170 - - [31/May/2010:15:51:57 +0200] "GET /main.php?g2_view=core.UserAdmin&g2_subView=register.UserSelfRegistration&g2_return=%2Fmain.php%3Fg2_view%3Dcore.UserAdmin%26g2_subView%3Dcore.UserLogin HTTP/1.0" 200 1435 "-" "Mozilla/5.0 (compatible; Yahoo! Slurp/3.0; http://help.yahoo.com/help/us/ysearch/slurp)"
67.195.115.170 - - [31/May/2010:16:50:05 +0200] "GET /robots.txt HTTP/1.0" 404 261 "-" "Mozilla/5.0 (compatible; Yahoo! Slurp; http://help.yahoo.com/help/us/ysearch/slurp)"
67.195.115.170 - - [31/May/2010:16:50:05 +0200] "GET /v/pioneros/seleccion/aventura_en_ruta/espagna/ HTTP/1.0" 404 457 "-" "Mozilla/5.0 (compatible; Yahoo! Slurp/3.0; http://help.yahoo.com/help/us/ysearch/slurp)"
67.195.115.170 - - [31/May/2010:17:22:36 +0200] "GET /v/pioneros/seleccion/preparativos/0000--090731---1354--rally_a_mali---pioneros--preparativos--spanishbullfighters---alberto_gomez-borrero--version--dsc_3591.jpg.html HTTP/1.0" 404 457 "-" "Mozilla/5.0 (compatible; Yahoo! Slurp/3.0; http://help.yahoo.com/help/us/ysearch/slurp)"
67.195.115.170 - - [31/May/2010:17:22:37 +0200] "GET /themes/matrix/theme.css HTTP/1.0" 304 - "http://fotos.rallyamali.com/v/pioneros/seleccion/preparativos/0000--090731---1354--rally_a_mali---pioneros--preparativos--spanishbullfighters---alberto_gomez-borrero--version--dsc_3591.jpg.html" "Mozilla/5.0 (compatible; Yahoo! Slurp/3.0; http://help.yahoo.com/help/us/ysearch/slurp)"
87.250.253.242 - - [31/May/2010:17:28:37 +0200] "GET / HTTP/1.1" 200 30 "-" "Yandex/1.01.001 (compatible; Win16; I)"
207.46.199.183 - - [31/May/2010:19:05:24 +0200] "GET /robots.txt HTTP/1.1" 404 320 "-" "msnbot/2.0b (+http://search.msn.com/msnbot.htm)"
77.88.27.27 - - [31/May/2010:20:07:24 +0200] "GET /robots.txt HTTP/1.1" 404 320 "-" "Yandex/1.01.001 (compatible; Win16; I)"
207.46.204.197 - - [31/May/2010:20:08:37 +0200] "GET /robots.txt HTTP/1.1" 404 320 "-" "msnbot/2.0b (+http://search.msn.com/msnbot.htm)"
207.46.204.197 - - [31/May/2010:20:09:37 +0200] "GET /v/pioneros/seleccion/solidaridad_en_ruta/MAURITANIA-NOUADHIBOU-FUNDACIONCEAR/ HTTP/1.1" 404 457 "-" "msnbot/2.0b (+http://search.msn.com/msnbot.htm)"
123.125.66.69 - - [31/May/2010:20:33:36 +0200] "GET / HTTP/1.1" 200 15 "-" "Baiduspider+(+http://www.baidu.com/search/spider.htm)"
220.181.7.76 - - [31/May/2010:20:34:19 +0200] "GET / HTTP/1.1" 200 15 "-" "Baiduspider+(+http://www.baidu.com/search/spider.htm)"
66.249.66.11 - - [31/May/2010:21:00:37 +0200] "GET /robots.txt HTTP/1.1" 404 261 "-" "Googlebot-Image/1.0"
66.249.66.11 - - [31/May/2010:21:00:38 +0200] "GET /d/288-2/0000--090801---0634--rally_a_mali---pioneros--salida--maria_del_carre--version--rally_mali_jul_09+337.jpg HTTP/1.1" 304 - "-" "Googlebot-Image/1.0"
66.249.66.11 - - [31/May/2010:21:17:04 +0200] "GET /v/clipping/tv/0000--090801---1448---000213--rally_a_mali---pioneros--cuatro---noticias_cuatro_1--version--Vi023420090801144804145017000001.wmv.html HTTP/1.1" 404 457 "-" "Mozilla/5.0 (compatible; Googlebot/2.1; +http://www.google.com/bot.html)"
67.195.115.170 - - [31/May/2010:21:32:11 +0200] "GET /v/pioneros/seleccion/preparativos/0000--090724---1928--rally_a_mali---pioneros--preparativos--spanishbullfighters---alberto_gomez-borrero--version--csc_3557.jpg.html HTTP/1.0" 404 457 "-" "Mozilla/5.0 (compatible; Yahoo! Slurp/3.0; http://help.yahoo.com/help/us/ysearch/slurp)"
67.195.115.170 - - [31/May/2010:21:32:12 +0200] "GET /themes/matrix/theme.css HTTP/1.0" 304 - "http://fotos.rallyamali.com/v/pioneros/seleccion/preparativos/0000--090724---1928--rally_a_mali---pioneros--preparativos--spanishbullfighters---alberto_gomez-borrero--version--csc_3557.jpg.html" "Mozilla/5.0 (compatible; Yahoo! Slurp/3.0; http://help.yahoo.com/help/us/ysearch/slurp)"
207.46.204.180 - - [31/May/2010:21:59:37 +0200] "GET /v/pioneros/seleccion/aventura_en_ruta/mauritania/ HTTP/1.1" 404 457 "-" "msnbot/2.0b (+http://search.msn.com/msnbot.htm)"
67.195.115.170 - - [31/May/2010:22:57:45 +0200] "GET /main.php?g2_view=core.UserAdmin&g2_subView=register.UserSelfRegistration HTTP/1.0" 200 1427 "-" "Mozilla/5.0 (compatible; Yahoo! Slurp/3.0; http://help.yahoo.com/help/us/ysearch/slurp)"
67.195.115.170 - - [31/May/2010:22:57:47 +0200] "GET /modules/core/data/gallery.css HTTP/1.0" 304 - "http://fotos.rallyamali.com/main.php?g2_view=core.UserAdmin&g2_subView=register.UserSelfRegistration" "Mozilla/5.0 (compatible; Yahoo! Slurp/3.0; http://help.yahoo.com/help/us/ysearch/slurp)"
67.195.115.170 - - [31/May/2010:22:57:48 +0200] "GET /modules/icons/iconpacks/silk/icons.css HTTP/1.0" 304 - "http://fotos.rallyamali.com/main.php?g2_view=core.UserAdmin&g2_subView=register.UserSelfRegistration" "Mozilla/5.0 (compatible; Yahoo! Slurp/3.0; http://help.yahoo.com/help/us/ysearch/slurp)"
67.195.115.170 - - [31/May/2010:23:12:33 +0200] "GET /main.php?g2_view=slideshow.SlideshowMediaRss&g2_itemId=3657 HTTP/1.0" 404 481 "-" "Mozilla/5.0 (compatible; Yahoo! Slurp/3.0; http://help.yahoo.com/help/us/ysearch/slurp)"
89.141.101.134 - - [31/May/2010:23:46:20 +0200] "GET / HTTP/1.1" 304 - "-" "Mozilla/5.0 (Windows; U; Windows NT 5.1; en-US) AppleWebKit/532.5 (KHTML, like Gecko) Chrome/4.1.249.1064 Safari/532.5"
89.141.101.134 - - [31/May/2010:23:46:20 +0200] "GET /favicon.ico HTTP/1.1" 404 262 "-" "Mozilla/5.0 (Windows; U; Windows NT 5.1; en-US) AppleWebKit/532.5 (KHTML, like Gecko) Chrome/4.1.249.1064 Safari/532.5"
123.125.66.121 - - [01/Jun/2010:00:42:33 +0200] "GET / HTTP/1.1" 200 15 "-" "Baiduspider+(+http://www.baidu.com/search/spider.htm)"
220.181.7.64 - - [01/Jun/2010:00:42:50 +0200] "GET / HTTP/1.1" 200 15 "-" "Baiduspider+(+http://www.baidu.com/search/spider.htm)"
207.46.204.234 - - [01/Jun/2010:00:56:26 +0200] "GET /robots.txt HTTP/1.1" 404 320 "-" "msnbot/2.0b (+http://search.msn.com/msnbot.htm)"
207.46.204.234 - - [01/Jun/2010:00:57:08 +0200] "GET /v/pioneros/seleccion/aventura_en_ruta/mauritania/0000--090809---1611--rally_a_mali---pioneros--mauritania--spanishbullfighters---alberto_gomez-borrero--version---mauritania-.jpg.html HTTP/1.1" 404 457 "-" "msnbot/2.0b (+http://search.msn.com/msnbot.htm)"
123.125.66.82 - - [01/Jun/2010:01:38:31 +0200] "GET / HTTP/1.1" 200 15 "-" "Baiduspider+(+http://www.baidu.com/search/spider.htm)"
208.80.193.30 - - [01/Jun/2010:02:14:02 +0200] "GET / HTTP/1.0" 200 15 "-" "Mozilla/4.0 (compatible; MSIE 7.0; Windows NT 5.1; FunWebProducts; .NET CLR 1.0.3705; .NET CLR 1.1.4322; Media Center PC 4.0; .NET CLR 2.0.50727; .NET CLR 3.0.04506.30; SpamBlockerUtility 4.8.4)"
67.195.115.170 - - [01/Jun/2010:03:42:22 +0200] "GET /main.php?g2_highlightId=4469 HTTP/1.0" 302 20 "-" "Mozilla/5.0 (compatible; Yahoo! Slurp/3.0; http://help.yahoo.com/help/us/ysearch/slurp)"
67.195.115.170 - - [01/Jun/2010:03:42:25 +0200] "GET /main.php HTTP/1.0" 200 2237 "-" "Mozilla/5.0 (compatible; Yahoo! Slurp/3.0; http://help.yahoo.com/help/us/ysearch/slurp)"
67.195.115.170 - - [01/Jun/2010:03:42:29 +0200] "GET /modules/core/data/gallery.css HTTP/1.0" 304 - "http://fotos.rallyamali.com/main.php" "Mozilla/5.0 (compatible; Yahoo! Slurp/3.0; http://help.yahoo.com/help/us/ysearch/slurp)"
67.195.115.170 - - [01/Jun/2010:03:42:31 +0200] "GET /modules/icons/iconpacks/silk/icons.css HTTP/1.0" 304 - "http://fotos.rallyamali.com/main.php" "Mozilla/5.0 (compatible; Yahoo! Slurp/3.0; http://help.yahoo.com/help/us/ysearch/slurp)"
67.195.115.170 - - [01/Jun/2010:03:42:34 +0200] "GET /themes/matrix/theme.css HTTP/1.0" 304 - "http://fotos.rallyamali.com/main.php" "Mozilla/5.0 (compatible; Yahoo! Slurp/3.0; http://help.yahoo.com/help/us/ysearch/slurp)"
66.249.66.11 - - [01/Jun/2010:05:05:41 +0200] "GET /v/prensa/fotos/0000--090812---1028--rally_a_mali---pioneros--mali--osona_pandilleros--version--cimg2036.jpg.html HTTP/1.1" 404 457 "-" "Mozilla/5.0 (compatible; Googlebot/2.1; +http://www.google.com/bot.html)"
67.195.115.170 - - [01/Jun/2010:05:11:10 +0200] "GET /v/prensa/fotos/0000--090801---1348--rally_a_mali---pioneros--salida--last_lap--version--salida2.jpg.html HTTP/1.0" 404 457 "-" "Mozilla/5.0 (compatible; Yahoo! Slurp/3.0; http://help.yahoo.com/help/us/ysearch/slurp)"
66.249.66.11 - - [01/Jun/2010:05:38:38 +0200] "GET /main.php HTTP/1.1" 200 2236 "-" "Mozilla/5.0 (compatible; Googlebot/2.1; +http://www.google.com/bot.html)"
66.249.66.11 - - [01/Jun/2010:07:15:50 +0200] "GET /v/0000--090801---2127---000135--rally_a_mali---pioneros--telemadrid---telenoticias_fin_de_semana--version--Vi00142009080121270.wmv.html HTTP/1.1" 200 2233 "-" "Mozilla/5.0 (compatible; Googlebot/2.1; +http://www.google.com/bot.html)"
66.249.66.11 - - [01/Jun/2010:07:15:51 +0200] "GET /v/0000--090801---2110---000033--rally_a_mali---pioneros--la_sexta---la_sexta_noticias_tarde--version--Vi0240200908012110562111.wmv.html HTTP/1.1" 200 2264 "-" "Mozilla/5.0 (compatible; Googlebot/2.1; +http://www.google.com/bot.html)"
66.249.66.11 - - [01/Jun/2010:07:15:52 +0200] "GET /main.php?g2_view=rss.SimpleRender&g2_itemId=7 HTTP/1.1" 200 711 "-" "Mozilla/5.0 (compatible; Googlebot/2.1; +http://www.google.com/bot.html)"
66.249.66.11 - - [01/Jun/2010:07:15:52 +0200] "GET /main.php?g2_view=core.UserAdmin&g2_subView=core.UserLogin&g2_return=%2Fmain.php HTTP/1.1" 200 1396 "-" "Mozilla/5.0 (compatible; Googlebot/2.1; +http://www.google.com/bot.html)"
66.249.66.11 - - [01/Jun/2010:07:15:52 +0200] "GET /main.php?g2_view=webdav.WebDavMount&g2_itemId=7 HTTP/1.1" 200 1734 "-" "Mozilla/5.0 (compatible; Googlebot/2.1; +http://www.google.com/bot.html)"
66.249.66.11 - - [01/Jun/2010:07:15:53 +0200] "GET /v/0000--090801---1448---000213--rally_a_mali---pioneros--cuatro---noticias_cuatro_1--version--Vi023420090801144804145017000001.wmv.html HTTP/1.1" 200 2238 "-" "Mozilla/5.0 (compatible; Googlebot/2.1; +http://www.google.com/bot.html)"
66.249.65.44 - - [01/Jun/2010:07:15:53 +0200] "GET /main.php?g2_view=search.SearchScan&g2_form%5BuseDefaultSettings%5D=1&g2_return=%2Fmain.php HTTP/1.1" 200 2041 "-" "Mozilla/5.0 (compatible; Googlebot/2.1; +http://www.google.com/bot.html)"
66.249.66.11 - - [01/Jun/2010:07:15:54 +0200] "GET /main.php?g2_controller=cart.AddToCart&g2_itemId=4833&g2_return=%2Fmain.php HTTP/1.1" 302 20 "-" "Mozilla/5.0 (compatible; Googlebot/2.1; +http://www.google.com/bot.html)"
66.249.66.11 - - [01/Jun/2010:07:15:55 +0200] "GET /main.php?g2_view=core.UserAdmin&g2_subView=register.UserSelfRegistration&g2_return=%2Fmain.php HTTP/1.1" 200 1430 "-" "Mozilla/5.0 (compatible; Googlebot/2.1; +http://www.google.com/bot.html)"
66.249.66.11 - - [01/Jun/2010:07:15:56 +0200] "GET /main.php?g2_view=cart.ViewCart&g2_itemId=4833 HTTP/1.1" 200 1612 "-" "Mozilla/5.0 (compatible; Googlebot/2.1; +http://www.google.com/bot.html)"
66.249.66.11 - - [01/Jun/2010:08:17:25 +0200] "GET /d/4826-1/0000--090801---1448---000213--rally_a_mali---pioneros--cuatro---noticias_cuatro_1--version--Vi023420090801144804145017000001.wmv HTTP/1.1" 200 2231 "-" "Googlebot-Video/1.0"
66.249.66.11 - - [01/Jun/2010:08:55:50 +0200] "GET /w/ HTTP/1.1" 200 2271 "-" "Mozilla/5.0 (compatible; Googlebot/2.1; +http://www.google.com/bot.html)"
66.249.66.11 - - [01/Jun/2010:08:55:51 +0200] "GET /main.php?g2_highlightId=4830 HTTP/1.1" 302 20 "-" "Mozilla/5.0 (compatible; Googlebot/2.1; +http://www.google.com/bot.html)"
66.249.66.11 - - [01/Jun/2010:08:56:54 +0200] "GET /main.php?g2_highlightId=4826 HTTP/1.1" 302 20 "-" "Mozilla/5.0 (compatible; Googlebot/2.1; +http://www.google.com/bot.html)"
66.249.66.11 - - [01/Jun/2010:08:58:13 +0200] "GET /main.php?g2_highlightId=4833 HTTP/1.1" 302 20 "-" "Mozilla/5.0 (compatible; Googlebot/2.1; +http://www.google.com/bot.html)"
207.46.199.200 - - [01/Jun/2010:08:58:32 +0200] "GET /robots.txt HTTP/1.1" 404 320 "-" "msnbot/2.0b (+http://search.msn.com/msnbot.htm)"
66.249.66.11 - - [01/Jun/2010:08:59:33 +0200] "GET /main.php?g2_view=webdav.DownloadDavMount&g2_itemId=7 HTTP/1.1" 200 117 "-" "Mozilla/5.0 (compatible; Googlebot/2.1; +http://www.google.com/bot.html)"
66.249.66.11 - - [01/Jun/2010:09:00:56 +0200] "GET /robots.txt HTTP/1.1" 404 261 "-" "Mozilla/5.0 (compatible; Googlebot/2.1; +http://www.google.com/bot.html)"
66.249.66.11 - - [01/Jun/2010:09:00:56 +0200] "GET /main.php?g2_view=search.SearchScan&g2_form%5BuseDefaultSettings%5D=1&g2_return=%2Fv%2F0000--090801---2110---000033--rally_a_mali---pioneros--la_sexta---la_sexta_noticias_tarde--version--Vi0240200908012110562111.wmv.html HTTP/1.1" 200 2085 "-" "Mozilla/5.0 (compatible; Googlebot/2.1; +http://www.google.com/bot.html)"
66.249.66.11 - - [01/Jun/2010:09:02:12 +0200] "GET /main.php?g2_view=search.SearchScan&g2_form%5BuseDefaultSettings%5D=1&g2_return=%2Fmain.php%3Fg2_view%3Dcart.ViewCart%26g2_itemId%3D4833 HTTP/1.1" 200 2056 "-" "Mozilla/5.0 (compatible; Googlebot/2.1; +http://www.google.com/bot.html)"
66.249.66.11 - - [01/Jun/2010:09:03:32 +0200] "GET /main.php?g2_view=core.UserAdmin&g2_subView=register.UserSelfRegistration&g2_return=%2Fmain.php%3Fg2_view%3Dcart.ViewCart%26g2_itemId%3D4833 HTTP/1.1" 200 1448 "-" "Mozilla/5.0 (compatible; Googlebot/2.1; +http://www.google.com/bot.html)"
66.249.66.11 - - [01/Jun/2010:09:04:52 +0200] "GET /main.php?g2_controller=cart.AddToCart&g2_itemId=4833&g2_return=%2Fv%2F0000--090801---2127---000135--rally_a_mali---pioneros--telemadrid---telenoticias_fin_de_semana--version--Vi00142009080121270.wmv.html HTTP/1.1" 302 20 "-" "Mozilla/5.0 (compatible; Googlebot/2.1; +http://www.google.com/bot.html)"
66.249.66.11 - - [01/Jun/2010:09:04:53 +0200] "GET /main.php?g2_view=cart.ViewCart&g2_itemId=4833 HTTP/1.1" 200 1613 "-" "Mozilla/5.0 (compatible; Googlebot/2.1; +http://www.google.com/bot.html)"
66.249.66.11 - - [01/Jun/2010:09:06:16 +0200] "GET /main.php?g2_controller=cart.AddToCart&g2_itemId=4826&g2_return=%2Fv%2F0000--090801---1448---000213--rally_a_mali---pioneros--cuatro---noticias_cuatro_1--version--Vi023420090801144804145017000001.wmv.html HTTP/1.1" 302 20 "-" "Mozilla/5.0 (compatible; Googlebot/2.1; +http://www.google.com/bot.html)"
66.249.66.11 - - [01/Jun/2010:09:06:16 +0200] "GET /main.php?g2_view=cart.ViewCart&g2_itemId=4826 HTTP/1.1" 200 1614 "-" "Mozilla/5.0 (compatible; Googlebot/2.1; +http://www.google.com/bot.html)"
66.249.66.11 - - [01/Jun/2010:09:07:32 +0200] "GET /main.php?g2_view=core.UserAdmin&g2_subView=core.UserLogin&g2_return=%2Fmain.php%3Fg2_view%3Dcart.ViewCart%26g2_itemId%3D4833 HTTP/1.1" 200 1412 "-" "Mozilla/5.0 (compatible; Googlebot/2.1; +http://www.google.com/bot.html)"
66.249.66.11 - - [01/Jun/2010:09:08:52 +0200] "GET /main.php?g2_view=core.UserAdmin&g2_subView=register.UserSelfRegistration&g2_return=%2Fmain.php%3Fg2_view%3Dwebdav.WebDavMount%26g2_itemId%3D7 HTTP/1.1" 200 1454 "-" "Mozilla/5.0 (compatible; Googlebot/2.1; +http://www.google.com/bot.html)"
66.249.66.11 - - [01/Jun/2010:09:10:12 +0200] "GET /main.php?g2_view=core.UserAdmin&g2_subView=core.UserLogin&g2_return=%2Fv%2F0000--090801---2110---000033--rally_a_mali---pioneros--la_sexta---la_sexta_noticias_tarde--version--Vi0240200908012110562111.wmv.html HTTP/1.1" 200 1476 "-" "Mozilla/5.0 (compatible; Googlebot/2.1; +http://www.google.com/bot.html)"
66.249.66.11 - - [01/Jun/2010:09:11:36 +0200] "GET /main.php?g2_view=search.SearchScan&g2_form%5BuseDefaultSettings%5D=1&g2_return=%2Fmain.php%3Fg2_view%3Dwebdav.WebDavMount%26g2_itemId%3D7 HTTP/1.1" 200 2061 "-" "Mozilla/5.0 (compatible; Googlebot/2.1; +http://www.google.com/bot.html)"
66.249.66.11 - - [01/Jun/2010:09:12:51 +0200] "GET /main.php?g2_controller=cart.AddToCart&g2_itemId=4830&g2_return=%2Fv%2F0000--090801---2110---000033--rally_a_mali---pioneros--la_sexta---la_sexta_noticias_tarde--version--Vi0240200908012110562111.wmv.html HTTP/1.1" 302 20 "-" "Mozilla/5.0 (compatible; Googlebot/2.1; +http://www.google.com/bot.html)"
66.249.66.11 - - [01/Jun/2010:09:12:52 +0200] "GET /main.php?g2_view=cart.ViewCart&g2_itemId=4830 HTTP/1.1" 200 1614 "-" "Mozilla/5.0 (compatible; Googlebot/2.1; +http://www.google.com/bot.html)"
66.249.66.11 - - [01/Jun/2010:09:14:11 +0200] "GET /main.php?g2_view=search.SearchScan&g2_form%5BuseDefaultSettings%5D=1&g2_return=%2Fv%2F0000--090801---1448---000213--rally_a_mali---pioneros--cuatro---noticias_cuatro_1--version--Vi023420090801144804145017000001.wmv.html HTTP/1.1" 200 2090 "-" "Mozilla/5.0 (compatible; Googlebot/2.1; +http://www.google.com/bot.html)"
66.249.66.11 - - [01/Jun/2010:09:15:33 +0200] "GET /main.php?g2_view=core.UserAdmin&g2_subView=register.UserSelfRegistration&g2_return=%2Fv%2F0000--090801---2110---000033--rally_a_mali---pioneros--la_sexta---la_sexta_noticias_tarde--version--Vi0240200908012110562111.wmv.html HTTP/1.1" 200 1514 "-" "Mozilla/5.0 (compatible; Googlebot/2.1; +http://www.google.com/bot.html)"
66.249.66.11 - - [01/Jun/2010:09:16:59 +0200] "GET /main.php?g2_view=search.SearchScan&g2_form%5BuseDefaultSettings%5D=1&g2_return=%2Fmain.php%3Fg2_view%3Dsearch.SearchScan%26g2_form%255BuseDefaultSettings%255D%3D1 HTTP/1.1" 200 2040 "-" "Mozilla/5.0 (compatible; Googlebot/2.1; +http://www.google.com/bot.html)"
66.249.66.11 - - [01/Jun/2010:09:18:11 +0200] "GET /main.php?g2_view=core.UserAdmin&g2_subView=register.UserSelfRegistration&g2_return=%2Fv%2F0000--090801---1448---000213--rally_a_mali---pioneros--cuatro---noticias_cuatro_1--version--Vi023420090801144804145017000001.wmv.html HTTP/1.1" 200 1516 "-" "Mozilla/5.0 (compatible; Googlebot/2.1; +http://www.google.com/bot.html)"
66.249.66.11 - - [01/Jun/2010:09:19:30 +0200] "GET /main.php?g2_view=core.UserAdmin&g2_subView=core.UserLogin&g2_return=%2Fmain.php%3Fg2_view%3Dwebdav.WebDavMount%26g2_itemId%3D7 HTTP/1.1" 200 1416 "-" "Mozilla/5.0 (compatible; Googlebot/2.1; +http://www.google.com/bot.html)"
66.249.66.11 - - [01/Jun/2010:09:20:50 +0200] "GET /main.php?g2_view=core.UserAdmin&g2_subView=core.UserLogin&g2_return=%2Fv%2F0000--090801---2127---000135--rally_a_mali---pioneros--telemadrid---telenoticias_fin_de_semana--version--Vi00142009080121270.wmv.html HTTP/1.1" 200 1479 "-" "Mozilla/5.0 (compatible; Googlebot/2.1; +http://www.google.com/bot.html)"
66.249.66.11 - - [01/Jun/2010:09:22:17 +0200] "GET /main.php?g2_view=core.UserAdmin&g2_subView=core.UserLogin&g2_return=%2Fv%2F0000--090801---1448---000213--rally_a_mali---pioneros--cuatro---noticias_cuatro_1--version--Vi023420090801144804145017000001.wmv.html HTTP/1.1" 200 1479 "-" "Mozilla/5.0 (compatible; Googlebot/2.1; +http://www.google.com/bot.html)"
66.249.66.11 - - [01/Jun/2010:09:23:30 +0200] "GET /main.php?g2_view=core.UserAdmin&g2_subView=register.UserSelfRegistration&g2_return=%2Fmain.php%3Fg2_view%3Dsearch.SearchScan%26g2_form%255BuseDefaultSettings%255D%3D1 HTTP/1.1" 200 1466 "-" "Mozilla/5.0 (compatible; Googlebot/2.1; +http://www.google.com/bot.html)"
66.249.66.11 - - [01/Jun/2010:09:24:50 +0200] "GET /main.php?g2_view=core.UserAdmin&g2_subView=register.UserSelfRegistration&g2_return=%2Fv%2F0000--090801---2127---000135--rally_a_mali---pioneros--telemadrid---telenoticias_fin_de_semana--version--Vi00142009080121270.wmv.html HTTP/1.1" 200 1516 "-" "Mozilla/5.0 (compatible; Googlebot/2.1; +http://www.google.com/bot.html)"
66.249.66.11 - - [01/Jun/2010:09:26:10 +0200] "GET /main.php?g2_view=core.UserAdmin&g2_subView=core.UserLogin&g2_return=%2Fmain.php%3Fg2_view%3Dsearch.SearchScan%26g2_form%255BuseDefaultSettings%255D%3D1 HTTP/1.1" 200 1426 "-" "Mozilla/5.0 (compatible; Googlebot/2.1; +http://www.google.com/bot.html)"
66.249.66.11 - - [01/Jun/2010:09:43:39 +0200] "GET /main.php?g2_view=search.SearchScan&g2_form%5BuseDefaultSettings%5D=1&g2_return=%2Fv%2F0000--090801---2127---000135--rally_a_mali---pioneros--telemadrid---telenoticias_fin_de_semana--version--Vi00142009080121270.wmv.html HTTP/1.1" 200 2048 "-" "Mozilla/5.0 (compatible; Googlebot/2.1; +http://www.google.com/bot.html)"
67.195.115.170 - - [01/Jun/2010:09:44:26 +0200] "GET /robots.txt HTTP/1.0" 404 261 "-" "Mozilla/5.0 (compatible; Yahoo! Slurp; http://help.yahoo.com/help/us/ysearch/slurp)"
67.195.115.170 - - [01/Jun/2010:09:44:27 +0200] "GET /main.php?g2_view=ecard.SendEcard&g2_itemId=105&g2_return=%2Fv%2Fpioneros%2Fseleccion%2Fpreparativos%2F0000--081104---0159--rally_a_mali---pioneros--preparativos--spanishbullfighters---alberto_gomez-borrero--version--csc_1808.jpg.html HTTP/1.0" 302 20 "-" "Mozilla/5.0 (compatible; Yahoo! Slurp/3.0; http://help.yahoo.com/help/us/ysearch/slurp)"
67.195.115.170 - - [01/Jun/2010:09:44:28 +0200] "GET /main.php?g2_view=core.UserAdmin&g2_subView=core.UserLogin&g2_return=%2Fmain.php%3Fg2_view%3Decard.SendEcard%26g2_itemId%3D105 HTTP/1.0" 200 1415 "-" "Mozilla/5.0 (compatible; Yahoo! Slurp/3.0; http://help.yahoo.com/help/us/ysearch/slurp)"
67.195.115.170 - - [01/Jun/2010:09:44:29 +0200] "GET /modules/core/data/gallery.css HTTP/1.0" 304 - "http://fotos.rallyamali.com/main.php?g2_view=core.UserAdmin&g2_subView=core.UserLogin&g2_return=%2Fmain.php%3Fg2_view%3Decard.SendEcard%26g2_itemId%3D105" "Mozilla/5.0 (compatible; Yahoo! Slurp/3.0; http://help.yahoo.com/help/us/ysearch/slurp)"
67.195.115.170 - - [01/Jun/2010:09:44:29 +0200] "GET /modules/icons/iconpacks/silk/icons.css HTTP/1.0" 304 - "http://fotos.rallyamali.com/main.php?g2_view=core.UserAdmin&g2_subView=core.UserLogin&g2_return=%2Fmain.php%3Fg2_view%3Decard.SendEcard%26g2_itemId%3D105" "Mozilla/5.0 (compatible; Yahoo! Slurp/3.0; http://help.yahoo.com/help/us/ysearch/slurp)"
67.195.115.170 - - [01/Jun/2010:09:44:30 +0200] "GET /themes/matrix/theme.css HTTP/1.0" 304 - "http://fotos.rallyamali.com/main.php?g2_view=core.UserAdmin&g2_subView=core.UserLogin&g2_return=%2Fmain.php%3Fg2_view%3Decard.SendEcard%26g2_itemId%3D105" "Mozilla/5.0 (compatible; Yahoo! Slurp/3.0; http://help.yahoo.com/help/us/ysearch/slurp)"
62.97.89.94 - - [01/Jun/2010:10:20:44 +0200] "GET /v/clipping/tv/ HTTP/1.0" 404 837 "-" "Mozilla/4.0 (compatible; MSIE 6.0; Windows NT 5.1; SV1; .NET CLR 2.0.50727)"
62.97.89.94 - - [01/Jun/2010:10:20:45 +0200] "GET /lib/javascript/BlockToggle.js HTTP/1.0" 200 1359 "http://fotos.rallyamali.com/v/clipping/tv/" "Mozilla/4.0 (compatible; MSIE 6.0; Windows NT 5.1; SV1; .NET CLR 2.0.50727)"
62.97.89.94 - - [01/Jun/2010:10:20:45 +0200] "GET /themes/matrix/theme.css HTTP/1.0" 200 12501 "http://fotos.rallyamali.com/v/clipping/tv/" "Mozilla/4.0 (compatible; MSIE 6.0; Windows NT 5.1; SV1; .NET CLR 2.0.50727)"
62.97.89.94 - - [01/Jun/2010:10:20:49 +0200] "GET /v/prensa/fotos/ HTTP/1.0" 404 837 "-" "Mozilla/4.0 (compatible; MSIE 6.0; Windows NT 5.1; SV1; .NET CLR 2.0.50727)"
66.249.66.11 - - [01/Jun/2010:10:26:51 +0200] "GET /main.php?g2_view=search.SearchScan&g2_form%5BuseDefaultSettings%5D=1&g2_return=%2Fw%2F%3Fg2_originalPath%3D%252F HTTP/1.1" 200 2055 "-" "Mozilla/5.0 (compatible; Googlebot/2.1; +http://www.google.com/bot.html)"
66.249.66.11 - - [01/Jun/2010:10:26:52 +0200] "GET /main.php?g2_view=core.UserAdmin&g2_subView=register.UserSelfRegistration&g2_return=%2Fw%2F%3Fg2_originalPath%3D%252F HTTP/1.1" 200 1443 "-" "Mozilla/5.0 (compatible; Googlebot/2.1; +http://www.google.com/bot.html)"
66.249.66.11 - - [01/Jun/2010:10:26:53 +0200] "GET /main.php?g2_view=core.UserAdmin&g2_subView=core.UserLogin&g2_return=%2Fw%2F%3Fg2_originalPath%3D%252F HTTP/1.1" 200 1407 "-" "Mozilla/5.0 (compatible; Googlebot/2.1; +http://www.google.com/bot.html)"
66.249.66.11 - - [01/Jun/2010:10:26:53 +0200] "GET /main.php?g2_controller=cart.AddToCart&g2_itemId=4830&g2_return=%2Fw%2F%3Fg2_originalPath%3D%252F HTTP/1.1" 302 20 "-" "Mozilla/5.0 (compatible; Googlebot/2.1; +http://www.google.com/bot.html)"
123.125.66.105 - - [01/Jun/2010:10:28:15 +0200] "GET /robots.txt HTTP/1.1" 404 261 "-" "Baiduspider+(+http://www.baidu.com/search/spider.htm)"
123.125.66.90 - - [01/Jun/2010:10:39:29 +0200] "GET / HTTP/1.1" 200 15 "-" "Baiduspider+(+http://www.baidu.com/search/spider.htm)"
220.181.7.62 - - [01/Jun/2010:10:39:30 +0200] "GET / HTTP/1.1" 200 15 "-" "Baiduspider+(+http://www.baidu.com/search/spider.htm)"
207.46.199.43 - - [01/Jun/2010:10:42:41 +0200] "GET /robots.txt HTTP/1.1" 404 320 "-" "msnbot/2.0b (+http://search.msn.com/msnbot.htm)"
207.46.199.43 - - [01/Jun/2010:10:44:06 +0200] "GET /v/pioneros/ HTTP/1.1" 404 457 "-" "msnbot/2.0b (+http://search.msn.com/msnbot.htm)"
62.97.89.94 - - [01/Jun/2010:10:45:33 +0200] "GET /v/prensa/fotos/ HTTP/1.0" 404 837 "-" "Mozilla/4.0 (compatible; MSIE 6.0; Windows NT 5.1; SV1; .NET CLR 2.0.50727)"
62.97.89.94 - - [01/Jun/2010:10:45:35 +0200] "GET /main.php?g2_GALLERYSID=TMP_SESSION_ID_DI_NOISSES_PMT HTTP/1.0" 200 8829 "http://fotos.rallyamali.com/v/prensa/fotos/" "Mozilla/4.0 (compatible; MSIE 6.0; Windows NT 5.1; SV1; .NET CLR 2.0.50727)"
62.97.89.94 - - [01/Jun/2010:10:45:36 +0200] "GET /modules/core/data/gallery.css HTTP/1.0" 200 10174 "http://fotos.rallyamali.com/main.php?g2_GALLERYSID=TMP_SESSION_ID_DI_NOISSES_PMT" "Mozilla/4.0 (compatible; MSIE 6.0; Windows NT 5.1; SV1; .NET CLR 2.0.50727)"
62.97.89.94 - - [01/Jun/2010:10:45:36 +0200] "GET /modules/icons/iconpacks/silk/icons.css HTTP/1.0" 200 11271 "http://fotos.rallyamali.com/main.php?g2_GALLERYSID=TMP_SESSION_ID_DI_NOISSES_PMT" "Mozilla/4.0 (compatible; MSIE 6.0; Windows NT 5.1; SV1; .NET CLR 2.0.50727)"
62.97.89.94 - - [01/Jun/2010:10:45:37 +0200] "GET /main.php?g2_view=core.CombinedJavascript&g2_key=6f4128736939e89bb5962446d0fad789 HTTP/1.0" 200 1250 "http://fotos.rallyamali.com/main.php?g2_GALLERYSID=TMP_SESSION_ID_DI_NOISSES_PMT" "Mozilla/4.0 (compatible; MSIE 6.0; Windows NT 5.1; SV1; .NET CLR 2.0.50727)"
62.97.89.94 - - [01/Jun/2010:10:45:37 +0200] "GET /main.php?g2_view=slideshow.DownloadPicLens&g2_file=js&g2_v=1.3.1.14221 HTTP/1.0" 200 21750 "http://fotos.rallyamali.com/main.php?g2_GALLERYSID=TMP_SESSION_ID_DI_NOISSES_PMT" "Mozilla/4.0 (compatible; MSIE 6.0; Windows NT 5.1; SV1; .NET CLR 2.0.50727)"
62.97.89.94 - - [01/Jun/2010:10:45:37 +0200] "GET /images/galleryLogo_sm.gif HTTP/1.0" 200 3488 "http://fotos.rallyamali.com/main.php?g2_GALLERYSID=TMP_SESSION_ID_DI_NOISSES_PMT" "Mozilla/4.0 (compatible; MSIE 6.0; Windows NT 5.1; SV1; .NET CLR 2.0.50727)"
62.97.89.94 - - [01/Jun/2010:10:45:37 +0200] "GET /modules/icons/iconpacks/silk/advanced_search.png HTTP/1.0" 200 615 "http://fotos.rallyamali.com/main.php?g2_GALLERYSID=TMP_SESSION_ID_DI_NOISSES_PMT" "Mozilla/4.0 (compatible; MSIE 6.0; Windows NT 5.1; SV1; .NET CLR 2.0.50727)"
62.97.89.94 - - [01/Jun/2010:10:45:37 +0200] "GET /modules/icons/iconpacks/silk/cart_add.png HTTP/1.0" 200 711 "http://fotos.rallyamali.com/main.php?g2_GALLERYSID=TMP_SESSION_ID_DI_NOISSES_PMT" "Mozilla/4.0 (compatible; MSIE 6.0; Windows NT 5.1; SV1; .NET CLR 2.0.50727)"
62.97.89.94 - - [01/Jun/2010:10:45:37 +0200] "GET /modules/icons/iconpacks/silk/folder_picture.png HTTP/1.0" 200 713 "http://fotos.rallyamali.com/main.php?g2_GALLERYSID=TMP_SESSION_ID_DI_NOISSES_PMT" "Mozilla/4.0 (compatible; MSIE 6.0; Windows NT 5.1; SV1; .NET CLR 2.0.50727)"
62.97.89.94 - - [01/Jun/2010:10:45:37 +0200] "GET /d/4834-3/0000--090801---2127---000135--rally_a_mali---pioneros--telemadrid---telenoticias_fin_de_semana--version--Vi00142009080121270.gif HTTP/1.0" 200 1589 "http://fotos.rallyamali.com/main.php?g2_GALLERYSID=TMP_SESSION_ID_DI_NOISSES_PMT" "Mozilla/4.0 (compatible; MSIE 6.0; Windows NT 5.1; SV1; .NET CLR 2.0.50727)"
62.97.89.94 - - [01/Jun/2010:10:45:37 +0200] "GET /modules/icons/iconpacks/silk/rss_feed.png HTTP/1.0" 200 589 "http://fotos.rallyamali.com/main.php?g2_GALLERYSID=TMP_SESSION_ID_DI_NOISSES_PMT" "Mozilla/4.0 (compatible; MSIE 6.0; Windows NT 5.1; SV1; .NET CLR 2.0.50727)"
62.97.89.94 - - [01/Jun/2010:10:45:37 +0200] "GET /d/4827-3/0000--090801---1448---000213--rally_a_mali---pioneros--cuatro---noticias_cuatro_1--version--Vi023420090801144804145017000001.gif HTTP/1.0" 200 1589 "http://fotos.rallyamali.com/main.php?g2_GALLERYSID=TMP_SESSION_ID_DI_NOISSES_PMT" "Mozilla/4.0 (compatible; MSIE 6.0; Windows NT 5.1; SV1; .NET CLR 2.0.50727)"
62.97.89.94 - - [01/Jun/2010:10:45:37 +0200] "GET /d/4831-3/0000--090801---2110---000033--rally_a_mali---pioneros--la_sexta---la_sexta_noticias_tarde--version--Vi0240200908012110562111.gif HTTP/1.0" 200 1589 "http://fotos.rallyamali.com/main.php?g2_GALLERYSID=TMP_SESSION_ID_DI_NOISSES_PMT" "Mozilla/4.0 (compatible; MSIE 6.0; Windows NT 5.1; SV1; .NET CLR 2.0.50727)"
62.97.89.94 - - [01/Jun/2010:10:45:37 +0200] "GET /images/gallery.gif HTTP/1.0" 200 1180 "http://fotos.rallyamali.com/main.php?g2_GALLERYSID=TMP_SESSION_ID_DI_NOISSES_PMT" "Mozilla/4.0 (compatible; MSIE 6.0; Windows NT 5.1; SV1; .NET CLR 2.0.50727)"
66.249.66.11 - - [01/Jun/2010:10:57:36 +0200] "GET /main.php?g2_view=search.SearchScan&g2_form%5BuseDefaultSettings%5D=1&g2_return=%2Fmain.php%3Fg2_view%3Dcart.ViewCart%26g2_itemId%3D4830 HTTP/1.1" 200 2057 "-" "Mozilla/5.0 (compatible; Googlebot/2.1; +http://www.google.com/bot.html)"
66.249.66.11 - - [01/Jun/2010:11:02:07 +0200] "GET /main.php?g2_view=core.UserAdmin&g2_subView=core.UserLogin&g2_return=%2Fmain.php%3Fg2_view%3Dcart.ViewCart%26g2_itemId%3D4826 HTTP/1.1" 200 1411 "-" "Mozilla/5.0 (compatible; Googlebot/2.1; +http://www.google.com/bot.html)"
66.249.66.11 - - [01/Jun/2010:11:07:12 +0200] "GET /main.php?g2_view=core.UserAdmin&g2_subView=register.UserSelfRegistration&g2_return=%2Fmain.php%3Fg2_view%3Dcart.ViewCart%26g2_itemId%3D4826 HTTP/1.1" 200 1448 "-" "Mozilla/5.0 (compatible; Googlebot/2.1; +http://www.google.com/bot.html)"
66.249.66.11 - - [01/Jun/2010:11:12:10 +0200] "GET /main.php?g2_view=search.SearchScan&g2_form%5BuseDefaultSettings%5D=1&g2_return=%2Fmain.php%3Fg2_view%3Dcart.ViewCart%26g2_itemId%3D4826 HTTP/1.1" 200 2057 "-" "Mozilla/5.0 (compatible; Googlebot/2.1; +http://www.google.com/bot.html)"
66.249.66.11 - - [01/Jun/2010:11:17:18 +0200] "GET /main.php?g2_view=core.UserAdmin&g2_subView=register.UserSelfRegistration&g2_return=%2Fmain.php%3Fg2_view%3Dcart.ViewCart%26g2_itemId%3D4830 HTTP/1.1" 200 1448 "-" "Mozilla/5.0 (compatible; Googlebot/2.1; +http://www.google.com/bot.html)"
67.195.115.170 - - [01/Jun/2010:11:19:09 +0200] "GET /v/pioneros/seleccion/eventos/charla_deviaje/0000--090226---2046--rally_a_mali---pioneros--de_viaje-26-feb-09--victor_vazquez---rutas_y_retos--version--p1130799.jpg.html HTTP/1.0" 404 457 "-" "Mozilla/5.0 (compatible; Yahoo! Slurp/3.0; http://help.yahoo.com/help/us/ysearch/slurp)"
66.249.66.11 - - [01/Jun/2010:11:22:39 +0200] "GET /main.php?g2_view=core.UserAdmin&g2_subView=core.UserLogin&g2_return=%2Fmain.php%3Fg2_view%3Dcart.ViewCart%26g2_itemId%3D4830 HTTP/1.1" 200 1412 "-" "Mozilla/5.0 (compatible; Googlebot/2.1; +http://www.google.com/bot.html)"
