207.46.12.206 - - [01/Jun/2010:12:21:19 +0200] "GET /v/pioneros/seleccion/eventos/charla_deviaje/0000--090226---2057--rally_a_mali---pioneros--de_viaje-26-feb-09--victor_vazquez---rutas_y_retos--version--p1130802.jpg.html HTTP/1.1" 404 504 "-" "Mozilla/4.0 (compatible; MSIE 7.0; Windows NT 5.1; SV1; .NET CLR 1.1.4322; .NET CLR 2.0.40607; .NET CLR 3.0.30729; .NET CLR 3.5.30729)"
207.46.12.206 - - [01/Jun/2010:12:21:21 +0200] "GET /lib/javascript/BlockToggle.js HTTP/1.1" 200 1359 "http://fotos.rallyamali.com/v/pioneros/seleccion/eventos/charla_deviaje/0000--090226---2057--rally_a_mali---pioneros--de_viaje-26-feb-09--victor_vazquez---rutas_y_retos--version--p1130802.jpg.html" "Mozilla/4.0 (compatible; MSIE 7.0; Windows NT 5.1; SV1; .NET CLR 1.1.4322; .NET CLR 2.0.40607; .NET CLR 3.0.30729; .NET CLR 3.5.30729)"
207.46.12.206 - - [01/Jun/2010:12:21:26 +0200] "GET /lib/javascript/BlockToggle.js HTTP/1.1" 304 - "http://fotos.rallyamali.com/v/pioneros/seleccion/eventos/charla_deviaje/0000--090226---2057--rally_a_mali---pioneros--de_viaje-26-feb-09--victor_vazquez---rutas_y_retos--version--p1130802.jpg.html" "Mozilla/4.0 (compatible; MSIE 7.0; Windows NT 5.1; SV1; .NET CLR 1.1.4322; .NET CLR 2.0.40607; .NET CLR 3.0.30729; .NET CLR 3.5.30729)"
207.46.12.206 - - [01/Jun/2010:12:21:27 +0200] "GET /themes/matrix/theme.css HTTP/1.1" 200 12501 "http://fotos.rallyamali.com/v/pioneros/seleccion/eventos/charla_deviaje/0000--090226---2057--rally_a_mali---pioneros--de_viaje-26-feb-09--victor_vazquez---rutas_y_retos--version--p1130802.jpg.html" "Mozilla/4.0 (compatible; MSIE 7.0; Windows NT 5.1; SV1; .NET CLR 1.1.4322; .NET CLR 2.0.40607; .NET CLR 3.0.30729; .NET CLR 3.5.30729)"
67.195.115.170 - - [01/Jun/2010:12:21:46 +0200] "GET /v/pioneros/seleccion/solidaridad_en_ruta/mali-bamako-religiosas_de_maria_inmaculada/0000--090811---1616--rally_a_mali---pioneros--mali-solidaridad-religiosas_maria_inmaculada--spanishbullfighters---alberto_go.jpg.html HTTP/1.0" 404 457 "-" "Mozilla/5.0 (compatible; Yahoo! Slurp/3.0; http://help.yahoo.com/help/us/ysearch/slurp)"
67.195.115.170 - - [01/Jun/2010:12:21:47 +0200] "GET /themes/matrix/theme.css HTTP/1.0" 304 - "http://fotos.rallyamali.com/v/pioneros/seleccion/solidaridad_en_ruta/mali-bamako-religiosas_de_maria_inmaculada/0000--090811---1616--rally_a_mali---pioneros--mali-solidaridad-religiosas_maria_inmaculada--spanishbullfighters---alberto_go.jpg.html" "Mozilla/5.0 (compatible; Yahoo! Slurp/3.0; http://help.yahoo.com/help/us/ysearch/slurp)"
207.46.199.38 - - [01/Jun/2010:13:57:36 +0200] "GET /robots.txt HTTP/1.1" 404 320 "-" "msnbot/2.0b (+http://search.msn.com/msnbot.htm)"
207.46.199.38 - - [01/Jun/2010:13:58:40 +0200] "GET /v/pioneros/seleccion/solidaridad_en_ruta/MAURITANIA-NOUADHIBOU-FUNDACIONCEAR/0000--090807---1439--rally_a_mali---pioneros--mali--spanishbullfighters---alberto_gomez-borrero--version--mauritania-62.jpg.html HTTP/1.1" 404 457 "-" "msnbot/2.0b (+http://search.msn.com/msnbot.htm)"
66.249.65.182 - - [01/Jun/2010:14:48:11 +0200] "GET /main.php?g2_view=ecard.SendEcard&g2_itemId=3609&g2_return=%2Fv%2Fprensa%2Ffotos%2F0000--090801---1134--rally_a_mali---pioneros--salida--patricia_ozores--version--p1150158.jpg.html HTTP/1.1" 302 20 "-" "Mozilla/5.0 (compatible; Googlebot/2.1; +http://www.google.com/bot.html)"
66.249.66.11 - - [01/Jun/2010:14:48:12 +0200] "GET /main.php?g2_view=core.UserAdmin&g2_subView=core.UserLogin&g2_return=%2Fmain.php%3Fg2_view%3Decard.SendEcard%26g2_itemId%3D3609 HTTP/1.1" 200 1416 "-" "Mozilla/5.0 (compatible; Googlebot/2.1; +http://www.google.com/bot.html)"
67.195.115.170 - - [01/Jun/2010:14:49:21 +0200] "GET /v/pioneros/seleccion/aventura_en_ruta/espagna/0000--090802---0041--rally_a_mali---pioneros--espagna--spanishbullfighters---alberto_gomez-borrero--version--1-11.jpg.html HTTP/1.0" 404 457 "-" "Mozilla/5.0 (compatible; Yahoo! Slurp/3.0; http://help.yahoo.com/help/us/ysearch/slurp)"
67.195.115.170 - - [01/Jun/2010:14:49:23 +0200] "GET /themes/matrix/theme.css HTTP/1.0" 304 - "http://fotos.rallyamali.com/v/pioneros/seleccion/aventura_en_ruta/espagna/0000--090802---0041--rally_a_mali---pioneros--espagna--spanishbullfighters---alberto_gomez-borrero--version--1-11.jpg.html" "Mozilla/5.0 (compatible; Yahoo! Slurp/3.0; http://help.yahoo.com/help/us/ysearch/slurp)"
67.195.115.170 - - [01/Jun/2010:15:22:50 +0200] "GET /v/clipping/tv/0000--090801---2110---000033--rally_a_mali---pioneros--la_sexta---la_sexta_noticias_tarde--version--Vi0240200908012110562111.wmv.html HTTP/1.0" 404 457 "-" "Mozilla/5.0 (compatible; Yahoo! Slurp/3.0; http://help.yahoo.com/help/us/ysearch/slurp)"
123.125.66.72 - - [01/Jun/2010:15:39:06 +0200] "GET / HTTP/1.1" 200 15 "-" "Baiduspider+(+http://www.baidu.com/search/spider.htm)"
220.181.7.128 - - [01/Jun/2010:15:43:29 +0200] "GET / HTTP/1.1" 200 15 "-" "Baiduspider+(+http://www.baidu.com/search/spider.htm)"
77.88.27.27 - - [01/Jun/2010:16:05:24 +0200] "GET / HTTP/1.1" 200 30 "-" "Yandex/1.01.001 (compatible; Win16; I)"
220.181.7.69 - - [01/Jun/2010:16:48:26 +0200] "GET / HTTP/1.1" 200 30 "-" "Baiduspider+(+http://www.baidu.com/search/spider.htm)"
67.195.115.170 - - [01/Jun/2010:17:16:18 +0200] "GET /v/clipping/ HTTP/1.0" 404 457 "-" "Mozilla/5.0 (compatible; Yahoo! Slurp/3.0; http://help.yahoo.com/help/us/ysearch/slurp)"
67.195.115.170 - - [01/Jun/2010:17:16:21 +0200] "GET /themes/matrix/theme.css HTTP/1.0" 304 - "http://fotos.rallyamali.com/v/clipping/" "Mozilla/5.0 (compatible; Yahoo! Slurp/3.0; http://help.yahoo.com/help/us/ysearch/slurp)"
66.249.66.11 - - [01/Jun/2010:17:51:28 +0200] "GET /v/clipping/tv/?g2_highlightId=4505 HTTP/1.1" 404 457 "-" "Mozilla/5.0 (compatible; Googlebot/2.1; +http://www.google.com/bot.html)"
66.249.66.11 - - [01/Jun/2010:17:53:08 +0200] "GET /v/clipping/tv/?g2_highlightId=4514 HTTP/1.1" 404 457 "-" "Mozilla/5.0 (compatible; Googlebot/2.1; +http://www.google.com/bot.html)"
66.249.66.11 - - [01/Jun/2010:18:11:08 +0200] "GET /v/clipping/tv/?g2_highlightId=4511 HTTP/1.1" 404 457 "-" "Mozilla/5.0 (compatible; Googlebot/2.1; +http://www.google.com/bot.html)"
207.46.195.233 - - [01/Jun/2010:18:34:44 +0200] "GET /robots.txt HTTP/1.1" 404 320 "-" "msnbot/2.0b (+http://search.msn.com/msnbot.htm)"
207.46.195.233 - - [01/Jun/2010:18:35:44 +0200] "GET /v/pioneros/seleccion/aventura_en_ruta/mauritania/0000--090806---2043--rally_a_mali---pioneros--mauritania--spanishbullfighters---alberto_gomez-borrero--version---mauritania-.jpg.html HTTP/1.1" 404 457 "-" "msnbot/2.0b (+http://search.msn.com/msnbot.htm)"
66.249.66.11 - - [01/Jun/2010:19:13:41 +0200] "GET /main.php?g2_controller=exif.SwitchDetailMode&g2_mode=detailed&g2_return=%2Fv%2Fprensa%2Ffotos%2F0000--090801---1223--rally_a_mali---pioneros--salida--raul_garcia--version--p1110120.jpg.html HTTP/1.1" 302 20 "-" "Mozilla/5.0 (compatible; Googlebot/2.1; +http://www.google.com/bot.html)"
66.249.66.11 - - [01/Jun/2010:19:13:41 +0200] "GET /v/prensa/fotos/0000--090801---1223--rally_a_mali---pioneros--salida--raul_garcia--version--p1110120.jpg.html HTTP/1.1" 404 457 "-" "Mozilla/5.0 (compatible; Googlebot/2.1; +http://www.google.com/bot.html)"
66.249.66.11 - - [01/Jun/2010:19:31:43 +0200] "GET /main.php?g2_highlightId=27 HTTP/1.1" 302 20 "-" "Mozilla/5.0 (compatible; Googlebot/2.1; +http://www.google.com/bot.html)"
207.46.204.234 - - [01/Jun/2010:19:40:11 +0200] "GET /v/pioneros/seleccion/preparativos/0000--090731---1356--rally_a_mali---pioneros--preparativos--spanishbullfighters---alberto_gomez-borrero--version--dsc_3593.jpg.html HTTP/1.1" 404 457 "-" "msnbot/2.0b (+http://search.msn.com/msnbot.htm)"
123.125.66.59 - - [01/Jun/2010:20:35:34 +0200] "GET / HTTP/1.1" 200 15 "-" "Baiduspider+(+http://www.baidu.com/search/spider.htm)"
220.181.7.84 - - [01/Jun/2010:20:35:34 +0200] "GET / HTTP/1.1" 200 15 "-" "Baiduspider+(+http://www.baidu.com/search/spider.htm)"
67.195.115.170 - - [01/Jun/2010:21:26:43 +0200] "GET /robots.txt HTTP/1.0" 404 261 "-" "Mozilla/5.0 (compatible; Yahoo! Slurp; http://help.yahoo.com/help/us/ysearch/slurp)"
67.195.115.170 - - [01/Jun/2010:21:26:44 +0200] "GET /v/pioneros/seleccion/preparativos/0000--090724---1929--rally_a_mali---pioneros--preparativos--spanishbullfighters---alberto_gomez-borrero--version--csc_3560.jpg.html HTTP/1.0" 404 457 "-" "Mozilla/5.0 (compatible; Yahoo! Slurp/3.0; http://help.yahoo.com/help/us/ysearch/slurp)"
67.195.115.170 - - [01/Jun/2010:21:26:45 +0200] "GET /themes/matrix/theme.css HTTP/1.0" 304 - "http://fotos.rallyamali.com/v/pioneros/seleccion/preparativos/0000--090724---1929--rally_a_mali---pioneros--preparativos--spanishbullfighters---alberto_gomez-borrero--version--csc_3560.jpg.html" "Mozilla/5.0 (compatible; Yahoo! Slurp/3.0; http://help.yahoo.com/help/us/ysearch/slurp)"
66.249.66.11 - - [01/Jun/2010:22:21:36 +0200] "GET /robots.txt HTTP/1.1" 404 261 "-" "Mozilla/5.0 (compatible; Googlebot/2.1; +http://www.google.com/bot.html)"
66.249.66.11 - - [01/Jun/2010:22:21:36 +0200] "GET /v/clipping/tv/0000--090801---2127---000135--rally_a_mali---pioneros--telemadrid---telenoticias_fin_de_semana--version--Vi00142009080121270.wmv.html HTTP/1.1" 404 457 "-" "Mozilla/5.0 (compatible; Googlebot/2.1; +http://www.google.com/bot.html)"
207.46.13.95 - - [01/Jun/2010:22:41:27 +0200] "GET /robots.txt HTTP/1.1" 404 320 "-" "msnbot/2.0b (+http://search.msn.com/msnbot.htm)"
207.46.13.95 - - [01/Jun/2010:22:42:12 +0200] "GET /v/prensa/ HTTP/1.1" 404 457 "-" "msnbot/2.0b (+http://search.msn.com/msnbot.htm)"
207.46.199.179 - - [01/Jun/2010:22:45:56 +0200] "GET /robots.txt HTTP/1.1" 404 320 "-" "msnbot/2.0b (+http://search.msn.com/msnbot.htm)"
119.63.198.18 - - [01/Jun/2010:22:55:12 +0200] "GET /robots.txt HTTP/1.1" 404 261 "-" "Baiduspider+(+http://www.baidu.com/search/spider.htm)"
194.224.111.165 - - [01/Jun/2010:23:23:05 +0200] "GET / HTTP/1.1" 200 30 "http://www.rallyamali.com/www.rallyamali.com/index.html" "Mozilla/4.0 (compatible; MSIE 7.0; Windows NT 5.1; .NET CLR 2.0.50727; .NET CLR 3.0.04506.30)"
194.224.111.165 - - [01/Jun/2010:23:23:05 +0200] "GET /favicon.ico HTTP/1.1" 404 262 "-" "Mozilla/4.0 (compatible; MSIE 7.0; Windows NT 5.1; .NET CLR 2.0.50727; .NET CLR 3.0.04506.30)"
207.46.13.54 - - [01/Jun/2010:23:41:12 +0200] "GET /main.php?g2_view=core.UserAdmin&g2_subView=core.UserLogin&g2_return=%2Fv%2Fprensa%2F HTTP/1.1" 200 1399 "-" "msnbot/2.0b (+http://search.msn.com/msnbot.htm)"
66.249.66.11 - - [02/Jun/2010:00:57:53 +0200] "GET /d/4826-1/0000--090801---1448---000213--rally_a_mali---pioneros--cuatro---noticias_cuatro_1--version--Vi023420090801144804145017000001.wmv HTTP/1.1" 200 2231 "-" "Mozilla/5.0 (compatible; Googlebot/2.1; +http://www.google.com/bot.html)"
66.249.66.11 - - [02/Jun/2010:01:00:33 +0200] "GET /d/4830-1/0000--090801---2110---000033--rally_a_mali---pioneros--la_sexta---la_sexta_noticias_tarde--version--Vi0240200908012110562111.wmv HTTP/1.1" 200 2231 "-" "Mozilla/5.0 (compatible; Googlebot/2.1; +http://www.google.com/bot.html)"
66.249.66.11 - - [02/Jun/2010:01:00:34 +0200] "GET /d/4833-1/0000--090801---2127---000135--rally_a_mali---pioneros--telemadrid---telenoticias_fin_de_semana--version--Vi00142009080121270.wmv HTTP/1.1" 200 2231 "-" "Mozilla/5.0 (compatible; Googlebot/2.1; +http://www.google.com/bot.html)"
123.125.66.120 - - [02/Jun/2010:01:38:23 +0200] "GET / HTTP/1.1" 200 15 "-" "Baiduspider+(+http://www.baidu.com/search/spider.htm)"
220.181.7.58 - - [02/Jun/2010:01:38:39 +0200] "GET / HTTP/1.1" 200 15 "-" "Baiduspider+(+http://www.baidu.com/search/spider.htm)"
207.46.195.227 - - [02/Jun/2010:05:35:33 +0200] "GET /robots.txt HTTP/1.1" 404 320 "-" "msnbot/2.0b (+http://search.msn.com/msnbot.htm)"
66.249.66.11 - - [02/Jun/2010:05:43:21 +0200] "GET /main.php?g2_view=core.UserAdmin&g2_subView=core.UserLogin&g2_return=%2Fv%2Fclipping%2F HTTP/1.1" 200 1400 "-" "Mozilla/5.0 (compatible; Googlebot/2.1; +http://www.google.com/bot.html)"
207.46.195.227 - - [02/Jun/2010:06:22:31 +0200] "GET /v/pioneros/seleccion/eventos/charla_deviaje/0000--090226---2046--rally_a_mali---pioneros--de_viaje-26-feb-09--victor_vazquez---rutas_y_retos--version--p1130799.jpg.html HTTP/1.1" 404 457 "-" "msnbot/2.0b (+http://search.msn.com/msnbot.htm)"
66.249.66.11 - - [02/Jun/2010:06:27:56 +0200] "GET / HTTP/1.1" 200 30 "-" "Mozilla/5.0 (compatible; Googlebot/2.1; +http://www.google.com/bot.html)"
67.195.115.170 - - [02/Jun/2010:06:40:52 +0200] "GET /v/prensa/fotos/rally_a_mali-pioneros-salida-maria_del_carre-rally_mali_jul_09+110.jpg.html HTTP/1.0" 404 457 "-" "Mozilla/5.0 (compatible; Yahoo! Slurp/3.0; http://help.yahoo.com/help/us/ysearch/slurp)"
67.195.115.170 - - [02/Jun/2010:06:40:54 +0200] "GET /themes/matrix/theme.css HTTP/1.0" 304 - "http://fotos.rallyamali.com/v/prensa/fotos/rally_a_mali-pioneros-salida-maria_del_carre-rally_mali_jul_09+110.jpg.html" "Mozilla/5.0 (compatible; Yahoo! Slurp/3.0; http://help.yahoo.com/help/us/ysearch/slurp)"
207.46.204.204 - - [02/Jun/2010:07:35:59 +0200] "GET /v/pioneros/seleccion/preparativos/0000--090724---1929--rally_a_mali---pioneros--preparativos--spanishbullfighters---alberto_gomez-borrero--version--csc_3560.jpg.html HTTP/1.1" 404 504 "-" "Mozilla/4.0 (compatible; MSIE 6.0; Windows NT 5.2; SLCC1; .NET CLR 1.1.4325; .NET CLR 2.0.50727; .NET CLR 3.0.30729)"
207.46.13.131 - - [02/Jun/2010:07:36:42 +0200] "GET /robots.txt HTTP/1.1" 404 320 "-" "msnbot/2.0b (+http://search.msn.com/msnbot.htm)"
207.46.13.131 - - [02/Jun/2010:08:45:35 +0200] "GET /v/pioneros/seleccion/preparativos/0000--090724---1929--rally_a_mali---pioneros--preparativos--spanishbullfighters---alberto_gomez-borrero--version--csc_3560.jpg.html HTTP/1.1" 404 457 "-" "msnbot/2.0b (+http://search.msn.com/msnbot.htm)"
66.249.66.11 - - [02/Jun/2010:09:03:15 +0200] "GET /robots.txt HTTP/1.1" 404 261 "-" "Mozilla/5.0 (compatible; Googlebot/2.1; +http://www.google.com/bot.html)"
66.249.66.11 - - [02/Jun/2010:09:03:15 +0200] "GET /v/prensa/fotos/0000--090803---1126--rally_a_mali---pioneros--marruecos--spanishbullfighters--version--csc_3905.jpg.html HTTP/1.1" 404 457 "-" "Mozilla/5.0 (compatible; Googlebot/2.1; +http://www.google.com/bot.html)"
207.46.204.189 - - [02/Jun/2010:09:27:03 +0200] "GET /v/pioneros/seleccion/?g2_highlightId=29 HTTP/1.1" 404 457 "-" "msnbot/2.0b (+http://search.msn.com/msnbot.htm)"
207.46.199.33 - - [02/Jun/2010:09:41:55 +0200] "GET /v/pioneros/seleccion/aventura_en_ruta/mauritania/0000--090807---1319--rally_a_mali---pioneros--mauritania--spanishbullfighters---alberto_gomez-borrero--version---mauritania-.jpg.html HTTP/1.0" 404 837 "-" "Mozilla/4.0 (compatible; MSIE 6.0; Windows NT 5.1; SV1; .NET CLR 1.1.4325; .NET CLR 2.0.40607; .NET CLR 3.0.04506.648)"
207.46.199.33 - - [02/Jun/2010:09:41:59 +0200] "GET /lib/javascript/BlockToggle.js HTTP/1.0" 200 1359 "http://fotos.rallyamali.com/v/pioneros/seleccion/aventura_en_ruta/mauritania/0000--090807---1319--rally_a_mali---pioneros--mauritania--spanishbullfighters---alberto_gomez-borrero--version---mauritania-.jpg.html" "Mozilla/4.0 (compatible; MSIE 6.0; Windows NT 5.1; SV1; .NET CLR 1.1.4325; .NET CLR 2.0.40607; .NET CLR 3.0.04506.648)"
207.46.199.33 - - [02/Jun/2010:09:42:02 +0200] "GET /lib/javascript/BlockToggle.js HTTP/1.0" 200 1359 "http://fotos.rallyamali.com/v/pioneros/seleccion/aventura_en_ruta/mauritania/0000--090807---1319--rally_a_mali---pioneros--mauritania--spanishbullfighters---alberto_gomez-borrero--version---mauritania-.jpg.html" "Mozilla/4.0 (compatible; MSIE 6.0; Windows NT 5.1; SV1; .NET CLR 1.1.4325; .NET CLR 2.0.40607; .NET CLR 3.0.04506.648)"
207.46.199.33 - - [02/Jun/2010:09:42:04 +0200] "GET /themes/matrix/theme.css HTTP/1.0" 200 12501 "http://fotos.rallyamali.com/v/pioneros/seleccion/aventura_en_ruta/mauritania/0000--090807---1319--rally_a_mali---pioneros--mauritania--spanishbullfighters---alberto_gomez-borrero--version---mauritania-.jpg.html" "Mozilla/4.0 (compatible; MSIE 6.0; Windows NT 5.1; SV1; .NET CLR 1.1.4325; .NET CLR 2.0.40607; .NET CLR 3.0.04506.648)"
66.249.66.11 - - [02/Jun/2010:09:44:23 +0200] "GET /d/3637-13/0000--090801---1350--rally_a_mali---pioneros--salida--last_lap--version--salida8.jpg HTTP/1.1" 304 - "-" "Googlebot-Image/1.0"
207.46.195.205 - - [02/Jun/2010:10:40:50 +0200] "GET /v/pioneros/seleccion/preparativos/0000--090731---1356--rally_a_mali---pioneros--preparativos--spanishbullfighters---alberto_gomez-borrero--version--dsc_3593.jpg.html HTTP/1.0" 404 837 "-" "Mozilla/4.0 (compatible; MSIE 6.0; Windows NT 5.2; SV1; .NET CLR 1.1.4322; .NET CLR 2.0.50727; .NET CLR 3.0.30729; .NET CLR 3.5.30707)"
208.80.193.27 - - [02/Jun/2010:10:40:53 +0200] "GET / HTTP/1.0" 200 15 "-" "Mozilla/4.0 (compatible; MSIE 7.0; Windows NT 5.1; CATC IE 101306; .NET CLR 1.1.4322)"
207.46.195.205 - - [02/Jun/2010:10:40:55 +0200] "GET /lib/javascript/BlockToggle.js HTTP/1.0" 200 1359 "http://fotos.rallyamali.com/v/pioneros/seleccion/preparativos/0000--090731---1356--rally_a_mali---pioneros--preparativos--spanishbullfighters---alberto_gomez-borrero--version--dsc_3593.jpg.html" "Mozilla/4.0 (compatible; MSIE 6.0; Windows NT 5.2; SV1; .NET CLR 1.1.4322; .NET CLR 2.0.50727; .NET CLR 3.0.30729; .NET CLR 3.5.30707)"
207.46.195.205 - - [02/Jun/2010:10:40:59 +0200] "GET /lib/javascript/BlockToggle.js HTTP/1.0" 200 1359 "http://fotos.rallyamali.com/v/pioneros/seleccion/preparativos/0000--090731---1356--rally_a_mali---pioneros--preparativos--spanishbullfighters---alberto_gomez-borrero--version--dsc_3593.jpg.html" "Mozilla/4.0 (compatible; MSIE 6.0; Windows NT 5.2; SV1; .NET CLR 1.1.4322; .NET CLR 2.0.50727; .NET CLR 3.0.30729; .NET CLR 3.5.30707)"
207.46.195.205 - - [02/Jun/2010:10:41:04 +0200] "GET /themes/matrix/theme.css HTTP/1.0" 200 12501 "http://fotos.rallyamali.com/v/pioneros/seleccion/preparativos/0000--090731---1356--rally_a_mali---pioneros--preparativos--spanishbullfighters---alberto_gomez-borrero--version--dsc_3593.jpg.html" "Mozilla/4.0 (compatible; MSIE 6.0; Windows NT 5.2; SV1; .NET CLR 1.1.4322; .NET CLR 2.0.50727; .NET CLR 3.0.30729; .NET CLR 3.5.30707)"
66.249.66.11 - - [02/Jun/2010:10:42:45 +0200] "GET /v/prensa/fotos/DSC_4200.JPG.html HTTP/1.1" 404 457 "-" "Mozilla/5.0 (compatible; Googlebot/2.1; +http://www.google.com/bot.html)"
207.46.204.240 - - [02/Jun/2010:11:16:45 +0200] "GET /robots.txt HTTP/1.1" 404 320 "-" "msnbot/2.0b (+http://search.msn.com/msnbot.htm)"
123.125.66.23 - - [02/Jun/2010:11:29:11 +0200] "GET /robots.txt HTTP/1.1" 404 261 "-" "Baiduspider+(+http://www.baidu.com/search/spider.htm)"
66.249.66.11 - - [02/Jun/2010:12:08:15 +0200] "GET /v/prensa/fotos/0000--090807---1925--rally_a_mali---pioneros--mauritania--spanishbullfighters--version--csc_1012.jpg.html HTTP/1.1" 404 457 "-" "Mozilla/5.0 (compatible; Googlebot/2.1; +http://www.google.com/bot.html)"
66.249.66.11 - - [02/Jun/2010:12:13:16 +0200] "GET /v/clipping/tv/0000--090801---2110---000033--rally_a_mali---pioneros--la_sexta---la_sexta_noticias_tarde--version--Vi0240200908012110562111.wmv.html HTTP/1.1" 404 457 "-" "Mozilla/5.0 (compatible; Googlebot/2.1; +http://www.google.com/bot.html)"
207.46.204.240 - - [02/Jun/2010:12:20:20 +0200] "GET /v/pioneros/seleccion/solidaridad_en_ruta/MAURITANIA-NOUADHIBOU-FUNDACIONCEAR/0000--090807---1452--rally_a_mali---pioneros--mali--spanishbullfighters---alberto_gomez-borrero--version--mauritania-65.jpg.html HTTP/1.1" 404 457 "-" "msnbot/2.0b (+http://search.msn.com/msnbot.htm)"
66.249.66.11 - - [02/Jun/2010:12:27:12 +0200] "GET /main.php?g2_highlightId=4469 HTTP/1.1" 302 20 "-" "Mozilla/5.0 (compatible; Googlebot/2.1; +http://www.google.com/bot.html)"
66.249.66.11 - - [02/Jun/2010:12:27:12 +0200] "GET /main.php HTTP/1.1" 200 2237 "-" "Mozilla/5.0 (compatible; Googlebot/2.1; +http://www.google.com/bot.html)"
67.195.115.170 - - [02/Jun/2010:12:35:22 +0200] "GET /robots.txt HTTP/1.0" 404 261 "-" "Mozilla/5.0 (compatible; Yahoo! Slurp; http://help.yahoo.com/help/us/ysearch/slurp)"
67.195.115.170 - - [02/Jun/2010:12:35:22 +0200] "GET / HTTP/1.0" 304 - "-" "Mozilla/5.0 (compatible; Yahoo! Slurp/3.0; http://help.yahoo.com/help/us/ysearch/slurp)"
66.249.66.11 - - [02/Jun/2010:12:38:56 +0200] "GET /d/4506-11/0000--090801---1448---000213--rally_a_mali---pioneros--cuatro---noticias_cuatro_1--version--Vi023420090801144804145017000001.jpg HTTP/1.1" 304 - "-" "Googlebot-Image/1.0"
207.46.12.113 - - [02/Jun/2010:14:17:43 +0200] "GET /v/pioneros/seleccion/aventura_en_ruta/mauritania/0000--090808---1102--rally_a_mali---pioneros--mauritania--spanishbullfighters---alberto_gomez-borrero--version---mauritania-.jpg.html HTTP/1.1" 404 504 "-" "Mozilla/4.0 (compatible; MSIE 7.0; Windows NT 5.1; SLCC1; .NET CLR 1.1.4325; .NET CLR 2.0.40607; .NET CLR 3.0.04506.648)"
207.46.12.113 - - [02/Jun/2010:14:17:45 +0200] "GET /lib/javascript/BlockToggle.js HTTP/1.1" 200 1359 "http://fotos.rallyamali.com/v/pioneros/seleccion/aventura_en_ruta/mauritania/0000--090808---1102--rally_a_mali---pioneros--mauritania--spanishbullfighters---alberto_gomez-borrero--version---mauritania-.jpg.html" "Mozilla/4.0 (compatible; MSIE 7.0; Windows NT 5.1; SLCC1; .NET CLR 1.1.4325; .NET CLR 2.0.40607; .NET CLR 3.0.04506.648)"
207.46.12.113 - - [02/Jun/2010:14:17:49 +0200] "GET /lib/javascript/BlockToggle.js HTTP/1.1" 304 - "http://fotos.rallyamali.com/v/pioneros/seleccion/aventura_en_ruta/mauritania/0000--090808---1102--rally_a_mali---pioneros--mauritania--spanishbullfighters---alberto_gomez-borrero--version---mauritania-.jpg.html" "Mozilla/4.0 (compatible; MSIE 7.0; Windows NT 5.1; SLCC1; .NET CLR 1.1.4325; .NET CLR 2.0.40607; .NET CLR 3.0.04506.648)"
207.46.12.113 - - [02/Jun/2010:14:17:49 +0200] "GET /themes/matrix/theme.css HTTP/1.1" 200 12501 "http://fotos.rallyamali.com/v/pioneros/seleccion/aventura_en_ruta/mauritania/0000--090808---1102--rally_a_mali---pioneros--mauritania--spanishbullfighters---alberto_gomez-borrero--version---mauritania-.jpg.html" "Mozilla/4.0 (compatible; MSIE 7.0; Windows NT 5.1; SLCC1; .NET CLR 1.1.4325; .NET CLR 2.0.40607; .NET CLR 3.0.04506.648)"
67.195.115.170 - - [02/Jun/2010:14:24:49 +0200] "GET /v/pioneros/seleccion/eventos/fiesta_nouadhibou/ HTTP/1.0" 404 457 "-" "Mozilla/5.0 (compatible; Yahoo! Slurp/3.0; http://help.yahoo.com/help/us/ysearch/slurp)"
67.195.115.170 - - [02/Jun/2010:14:24:53 +0200] "GET /themes/matrix/theme.css HTTP/1.0" 200 12501 "http://fotos.rallyamali.com/v/pioneros/seleccion/eventos/fiesta_nouadhibou/" "Mozilla/5.0 (compatible; Yahoo! Slurp/3.0; http://help.yahoo.com/help/us/ysearch/slurp)"
207.46.199.49 - - [02/Jun/2010:15:20:59 +0200] "GET /robots.txt HTTP/1.1" 404 320 "-" "msnbot/2.0b (+http://search.msn.com/msnbot.htm)"
67.195.115.170 - - [02/Jun/2010:15:48:45 +0200] "GET /main.php?g2_view=slideshow.SlideshowMediaRss&g2_itemId=1691 HTTP/1.0" 404 481 "-" "Mozilla/5.0 (compatible; Yahoo! Slurp/3.0; http://help.yahoo.com/help/us/ysearch/slurp)"
207.46.199.49 - - [02/Jun/2010:15:57:33 +0200] "GET /v/pioneros/seleccion/eventos/charla_deviaje/0000--090226---2118--rally_a_mali---pioneros--de_viaje-26-feb-09--victor_vazquez---rutas_y_retos--version--p1130812.jpg.html HTTP/1.1" 404 457 "-" "msnbot/2.0b (+http://search.msn.com/msnbot.htm)"
66.249.71.226 - - [02/Jun/2010:16:24:47 +0200] "GET /robots.txt HTTP/1.1" 404 261 "-" "Mozilla/5.0 (compatible; Googlebot/2.1; +http://www.google.com/bot.html)"
66.249.71.226 - - [02/Jun/2010:16:24:47 +0200] "GET /main.php?g2_view=ecard.SendEcard&g2_itemId=3720&g2_return=%2Fv%2Fprensa%2Ffotos%2F0000--090807---1925--rally_a_mali---pioneros--mauritania--spanishbullfighters--version--csc_1012.jpg.html HTTP/1.1" 302 20 "-" "Mozilla/5.0 (compatible; Googlebot/2.1; +http://www.google.com/bot.html)"
66.249.71.226 - - [02/Jun/2010:16:24:48 +0200] "GET /main.php?g2_view=core.UserAdmin&g2_subView=core.UserLogin&g2_return=%2Fmain.php%3Fg2_view%3Decard.SendEcard%26g2_itemId%3D3720 HTTP/1.1" 200 1415 "-" "Mozilla/5.0 (compatible; Googlebot/2.1; +http://www.google.com/bot.html)"
220.181.7.120 - - [02/Jun/2010:16:42:42 +0200] "GET / HTTP/1.1" 200 15 "-" "Baiduspider+(+http://www.baidu.com/search/spider.htm)"
123.125.66.97 - - [02/Jun/2010:16:44:01 +0200] "GET / HTTP/1.1" 200 15 "-" "Baiduspider+(+http://www.baidu.com/search/spider.htm)"
119.63.198.99 - - [02/Jun/2010:16:45:48 +0200] "GET / HTTP/1.1" 200 30 "-" "Baiduspider+(+http://www.baidu.jp/spider/)"
66.249.71.226 - - [02/Jun/2010:17:50:31 +0200] "GET /main.php?g2_view=ecard.SendEcard&g2_itemId=3717&g2_return=%2Fv%2Fprensa%2Ffotos%2F0000--090807---1744--rally_a_mali---pioneros--mauritania--spanishbullfighters--version--csc_1014.jpg.html HTTP/1.1" 302 20 "-" "Mozilla/5.0 (compatible; Googlebot/2.1; +http://www.google.com/bot.html)"
66.249.71.226 - - [02/Jun/2010:17:50:31 +0200] "GET /main.php?g2_view=core.UserAdmin&g2_subView=core.UserLogin&g2_return=%2Fmain.php%3Fg2_view%3Decard.SendEcard%26g2_itemId%3D3717 HTTP/1.1" 200 1416 "-" "Mozilla/5.0 (compatible; Googlebot/2.1; +http://www.google.com/bot.html)"
67.195.115.170 - - [02/Jun/2010:18:08:22 +0200] "GET /v/pioneros/seleccion/preparativos/0000--081104---0159--rally_a_mali---pioneros--preparativos--spanishbullfighters---alberto_gomez-borrero--version--csc_1808.jpg.html HTTP/1.0" 404 457 "-" "Mozilla/5.0 (compatible; Yahoo! Slurp/3.0; http://help.yahoo.com/help/us/ysearch/slurp)"
67.195.115.170 - - [02/Jun/2010:18:08:23 +0200] "GET /themes/matrix/theme.css HTTP/1.0" 304 - "http://fotos.rallyamali.com/v/pioneros/seleccion/preparativos/0000--081104---0159--rally_a_mali---pioneros--preparativos--spanishbullfighters---alberto_gomez-borrero--version--csc_1808.jpg.html" "Mozilla/5.0 (compatible; Yahoo! Slurp/3.0; http://help.yahoo.com/help/us/ysearch/slurp)"
119.63.193.55 - - [02/Jun/2010:18:18:21 +0200] "GET / HTTP/1.1" 200 15 "-" "Baiduspider+(+http://www.baidu.jp/spider/)"
207.46.13.53 - - [02/Jun/2010:18:37:28 +0200] "GET /robots.txt HTTP/1.1" 404 320 "-" "msnbot/2.0b (+http://search.msn.com/msnbot.htm)"
207.46.13.53 - - [02/Jun/2010:18:38:01 +0200] "GET /main.php?g2_view=core.UserAdmin&g2_subView=core.UserLogin&g2_return=%2Fv%2Fprensa%2F HTTP/1.1" 200 1400 "-" "msnbot/2.0b (+http://search.msn.com/msnbot.htm)"
207.46.195.242 - - [02/Jun/2010:20:21:58 +0200] "GET /robots.txt HTTP/1.1" 404 320 "-" "msnbot/2.0b (+http://search.msn.com/msnbot.htm)"
66.249.71.226 - - [02/Jun/2010:20:24:45 +0200] "GET /main.php?g2_view=ecard.SendEcard&g2_itemId=2321&g2_return=%2Fv%2Fpioneros%2Fseleccion%2Feventos%2Fsalida%2F0000--090801---1348--rally_a_mali---pioneros--salida--last_lap--version--salida2.jpg.html HTTP/1.1" 302 20 "-" "Mozilla/5.0 (compatible; Googlebot/2.1; +http://www.google.com/bot.html)"
66.249.71.226 - - [02/Jun/2010:20:24:45 +0200] "GET /main.php?g2_view=core.UserAdmin&g2_subView=core.UserLogin&g2_return=%2Fmain.php%3Fg2_view%3Decard.SendEcard%26g2_itemId%3D2321 HTTP/1.1" 200 1414 "-" "Mozilla/5.0 (compatible; Googlebot/2.1; +http://www.google.com/bot.html)"
207.46.195.242 - - [02/Jun/2010:20:59:37 +0200] "GET /v/pioneros/seleccion/aventura_en_ruta/mauritania/0000--090808---1102--rally_a_mali---pioneros--mauritania--spanishbullfighters---alberto_gomez-borrero--version---mauritania-.jpg.html HTTP/1.1" 404 457 "-" "msnbot/2.0b (+http://search.msn.com/msnbot.htm)"
207.46.199.53 - - [02/Jun/2010:21:13:08 +0200] "GET /v/pioneros/seleccion/aventura_en_ruta/mali/?g2_page=4 HTTP/1.1" 404 457 "-" "msnbot/2.0b (+http://search.msn.com/msnbot.htm)"
66.249.71.226 - - [02/Jun/2010:21:41:10 +0200] "GET /main.php?g2_view=ecard.SendEcard&g2_itemId=2318&g2_return=%2Fv%2Fpioneros%2Fseleccion%2Feventos%2Fsalida%2F0000--090801---1343--rally_a_mali---pioneros--salida--last_lap--version--salida4.jpg.html HTTP/1.1" 302 20 "-" "Mozilla/5.0 (compatible; Googlebot/2.1; +http://www.google.com/bot.html)"
66.249.71.226 - - [02/Jun/2010:21:41:11 +0200] "GET /main.php?g2_view=core.UserAdmin&g2_subView=core.UserLogin&g2_return=%2Fmain.php%3Fg2_view%3Decard.SendEcard%26g2_itemId%3D2318 HTTP/1.1" 200 1414 "-" "Mozilla/5.0 (compatible; Googlebot/2.1; +http://www.google.com/bot.html)"
207.46.13.50 - - [02/Jun/2010:22:02:19 +0200] "GET /robots.txt HTTP/1.1" 404 320 "-" "msnbot/2.0b (+http://search.msn.com/msnbot.htm)"
67.195.115.170 - - [02/Jun/2010:22:03:33 +0200] "GET /robots.txt HTTP/1.0" 404 261 "-" "Mozilla/5.0 (compatible; Yahoo! Slurp; http://help.yahoo.com/help/us/ysearch/slurp)"
67.195.115.170 - - [02/Jun/2010:22:03:34 +0200] "GET /v/prensa/fotos/0000--090806---0000--rally_a_mali---pioneros--marruecos---rodaocasio--angeles_del_desierto--version--p1000016.jpg.html HTTP/1.0" 404 457 "-" "Mozilla/5.0 (compatible; Yahoo! Slurp/3.0; http://help.yahoo.com/help/us/ysearch/slurp)"
67.195.115.170 - - [02/Jun/2010:22:03:36 +0200] "GET /themes/matrix/theme.css HTTP/1.0" 304 - "http://fotos.rallyamali.com/v/prensa/fotos/0000--090806---0000--rally_a_mali---pioneros--marruecos---rodaocasio--angeles_del_desierto--version--p1000016.jpg.html" "Mozilla/5.0 (compatible; Yahoo! Slurp/3.0; http://help.yahoo.com/help/us/ysearch/slurp)"
207.46.13.50 - - [02/Jun/2010:22:47:39 +0200] "GET /v/clipping/tv/0000--090801---1448---000213--rally_a_mali---pioneros--cuatro---noticias_cuatro_1--version--Vi023420090801144804145017000001.wmv.html HTTP/1.1" 404 457 "-" "msnbot/2.0b (+http://search.msn.com/msnbot.htm)"
119.63.198.18 - - [02/Jun/2010:22:54:23 +0200] "GET /robots.txt HTTP/1.1" 404 261 "-" "Baiduspider+(+http://www.baidu.com/search/spider.htm)"
119.63.193.56 - - [02/Jun/2010:22:57:48 +0200] "GET /robots.txt HTTP/1.1" 404 261 "-" "Baiduspider+(+http://www.baidu.jp/spider/)"
66.249.71.226 - - [02/Jun/2010:22:58:20 +0200] "GET /v/clipping/tv/0000--090801---1448---000213--rally_a_mali---pioneros--cuatro---noticias_cuatro_1--version--Vi023420090801144804145017000001.wmv.html HTTP/1.1" 404 457 "-" "Mozilla/5.0 (compatible; Googlebot/2.1; +http://www.google.com/bot.html)"
77.88.27.27 - - [02/Jun/2010:23:05:31 +0200] "GET /robots.txt HTTP/1.1" 404 320 "-" "Yandex/1.01.001 (compatible; Win16; I)"
66.249.71.226 - - [03/Jun/2010:00:15:05 +0200] "GET /main.php?g2_view=ecard.SendEcard&g2_itemId=2315&g2_return=%2Fv%2Fpioneros%2Fseleccion%2Feventos%2Fsalida%2F0000--090801---1340--rally_a_mali---pioneros--salida--last_lap--version--salida3.jpg.html HTTP/1.1" 302 20 "-" "Mozilla/5.0 (compatible; Googlebot/2.1; +http://www.google.com/bot.html)"
66.249.71.226 - - [03/Jun/2010:00:15:06 +0200] "GET /main.php?g2_view=core.UserAdmin&g2_subView=core.UserLogin&g2_return=%2Fmain.php%3Fg2_view%3Decard.SendEcard%26g2_itemId%3D2315 HTTP/1.1" 200 1415 "-" "Mozilla/5.0 (compatible; Googlebot/2.1; +http://www.google.com/bot.html)"
207.46.204.242 - - [03/Jun/2010:00:15:54 +0200] "GET /robots.txt HTTP/1.1" 404 320 "-" "msnbot/2.0b (+http://search.msn.com/msnbot.htm)"
207.46.199.183 - - [03/Jun/2010:00:25:28 +0200] "GET /robots.txt HTTP/1.1" 404 320 "-" "msnbot/2.0b (+http://search.msn.com/msnbot.htm)"
207.46.204.242 - - [03/Jun/2010:00:30:05 +0200] "GET /v/clipping/tv/0000--090801---2127---000135--rally_a_mali---pioneros--telemadrid---telenoticias_fin_de_semana--version--Vi00142009080121270.wmv.html HTTP/1.1" 404 457 "-" "msnbot/2.0b (+http://search.msn.com/msnbot.htm)"
220.181.7.127 - - [03/Jun/2010:01:38:28 +0200] "GET / HTTP/1.1" 200 15 "-" "Baiduspider+(+http://www.baidu.com/search/spider.htm)"
123.125.66.58 - - [03/Jun/2010:01:38:48 +0200] "GET / HTTP/1.1" 200 15 "-" "Baiduspider+(+http://www.baidu.com/search/spider.htm)"
67.195.115.170 - - [03/Jun/2010:01:47:25 +0200] "GET /v/pioneros/seleccion/eventos/ HTTP/1.0" 404 457 "-" "Mozilla/5.0 (compatible; Yahoo! Slurp/3.0; http://help.yahoo.com/help/us/ysearch/slurp)"
67.195.115.170 - - [03/Jun/2010:01:47:26 +0200] "GET /themes/matrix/theme.css HTTP/1.0" 304 - "http://fotos.rallyamali.com/v/pioneros/seleccion/eventos/" "Mozilla/5.0 (compatible; Yahoo! Slurp/3.0; http://help.yahoo.com/help/us/ysearch/slurp)"
220.181.7.86 - - [03/Jun/2010:02:27:16 +0200] "GET / HTTP/1.1" 200 30 "-" "Baiduspider+(+http://www.baidu.com/search/spider.htm)"
66.249.71.226 - - [03/Jun/2010:02:59:50 +0200] "GET /main.php?g2_controller=exif.SwitchDetailMode&g2_mode=detailed&g2_return=%2Fv%2Fprensa%2Ffotos%2FDSC_4200.JPG.html HTTP/1.1" 302 20 "-" "Mozilla/5.0 (compatible; Googlebot/2.1; +http://www.google.com/bot.html)"
66.249.71.226 - - [03/Jun/2010:02:59:50 +0200] "GET /v/prensa/fotos/DSC_4200.JPG.html HTTP/1.1" 404 457 "-" "Mozilla/5.0 (compatible; Googlebot/2.1; +http://www.google.com/bot.html)"
67.195.115.170 - - [03/Jun/2010:03:15:11 +0200] "GET /v/pioneros/seleccion/eventos/charla_deviaje/0000--090226---2118--rally_a_mali---pioneros--de_viaje-26-feb-09--victor_vazquez---rutas_y_retos--version--p1130811.jpg.html HTTP/1.0" 404 457 "-" "Mozilla/5.0 (compatible; Yahoo! Slurp/3.0; http://help.yahoo.com/help/us/ysearch/slurp)"
67.195.115.170 - - [03/Jun/2010:03:39:33 +0200] "GET /v/pioneros/seleccion/aventura_en_ruta/marruecos/0000--090804---0038--rally_a_mali---pioneros--marruecos--spanishbullfighters---alberto_gomez-borrero--version--marruecos-83.jpg.html HTTP/1.0" 404 457 "-" "Mozilla/5.0 (compatible; Yahoo! Slurp/3.0; http://help.yahoo.com/help/us/ysearch/slurp)"
66.249.71.226 - - [03/Jun/2010:03:55:20 +0200] "GET /main.php?g2_controller=exif.SwitchDetailMode&g2_mode=detailed&g2_return=%2Fv%2Fprensa%2Ffotos%2F0000--090803---1126--rally_a_mali---pioneros--marruecos--spanishbullfighters--version--csc_3905.jpg.html HTTP/1.1" 302 20 "-" "Mozilla/5.0 (compatible; Googlebot/2.1; +http://www.google.com/bot.html)"
66.249.71.226 - - [03/Jun/2010:03:55:21 +0200] "GET /v/prensa/fotos/0000--090803---1126--rally_a_mali---pioneros--marruecos--spanishbullfighters--version--csc_3905.jpg.html HTTP/1.1" 404 457 "-" "Mozilla/5.0 (compatible; Googlebot/2.1; +http://www.google.com/bot.html)"
66.249.71.226 - - [03/Jun/2010:04:50:14 +0200] "GET /robots.txt HTTP/1.1" 404 261 "-" "Mozilla/5.0 (compatible; Googlebot/2.1; +http://www.google.com/bot.html)"
66.249.71.226 - - [03/Jun/2010:04:50:14 +0200] "GET /main.php?g2_view=ecard.SendEcard&g2_itemId=2324&g2_return=%2Fv%2Fpioneros%2Fseleccion%2Feventos%2Fsalida%2F0000--090801---1350--rally_a_mali---pioneros--salida--last_lap--version--salida5.jpg.html HTTP/1.1" 302 20 "-" "Mozilla/5.0 (compatible; Googlebot/2.1; +http://www.google.com/bot.html)"
66.249.71.226 - - [03/Jun/2010:04:50:14 +0200] "GET /main.php?g2_view=core.UserAdmin&g2_subView=core.UserLogin&g2_return=%2Fmain.php%3Fg2_view%3Decard.SendEcard%26g2_itemId%3D2324 HTTP/1.1" 200 1416 "-" "Mozilla/5.0 (compatible; Googlebot/2.1; +http://www.google.com/bot.html)"
67.195.115.170 - - [03/Jun/2010:05:35:39 +0200] "GET /main.php?g2_view=slideshow.SlideshowMediaRss&g2_itemId=28 HTTP/1.0" 404 481 "-" "Mozilla/5.0 (compatible; Yahoo! Slurp/3.0; http://help.yahoo.com/help/us/ysearch/slurp)"
67.195.115.170 - - [03/Jun/2010:05:35:40 +0200] "GET /themes/matrix/theme.css HTTP/1.0" 304 - "http://fotos.rallyamali.com/main.php?g2_view=slideshow.SlideshowMediaRss&g2_itemId=28" "Mozilla/5.0 (compatible; Yahoo! Slurp/3.0; http://help.yahoo.com/help/us/ysearch/slurp)"
123.125.66.97 - - [03/Jun/2010:05:37:38 +0200] "GET / HTTP/1.1" 200 15 "-" "Baiduspider+(+http://www.baidu.com/search/spider.htm)"
220.181.7.126 - - [03/Jun/2010:05:38:33 +0200] "GET / HTTP/1.1" 200 15 "-" "Baiduspider+(+http://www.baidu.com/search/spider.htm)"
66.249.71.226 - - [03/Jun/2010:05:46:51 +0200] "GET /main.php?g2_controller=exif.SwitchDetailMode&g2_mode=detailed&g2_return=%2Fv%2Fprensa%2Ffotos%2F0000--090807---1925--rally_a_mali---pioneros--mauritania--spanishbullfighters--version--csc_1012.jpg.html HTTP/1.1" 302 20 "-" "Mozilla/5.0 (compatible; Googlebot/2.1; +http://www.google.com/bot.html)"
66.249.71.226 - - [03/Jun/2010:05:46:52 +0200] "GET /v/prensa/fotos/0000--090807---1925--rally_a_mali---pioneros--mauritania--spanishbullfighters--version--csc_1012.jpg.html HTTP/1.1" 404 457 "-" "Mozilla/5.0 (compatible; Googlebot/2.1; +http://www.google.com/bot.html)"
207.46.199.179 - - [03/Jun/2010:05:59:35 +0200] "GET /robots.txt HTTP/1.1" 404 320 "-" "msnbot/2.0b (+http://search.msn.com/msnbot.htm)"
207.46.199.45 - - [03/Jun/2010:06:23:29 +0200] "GET /robots.txt HTTP/1.1" 404 320 "-" "msnbot/2.0b (+http://search.msn.com/msnbot.htm)"
207.46.199.45 - - [03/Jun/2010:06:26:12 +0200] "GET /function.mysqli-real-connect HTTP/1.1" 404 274 "-" "msnbot/2.0b (+http://search.msn.com/msnbot.htm)"
123.125.66.61 - - [03/Jun/2010:07:43:00 +0200] "GET / HTTP/1.1" 200 15 "-" "Baiduspider+(+http://www.baidu.com/search/spider.htm)"
220.181.7.76 - - [03/Jun/2010:07:44:16 +0200] "GET / HTTP/1.1" 200 15 "-" "Baiduspider+(+http://www.baidu.com/search/spider.htm)"
66.249.71.226 - - [03/Jun/2010:07:58:07 +0200] "GET /v/prensa/fotos/0000--090815---1738--rally_a_mali---pioneros--mali--spanishsiesta--version--img_0991.jpg.html HTTP/1.1" 404 457 "-" "Mozilla/5.0 (compatible; Googlebot/2.1; +http://www.google.com/bot.html)"
220.181.7.128 - - [03/Jun/2010:08:36:32 +0200] "GET / HTTP/1.1" 200 15 "-" "Baiduspider+(+http://www.baidu.com/search/spider.htm)"
67.195.115.170 - - [03/Jun/2010:08:36:43 +0200] "GET /robots.txt HTTP/1.0" 404 261 "-" "Mozilla/5.0 (compatible; Yahoo! Slurp; http://help.yahoo.com/help/us/ysearch/slurp)"
67.195.115.170 - - [03/Jun/2010:08:36:43 +0200] "GET /v/pioneros/seleccion/solidaridad_en_ruta/mali-bamako-religiosas_de_maria_inmaculada/0000--090811---1638--rally_a_mali---pioneros--mali-solidaridad-religiosas_maria_inmaculada--spanishbullfighters---alberto_go.jpg.html HTTP/1.0" 404 457 "-" "Mozilla/5.0 (compatible; Yahoo! Slurp/3.0; http://help.yahoo.com/help/us/ysearch/slurp)"
67.195.115.170 - - [03/Jun/2010:08:36:44 +0200] "GET /themes/matrix/theme.css HTTP/1.0" 304 - "http://fotos.rallyamali.com/v/pioneros/seleccion/solidaridad_en_ruta/mali-bamako-religiosas_de_maria_inmaculada/0000--090811---1638--rally_a_mali---pioneros--mali-solidaridad-religiosas_maria_inmaculada--spanishbullfighters---alberto_go.jpg.html" "Mozilla/5.0 (compatible; Yahoo! Slurp/3.0; http://help.yahoo.com/help/us/ysearch/slurp)"
123.125.66.74 - - [03/Jun/2010:08:37:22 +0200] "GET / HTTP/1.1" 200 15 "-" "Baiduspider+(+http://www.baidu.com/search/spider.htm)"
67.195.115.170 - - [03/Jun/2010:08:55:44 +0200] "GET /main.php?g2_view=slideshow.SlideshowMediaRss&g2_itemId=7 HTTP/1.0" 200 223 "-" "Mozilla/5.0 (compatible; Yahoo! Slurp/3.0; http://help.yahoo.com/help/us/ysearch/slurp)"
65.52.108.58 - - [03/Jun/2010:08:57:50 +0200] "GET /robots.txt HTTP/1.1" 404 320 "-" "msnbot/2.0b (+http://search.msn.com/msnbot.htm)"
65.52.108.58 - - [03/Jun/2010:09:04:13 +0200] "GET /v/pioneros/seleccion/eventos/charla_deviaje/0000--090226---2117--rally_a_mali---pioneros--de_viaje-26-feb-09--victor_vazquez---rutas_y_retos--version--p1130807.jpg.html HTTP/1.1" 404 457 "-" "msnbot/2.0b (+http://search.msn.com/msnbot.htm)"
66.249.71.226 - - [03/Jun/2010:09:26:30 +0200] "GET /main.php?g2_view=ecard.SendEcard&g2_itemId=3729&g2_return=%2Fv%2Fprensa%2Ffotos%2F0000--090808---1650--rally_a_mali---pioneros--mauritania--spanishbullfighters---alberto_gomez-borrero--version---mauritania-.jpg.html HTTP/1.1" 302 20 "-" "Mozilla/5.0 (compatible; Googlebot/2.1; +http://www.google.com/bot.html)"
66.249.71.226 - - [03/Jun/2010:09:26:31 +0200] "GET /main.php?g2_view=core.UserAdmin&g2_subView=core.UserLogin&g2_return=%2Fmain.php%3Fg2_view%3Decard.SendEcard%26g2_itemId%3D3729 HTTP/1.1" 200 1413 "-" "Mozilla/5.0 (compatible; Googlebot/2.1; +http://www.google.com/bot.html)"
66.249.71.226 - - [03/Jun/2010:09:42:21 +0200] "GET /d/3661-13/0000--090805---1831--rally_a_mali---pioneros--marruecos--osona_pandilleros--version--pic00067.jpg HTTP/1.1" 304 - "-" "Googlebot-Image/1.0"
66.249.71.226 - - [03/Jun/2010:09:42:56 +0200] "GET /d/3619-13/0000--090801---1209--rally_a_mali---pioneros--salida--patricia_ozores--version--p1150229.jpg HTTP/1.1" 304 - "-" "Googlebot-Image/1.0"
123.125.66.44 - - [03/Jun/2010:10:38:48 +0200] "GET /robots.txt HTTP/1.1" 404 261 "-" "Baiduspider+(+http://www.baidu.com/search/spider.htm)"
66.249.71.226 - - [03/Jun/2010:10:55:56 +0200] "GET /main.php?g2_view=ecard.SendEcard&g2_itemId=3738&g2_return=%2Fv%2Fprensa%2Ffotos%2F0000--090809---1446--rally_a_mali---pioneros--mali--spanishbullfighters--version--dsc_1192.jpg.html HTTP/1.1" 302 20 "-" "Mozilla/5.0 (compatible; Googlebot/2.1; +http://www.google.com/bot.html)"
66.249.71.226 - - [03/Jun/2010:10:55:57 +0200] "GET /main.php?g2_view=core.UserAdmin&g2_subView=core.UserLogin&g2_return=%2Fmain.php%3Fg2_view%3Decard.SendEcard%26g2_itemId%3D3738 HTTP/1.1" 200 1414 "-" "Mozilla/5.0 (compatible; Googlebot/2.1; +http://www.google.com/bot.html)"
220.181.7.96 - - [03/Jun/2010:11:49:16 +0200] "GET / HTTP/1.1" 200 15 "-" "Baiduspider+(+http://www.baidu.com/search/spider.htm)"
123.125.66.68 - - [03/Jun/2010:11:49:23 +0200] "GET / HTTP/1.1" 200 15 "-" "Baiduspider+(+http://www.baidu.com/search/spider.htm)"
207.46.204.180 - - [03/Jun/2010:12:24:00 +0200] "GET /robots.txt HTTP/1.1" 404 320 "-" "msnbot/2.0b (+http://search.msn.com/msnbot.htm)"
207.46.204.180 - - [03/Jun/2010:12:30:38 +0200] "GET /v/pioneros/seleccion/?g2_highlightId=30 HTTP/1.1" 404 457 "-" "msnbot/2.0b (+http://search.msn.com/msnbot.htm)"
66.249.71.226 - - [03/Jun/2010:13:54:10 +0200] "GET /v/prensa/fotos/0000--090809---1446--rally_a_mali---pioneros--mali--spanishbullfighters--version--dsc_1192.jpg.html HTTP/1.1" 404 457 "-" "Mozilla/5.0 (compatible; Googlebot/2.1; +http://www.google.com/bot.html)"
67.195.115.170 - - [03/Jun/2010:14:03:35 +0200] "GET /v/prensa/fotos/0000--090813---1716--rally_a_mali---pioneros--mali--gregbol--version--img_2133.jpg.html HTTP/1.0" 404 457 "-" "Mozilla/5.0 (compatible; Yahoo! Slurp/3.0; http://help.yahoo.com/help/us/ysearch/slurp)"
67.195.115.170 - - [03/Jun/2010:14:03:36 +0200] "GET /themes/matrix/theme.css HTTP/1.0" 304 - "http://fotos.rallyamali.com/v/prensa/fotos/0000--090813---1716--rally_a_mali---pioneros--mali--gregbol--version--img_2133.jpg.html" "Mozilla/5.0 (compatible; Yahoo! Slurp/3.0; http://help.yahoo.com/help/us/ysearch/slurp)"
207.46.199.199 - - [03/Jun/2010:14:40:45 +0200] "GET /robots.txt HTTP/1.1" 404 320 "-" "msnbot/2.0b (+http://search.msn.com/msnbot.htm)"
66.249.71.226 - - [03/Jun/2010:15:23:31 +0200] "GET /v/prensa/fotos/0000--090808---1650--rally_a_mali---pioneros--mauritania--spanishbullfighters---alberto_gomez-borrero--version---mauritania-.jpg.html HTTP/1.1" 404 457 "-" "Mozilla/5.0 (compatible; Googlebot/2.1; +http://www.google.com/bot.html)"
123.125.66.94 - - [03/Jun/2010:15:40:18 +0200] "GET / HTTP/1.1" 200 15 "-" "Baiduspider+(+http://www.baidu.com/search/spider.htm)"
220.181.7.59 - - [03/Jun/2010:15:45:41 +0200] "GET / HTTP/1.1" 200 15 "-" "Baiduspider+(+http://www.baidu.com/search/spider.htm)"
66.249.71.226 - - [03/Jun/2010:16:52:29 +0200] "GET /robots.txt HTTP/1.1" 404 261 "-" "Mozilla/5.0 (compatible; Googlebot/2.1; +http://www.google.com/bot.html)"
66.249.71.226 - - [03/Jun/2010:16:52:29 +0200] "GET /main.php?g2_view=ecard.SendEcard&g2_itemId=3894&g2_return=%2Fv%2Fprensa%2Ffotos%2F0000--090816---1744--rally_a_mali---pioneros--mali--alejandro_cabezon---rutas_y_retos--version--p1160724.jpg.html HTTP/1.1" 302 20 "-" "Mozilla/5.0 (compatible; Googlebot/2.1; +http://www.google.com/bot.html)"
66.249.71.226 - - [03/Jun/2010:16:52:29 +0200] "GET /main.php?g2_view=core.UserAdmin&g2_subView=core.UserLogin&g2_return=%2Fmain.php%3Fg2_view%3Decard.SendEcard%26g2_itemId%3D3894 HTTP/1.1" 200 1414 "-" "Mozilla/5.0 (compatible; Googlebot/2.1; +http://www.google.com/bot.html)"
67.195.115.170 - - [03/Jun/2010:17:08:42 +0200] "GET /main.php?g2_view=slideshow.SlideshowMediaRss&g2_itemId=7 HTTP/1.0" 200 223 "-" "Mozilla/5.0 (compatible; Yahoo! Slurp/3.0; http://help.yahoo.com/help/us/ysearch/slurp)"
66.249.71.226 - - [03/Jun/2010:18:22:00 +0200] "GET /v/prensa/fotos/0000--090814---1510--rally_a_mali---pioneros--mali---betis_y_encendios_en_cartel_hombori--betis_rally_team--version--img_407.jpg.html HTTP/1.1" 404 457 "-" "Mozilla/5.0 (compatible; Googlebot/2.1; +http://www.google.com/bot.html)"
207.46.195.228 - - [03/Jun/2010:18:24:54 +0200] "GET /robots.txt HTTP/1.1" 404 320 "-" "msnbot/2.0b (+http://search.msn.com/msnbot.htm)"
207.46.195.228 - - [03/Jun/2010:18:27:07 +0200] "GET /v/pioneros/seleccion/function.mysqli-real-connect HTTP/1.1" 404 457 "-" "msnbot/2.0b (+http://search.msn.com/msnbot.htm)"
208.80.193.30 - - [03/Jun/2010:18:30:53 +0200] "GET / HTTP/1.0" 200 15 "-" "Mozilla/4.0 (compatible; MSIE 6.0; Windows NT 5.1; SV1; FunWebProducts; YPC 3.2.0; .NET CLR 1.0.3705; yplus 5.1.04b)"
207.46.195.240 - - [03/Jun/2010:18:41:08 +0200] "GET /v/pioneros/seleccion/eventos/meeting_day/ HTTP/1.1" 404 457 "-" "msnbot/2.0b (+http://search.msn.com/msnbot.htm)"
220.181.7.57 - - [03/Jun/2010:19:42:26 +0200] "GET / HTTP/1.1" 200 15 "-" "Baiduspider+(+http://www.baidu.com/search/spider.htm)"
123.125.66.134 - - [03/Jun/2010:19:44:57 +0200] "GET / HTTP/1.1" 200 15 "-" "Baiduspider+(+http://www.baidu.com/search/spider.htm)"
66.249.71.226 - - [03/Jun/2010:19:50:54 +0200] "GET /v/pioneros/seleccion/aventura_en_ruta/marruecos/?g2_highlightId=2330 HTTP/1.1" 404 457 "-" "Mozilla/5.0 (compatible; Googlebot/2.1; +http://www.google.com/bot.html)"
123.125.66.67 - - [03/Jun/2010:20:32:57 +0200] "GET / HTTP/1.1" 200 15 "-" "Baiduspider+(+http://www.baidu.com/search/spider.htm)"
220.181.7.123 - - [03/Jun/2010:20:33:51 +0200] "GET / HTTP/1.1" 200 15 "-" "Baiduspider+(+http://www.baidu.com/search/spider.htm)"
66.249.71.226 - - [03/Jun/2010:20:38:05 +0200] "GET /d/3673-11/0000--090806---0817--rally_a_mali---pioneros--marruecos--gregbol--version--img_1537.jpg HTTP/1.1" 304 - "-" "Googlebot-Image/1.0"
77.88.27.27 - - [03/Jun/2010:21:09:01 +0200] "GET /robots.txt HTTP/1.1" 404 320 "-" "Yandex/1.01.001 (compatible; Win16; I)"
66.249.71.226 - - [03/Jun/2010:21:20:23 +0200] "GET /main.php?g2_view=core.UserAdmin&g2_subView=core.UserLogin&g2_return=%2Fv%2Fprensa%2Ffotos%2F0000--090814---1510--rally_a_mali---pioneros--mali---betis_y_encendios_en_cartel_hombori--betis_rally_team--version--img_407.jpg.html HTTP/1.1" 200 1484 "-" "Mozilla/5.0 (compatible; Googlebot/2.1; +http://www.google.com/bot.html)"
77.88.27.27 - - [03/Jun/2010:22:25:07 +0200] "GET /v/prensa/fotos/0000--090812---1208--rally_a_mali---pioneros--mali--spanishbullfighters---alberto_gomez-borrero--version--mali-106.jpg.html HTTP/1.1" 404 457 "-" "Yandex/1.01.001 (compatible; Win16; I)"
66.249.71.226 - - [03/Jun/2010:22:49:42 +0200] "GET /v/prensa/fotos/0000--090816---1744--rally_a_mali---pioneros--mali--alejandro_cabezon---rutas_y_retos--version--p1160724.jpg.html HTTP/1.1" 404 457 "-" "Mozilla/5.0 (compatible; Googlebot/2.1; +http://www.google.com/bot.html)"
207.46.13.93 - - [03/Jun/2010:22:52:20 +0200] "GET /robots.txt HTTP/1.1" 404 320 "-" "msnbot/2.0b (+http://search.msn.com/msnbot.htm)"
207.46.13.93 - - [03/Jun/2010:22:53:42 +0200] "GET /v/pioneros/seleccion/aventura_en_ruta/mauritania/0000--090807---1308--rally_a_mali---pioneros--mauritania--spanishbullfighters---alberto_gomez-borrero--version---maurita_001.jpg.html HTTP/1.1" 404 457 "-" "msnbot/2.0b (+http://search.msn.com/msnbot.htm)"
119.63.198.27 - - [03/Jun/2010:22:54:45 +0200] "GET /robots.txt HTTP/1.1" 404 261 "-" "Baiduspider+(+http://www.baidu.com/search/spider.htm)"
66.249.71.226 - - [03/Jun/2010:23:08:00 +0200] "GET /v/pioneros/seleccion/solidaridad_en_ruta/ HTTP/1.1" 404 457 "-" "Mozilla/5.0 (compatible; Googlebot/2.1; +http://www.google.com/bot.html)"
77.88.27.27 - - [03/Jun/2010:23:24:56 +0200] "GET /v/prensa/fotos/0000--090807---1222--rally_a_mali---pioneros--mauritania--osona_pandilleros--version--pic00136.jpg.html HTTP/1.1" 404 457 "-" "Yandex/1.01.001 (compatible; Win16; I)"
66.249.71.226 - - [04/Jun/2010:00:00:56 +0200] "GET /v/prensa/fotos/0000--090816---1747--rally_a_mali---pioneros--mali--alejandro_cabezon---rutas_y_retos--version--p1160742.jpg.html HTTP/1.1" 404 457 "-" "Mozilla/5.0 (compatible; Googlebot/2.1; +http://www.google.com/bot.html)"
220.181.7.120 - - [04/Jun/2010:00:03:25 +0200] "GET / HTTP/1.1" 200 30 "-" "Baiduspider+(+http://www.baidu.com/search/spider.htm)"
77.88.27.27 - - [04/Jun/2010:00:09:48 +0200] "GET /v/prensa/fotos/0000--090806---0000--rally_a_mali---pioneros--marruecos---spanishsiesta_y_murcia_mali_ole--angeles_del_desierto--version--p1.jpg.html HTTP/1.1" 404 457 "-" "Yandex/1.01.001 (compatible; Win16; I)"
66.249.71.226 - - [04/Jun/2010:00:18:44 +0200] "GET /v/clipping/tv/?g2_highlightId=4511 HTTP/1.1" 404 457 "-" "Mozilla/5.0 (compatible; Googlebot/2.1; +http://www.google.com/bot.html)"
66.249.71.226 - - [04/Jun/2010:00:53:46 +0200] "GET /main.php?g2_controller=exif.SwitchDetailMode&g2_mode=detailed&g2_return=%2Fv%2Fprensa%2Ffotos%2F0000--090812---1028--rally_a_mali---pioneros--mali--osona_pandilleros--version--cimg2036.jpg.html HTTP/1.1" 302 20 "-" "Mozilla/5.0 (compatible; Googlebot/2.1; +http://www.google.com/bot.html)"
66.249.71.226 - - [04/Jun/2010:00:53:47 +0200] "GET /v/prensa/fotos/0000--090812---1028--rally_a_mali---pioneros--mali--osona_pandilleros--version--cimg2036.jpg.html HTTP/1.1" 404 457 "-" "Mozilla/5.0 (compatible; Googlebot/2.1; +http://www.google.com/bot.html)"
77.88.27.27 - - [04/Jun/2010:01:09:36 +0200] "GET /v/prensa/fotos/rally_a_mali-pioneros-alejandro_cabezon-P1170096.JPG.html HTTP/1.1" 404 457 "-" "Yandex/1.01.001 (compatible; Win16; I)"
67.195.115.170 - - [04/Jun/2010:01:30:01 +0200] "GET /robots.txt HTTP/1.0" 404 261 "-" "Mozilla/5.0 (compatible; Yahoo! Slurp; http://help.yahoo.com/help/us/ysearch/slurp)"
67.195.115.170 - - [04/Jun/2010:01:30:02 +0200] "GET /v/prensa/fotos/rally_a_mali-pioneros-alejandro_cabezon-P1150865.JPG.html HTTP/1.0" 404 457 "-" "Mozilla/5.0 (compatible; Yahoo! Slurp/3.0; http://help.yahoo.com/help/us/ysearch/slurp)"
67.195.115.170 - - [04/Jun/2010:01:30:04 +0200] "GET /themes/matrix/theme.css HTTP/1.0" 304 - "http://fotos.rallyamali.com/v/prensa/fotos/rally_a_mali-pioneros-alejandro_cabezon-P1150865.JPG.html" "Mozilla/5.0 (compatible; Yahoo! Slurp/3.0; http://help.yahoo.com/help/us/ysearch/slurp)"
77.88.27.27 - - [04/Jun/2010:01:39:30 +0200] "GET /v/prensa/fotos/rally_a_mali-pioneros-alejandro_cabezon-P1150865.JPG.html HTTP/1.1" 404 457 "-" "Yandex/1.01.001 (compatible; Win16; I)"
