95.108.246.252 - - [23/Jul/2010:12:04:48 +0200] "GET /main.php?g2_controller=cart.AddToCart&g2_itemId=4833&g2_return=%2Fv%2F0000--090801---2127---000135--rally_a_mali---pioneros--telemadrid---telenoticias_fin_de_semana--version--Vi00142009080121270.wmv.html HTTP/1.1" 302 20 "-" "Mozilla/5.0 (compatible; YandexBot/3.0; +http://yandex.com/bots)"
95.108.246.252 - - [23/Jul/2010:12:04:50 +0200] "GET /main.php?g2_view=cart.ViewCart&g2_itemId=4833 HTTP/1.1" 200 1689 "-" "Mozilla/5.0 (compatible; YandexBot/3.0; +http://yandex.com/bots)"
66.249.71.139 - - [23/Jul/2010:12:20:38 +0200] "GET /robots.txt HTTP/1.1" 404 261 "-" "Mozilla/5.0 (compatible; Googlebot/2.1; +http://www.google.com/bot.html)"
66.249.71.139 - - [23/Jul/2010:12:20:38 +0200] "GET /v/pioneros/seleccion/eventos/salida/0000--090801---1343--rally_a_mali---pioneros--salida--last_lap--version--salida4.jpg.html HTTP/1.1" 404 464 "-" "Mozilla/5.0 (compatible; Googlebot/2.1; +http://www.google.com/bot.html)"
207.46.199.42 - - [23/Jul/2010:15:40:13 +0200] "GET /robots.txt HTTP/1.1" 404 320 "-" "msnbot/2.0b (+http://search.msn.com/msnbot.htm)"
207.46.199.42 - - [23/Jul/2010:15:43:12 +0200] "GET /v/pioneros/seleccion/aventura_en_ruta/mali/ HTTP/1.1" 404 464 "-" "msnbot/2.0b (+http://search.msn.com/msnbot.htm)"
208.80.193.29 - - [23/Jul/2010:15:48:27 +0200] "GET / HTTP/1.0" 200 15 "-" "Mozilla/4.0 (compatible; MSIE 6.0; Windows NT 5.1; SV1; Avant Browser; .NET CLR 1.1.4322; .NET CLR 2.0.50727; SiteKiosk 6.5 Build 150)"
123.125.66.67 - - [23/Jul/2010:15:51:05 +0200] "GET / HTTP/1.1" 200 15 "-" "Baiduspider+(+http://www.baidu.com/search/spider.htm)"
220.181.7.122 - - [23/Jul/2010:15:51:50 +0200] "GET / HTTP/1.1" 200 15 "-" "Baiduspider+(+http://www.baidu.com/search/spider.htm)"
123.125.66.51 - - [23/Jul/2010:16:45:40 +0200] "GET /robots.txt HTTP/1.1" 404 261 "-" "Baiduspider+(+http://www.baidu.com/search/spider.htm)"
207.46.199.199 - - [23/Jul/2010:16:55:06 +0200] "GET /robots.txt HTTP/1.1" 404 320 "-" "msnbot/2.0b (+http://search.msn.com/msnbot.htm)"
67.195.111.52 - - [23/Jul/2010:17:06:57 +0200] "GET /v/pioneros/seleccion/preparativos/ HTTP/1.0" 404 464 "-" "Mozilla/5.0 (compatible; Yahoo! Slurp/3.0; http://help.yahoo.com/help/us/ysearch/slurp)"
67.195.111.52 - - [23/Jul/2010:17:06:58 +0200] "GET /themes/matrix/theme.css HTTP/1.0" 304 - "http://fotos.rallyamali.com/v/pioneros/seleccion/preparativos/" "Mozilla/5.0 (compatible; Yahoo! Slurp/3.0; http://help.yahoo.com/help/us/ysearch/slurp)"
66.249.65.46 - - [23/Jul/2010:17:12:02 +0200] "GET /robots.txt HTTP/1.1" 404 261 "-" "Mozilla/5.0 (compatible; Googlebot/2.1; +http://www.google.com/bot.html)"
66.249.65.46 - - [23/Jul/2010:17:12:02 +0200] "GET /main.php?g2_view=search.SearchScan&g2_form%5BuseDefaultSettings%5D=1&g2_return=%2Fmain.php%3Fg2_view%3Dcart.ViewCart%26g2_itemId%3D7 HTTP/1.1" 200 2151 "-" "Mozilla/5.0 (compatible; Googlebot/2.1; +http://www.google.com/bot.html)"
207.46.199.184 - - [23/Jul/2010:17:41:16 +0200] "GET /robots.txt HTTP/1.1" 404 320 "-" "msnbot/2.0b (+http://search.msn.com/msnbot.htm)"
95.108.246.252 - - [23/Jul/2010:20:02:34 +0200] "GET /robots.txt HTTP/1.1" 404 320 "-" "Mozilla/5.0 (compatible; YandexBot/3.0; +http://yandex.com/bots)"
95.108.246.252 - - [23/Jul/2010:20:29:02 +0200] "GET / HTTP/1.1" 200 30 "-" "Mozilla/5.0 (compatible; YandexBot/3.0; +http://yandex.com/bots)"
95.108.246.252 - - [23/Jul/2010:20:51:30 +0200] "GET /main.php?g2_view=webdav.DownloadDavMount&g2_itemId=7 HTTP/1.1" 200 117 "-" "Mozilla/5.0 (compatible; YandexBot/3.0; +http://yandex.com/bots)"
95.108.246.252 - - [23/Jul/2010:21:36:23 +0200] "GET /main.php?g2_view=search.SearchScan&g2_form%5BuseDefaultSettings%5D=1&g2_return=%2Fv%2F0000--090801---2110---000033--rally_a_mali---pioneros--la_sexta---la_sexta_noticias_tarde--version--Vi0240200908012110562111.wmv.html HTTP/1.1" 200 2185 "-" "Mozilla/5.0 (compatible; YandexBot/3.0; +http://yandex.com/bots)"
67.195.111.52 - - [23/Jul/2010:21:40:02 +0200] "GET /robots.txt HTTP/1.0" 404 261 "-" "Mozilla/5.0 (compatible; Yahoo! Slurp; http://help.yahoo.com/help/us/ysearch/slurp)"
67.195.111.52 - - [23/Jul/2010:21:40:03 +0200] "GET /main.php?g2_view=slideshow.SlideshowMediaRss&g2_itemId=3741 HTTP/1.0" 404 488 "-" "Mozilla/5.0 (compatible; Yahoo! Slurp/3.0; http://help.yahoo.com/help/us/ysearch/slurp)"
67.195.111.52 - - [23/Jul/2010:21:40:05 +0200] "GET /themes/matrix/theme.css HTTP/1.0" 304 - "http://fotos.rallyamali.com/main.php?g2_view=slideshow.SlideshowMediaRss&g2_itemId=3741" "Mozilla/5.0 (compatible; Yahoo! Slurp/3.0; http://help.yahoo.com/help/us/ysearch/slurp)"
220.181.7.91 - - [23/Jul/2010:21:41:39 +0200] "GET / HTTP/1.1" 200 15 "-" "Baiduspider+(+http://www.baidu.com/search/spider.htm)"
123.125.66.91 - - [23/Jul/2010:21:41:43 +0200] "GET / HTTP/1.1" 200 15 "-" "Baiduspider+(+http://www.baidu.com/search/spider.htm)"
95.108.246.252 - - [23/Jul/2010:22:21:53 +0200] "GET /main.php?g2_view=core.UserAdmin&g2_subView=core.UserLogin&g2_return=%2Fv%2Fprensa%2Ffotos%2F0000--090806---1631--rally_a_mali---pioneros--marruecos--spanishbullfighters---alberto_gomez-borrero--version--marruecos-212.jpg.html HTTP/1.1" 200 1534 "-" "Mozilla/5.0 (compatible; YandexBot/3.0; +http://yandex.com/bots)"
67.195.111.52 - - [23/Jul/2010:22:23:32 +0200] "GET /v/pioneros/seleccion/ HTTP/1.0" 404 464 "-" "Mozilla/5.0 (compatible; Yahoo! Slurp/3.0; http://help.yahoo.com/help/us/ysearch/slurp)"
95.108.246.252 - - [23/Jul/2010:23:09:17 +0200] "GET /main.php?g2_view=core.UserAdmin&g2_subView=core.UserLogin&g2_return=%2Fv%2Fclipping%2Ftv%2F0000--090801---2110---000033--rally_a_mali---pioneros--la_sexta---la_sexta_noticias_tarde--version--Vi0240200908012110562111.wmv.html HTTP/1.1" 200 1536 "-" "Mozilla/5.0 (compatible; YandexBot/3.0; +http://yandex.com/bots)"
207.46.199.201 - - [23/Jul/2010:23:20:33 +0200] "GET /robots.txt HTTP/1.1" 404 320 "-" "msnbot/2.0b (+http://search.msn.com/msnbot.htm)"
67.195.111.52 - - [23/Jul/2010:23:47:33 +0200] "GET /v/pioneros/seleccion/eventos/charla_deviaje/0000--090226---2057--rally_a_mali---pioneros--de_viaje-26-feb-09--victor_vazquez---rutas_y_retos--version--p1130802.jpg.html HTTP/1.0" 404 464 "-" "Mozilla/5.0 (compatible; Yahoo! Slurp/3.0; http://help.yahoo.com/help/us/ysearch/slurp)"
67.195.111.52 - - [23/Jul/2010:23:47:34 +0200] "GET /themes/matrix/theme.css HTTP/1.0" 304 - "http://fotos.rallyamali.com/v/pioneros/seleccion/eventos/charla_deviaje/0000--090226---2057--rally_a_mali---pioneros--de_viaje-26-feb-09--victor_vazquez---rutas_y_retos--version--p1130802.jpg.html" "Mozilla/5.0 (compatible; Yahoo! Slurp/3.0; http://help.yahoo.com/help/us/ysearch/slurp)"
95.108.246.252 - - [24/Jul/2010:00:22:37 +0200] "GET /main.php?g2_view=core.UserAdmin&g2_subView=core.UserLogin&g2_return=%2Fv%2Fclipping%2Ftv%2F0000--090801---2127---000135--rally_a_mali---pioneros--telemadrid---telenoticias_fin_de_semana--version--Vi00142009080121270.wmv.html HTTP/1.1" 200 1539 "-" "Mozilla/5.0 (compatible; YandexBot/3.0; +http://yandex.com/bots)"
208.115.111.249 - - [24/Jul/2010:01:16:31 +0200] "GET /robots.txt HTTP/1.1" 404 261 "-" "Mozilla/5.0 (compatible; DotBot/1.1; http://www.dotnetdotcom.org/, crawler@dotnetdotcom.org)"
95.108.246.252 - - [24/Jul/2010:02:03:33 +0200] "GET /main.php?g2_view=search.SearchScan&g2_form%5BuseDefaultSettings%5D=1&g2_return=%2Fv%2F0000--090801---2127---000135--rally_a_mali---pioneros--telemadrid---telenoticias_fin_de_semana--version--Vi00142009080121270.wmv.html HTTP/1.1" 200 2144 "-" "Mozilla/5.0 (compatible; YandexBot/3.0; +http://yandex.com/bots)"
67.195.111.52 - - [24/Jul/2010:03:24:30 +0200] "GET /v/prensa/fotos/?g2_page=2 HTTP/1.0" 404 464 "-" "Mozilla/5.0 (compatible; Yahoo! Slurp/3.0; http://help.yahoo.com/help/us/ysearch/slurp)"
67.195.111.52 - - [24/Jul/2010:03:24:30 +0200] "GET /themes/matrix/theme.css HTTP/1.0" 304 - "http://fotos.rallyamali.com/v/prensa/fotos/?g2_page=2" "Mozilla/5.0 (compatible; Yahoo! Slurp/3.0; http://help.yahoo.com/help/us/ysearch/slurp)"
220.181.7.88 - - [24/Jul/2010:03:44:19 +0200] "GET / HTTP/1.1" 200 15 "-" "Baiduspider+(+http://www.baidu.com/search/spider.htm)"
123.125.66.66 - - [24/Jul/2010:03:46:27 +0200] "GET / HTTP/1.1" 200 15 "-" "Baiduspider+(+http://www.baidu.com/search/spider.htm)"
95.108.246.252 - - [24/Jul/2010:03:48:48 +0200] "GET /main.php?g2_view=ecard.SendEcard&g2_itemId=4511&g2_return=%2Fv%2Fclipping%2Ftv%2F0000--090801---2110---000033--rally_a_mali---pioneros--la_sexta---la_sexta_noticias_tarde--version--Vi0240200908012110562111.wmv.html HTTP/1.1" 302 20 "-" "Mozilla/5.0 (compatible; YandexBot/3.0; +http://yandex.com/bots)"
95.108.246.252 - - [24/Jul/2010:03:48:50 +0200] "GET /main.php?g2_view=core.UserAdmin&g2_subView=core.UserLogin&g2_return=%2Fmain.php%3Fg2_view%3Decard.SendEcard%26g2_itemId%3D4511 HTTP/1.1" 408 263 "-" "Mozilla/5.0 (compatible; YandexBot/3.0; +http://yandex.com/bots)"
95.108.246.252 - - [24/Jul/2010:03:48:51 +0200] "GET /main.php?g2_view=core.UserAdmin&g2_subView=core.UserLogin&g2_return=%2Fmain.php%3Fg2_view%3Decard.SendEcard%26g2_itemId%3D4511 HTTP/1.1" 200 1466 "-" "Mozilla/5.0 (compatible; YandexBot/3.0; +http://yandex.com/bots)"
95.108.246.252 - - [24/Jul/2010:04:19:20 +0200] "GET /main.php?g2_view=core.UserAdmin&g2_subView=register.UserSelfRegistration&g2_return=%2Fv%2F0000--090801---2127---000135--rally_a_mali---pioneros--telemadrid---telenoticias_fin_de_semana--version--Vi00142009080121270.wmv.html HTTP/1.1" 200 1576 "-" "Mozilla/5.0 (compatible; YandexBot/3.0; +http://yandex.com/bots)"
208.115.111.249 - - [24/Jul/2010:04:44:54 +0200] "GET /robots.txt HTTP/1.1" 404 261 "-" "Mozilla/5.0 (compatible; DotBot/1.1; http://www.dotnetdotcom.org/, crawler@dotnetdotcom.org)"
208.115.111.249 - - [24/Jul/2010:05:16:20 +0200] "GET /v/0000--090801---1448---000213--rally_a_mali---pioneros--cuatro---noticias_cuatro_1--version--Vi023420090801144804145017000001.wmv.html HTTP/1.1" 200 2320 "-" "Mozilla/5.0 (compatible; DotBot/1.1; http://www.dotnetdotcom.org/, crawler@dotnetdotcom.org)"
208.115.111.249 - - [24/Jul/2010:05:16:25 +0200] "GET /v/0000--090801---2110---000033--rally_a_mali---pioneros--la_sexta---la_sexta_noticias_tarde--version--Vi0240200908012110562111.wmv.html HTTP/1.1" 200 2350 "-" "Mozilla/5.0 (compatible; DotBot/1.1; http://www.dotnetdotcom.org/, crawler@dotnetdotcom.org)"
95.108.246.252 - - [24/Jul/2010:05:23:19 +0200] "GET /main.php?g2_view=ecard.SendEcard&g2_itemId=3678&g2_return=%2Fv%2Fprensa%2Ffotos%2F0000--090806---1631--rally_a_mali---pioneros--marruecos--spanishbullfighters---alberto_gomez-borrero--version--marruecos-212.jpg.html HTTP/1.1" 302 20 "-" "Mozilla/5.0 (compatible; YandexBot/3.0; +http://yandex.com/bots)"
95.108.246.252 - - [24/Jul/2010:05:23:22 +0200] "GET /main.php?g2_view=core.UserAdmin&g2_subView=core.UserLogin&g2_return=%2Fmain.php%3Fg2_view%3Decard.SendEcard%26g2_itemId%3D3678 HTTP/1.1" 200 1466 "-" "Mozilla/5.0 (compatible; YandexBot/3.0; +http://yandex.com/bots)"
207.46.199.180 - - [24/Jul/2010:05:46:33 +0200] "GET /robots.txt HTTP/1.1" 404 320 "-" "msnbot/2.0b (+http://search.msn.com/msnbot.htm)"
119.63.198.26 - - [24/Jul/2010:05:58:00 +0200] "GET /robots.txt HTTP/1.1" 404 261 "-" "Baiduspider+(+http://www.baidu.com/search/spider.htm)"
95.108.246.252 - - [24/Jul/2010:05:58:11 +0200] "GET /main.php?g2_view=core.UserAdmin&g2_subView=register.UserSelfRegistration&g2_return=%2Fv%2F0000--090801---1448---000213--rally_a_mali---pioneros--cuatro---noticias_cuatro_1--version--Vi023420090801144804145017000001.wmv.html HTTP/1.1" 200 1574 "-" "Mozilla/5.0 (compatible; YandexBot/3.0; +http://yandex.com/bots)"
95.108.246.252 - - [24/Jul/2010:06:32:59 +0200] "GET /main.php?g2_view=core.UserAdmin&g2_subView=core.UserLogin&g2_return=%2Fv%2F0000--090801---2110---000033--rally_a_mali---pioneros--la_sexta---la_sexta_noticias_tarde--version--Vi0240200908012110562111.wmv.html HTTP/1.1" 200 1527 "-" "Mozilla/5.0 (compatible; YandexBot/3.0; +http://yandex.com/bots)"
66.249.65.3 - - [24/Jul/2010:06:40:39 +0200] "GET /robots.txt HTTP/1.1" 404 261 "-" "Mozilla/5.0 (compatible; Googlebot/2.1; +http://www.google.com/bot.html)"
66.249.65.3 - - [24/Jul/2010:06:40:39 +0200] "GET /v/pioneros/seleccion/eventos/salida/?g2_page=2 HTTP/1.1" 404 464 "-" "Mozilla/5.0 (compatible; Googlebot/2.1; +http://www.google.com/bot.html)"
220.181.7.57 - - [24/Jul/2010:07:11:25 +0200] "GET / HTTP/1.1" 200 30 "-" "Baiduspider+(+http://www.baidu.com/search/spider.htm)"
95.108.246.252 - - [24/Jul/2010:08:17:27 +0200] "GET /main.php?g2_view=ecard.SendEcard&g2_itemId=4514&g2_return=%2Fv%2Fclipping%2Ftv%2F0000--090801---2127---000135--rally_a_mali---pioneros--telemadrid---telenoticias_fin_de_semana--version--Vi00142009080121270.wmv.html HTTP/1.1" 302 20 "-" "Mozilla/5.0 (compatible; YandexBot/3.0; +http://yandex.com/bots)"
95.108.246.252 - - [24/Jul/2010:08:17:29 +0200] "GET /main.php?g2_view=core.UserAdmin&g2_subView=core.UserLogin&g2_return=%2Fmain.php%3Fg2_view%3Decard.SendEcard%26g2_itemId%3D4514 HTTP/1.1" 200 1466 "-" "Mozilla/5.0 (compatible; YandexBot/3.0; +http://yandex.com/bots)"
66.249.65.19 - - [24/Jul/2010:08:21:47 +0200] "GET /main.php?g2_controller=cart.AddToCart&g2_itemId=4826&g2_return=%2Fmain.php HTTP/1.1" 302 20 "-" "Mozilla/5.0 (compatible; Googlebot/2.1; +http://www.google.com/bot.html)"
66.249.65.19 - - [24/Jul/2010:08:21:48 +0200] "GET /main.php?g2_view=cart.ViewCart&g2_itemId=4826 HTTP/1.1" 200 1689 "-" "Mozilla/5.0 (compatible; Googlebot/2.1; +http://www.google.com/bot.html)"
207.46.13.84 - - [24/Jul/2010:08:43:57 +0200] "GET /robots.txt HTTP/1.1" 404 320 "-" "msnbot/2.0b (+http://search.msn.com/msnbot.htm)"
207.46.13.84 - - [24/Jul/2010:08:46:47 +0200] "GET /v/pioneros/seleccion/aventura_en_ruta/mali/?g2_page=2 HTTP/1.1" 404 464 "-" "msnbot/2.0b (+http://search.msn.com/msnbot.htm)"
208.115.111.249 - - [24/Jul/2010:08:57:09 +0200] "GET /main.php?g2_controller=cart.AddToCart&g2_itemId=4826&g2_return=%2Fmain.php%3F HTTP/1.1" 302 20 "-" "Mozilla/5.0 (compatible; DotBot/1.1; http://www.dotnetdotcom.org/, crawler@dotnetdotcom.org)"
208.115.111.249 - - [24/Jul/2010:08:57:13 +0200] "GET /main.php?g2_controller=cart.AddToCart&g2_itemId=4830&g2_return=%2Fmain.php%3F HTTP/1.1" 302 20 "-" "Mozilla/5.0 (compatible; DotBot/1.1; http://www.dotnetdotcom.org/, crawler@dotnetdotcom.org)"
208.115.111.249 - - [24/Jul/2010:08:57:19 +0200] "GET /main.php?g2_controller=cart.AddToCart&g2_itemId=4833&g2_return=%2Fmain.php%3F HTTP/1.1" 302 20 "-" "Mozilla/5.0 (compatible; DotBot/1.1; http://www.dotnetdotcom.org/, crawler@dotnetdotcom.org)"
208.115.111.249 - - [24/Jul/2010:08:57:21 +0200] "GET /main.php?g2_controller=cart.AddToCart&g2_itemId=7&g2_return=%2Fmain.php%3F HTTP/1.1" 302 20 "-" "Mozilla/5.0 (compatible; DotBot/1.1; http://www.dotnetdotcom.org/, crawler@dotnetdotcom.org)"
208.115.111.249 - - [24/Jul/2010:08:57:28 +0200] "GET /main.php?g2_view=core.UserAdmin&g2_subView=core.UserLogin&g2_return=%2Fmain.php%3F HTTP/1.1" 200 1449 "-" "Mozilla/5.0 (compatible; DotBot/1.1; http://www.dotnetdotcom.org/, crawler@dotnetdotcom.org)"
208.115.111.249 - - [24/Jul/2010:08:57:33 +0200] "GET /main.php?g2_view=core.UserAdmin&g2_subView=register.UserSelfRegistration&g2_return=%2Fmain.php%3F HTTP/1.1" 200 1562 "-" "Mozilla/5.0 (compatible; DotBot/1.1; http://www.dotnetdotcom.org/, crawler@dotnetdotcom.org)"
208.115.111.249 - - [24/Jul/2010:08:57:38 +0200] "GET /main.php?g2_view=rss.SimpleRender&g2_itemId=7 HTTP/1.1" 200 712 "-" "Mozilla/5.0 (compatible; DotBot/1.1; http://www.dotnetdotcom.org/, crawler@dotnetdotcom.org)"
208.115.111.249 - - [24/Jul/2010:08:57:43 +0200] "GET /main.php?g2_view=search.SearchScan&g2_form%5BuseDefaultSettings%5D=1&g2_return=%2Fmain.php%3F HTTP/1.1" 200 2142 "-" "Mozilla/5.0 (compatible; DotBot/1.1; http://www.dotnetdotcom.org/, crawler@dotnetdotcom.org)"
208.115.111.249 - - [24/Jul/2010:08:57:48 +0200] "GET /main.php?g2_view=webdav.WebDavMount&g2_itemId=7 HTTP/1.1" 200 1797 "-" "Mozilla/5.0 (compatible; DotBot/1.1; http://www.dotnetdotcom.org/, crawler@dotnetdotcom.org)"
95.108.246.252 - - [24/Jul/2010:08:57:52 +0200] "GET /main.php?g2_view=search.SearchScan&g2_form%5BuseDefaultSettings%5D=1&g2_return=%2Fv%2F0000--090801---1448---000213--rally_a_mali---pioneros--cuatro---noticias_cuatro_1--version--Vi023420090801144804145017000001.wmv.html HTTP/1.1" 200 2192 "-" "Mozilla/5.0 (compatible; YandexBot/3.0; +http://yandex.com/bots)"
208.115.111.249 - - [24/Jul/2010:08:57:53 +0200] "GET /v/0000--090801---2127---000135--rally_a_mali---pioneros--telemadrid---telenoticias_fin_de_semana--version--Vi00142009080121270.wmv.html HTTP/1.1" 200 2308 "-" "Mozilla/5.0 (compatible; DotBot/1.1; http://www.dotnetdotcom.org/, crawler@dotnetdotcom.org)"
67.195.111.52 - - [24/Jul/2010:09:42:40 +0200] "GET /robots.txt HTTP/1.0" 404 261 "-" "Mozilla/5.0 (compatible; Yahoo! Slurp; http://help.yahoo.com/help/us/ysearch/slurp)"
67.195.111.52 - - [24/Jul/2010:09:42:41 +0200] "GET /main.php?g2_view=core.UserAdmin&g2_subView=core.UserLogin&g2_return=%2Fmain.php HTTP/1.0" 200 1445 "-" "Mozilla/5.0 (compatible; Yahoo! Slurp/3.0; http://help.yahoo.com/help/us/ysearch/slurp)"
67.195.111.52 - - [24/Jul/2010:09:42:43 +0200] "GET /modules/core/data/gallery.css HTTP/1.0" 304 - "http://fotos.rallyamali.com/main.php?g2_view=core.UserAdmin&g2_subView=core.UserLogin&g2_return=%2Fmain.php" "Mozilla/5.0 (compatible; Yahoo! Slurp/3.0; http://help.yahoo.com/help/us/ysearch/slurp)"
67.195.111.52 - - [24/Jul/2010:09:42:46 +0200] "GET /modules/icons/iconpacks/silk/icons.css HTTP/1.0" 304 - "http://fotos.rallyamali.com/main.php?g2_view=core.UserAdmin&g2_subView=core.UserLogin&g2_return=%2Fmain.php" "Mozilla/5.0 (compatible; Yahoo! Slurp/3.0; http://help.yahoo.com/help/us/ysearch/slurp)"
67.195.111.52 - - [24/Jul/2010:09:42:48 +0200] "GET /themes/matrix/theme.css HTTP/1.0" 304 - "http://fotos.rallyamali.com/main.php?g2_view=core.UserAdmin&g2_subView=core.UserLogin&g2_return=%2Fmain.php" "Mozilla/5.0 (compatible; Yahoo! Slurp/3.0; http://help.yahoo.com/help/us/ysearch/slurp)"
67.195.111.52 - - [24/Jul/2010:10:58:36 +0200] "GET /v/prensa/fotos/DSC_0003.JPG.html HTTP/1.0" 404 464 "-" "Mozilla/5.0 (compatible; Yahoo! Slurp/3.0; http://help.yahoo.com/help/us/ysearch/slurp)"
95.108.246.252 - - [24/Jul/2010:10:59:01 +0200] "GET /main.php?g2_view=ecard.SendEcard&g2_itemId=4505&g2_return=%2Fv%2Fclipping%2Ftv%2F0000--090801---1448---000213--rally_a_mali---pioneros--cuatro---noticias_cuatro_1--version--Vi023420090801144804145017000001.wmv.html HTTP/1.1" 302 20 "-" "Mozilla/5.0 (compatible; YandexBot/3.0; +http://yandex.com/bots)"
95.108.246.252 - - [24/Jul/2010:10:59:04 +0200] "GET /main.php?g2_view=core.UserAdmin&g2_subView=core.UserLogin&g2_return=%2Fmain.php%3Fg2_view%3Decard.SendEcard%26g2_itemId%3D4505 HTTP/1.1" 200 1466 "-" "Mozilla/5.0 (compatible; YandexBot/3.0; +http://yandex.com/bots)"
207.46.199.200 - - [24/Jul/2010:11:00:10 +0200] "GET /robots.txt HTTP/1.1" 404 320 "-" "msnbot/2.0b (+http://search.msn.com/msnbot.htm)"
207.46.199.179 - - [24/Jul/2010:11:42:33 +0200] "GET /robots.txt HTTP/1.1" 404 320 "-" "msnbot/2.0b (+http://search.msn.com/msnbot.htm)"
95.108.246.252 - - [24/Jul/2010:11:43:44 +0200] "GET /main.php?g2_view=core.UserAdmin&g2_subView=register.UserSelfRegistration&g2_return=%2Fv%2F0000--090801---2110---000033--rally_a_mali---pioneros--la_sexta---la_sexta_noticias_tarde--version--Vi0240200908012110562111.wmv.html HTTP/1.1" 200 1572 "-" "Mozilla/5.0 (compatible; YandexBot/3.0; +http://yandex.com/bots)"
207.46.199.184 - - [24/Jul/2010:13:35:51 +0200] "GET /robots.txt HTTP/1.1" 404 320 "-" "msnbot/2.0b (+http://search.msn.com/msnbot.htm)"
95.108.246.252 - - [24/Jul/2010:13:57:37 +0200] "GET /main.php?g2_view=core.UserAdmin&g2_subView=core.UserLogin&g2_return=%2Fv%2F0000--090801---2127---000135--rally_a_mali---pioneros--telemadrid---telenoticias_fin_de_semana--version--Vi00142009080121270.wmv.html HTTP/1.1" 200 1530 "-" "Mozilla/5.0 (compatible; YandexBot/3.0; +http://yandex.com/bots)"
67.195.111.52 - - [24/Jul/2010:14:29:51 +0200] "GET /v/prensa/fotos/0000--090801---1254--rally_a_mali---pioneros--salida--osona_pandilleros--version--pic00025.jpg.html HTTP/1.0" 404 464 "-" "Mozilla/5.0 (compatible; Yahoo! Slurp/3.0; http://help.yahoo.com/help/us/ysearch/slurp)"
67.195.111.52 - - [24/Jul/2010:14:29:54 +0200] "GET /themes/matrix/theme.css HTTP/1.0" 200 12501 "http://fotos.rallyamali.com/v/prensa/fotos/0000--090801---1254--rally_a_mali---pioneros--salida--osona_pandilleros--version--pic00025.jpg.html" "Mozilla/5.0 (compatible; Yahoo! Slurp/3.0; http://help.yahoo.com/help/us/ysearch/slurp)"
207.46.199.180 - - [24/Jul/2010:14:30:52 +0200] "GET /robots.txt HTTP/1.1" 404 320 "-" "msnbot/2.0b (+http://search.msn.com/msnbot.htm)"
207.46.204.242 - - [24/Jul/2010:15:43:55 +0200] "GET /robots.txt HTTP/1.1" 404 320 "-" "msnbot/2.0b (+http://search.msn.com/msnbot.htm)"
207.46.204.242 - - [24/Jul/2010:15:45:17 +0200] "GET /v/pioneros/seleccion/solidaridad_en_ruta/mali-bandiagara-hermanas_del_santo_angel/ HTTP/1.1" 404 464 "-" "msnbot/2.0b (+http://search.msn.com/msnbot.htm)"
123.125.66.41 - - [24/Jul/2010:16:33:29 +0200] "GET /robots.txt HTTP/1.1" 404 261 "-" "Baiduspider+(+http://www.baidu.com/search/spider.htm)"
208.115.111.249 - - [24/Jul/2010:19:10:29 +0200] "GET /robots.txt HTTP/1.1" 404 261 "-" "Mozilla/5.0 (compatible; DotBot/1.1; http://www.dotnetdotcom.org/, crawler@dotnetdotcom.org)"
66.249.71.139 - - [24/Jul/2010:19:58:12 +0200] "GET /robots.txt HTTP/1.1" 404 261 "-" "Mozilla/5.0 (compatible; Googlebot/2.1; +http://www.google.com/bot.html)"
66.249.71.139 - - [24/Jul/2010:19:58:12 +0200] "GET /main.php?g2_controller=exif.SwitchDetailMode&g2_mode=detailed&g2_return=%2Fv%2Fpioneros%2Fseleccion%2Feventos%2Fsalida%2F0000--090801---1343--rally_a_mali---pioneros--salida--last_lap--version--salida4.jpg.html HTTP/1.1" 302 20 "-" "Mozilla/5.0 (compatible; Googlebot/2.1; +http://www.google.com/bot.html)"
66.249.71.139 - - [24/Jul/2010:19:58:13 +0200] "GET /v/pioneros/seleccion/eventos/salida/0000--090801---1343--rally_a_mali---pioneros--salida--last_lap--version--salida4.jpg.html HTTP/1.1" 404 464 "-" "Mozilla/5.0 (compatible; Googlebot/2.1; +http://www.google.com/bot.html)"
66.249.71.139 - - [24/Jul/2010:20:37:58 +0200] "GET /main.php?g2_view=rss.SimpleRender&g2_itemId=4826 HTTP/1.1" 500 65 "-" "Mozilla/5.0 (compatible; Googlebot/2.1; +http://www.google.com/bot.html)"
220.181.7.63 - - [24/Jul/2010:20:45:09 +0200] "GET / HTTP/1.1" 200 15 "-" "Baiduspider+(+http://www.baidu.com/search/spider.htm)"
123.125.66.123 - - [24/Jul/2010:20:45:30 +0200] "GET / HTTP/1.1" 200 15 "-" "Baiduspider+(+http://www.baidu.com/search/spider.htm)"
66.249.71.139 - - [24/Jul/2010:21:40:11 +0200] "GET /v/pioneros/seleccion/aventura_en_ruta/marruecos/?g2_page=2 HTTP/1.1" 404 464 "-" "Mozilla/5.0 (compatible; Googlebot/2.1; +http://www.google.com/bot.html)"
207.46.199.191 - - [24/Jul/2010:22:19:40 +0200] "GET /robots.txt HTTP/1.1" 404 320 "-" "msnbot/2.0b (+http://search.msn.com/msnbot.htm)"
208.115.111.249 - - [24/Jul/2010:22:44:17 +0200] "GET /robots.txt HTTP/1.1" 404 261 "-" "Mozilla/5.0 (compatible; DotBot/1.1; http://www.dotnetdotcom.org/, crawler@dotnetdotcom.org)"
208.115.111.249 - - [24/Jul/2010:23:11:13 +0200] "GET /main.php?g2_view=core.UserAdmin&g2_subView=register.UserSelfRegistration&g2_return=%2Fmain.php%3Fg2_view%3Dcore.UserAdmin%26g2_subView%3Dcore.UserRecoverPassword%26g2_GALLERYSID%3D369f01a9f5475fade7b9c5135ce58bec HTTP/1.1" 200 1599 "-" "Mozilla/5.0 (compatible; DotBot/1.1; http://www.dotnetdotcom.org/, crawler@dotnetdotcom.org)"
95.108.246.252 - - [24/Jul/2010:23:37:01 +0200] "GET /robots.txt HTTP/1.1" 404 320 "-" "Mozilla/5.0 (compatible; YandexBot/3.0; +http://yandex.com/bots)"
208.80.193.35 - - [25/Jul/2010:01:29:35 +0200] "GET / HTTP/1.0" 200 15 "-" "Mozilla/4.0 (compatible; MSIE 6.0; Windows NT 5.1; {6CFAF65D-06C7-48F1-903A-51DA22F0D48F}; SV1; .NET CLR 1.1.4322)"
208.115.111.249 - - [25/Jul/2010:02:09:29 +0200] "GET /robots.txt HTTP/1.1" 404 261 "-" "Mozilla/5.0 (compatible; DotBot/1.1; http://www.dotnetdotcom.org/, crawler@dotnetdotcom.org)"
208.115.111.249 - - [25/Jul/2010:02:36:11 +0200] "GET /main.php?g2_view=core.UserAdmin&g2_subView=core.UserLogin HTTP/1.1" 200 1447 "-" "Mozilla/5.0 (compatible; DotBot/1.1; http://www.dotnetdotcom.org/, crawler@dotnetdotcom.org)"
208.115.111.249 - - [25/Jul/2010:02:36:16 +0200] "GET /main.php?g2_view=core.UserAdmin&g2_subView=core.UserLogin&g2_return=%2Fmain.php%3Fg2_view%3Dcore.UserAdmin%26g2_subView%3Dcore.UserRecoverPassword%26g2_GALLERYSID%3D369f01a9f5475fade7b9c5135ce58bec HTTP/1.1" 200 1496 "-" "Mozilla/5.0 (compatible; DotBot/1.1; http://www.dotnetdotcom.org/, crawler@dotnetdotcom.org)"
123.125.66.69 - - [25/Jul/2010:02:40:03 +0200] "GET / HTTP/1.1" 200 15 "-" "Baiduspider+(+http://www.baidu.com/search/spider.htm)"
220.181.7.69 - - [25/Jul/2010:02:40:10 +0200] "GET / HTTP/1.1" 200 15 "-" "Baiduspider+(+http://www.baidu.com/search/spider.htm)"
66.249.71.139 - - [25/Jul/2010:03:08:41 +0200] "GET /main.php?g2_view=rss.SimpleRender&g2_itemId=4830 HTTP/1.1" 500 65 "-" "Mozilla/5.0 (compatible; Googlebot/2.1; +http://www.google.com/bot.html)"
66.249.71.139 - - [25/Jul/2010:04:11:04 +0200] "GET /main.php?g2_view=rss.SimpleRender&g2_itemId=4826 HTTP/1.1" 500 65 "-" "Mozilla/5.0 (compatible; Googlebot/2.1; +http://www.google.com/bot.html)"
95.108.246.252 - - [25/Jul/2010:04:23:45 +0200] "GET /main.php?g2_view=rss.SimpleRender&g2_itemId=4830 HTTP/1.1" 500 65 "-" "Mozilla/5.0 (compatible; YandexBot/3.0; +http://yandex.com/bots)"
208.115.111.249 - - [25/Jul/2010:06:07:22 +0200] "GET /main.php?g2_view=core.UserAdmin&g2_subView=core.UserLogin&g2_return=%2Fmain.php%3Fg2_view%3Dcore.UserAdmin%26g2_subView%3Dcore.UserLogin%26 HTTP/1.1" 200 1449 "-" "Mozilla/5.0 (compatible; DotBot/1.1; http://www.dotnetdotcom.org/, crawler@dotnetdotcom.org)"
119.63.198.10 - - [25/Jul/2010:06:08:56 +0200] "GET /robots.txt HTTP/1.1" 404 261 "-" "Baiduspider+(+http://www.baidu.com/search/spider.htm)"
207.46.204.244 - - [25/Jul/2010:07:00:20 +0200] "GET /robots.txt HTTP/1.1" 404 320 "-" "msnbot/2.0b (+http://search.msn.com/msnbot.htm)"
207.46.204.244 - - [25/Jul/2010:07:11:50 +0200] "GET / HTTP/1.1" 304 - "-" "msnbot/2.0b (+http://search.msn.com/msnbot.htm)"
66.249.71.139 - - [25/Jul/2010:09:05:53 +0200] "GET /robots.txt HTTP/1.1" 404 261 "-" "Mozilla/5.0 (compatible; Googlebot/2.1; +http://www.google.com/bot.html)"
66.249.71.139 - - [25/Jul/2010:09:05:53 +0200] "GET /main.php?g2_view=rss.SimpleRender&g2_itemId=4833 HTTP/1.1" 500 65 "-" "Mozilla/5.0 (compatible; Googlebot/2.1; +http://www.google.com/bot.html)"
208.115.111.249 - - [25/Jul/2010:09:06:01 +0200] "GET /robots.txt HTTP/1.1" 404 261 "-" "Mozilla/5.0 (compatible; DotBot/1.1; http://www.dotnetdotcom.org/, crawler@dotnetdotcom.org)"
66.249.71.139 - - [25/Jul/2010:09:29:09 +0200] "GET /main.php?g2_view=imageframe.CSS&g2_frames=shadow%7Cnone HTTP/1.1" 200 889 "-" "Mozilla/5.0 (compatible; Googlebot/2.1; +http://www.google.com/bot.html)"
123.125.66.90 - - [25/Jul/2010:09:32:56 +0200] "GET / HTTP/1.1" 200 15 "-" "Baiduspider+(+http://www.baidu.com/search/spider.htm)"
220.181.7.64 - - [25/Jul/2010:09:33:25 +0200] "GET / HTTP/1.1" 200 15 "-" "Baiduspider+(+http://www.baidu.com/search/spider.htm)"
66.249.71.139 - - [25/Jul/2010:10:07:23 +0200] "GET /main.php?g2_view=rss.SimpleRender&g2_itemId=4830 HTTP/1.1" 500 65 "-" "Mozilla/5.0 (compatible; Googlebot/2.1; +http://www.google.com/bot.html)"
207.46.204.181 - - [25/Jul/2010:11:49:08 +0200] "GET /robots.txt HTTP/1.1" 404 320 "-" "msnbot/2.0b (+http://search.msn.com/msnbot.htm)"
207.46.204.181 - - [25/Jul/2010:11:49:08 +0200] "GET /robots.txt HTTP/1.1" 404 320 "-" "msnbot/2.0b (+http://search.msn.com/msnbot.htm)"
207.46.204.181 - - [25/Jul/2010:11:49:08 +0200] "GET /v/pioneros/seleccion/aventura_en_ruta/mali/?g2_page=4 HTTP/1.1" 404 505 "-" "-"
207.46.199.200 - - [25/Jul/2010:12:10:09 +0200] "GET /robots.txt HTTP/1.1" 404 320 "-" "msnbot/2.0b (+http://search.msn.com/msnbot.htm)"
67.195.111.52 - - [25/Jul/2010:12:12:25 +0200] "GET /robots.txt HTTP/1.0" 404 261 "-" "Mozilla/5.0 (compatible; Yahoo! Slurp; http://help.yahoo.com/help/us/ysearch/slurp)"
67.195.111.52 - - [25/Jul/2010:12:12:25 +0200] "GET /v/prensa/fotos/0000--090807---1222--rally_a_mali---pioneros--mauritania--osona_pandilleros--version--pic00136.jpg.html HTTP/1.0" 404 464 "-" "Mozilla/5.0 (compatible; Yahoo! Slurp/3.0; http://help.yahoo.com/help/us/ysearch/slurp)"
67.195.111.52 - - [25/Jul/2010:12:12:26 +0200] "GET /themes/matrix/theme.css HTTP/1.0" 304 - "http://fotos.rallyamali.com/v/prensa/fotos/0000--090807---1222--rally_a_mali---pioneros--mauritania--osona_pandilleros--version--pic00136.jpg.html" "Mozilla/5.0 (compatible; Yahoo! Slurp/3.0; http://help.yahoo.com/help/us/ysearch/slurp)"
95.108.246.252 - - [25/Jul/2010:12:45:19 +0200] "GET /main.php?g2_view=rss.SimpleRender&g2_itemId=4826 HTTP/1.1" 500 65 "-" "Mozilla/5.0 (compatible; YandexBot/3.0; +http://yandex.com/bots)"
207.46.199.180 - - [25/Jul/2010:12:48:55 +0200] "GET /robots.txt HTTP/1.1" 404 320 "-" "msnbot/2.0b (+http://search.msn.com/msnbot.htm)"
208.115.111.249 - - [25/Jul/2010:13:11:25 +0200] "GET /main.php HTTP/1.1" 200 2293 "-" "Mozilla/5.0 (compatible; DotBot/1.1; http://www.dotnetdotcom.org/, crawler@dotnetdotcom.org)"
208.115.111.249 - - [25/Jul/2010:13:11:30 +0200] "GET /main.php?g2_view=core.UserAdmin&g2_subView=core.UserRecoverPassword&g2_return=%2Fmain.php%3Fg2_view%3Dcore.UserAdmin%26g2_subView%3Dcore.UserLogin%26 HTTP/1.1" 200 1845 "-" "Mozilla/5.0 (compatible; DotBot/1.1; http://www.dotnetdotcom.org/, crawler@dotnetdotcom.org)"
208.115.111.249 - - [25/Jul/2010:13:11:35 +0200] "GET /main.php?g2_view=core.UserAdmin&g2_subView=register.UserSelfRegistration HTTP/1.1" 200 1558 "-" "Mozilla/5.0 (compatible; DotBot/1.1; http://www.dotnetdotcom.org/, crawler@dotnetdotcom.org)"
208.115.111.249 - - [25/Jul/2010:13:11:40 +0200] "GET /main.php?g2_view=core.UserAdmin&g2_subView=register.UserSelfRegistration&g2_return=%2Fmain.php%3Fg2_view%3Dcore.UserAdmin%26g2_subView%3Dcore.UserLogin%26 HTTP/1.1" 200 1561 "-" "Mozilla/5.0 (compatible; DotBot/1.1; http://www.dotnetdotcom.org/, crawler@dotnetdotcom.org)"
66.249.71.139 - - [25/Jul/2010:14:52:34 +0200] "GET /v/pioneros/seleccion/aventura_en_ruta/marruecos/?g2_highlightId=960 HTTP/1.1" 404 464 "-" "Mozilla/5.0 (compatible; Googlebot/2.1; +http://www.google.com/bot.html)"
123.125.66.51 - - [25/Jul/2010:16:34:29 +0200] "GET /robots.txt HTTP/1.1" 404 261 "-" "Baiduspider+(+http://www.baidu.com/search/spider.htm)"
66.249.71.139 - - [25/Jul/2010:16:37:56 +0200] "GET /main.php?g2_view=rss.SimpleRender&g2_itemId=4830 HTTP/1.1" 500 65 "-" "Mozilla/5.0 (compatible; Googlebot/2.1; +http://www.google.com/bot.html)"
66.249.71.139 - - [25/Jul/2010:17:07:40 +0200] "GET /main.php?g2_view=rss.SimpleRender&g2_itemId=4833 HTTP/1.1" 500 65 "-" "Mozilla/5.0 (compatible; Googlebot/2.1; +http://www.google.com/bot.html)"
207.46.13.86 - - [25/Jul/2010:17:37:02 +0200] "GET /robots.txt HTTP/1.1" 404 320 "-" "msnbot/2.0b (+http://search.msn.com/msnbot.htm)"
66.249.71.139 - - [25/Jul/2010:17:37:35 +0200] "GET /main.php?g2_view=rss.SimpleRender&g2_itemId=4826 HTTP/1.1" 500 65 "-" "Mozilla/5.0 (compatible; Googlebot/2.1; +http://www.google.com/bot.html)"
207.46.13.86 - - [25/Jul/2010:17:43:25 +0200] "GET /v/prensa/fotos/ HTTP/1.1" 404 464 "-" "msnbot/2.0b (+http://search.msn.com/msnbot.htm)"
66.249.71.139 - - [25/Jul/2010:18:49:53 +0200] "GET /main.php?g2_controller=cart.AddToCart&g2_itemId=4826&g2_return=%2Fv%2F0000--090801---1448---000213--rally_a_mali---pioneros--cuatro---noticias_cuatro_1--version--Vi023420090801144804145017000001.wmv.html HTTP/1.1" 302 20 "-" "Mozilla/5.0 (compatible; Googlebot/2.1; +http://www.google.com/bot.html)"
66.249.71.139 - - [25/Jul/2010:18:49:56 +0200] "GET /main.php?g2_view=cart.ViewCart&g2_itemId=4826 HTTP/1.1" 200 1690 "-" "Mozilla/5.0 (compatible; Googlebot/2.1; +http://www.google.com/bot.html)"
95.108.246.252 - - [25/Jul/2010:21:06:35 +0200] "GET /main.php?g2_view=cart.ViewCart&g2_itemId=4826 HTTP/1.1" 200 1690 "-" "Mozilla/5.0 (compatible; YandexBot/3.0; +http://yandex.com/bots)"
220.181.7.118 - - [25/Jul/2010:21:35:32 +0200] "GET / HTTP/1.1" 200 15 "-" "Baiduspider+(+http://www.baidu.com/search/spider.htm)"
123.125.66.122 - - [25/Jul/2010:21:37:40 +0200] "GET / HTTP/1.1" 200 15 "-" "Baiduspider+(+http://www.baidu.com/search/spider.htm)"
123.125.66.77 - - [25/Jul/2010:22:35:59 +0200] "GET / HTTP/1.1" 200 15 "-" "Baiduspider+(+http://www.baidu.com/search/spider.htm)"
220.181.7.123 - - [25/Jul/2010:22:36:19 +0200] "GET / HTTP/1.1" 200 15 "-" "Baiduspider+(+http://www.baidu.com/search/spider.htm)"
66.249.71.139 - - [25/Jul/2010:22:36:48 +0200] "GET /robots.txt HTTP/1.1" 404 261 "-" "Mozilla/5.0 (compatible; Googlebot/2.1; +http://www.google.com/bot.html)"
66.249.71.139 - - [25/Jul/2010:22:36:48 +0200] "GET /main.php?g2_view=rss.SimpleRender&g2_itemId=4830 HTTP/1.1" 500 65 "-" "Mozilla/5.0 (compatible; Googlebot/2.1; +http://www.google.com/bot.html)"
207.46.195.231 - - [25/Jul/2010:23:19:50 +0200] "GET /robots.txt HTTP/1.1" 404 320 "-" "msnbot/2.0b (+http://search.msn.com/msnbot.htm)"
95.108.246.252 - - [25/Jul/2010:23:24:11 +0200] "GET /main.php?g2_controller=cart.AddToCart&g2_itemId=4826&g2_return=%2Fv%2F0000--090801---1448---000213--rally_a_mali---pioneros--cuatro---noticias_cuatro_1--version--Vi023420090801144804145017000001.wmv.html HTTP/1.1" 302 20 "-" "Mozilla/5.0 (compatible; YandexBot/3.0; +http://yandex.com/bots)"
207.46.195.231 - - [25/Jul/2010:23:28:56 +0200] "GET /v/clipping/tv/0000--090801---2110---000033--rally_a_mali---pioneros--la_sexta---la_sexta_noticias_tarde--version--Vi0240200908012110562111.wmv.html HTTP/1.1" 404 464 "-" "msnbot/2.0b (+http://search.msn.com/msnbot.htm)"
66.249.71.139 - - [25/Jul/2010:23:42:04 +0200] "GET /themes/x_treme/images/x_treme.gif HTTP/1.1" 304 - "-" "Googlebot-Image/1.0"
66.249.71.139 - - [25/Jul/2010:23:57:50 +0200] "GET /d/1742-2/mali-bamako-salesianos.jpg HTTP/1.1" 304 - "-" "Googlebot-Image/1.0"
66.249.71.139 - - [26/Jul/2010:00:13:35 +0200] "GET /d/3937-11/0000--090818---1327--rally_a_mali---pioneros--mali--alejandro_cabezon---rutas_y_retos--version--p1170161.jpg HTTP/1.1" 304 - "-" "Googlebot-Image/1.0"
67.195.111.52 - - [26/Jul/2010:00:26:57 +0200] "GET /robots.txt HTTP/1.0" 404 261 "-" "Mozilla/5.0 (compatible; Yahoo! Slurp; http://help.yahoo.com/help/us/ysearch/slurp)"
67.195.111.52 - - [26/Jul/2010:00:26:58 +0200] "GET / HTTP/1.0" 200 30 "-" "Mozilla/5.0 (compatible; Yahoo! Slurp/3.0; http://help.yahoo.com/help/us/ysearch/slurp)"
66.249.71.139 - - [26/Jul/2010:02:19:19 +0200] "GET /d/4097-7/DSC_4200.JPG HTTP/1.1" 304 - "-" "Googlebot-Image/1.0"
220.181.7.56 - - [26/Jul/2010:03:22:48 +0200] "GET / HTTP/1.1" 200 30 "-" "Baiduspider+(+http://www.baidu.com/search/spider.htm)"
220.181.7.57 - - [26/Jul/2010:03:41:05 +0200] "GET / HTTP/1.1" 200 15 "-" "Baiduspider+(+http://www.baidu.com/search/spider.htm)"
123.125.66.70 - - [26/Jul/2010:03:43:53 +0200] "GET / HTTP/1.1" 200 15 "-" "Baiduspider+(+http://www.baidu.com/search/spider.htm)"
95.108.246.252 - - [26/Jul/2010:03:54:23 +0200] "GET /robots.txt HTTP/1.1" 404 320 "-" "Mozilla/5.0 (compatible; YandexBot/3.0; +http://yandex.com/bots)"
67.195.111.52 - - [26/Jul/2010:04:34:10 +0200] "GET /v/prensa/fotos/ HTTP/1.0" 404 464 "-" "Mozilla/5.0 (compatible; Yahoo! Slurp/3.0; http://help.yahoo.com/help/us/ysearch/slurp)"
67.195.111.52 - - [26/Jul/2010:04:34:13 +0200] "GET /themes/matrix/theme.css HTTP/1.0" 200 12501 "http://fotos.rallyamali.com/v/prensa/fotos/" "Mozilla/5.0 (compatible; Yahoo! Slurp/3.0; http://help.yahoo.com/help/us/ysearch/slurp)"
66.249.71.139 - - [26/Jul/2010:04:38:35 +0200] "GET /main.php?g2_view=rss.SimpleRender&g2_itemId=4830 HTTP/1.1" 500 65 "-" "Mozilla/5.0 (compatible; Googlebot/2.1; +http://www.google.com/bot.html)"
66.249.71.139 - - [26/Jul/2010:05:07:19 +0200] "GET /main.php?g2_view=rss.SimpleRender&g2_itemId=4833 HTTP/1.1" 500 65 "-" "Mozilla/5.0 (compatible; Googlebot/2.1; +http://www.google.com/bot.html)"
119.63.198.17 - - [26/Jul/2010:06:02:34 +0200] "GET /robots.txt HTTP/1.1" 404 261 "-" "Baiduspider+(+http://www.baidu.com/search/spider.htm)"
95.108.246.252 - - [26/Jul/2010:06:26:49 +0200] "GET /main.php?g2_view=cart.ViewCart&g2_itemId=4830 HTTP/1.1" 200 1693 "-" "Mozilla/5.0 (compatible; YandexBot/3.0; +http://yandex.com/bots)"
66.249.71.139 - - [26/Jul/2010:08:25:53 +0200] "GET /v/pioneros/seleccion/eventos/salida/?g2_page=2 HTTP/1.1" 404 464 "-" "Mozilla/5.0 (compatible; Googlebot/2.1; +http://www.google.com/bot.html)"
95.108.246.252 - - [26/Jul/2010:09:16:09 +0200] "GET /main.php?g2_controller=cart.AddToCart&g2_itemId=4830&g2_return=%2Fv%2F0000--090801---2110---000033--rally_a_mali---pioneros--la_sexta---la_sexta_noticias_tarde--version--Vi0240200908012110562111.wmv.html HTTP/1.1" 302 20 "-" "Mozilla/5.0 (compatible; YandexBot/3.0; +http://yandex.com/bots)"
207.46.195.240 - - [26/Jul/2010:10:28:30 +0200] "GET /robots.txt HTTP/1.1" 404 320 "-" "msnbot/2.0b (+http://search.msn.com/msnbot.htm)"
207.46.195.240 - - [26/Jul/2010:10:36:00 +0200] "GET /v/pioneros/seleccion/aventura_en_ruta/mali/?g2_page=6 HTTP/1.1" 404 464 "-" "msnbot/2.0b (+http://search.msn.com/msnbot.htm)"
95.108.246.252 - - [26/Jul/2010:11:41:15 +0200] "GET /main.php?g2_view=core.UserAdmin&g2_subView=core.UserLogin&g2_return=%2Fv%2Fclipping%2Ftv%2F0000--090801---1448---000213--rally_a_mali---pioneros--cuatro---noticias_cuatro_1--version--Vi023420090801144804145017000001.wmv.html HTTP/1.1" 200 1539 "-" "Mozilla/5.0 (compatible; YandexBot/3.0; +http://yandex.com/bots)"
208.80.193.121 - - [26/Jul/2010:12:02:13 +0200] "GET / HTTP/1.0" 200 15 "-" "Mozilla/4.0 (compatible; MSIE 7.0; Windows NT 6.0; NetCaptor 7.5.4; SLCC1; .NET CLR 2.0.50727; Media Center PC 5.0; .NET CLR 3.0.04506; InfoPath.2; .NET CLR 1.1.4322)"
95.108.246.252 - - [26/Jul/2010:13:42:06 +0200] "GET /main.php?g2_view=core.UserAdmin&g2_subView=core.UserLogin&g2_return=%2Fv%2F0000--090801---1448---000213--rally_a_mali---pioneros--cuatro---noticias_cuatro_1--version--Vi023420090801144804145017000001.wmv.html HTTP/1.1" 200 1531 "-" "Mozilla/5.0 (compatible; YandexBot/3.0; +http://yandex.com/bots)"
220.181.7.91 - - [26/Jul/2010:15:45:22 +0200] "GET / HTTP/1.1" 200 15 "-" "Baiduspider+(+http://www.baidu.com/search/spider.htm)"
123.125.66.84 - - [26/Jul/2010:15:46:02 +0200] "GET / HTTP/1.1" 200 15 "-" "Baiduspider+(+http://www.baidu.com/search/spider.htm)"
67.195.111.52 - - [26/Jul/2010:16:01:50 +0200] "GET /robots.txt HTTP/1.0" 404 261 "-" "Mozilla/5.0 (compatible; Yahoo! Slurp; http://help.yahoo.com/help/us/ysearch/slurp)"
67.195.111.52 - - [26/Jul/2010:16:01:51 +0200] "GET /main.php?g2_view=slideshow.SlideshowMediaRss&g2_itemId=2210 HTTP/1.0" 404 488 "-" "Mozilla/5.0 (compatible; Yahoo! Slurp/3.0; http://help.yahoo.com/help/us/ysearch/slurp)"
67.195.111.52 - - [26/Jul/2010:16:01:52 +0200] "GET /themes/matrix/theme.css HTTP/1.0" 304 - "http://fotos.rallyamali.com/main.php?g2_view=slideshow.SlideshowMediaRss&g2_itemId=2210" "Mozilla/5.0 (compatible; Yahoo! Slurp/3.0; http://help.yahoo.com/help/us/ysearch/slurp)"
123.125.66.45 - - [26/Jul/2010:16:43:23 +0200] "GET /robots.txt HTTP/1.1" 404 261 "-" "Baiduspider+(+http://www.baidu.com/search/spider.htm)"
66.249.71.139 - - [26/Jul/2010:17:26:05 +0200] "GET /robots.txt HTTP/1.1" 404 261 "-" "Mozilla/5.0 (compatible; Googlebot/2.1; +http://www.google.com/bot.html)"
66.249.71.139 - - [26/Jul/2010:17:26:05 +0200] "GET /v/pioneros/seleccion/eventos/salida/?g2_page=3 HTTP/1.1" 404 464 "-" "Mozilla/5.0 (compatible; Googlebot/2.1; +http://www.google.com/bot.html)"
119.63.198.96 - - [26/Jul/2010:20:27:38 +0200] "GET / HTTP/1.1" 200 30 "-" "Baiduspider+(+http://www.baidu.jp/spider/)"
66.249.71.139 - - [26/Jul/2010:21:50:51 +0200] "GET /main.php?g2_view=rss.SimpleRender&g2_itemId=4826 HTTP/1.1" 500 65 "-" "Mozilla/5.0 (compatible; Googlebot/2.1; +http://www.google.com/bot.html)"
66.249.71.139 - - [27/Jul/2010:00:03:50 +0200] "GET /d/1747-2/0000--090810---2116--rally_a_mali---pioneros--mali-solidaridad-salesianos_de_bamako--spanishbullfighters---alberto_gomez_001.jpg HTTP/1.1" 304 - "-" "Googlebot-Image/1.0"
66.249.71.139 - - [27/Jul/2010:00:20:56 +0200] "GET /d/3886-11/0000--090816---1604--rally_a_mali---pioneros--mali--alejandro_cabezon---rutas_y_retos--version--p1160666.jpg HTTP/1.1" 304 - "-" "Googlebot-Image/1.0"
66.249.71.139 - - [27/Jul/2010:00:37:43 +0200] "GET /d/360-2/0000--090801---1153--rally_a_mali---pioneros--salida--raul_garcia--version--p1110059.jpg HTTP/1.1" 304 - "-" "Googlebot-Image/1.0"
66.249.71.139 - - [27/Jul/2010:03:10:19 +0200] "GET /d/2429-4/MAURITANIA-NOUADHIBOU-FUNDACIONCEAR.jpg HTTP/1.1" 304 - "-" "Googlebot-Image/1.0"
220.181.7.85 - - [27/Jul/2010:03:45:31 +0200] "GET / HTTP/1.1" 200 15 "-" "Baiduspider+(+http://www.baidu.com/search/spider.htm)"
66.249.71.139 - - [27/Jul/2010:03:45:43 +0200] "GET /robots.txt HTTP/1.1" 404 261 "-" "Mozilla/5.0 (compatible; Googlebot/2.1; +http://www.google.com/bot.html)"
66.249.71.139 - - [27/Jul/2010:03:45:43 +0200] "GET /main.php?g2_view=rss.SimpleRender&g2_itemId=4830 HTTP/1.1" 500 65 "-" "Mozilla/5.0 (compatible; Googlebot/2.1; +http://www.google.com/bot.html)"
123.125.66.97 - - [27/Jul/2010:03:47:07 +0200] "GET / HTTP/1.1" 200 15 "-" "Baiduspider+(+http://www.baidu.com/search/spider.htm)"
207.46.13.42 - - [27/Jul/2010:04:02:11 +0200] "GET /robots.txt HTTP/1.1" 404 320 "-" "msnbot/2.0b (+http://search.msn.com/msnbot.htm)"
207.46.13.42 - - [27/Jul/2010:04:06:36 +0200] "GET /main.php HTTP/1.1" 200 2288 "-" "msnbot/2.0b (+http://search.msn.com/msnbot.htm)"
119.63.198.33 - - [27/Jul/2010:06:05:56 +0200] "GET /robots.txt HTTP/1.1" 404 261 "-" "Baiduspider+(+http://www.baidu.com/search/spider.htm)"
66.249.71.139 - - [27/Jul/2010:06:44:21 +0200] "GET /main.php?g2_view=rss.SimpleRender&g2_itemId=4826 HTTP/1.1" 500 65 "-" "Mozilla/5.0 (compatible; Googlebot/2.1; +http://www.google.com/bot.html)"
220.181.7.77 - - [27/Jul/2010:08:32:13 +0200] "GET / HTTP/1.1" 200 30 "-" "Baiduspider+(+http://www.baidu.com/search/spider.htm)"
66.249.71.139 - - [27/Jul/2010:10:23:57 +0200] "GET /main.php?g2_view=rss.SimpleRender&g2_itemId=4833 HTTP/1.1" 500 65 "-" "Mozilla/5.0 (compatible; Googlebot/2.1; +http://www.google.com/bot.html)"
207.46.199.198 - - [27/Jul/2010:10:26:14 +0200] "GET /robots.txt HTTP/1.1" 404 320 "-" "msnbot/2.0b (+http://search.msn.com/msnbot.htm)"
67.195.111.52 - - [27/Jul/2010:11:15:49 +0200] "GET /robots.txt HTTP/1.0" 404 261 "-" "Mozilla/5.0 (compatible; Yahoo! Slurp; http://help.yahoo.com/help/us/ysearch/slurp)"
67.195.111.52 - - [27/Jul/2010:11:15:50 +0200] "GET /v/prensa/fotos/0000--090806---1647--rally_a_mali---pioneros--mauritania--spanishbullfighters--version--dsc_0545.jpg.html HTTP/1.0" 404 464 "-" "Mozilla/5.0 (compatible; Yahoo! Slurp/3.0; http://help.yahoo.com/help/us/ysearch/slurp)"
67.195.111.52 - - [27/Jul/2010:11:15:53 +0200] "GET /themes/matrix/theme.css HTTP/1.0" 304 - "http://fotos.rallyamali.com/v/prensa/fotos/0000--090806---1647--rally_a_mali---pioneros--mauritania--spanishbullfighters--version--dsc_0545.jpg.html" "Mozilla/5.0 (compatible; Yahoo! Slurp/3.0; http://help.yahoo.com/help/us/ysearch/slurp)"
66.249.71.139 - - [27/Jul/2010:13:10:54 +0200] "GET /main.php?g2_view=rss.SimpleRender&g2_itemId=4830 HTTP/1.1" 500 65 "-" "Mozilla/5.0 (compatible; Googlebot/2.1; +http://www.google.com/bot.html)"
66.249.71.139 - - [27/Jul/2010:14:08:33 +0200] "GET /main.php?g2_view=rss.SimpleRender&g2_itemId=4826 HTTP/1.1" 500 65 "-" "Mozilla/5.0 (compatible; Googlebot/2.1; +http://www.google.com/bot.html)"
67.195.111.52 - - [27/Jul/2010:15:27:22 +0200] "GET /v/prensa/fotos/0000--090801---1204--rally_a_mali---pioneros--salida_madrid--osona_pandilleros--version--pic00019.jpg.html HTTP/1.0" 404 464 "-" "Mozilla/5.0 (compatible; Yahoo! Slurp/3.0; http://help.yahoo.com/help/us/ysearch/slurp)"
67.195.111.52 - - [27/Jul/2010:15:27:25 +0200] "GET /themes/matrix/theme.css HTTP/1.0" 304 - "http://fotos.rallyamali.com/v/prensa/fotos/0000--090801---1204--rally_a_mali---pioneros--salida_madrid--osona_pandilleros--version--pic00019.jpg.html" "Mozilla/5.0 (compatible; Yahoo! Slurp/3.0; http://help.yahoo.com/help/us/ysearch/slurp)"
123.125.66.17 - - [27/Jul/2010:17:23:29 +0200] "GET /robots.txt HTTP/1.1" 404 261 "-" "Baiduspider+(+http://www.baidu.com/search/spider.htm)"
207.46.199.39 - - [27/Jul/2010:18:49:55 +0200] "GET /robots.txt HTTP/1.1" 404 320 "-" "msnbot/2.0b (+http://search.msn.com/msnbot.htm)"
207.46.199.39 - - [27/Jul/2010:18:51:14 +0200] "GET /main.php?g2_view=core.UserAdmin&g2_subView=core.UserLogin&g2_return=%2Fv%2Fpioneros%2F HTTP/1.1" 200 1451 "-" "msnbot/2.0b (+http://search.msn.com/msnbot.htm)"
66.249.71.139 - - [27/Jul/2010:19:40:07 +0200] "GET /robots.txt HTTP/1.1" 404 261 "-" "Mozilla/5.0 (compatible; Googlebot/2.1; +http://www.google.com/bot.html)"
66.249.71.139 - - [27/Jul/2010:19:40:07 +0200] "GET /main.php?g2_view=rss.SimpleRender&g2_itemId=4830 HTTP/1.1" 500 65 "-" "Mozilla/5.0 (compatible; Googlebot/2.1; +http://www.google.com/bot.html)"
66.249.71.139 - - [27/Jul/2010:19:50:09 +0200] "GET /v/pioneros/seleccion/aventura_en_ruta/marruecos/?g2_highlightId=957 HTTP/1.1" 404 464 "-" "Mozilla/5.0 (compatible; Googlebot/2.1; +http://www.google.com/bot.html)"
66.249.71.139 - - [27/Jul/2010:19:50:42 +0200] "GET /v/pioneros/seleccion/eventos/salida/?g2_highlightId=425 HTTP/1.1" 404 464 "-" "Mozilla/5.0 (compatible; Googlebot/2.1; +http://www.google.com/bot.html)"
66.249.71.139 - - [27/Jul/2010:20:10:28 +0200] "GET /main.php?g2_view=rss.SimpleRender&g2_itemId=4833 HTTP/1.1" 500 65 "-" "Mozilla/5.0 (compatible; Googlebot/2.1; +http://www.google.com/bot.html)"
66.249.71.139 - - [27/Jul/2010:20:44:37 +0200] "GET /v/pioneros/seleccion/aventura_en_ruta/marruecos/?g2_highlightId=975 HTTP/1.1" 404 464 "-" "Mozilla/5.0 (compatible; Googlebot/2.1; +http://www.google.com/bot.html)"
208.80.193.29 - - [27/Jul/2010:20:47:54 +0200] "GET / HTTP/1.0" 200 15 "-" "Mozilla/4.0 (compatible; MSIE 6.0; Windows NT 5.1; SV1; IEMB3; .NET CLR 1.0.3705; .NET CLR 1.1.4322; HbTools 4.8.0; .NET CLR 2.0.50727; .NET CLR 3.0.04506.30; InfoPath.1)"
95.108.246.252 - - [27/Jul/2010:20:58:37 +0200] "GET /robots.txt HTTP/1.1" 404 320 "-" "Mozilla/5.0 (compatible; YandexBot/3.0; +http://yandex.com/bots)"
207.46.199.199 - - [27/Jul/2010:20:58:57 +0200] "GET /robots.txt HTTP/1.1" 404 320 "-" "msnbot/2.0b (+http://search.msn.com/msnbot.htm)"
95.108.246.252 - - [27/Jul/2010:22:37:53 +0200] "GET /v/prensa/fotos/0000--090806---1631--rally_a_mali---pioneros--marruecos--spanishbullfighters---alberto_gomez-borrero--version--marruecos-212.jpg.html HTTP/1.1" 404 464 "-" "Mozilla/5.0 (compatible; YandexBot/3.0; +http://yandex.com/bots)"
67.195.111.52 - - [27/Jul/2010:22:40:15 +0200] "GET /robots.txt HTTP/1.0" 404 261 "-" "Mozilla/5.0 (compatible; Yahoo! Slurp; http://help.yahoo.com/help/us/ysearch/slurp)"
67.195.111.52 - - [27/Jul/2010:22:40:16 +0200] "GET /main.php?g2_view=slideshow.SlideshowMediaRss&g2_itemId=96 HTTP/1.0" 404 488 "-" "Mozilla/5.0 (compatible; Yahoo! Slurp/3.0; http://help.yahoo.com/help/us/ysearch/slurp)"
67.195.111.52 - - [27/Jul/2010:22:40:18 +0200] "GET /themes/matrix/theme.css HTTP/1.0" 304 - "http://fotos.rallyamali.com/main.php?g2_view=slideshow.SlideshowMediaRss&g2_itemId=96" "Mozilla/5.0 (compatible; Yahoo! Slurp/3.0; http://help.yahoo.com/help/us/ysearch/slurp)"
220.181.7.72 - - [27/Jul/2010:22:41:30 +0200] "GET / HTTP/1.1" 200 15 "-" "Baiduspider+(+http://www.baidu.com/search/spider.htm)"
123.125.66.83 - - [27/Jul/2010:22:41:45 +0200] "GET / HTTP/1.1" 200 15 "-" "Baiduspider+(+http://www.baidu.com/search/spider.htm)"
207.46.204.243 - - [27/Jul/2010:23:10:34 +0200] "GET /robots.txt HTTP/1.1" 404 320 "-" "msnbot/2.0b (+http://search.msn.com/msnbot.htm)"
95.108.246.252 - - [27/Jul/2010:23:13:06 +0200] "GET /main.php?g2_view=rss.SimpleRender&g2_itemId=4833 HTTP/1.1" 500 65 "-" "Mozilla/5.0 (compatible; YandexBot/3.0; +http://yandex.com/bots)"
207.46.204.243 - - [27/Jul/2010:23:14:43 +0200] "GET /v/pioneros/seleccion/aventura_en_ruta/marruecos/ HTTP/1.1" 404 464 "-" "msnbot/2.0b (+http://search.msn.com/msnbot.htm)"
66.249.71.139 - - [28/Jul/2010:00:02:12 +0200] "GET /v/pioneros/seleccion/eventos/salida/ HTTP/1.1" 404 464 "-" "Mozilla/5.0 (compatible; Googlebot/2.1; +http://www.google.com/bot.html)"
95.108.246.252 - - [28/Jul/2010:00:23:32 +0200] "GET /main.php?g2_view=ecard.SendEcard&g2_itemId=4514&g2_return=%2Fv%2Fclipping%2Ftv%2F0000--090801---2127---000135--rally_a_mali---pioneros--telemadrid---telenoticias_fin_de_semana--version--Vi00142009080121270.wmv.html HTTP/1.1" 302 20 "-" "Mozilla/5.0 (compatible; YandexBot/3.0; +http://yandex.com/bots)"
95.108.246.252 - - [28/Jul/2010:00:23:35 +0200] "GET /main.php?g2_view=core.UserAdmin&g2_subView=core.UserLogin&g2_return=%2Fmain.php%3Fg2_view%3Decard.SendEcard%26g2_itemId%3D4514 HTTP/1.1" 200 1466 "-" "Mozilla/5.0 (compatible; YandexBot/3.0; +http://yandex.com/bots)"
95.108.246.252 - - [28/Jul/2010:00:41:47 +0200] "GET /main.php?g2_view=search.SearchScan&g2_form%5BuseDefaultSettings%5D=1&g2_return=%2Fv%2F0000--090801---2110---000033--rally_a_mali---pioneros--la_sexta---la_sexta_noticias_tarde--version--Vi0240200908012110562111.wmv.html HTTP/1.1" 200 2184 "-" "Mozilla/5.0 (compatible; YandexBot/3.0; +http://yandex.com/bots)"
95.108.246.252 - - [28/Jul/2010:01:18:06 +0200] "GET /main.php?g2_view=search.SearchScan&g2_form%5BuseDefaultSettings%5D=1&g2_return=%2Fv%2F0000--090801---1448---000213--rally_a_mali---pioneros--cuatro---noticias_cuatro_1--version--Vi023420090801144804145017000001.wmv.html HTTP/1.1" 200 2191 "-" "Mozilla/5.0 (compatible; YandexBot/3.0; +http://yandex.com/bots)"
66.249.71.139 - - [28/Jul/2010:02:09:18 +0200] "GET /main.php?g2_view=rss.SimpleRender&g2_itemId=4830 HTTP/1.1" 500 65 "-" "Mozilla/5.0 (compatible; Googlebot/2.1; +http://www.google.com/bot.html)"
