85.48.36.253 - - [18/Jun/2010:23:07:57 +0200] "GET /main.php?g2_GALLERYSID=TMP_SESSION_ID_DI_NOISSES_PMT HTTP/1.1" 200 2216 "http://fotos.rallyamali.com/v/clipping/tv/0000--090801---2127---000135--rally_a_mali---pioneros--telemadrid---telenoticias_fin_de_semana--version--Vi00142009080121270.wmv.html" "Mozilla/4.0 (compatible; MSIE 7.0; Windows NT 5.1; Trident/4.0; .NET CLR 2.0.50727; .NET CLR 3.0.04506.648; .NET CLR 3.5.21022; OfficeLiveConnector.1.3; OfficeLivePatch.0.0; .NET CLR 3.0.4506.2152; .NET CLR 3.5.30729; InfoPath.2)"
85.48.36.253 - - [18/Jun/2010:23:07:59 +0200] "GET /modules/core/data/gallery.css HTTP/1.1" 304 - "http://fotos.rallyamali.com/main.php?g2_GALLERYSID=TMP_SESSION_ID_DI_NOISSES_PMT" "Mozilla/4.0 (compatible; MSIE 7.0; Windows NT 5.1; Trident/4.0; .NET CLR 2.0.50727; .NET CLR 3.0.04506.648; .NET CLR 3.5.21022; OfficeLiveConnector.1.3; OfficeLivePatch.0.0; .NET CLR 3.0.4506.2152; .NET CLR 3.5.30729; InfoPath.2)"
85.48.36.253 - - [18/Jun/2010:23:07:59 +0200] "GET /modules/icons/iconpacks/silk/icons.css HTTP/1.1" 304 - "http://fotos.rallyamali.com/main.php?g2_GALLERYSID=TMP_SESSION_ID_DI_NOISSES_PMT" "Mozilla/4.0 (compatible; MSIE 7.0; Windows NT 5.1; Trident/4.0; .NET CLR 2.0.50727; .NET CLR 3.0.04506.648; .NET CLR 3.5.21022; OfficeLiveConnector.1.3; OfficeLivePatch.0.0; .NET CLR 3.0.4506.2152; .NET CLR 3.5.30729; InfoPath.2)"
85.48.36.253 - - [18/Jun/2010:23:07:59 +0200] "GET /images/galleryLogo_sm.gif HTTP/1.1" 304 - "http://fotos.rallyamali.com/main.php?g2_GALLERYSID=TMP_SESSION_ID_DI_NOISSES_PMT" "Mozilla/4.0 (compatible; MSIE 7.0; Windows NT 5.1; Trident/4.0; .NET CLR 2.0.50727; .NET CLR 3.0.04506.648; .NET CLR 3.5.21022; OfficeLiveConnector.1.3; OfficeLivePatch.0.0; .NET CLR 3.0.4506.2152; .NET CLR 3.5.30729; InfoPath.2)"
85.48.36.253 - - [18/Jun/2010:23:08:00 +0200] "GET /modules/icons/iconpacks/silk/advanced_search.png HTTP/1.1" 304 - "http://fotos.rallyamali.com/main.php?g2_GALLERYSID=TMP_SESSION_ID_DI_NOISSES_PMT" "Mozilla/4.0 (compatible; MSIE 7.0; Windows NT 5.1; Trident/4.0; .NET CLR 2.0.50727; .NET CLR 3.0.04506.648; .NET CLR 3.5.21022; OfficeLiveConnector.1.3; OfficeLivePatch.0.0; .NET CLR 3.0.4506.2152; .NET CLR 3.5.30729; InfoPath.2)"
85.48.36.253 - - [18/Jun/2010:23:08:00 +0200] "GET /modules/icons/iconpacks/silk/cart_add.png HTTP/1.1" 304 - "http://fotos.rallyamali.com/main.php?g2_GALLERYSID=TMP_SESSION_ID_DI_NOISSES_PMT" "Mozilla/4.0 (compatible; MSIE 7.0; Windows NT 5.1; Trident/4.0; .NET CLR 2.0.50727; .NET CLR 3.0.04506.648; .NET CLR 3.5.21022; OfficeLiveConnector.1.3; OfficeLivePatch.0.0; .NET CLR 3.0.4506.2152; .NET CLR 3.5.30729; InfoPath.2)"
85.48.36.253 - - [18/Jun/2010:23:08:00 +0200] "GET /images/gallery.gif HTTP/1.1" 304 - "http://fotos.rallyamali.com/main.php?g2_GALLERYSID=TMP_SESSION_ID_DI_NOISSES_PMT" "Mozilla/4.0 (compatible; MSIE 7.0; Windows NT 5.1; Trident/4.0; .NET CLR 2.0.50727; .NET CLR 3.0.04506.648; .NET CLR 3.5.21022; OfficeLiveConnector.1.3; OfficeLivePatch.0.0; .NET CLR 3.0.4506.2152; .NET CLR 3.5.30729; InfoPath.2)"
85.48.36.253 - - [18/Jun/2010:23:08:00 +0200] "GET /modules/icons/iconpacks/silk/folder_picture.png HTTP/1.1" 304 - "http://fotos.rallyamali.com/main.php?g2_GALLERYSID=TMP_SESSION_ID_DI_NOISSES_PMT" "Mozilla/4.0 (compatible; MSIE 7.0; Windows NT 5.1; Trident/4.0; .NET CLR 2.0.50727; .NET CLR 3.0.04506.648; .NET CLR 3.5.21022; OfficeLiveConnector.1.3; OfficeLivePatch.0.0; .NET CLR 3.0.4506.2152; .NET CLR 3.5.30729; InfoPath.2)"
85.48.36.253 - - [18/Jun/2010:23:08:00 +0200] "GET /modules/icons/iconpacks/silk/rss_feed.png HTTP/1.1" 304 - "http://fotos.rallyamali.com/main.php?g2_GALLERYSID=TMP_SESSION_ID_DI_NOISSES_PMT" "Mozilla/4.0 (compatible; MSIE 7.0; Windows NT 5.1; Trident/4.0; .NET CLR 2.0.50727; .NET CLR 3.0.04506.648; .NET CLR 3.5.21022; OfficeLiveConnector.1.3; OfficeLivePatch.0.0; .NET CLR 3.0.4506.2152; .NET CLR 3.5.30729; InfoPath.2)"
85.48.36.253 - - [18/Jun/2010:23:08:08 +0200] "GET /v/0000--090801---1448---000213--rally_a_mali---pioneros--cuatro---noticias_cuatro_1--version--Vi023420090801144804145017000001.wmv.html HTTP/1.1" 200 2249 "http://fotos.rallyamali.com/main.php?g2_GALLERYSID=TMP_SESSION_ID_DI_NOISSES_PMT" "Mozilla/4.0 (compatible; MSIE 7.0; Windows NT 5.1; Trident/4.0; .NET CLR 2.0.50727; .NET CLR 3.0.04506.648; .NET CLR 3.5.21022; OfficeLiveConnector.1.3; OfficeLivePatch.0.0; .NET CLR 3.0.4506.2152; .NET CLR 3.5.30729; InfoPath.2)"
85.48.36.253 - - [18/Jun/2010:23:08:11 +0200] "GET /d/4826-1/0000--090801---1448---000213--rally_a_mali---pioneros--cuatro---noticias_cuatro_1--version--Vi023420090801144804145017000001.wmv HTTP/1.1" 200 2231 "-" "NSPlayer/9.0.0.4509 WMFSDK/9.0"
85.48.36.253 - - [18/Jun/2010:23:08:12 +0200] "GET /themes/matrix/images/icon_path_separator.gif HTTP/1.1" 200 106 "http://fotos.rallyamali.com/v/0000--090801---1448---000213--rally_a_mali---pioneros--cuatro---noticias_cuatro_1--version--Vi023420090801144804145017000001.wmv.html" "Mozilla/4.0 (compatible; MSIE 7.0; Windows NT 5.1; Trident/4.0; .NET CLR 2.0.50727; .NET CLR 3.0.04506.648; .NET CLR 3.5.21022; OfficeLiveConnector.1.3; OfficeLivePatch.0.0; .NET CLR 3.0.4506.2152; .NET CLR 3.5.30729; InfoPath.2)"
85.48.36.253 - - [18/Jun/2010:23:08:12 +0200] "GET /themes/matrix/images/nav_last.gif HTTP/1.1" 200 92 "http://fotos.rallyamali.com/v/0000--090801---1448---000213--rally_a_mali---pioneros--cuatro---noticias_cuatro_1--version--Vi023420090801144804145017000001.wmv.html" "Mozilla/4.0 (compatible; MSIE 7.0; Windows NT 5.1; Trident/4.0; .NET CLR 2.0.50727; .NET CLR 3.0.04506.648; .NET CLR 3.5.21022; OfficeLiveConnector.1.3; OfficeLivePatch.0.0; .NET CLR 3.0.4506.2152; .NET CLR 3.5.30729; InfoPath.2)"
85.48.36.253 - - [18/Jun/2010:23:08:12 +0200] "GET /themes/matrix/images/nav_next.gif HTTP/1.1" 200 133 "http://fotos.rallyamali.com/v/0000--090801---1448---000213--rally_a_mali---pioneros--cuatro---noticias_cuatro_1--version--Vi023420090801144804145017000001.wmv.html" "Mozilla/4.0 (compatible; MSIE 7.0; Windows NT 5.1; Trident/4.0; .NET CLR 2.0.50727; .NET CLR 3.0.04506.648; .NET CLR 3.5.21022; OfficeLiveConnector.1.3; OfficeLivePatch.0.0; .NET CLR 3.0.4506.2152; .NET CLR 3.5.30729; InfoPath.2)"
85.48.36.253 - - [18/Jun/2010:23:08:12 +0200] "GET /d/4826-1/0000--090801---1448---000213--rally_a_mali---pioneros--cuatro---noticias_cuatro_1--version--Vi023420090801144804145017000001.wmv HTTP/1.1" 200 2231 "-" "Windows-Media-Player/9.00.00.4508"
85.48.36.253 - - [18/Jun/2010:23:08:32 +0200] "GET /v/0000--090801---2110---000033--rally_a_mali---pioneros--la_sexta---la_sexta_noticias_tarde--version--Vi0240200908012110562111.wmv.html HTTP/1.1" 200 2274 "http://fotos.rallyamali.com/main.php?g2_GALLERYSID=TMP_SESSION_ID_DI_NOISSES_PMT" "Mozilla/4.0 (compatible; MSIE 7.0; Windows NT 5.1; Trident/4.0; .NET CLR 2.0.50727; .NET CLR 3.0.04506.648; .NET CLR 3.5.21022; OfficeLiveConnector.1.3; OfficeLivePatch.0.0; .NET CLR 3.0.4506.2152; .NET CLR 3.5.30729; InfoPath.2)"
85.48.36.253 - - [18/Jun/2010:23:08:34 +0200] "GET /d/4830-1/0000--090801---2110---000033--rally_a_mali---pioneros--la_sexta---la_sexta_noticias_tarde--version--Vi0240200908012110562111.wmv HTTP/1.1" 200 2231 "-" "NSPlayer/9.0.0.4509 WMFSDK/9.0"
85.48.36.253 - - [18/Jun/2010:23:08:34 +0200] "GET /themes/matrix/images/nav_first.gif HTTP/1.1" 200 89 "http://fotos.rallyamali.com/v/0000--090801---2110---000033--rally_a_mali---pioneros--la_sexta---la_sexta_noticias_tarde--version--Vi0240200908012110562111.wmv.html" "Mozilla/4.0 (compatible; MSIE 7.0; Windows NT 5.1; Trident/4.0; .NET CLR 2.0.50727; .NET CLR 3.0.04506.648; .NET CLR 3.5.21022; OfficeLiveConnector.1.3; OfficeLivePatch.0.0; .NET CLR 3.0.4506.2152; .NET CLR 3.5.30729; InfoPath.2)"
85.48.36.253 - - [18/Jun/2010:23:08:35 +0200] "GET /themes/matrix/images/nav_prev.gif HTTP/1.1" 200 133 "http://fotos.rallyamali.com/v/0000--090801---2110---000033--rally_a_mali---pioneros--la_sexta---la_sexta_noticias_tarde--version--Vi0240200908012110562111.wmv.html" "Mozilla/4.0 (compatible; MSIE 7.0; Windows NT 5.1; Trident/4.0; .NET CLR 2.0.50727; .NET CLR 3.0.04506.648; .NET CLR 3.5.21022; OfficeLiveConnector.1.3; OfficeLivePatch.0.0; .NET CLR 3.0.4506.2152; .NET CLR 3.5.30729; InfoPath.2)"
85.48.36.253 - - [18/Jun/2010:23:08:35 +0200] "GET /d/4830-1/0000--090801---2110---000033--rally_a_mali---pioneros--la_sexta---la_sexta_noticias_tarde--version--Vi0240200908012110562111.wmv HTTP/1.1" 200 2231 "-" "Windows-Media-Player/9.00.00.4508"
85.48.36.253 - - [18/Jun/2010:23:08:48 +0200] "GET /v/clipping/tv/0000--090801---2127---000135--rally_a_mali---pioneros--telemadrid---telenoticias_fin_de_semana--version--Vi00142009080121270.wmv.html HTTP/1.1" 404 504 "http://www.google.es/search?q=LA+SEXTA+RALLY+A+MALI&hl=es&sa=2" "Mozilla/4.0 (compatible; MSIE 7.0; Windows NT 5.1; Trident/4.0; .NET CLR 2.0.50727; .NET CLR 3.0.04506.648; .NET CLR 3.5.21022; OfficeLiveConnector.1.3; OfficeLivePatch.0.0; .NET CLR 3.0.4506.2152; .NET CLR 3.5.30729; InfoPath.2)"
85.48.36.253 - - [18/Jun/2010:23:09:50 +0200] "GET / HTTP/1.1" 304 - "http://www.rallyamali.com/www.rallyamali.com/index.html" "Mozilla/4.0 (compatible; MSIE 7.0; Windows NT 5.1; Trident/4.0; .NET CLR 2.0.50727; .NET CLR 3.0.04506.648; .NET CLR 3.5.21022; OfficeLiveConnector.1.3; OfficeLivePatch.0.0; .NET CLR 3.0.4506.2152; .NET CLR 3.5.30729; InfoPath.2)"
85.48.36.253 - - [18/Jun/2010:23:20:30 +0200] "GET /v/clipping/tv/0000--090801---2127---000135--rally_a_mali---pioneros--telemadrid---telenoticias_fin_de_semana--version--Vi00142009080121270.wmv.html HTTP/1.1" 404 504 "http://www.google.es/url?sa=t&source=web&cd=5&ved=0CCUQFjAE&url=http%3A%2F%2Ffotos.rallyamali.com%2Fv%2Fclipping%2Ftv%2F0000--090801---2127---000135--rally_a_mali---pioneros--telemadrid---telenoticias_fin_de_semana--version--Vi00142009080121270.wmv.html&rct=j&q=la+sexta+noticias+rally+mali&ei=IuIbTPCrL4z84Aa5xa2NDg&usg=AFQjCNHFaArc9o8T6mkaQeC6-1Fbatd5JA" "Mozilla/4.0 (compatible; MSIE 7.0; Windows NT 5.1; Trident/4.0; .NET CLR 2.0.50727; .NET CLR 3.0.04506.648; .NET CLR 3.5.21022; OfficeLiveConnector.1.3; OfficeLivePatch.0.0; .NET CLR 3.0.4506.2152; .NET CLR 3.5.30729; InfoPath.2)"
85.48.36.253 - - [18/Jun/2010:23:20:31 +0200] "GET /lib/javascript/BlockToggle.js HTTP/1.1" 304 - "http://fotos.rallyamali.com/v/clipping/tv/0000--090801---2127---000135--rally_a_mali---pioneros--telemadrid---telenoticias_fin_de_semana--version--Vi00142009080121270.wmv.html" "Mozilla/4.0 (compatible; MSIE 7.0; Windows NT 5.1; Trident/4.0; .NET CLR 2.0.50727; .NET CLR 3.0.04506.648; .NET CLR 3.5.21022; OfficeLiveConnector.1.3; OfficeLivePatch.0.0; .NET CLR 3.0.4506.2152; .NET CLR 3.5.30729; InfoPath.2)"
85.48.36.253 - - [18/Jun/2010:23:20:31 +0200] "GET /themes/matrix/theme.css HTTP/1.1" 304 - "http://fotos.rallyamali.com/v/clipping/tv/0000--090801---2127---000135--rally_a_mali---pioneros--telemadrid---telenoticias_fin_de_semana--version--Vi00142009080121270.wmv.html" "Mozilla/4.0 (compatible; MSIE 7.0; Windows NT 5.1; Trident/4.0; .NET CLR 2.0.50727; .NET CLR 3.0.04506.648; .NET CLR 3.5.21022; OfficeLiveConnector.1.3; OfficeLivePatch.0.0; .NET CLR 3.0.4506.2152; .NET CLR 3.5.30729; InfoPath.2)"
95.108.246.252 - - [18/Jun/2010:23:50:11 +0200] "GET / HTTP/1.1" 200 30 "-" "Yandex/1.01.001 (compatible; Win16; I)"
67.195.115.170 - - [19/Jun/2010:00:44:53 +0200] "GET /SlurpConfirm404/digimon.htm HTTP/1.0" 404 273 "-" "Mozilla/5.0 (compatible; Yahoo! Slurp/3.0; http://help.yahoo.com/help/us/ysearch/slurp)"
95.108.246.252 - - [19/Jun/2010:01:14:30 +0200] "GET /v/pioneros/seleccion/preparativos/ HTTP/1.1" 404 457 "-" "Yandex/1.01.001 (compatible; Win16; I)"
123.125.66.124 - - [19/Jun/2010:01:41:18 +0200] "GET / HTTP/1.1" 200 15 "-" "Baiduspider+(+http://www.baidu.com/search/spider.htm)"
220.181.7.67 - - [19/Jun/2010:01:42:08 +0200] "GET / HTTP/1.1" 200 15 "-" "Baiduspider+(+http://www.baidu.com/search/spider.htm)"
207.46.13.88 - - [19/Jun/2010:02:02:34 +0200] "GET /robots.txt HTTP/1.1" 404 320 "-" "msnbot/2.0b (+http://search.msn.com/msnbot.htm)"
207.46.13.88 - - [19/Jun/2010:02:03:28 +0200] "GET /v/pioneros/seleccion/?g2_highlightId=30 HTTP/1.1" 404 457 "-" "msnbot/2.0b (+http://search.msn.com/msnbot.htm)"
207.46.199.185 - - [19/Jun/2010:03:39:01 +0200] "GET /robots.txt HTTP/1.1" 404 320 "-" "msnbot/2.0b (+http://search.msn.com/msnbot.htm)"
220.181.7.64 - - [19/Jun/2010:03:44:27 +0200] "GET / HTTP/1.1" 200 15 "-" "Baiduspider+(+http://www.baidu.com/search/spider.htm)"
123.125.66.66 - - [19/Jun/2010:03:46:27 +0200] "GET / HTTP/1.1" 200 15 "-" "Baiduspider+(+http://www.baidu.com/search/spider.htm)"
95.108.246.252 - - [19/Jun/2010:03:47:19 +0200] "GET /v/prensa/fotos/0000--090809---1448--rally_a_mali---pioneros--mali--spanishbullfighters--version--dsc_1197.jpg.html HTTP/1.1" 404 457 "-" "Yandex/1.01.001 (compatible; Win16; I)"
220.181.7.88 - - [19/Jun/2010:03:55:36 +0200] "GET / HTTP/1.1" 200 30 "-" "Baiduspider+(+http://www.baidu.com/search/spider.htm)"
119.63.198.19 - - [19/Jun/2010:04:02:14 +0200] "GET /robots.txt HTTP/1.1" 404 261 "-" "Baiduspider+(+http://www.baidu.com/search/spider.htm)"
95.108.246.252 - - [19/Jun/2010:05:15:40 +0200] "GET /v/prensa/fotos/0000--090807---1305--rally_a_mali---pioneros--mauritania--spanishbullfighters--version--dsc_0694.jpg.html HTTP/1.1" 404 457 "-" "Yandex/1.01.001 (compatible; Win16; I)"
95.108.246.252 - - [19/Jun/2010:06:06:29 +0200] "GET /v/prensa/fotos/0000--090801---1348--rally_a_mali---pioneros--salida--last_lap--version--salida2.jpg.html HTTP/1.1" 404 457 "-" "Yandex/1.01.001 (compatible; Win16; I)"
95.108.246.252 - - [19/Jun/2010:06:32:07 +0200] "GET /v/prensa/fotos/0000--090806---2039--rally_a_mali---pioneros--mauritania--spanishbullfighters--version--dsc_0603.jpg.html HTTP/1.1" 404 457 "-" "Yandex/1.01.001 (compatible; Win16; I)"
66.249.71.168 - - [19/Jun/2010:07:01:23 +0200] "GET /robots.txt HTTP/1.1" 404 261 "-" "Mozilla/5.0 (compatible; Googlebot/2.1; +http://www.google.com/bot.html)"
66.249.71.168 - - [19/Jun/2010:07:01:24 +0200] "GET /v/prensa/fotos/0000--090809---1446--rally_a_mali---pioneros--mali--spanishbullfighters--version--dsc_1192.jpg.html HTTP/1.1" 404 457 "-" "Mozilla/5.0 (compatible; Googlebot/2.1; +http://www.google.com/bot.html)"
95.108.246.252 - - [19/Jun/2010:07:22:32 +0200] "GET /v/prensa/fotos/0000--090806---0000--rally_a_mali---pioneros--marruecos---spanishsiesta_y_murcia_mali_ole--angeles_del_desierto--version--p1.jpg.html HTTP/1.1" 404 457 "-" "Yandex/1.01.001 (compatible; Win16; I)"
66.249.71.168 - - [19/Jun/2010:07:43:06 +0200] "GET /v/prensa/fotos/0000--090817---1412--rally_a_mali---pioneros--mali--alejandro_cabezon---rutas_y_retos--version--p1170011.jpg.html HTTP/1.1" 404 457 "-" "Mozilla/5.0 (compatible; Googlebot/2.1; +http://www.google.com/bot.html)"
95.108.246.252 - - [19/Jun/2010:07:51:36 +0200] "GET /v/prensa/fotos/0000--090804---1613--rally_a_mali---pioneros--marruecos--osona_pandilleros--version--pic00070.jpg.html HTTP/1.1" 404 457 "-" "Yandex/1.01.001 (compatible; Win16; I)"
207.46.13.97 - - [19/Jun/2010:07:54:51 +0200] "GET /robots.txt HTTP/1.1" 404 320 "-" "msnbot/2.0b (+http://search.msn.com/msnbot.htm)"
207.46.13.97 - - [19/Jun/2010:07:56:00 +0200] "GET /v/pioneros/seleccion/eventos/meeting_day/ HTTP/1.1" 404 457 "-" "msnbot/2.0b (+http://search.msn.com/msnbot.htm)"
207.46.199.178 - - [19/Jun/2010:08:23:58 +0200] "GET /robots.txt HTTP/1.1" 404 320 "-" "msnbot/2.0b (+http://search.msn.com/msnbot.htm)"
66.249.71.168 - - [19/Jun/2010:08:24:57 +0200] "GET /v/prensa/fotos/DSC_0671.JPG.html HTTP/1.1" 404 457 "-" "Mozilla/5.0 (compatible; Googlebot/2.1; +http://www.google.com/bot.html)"
123.125.66.75 - - [19/Jun/2010:08:36:10 +0200] "GET / HTTP/1.1" 200 15 "-" "Baiduspider+(+http://www.baidu.com/search/spider.htm)"
220.181.7.65 - - [19/Jun/2010:08:37:31 +0200] "GET / HTTP/1.1" 200 15 "-" "Baiduspider+(+http://www.baidu.com/search/spider.htm)"
66.249.71.168 - - [19/Jun/2010:09:04:46 +0200] "GET /v/pioneros/seleccion/solidaridad_en_ruta/mali-bamako-salesianos/?g2_highlightId=1739 HTTP/1.1" 404 457 "-" "Mozilla/5.0 (compatible; Googlebot/2.1; +http://www.google.com/bot.html)"
95.108.246.252 - - [19/Jun/2010:09:26:29 +0200] "GET /v/pioneros/ HTTP/1.1" 404 457 "-" "Yandex/1.01.001 (compatible; Win16; I)"
66.249.71.168 - - [19/Jun/2010:09:44:39 +0200] "GET /main.php?g2_view=ecard.SendEcard&g2_itemId=3894&g2_return=%2Fv%2Fprensa%2Ffotos%2F0000--090816---1744--rally_a_mali---pioneros--mali--alejandro_cabezon---rutas_y_retos--version--p1160724.jpg.html HTTP/1.1" 302 20 "-" "Mozilla/5.0 (compatible; Googlebot/2.1; +http://www.google.com/bot.html)"
66.249.71.168 - - [19/Jun/2010:09:44:41 +0200] "GET /main.php?g2_view=core.UserAdmin&g2_subView=core.UserLogin&g2_return=%2Fmain.php%3Fg2_view%3Decard.SendEcard%26g2_itemId%3D3894 HTTP/1.1" 200 1413 "-" "Mozilla/5.0 (compatible; Googlebot/2.1; +http://www.google.com/bot.html)"
66.249.71.168 - - [19/Jun/2010:10:24:13 +0200] "GET /main.php?g2_controller=exif.SwitchDetailMode&g2_mode=detailed&g2_return=%2Fv%2Fprensa%2Ffotos%2F0000--090817---1027--rally_a_mali---pioneros--mali--alejandro_cabezon---rutas_y_retos--version--p1160943.jpg.html HTTP/1.1" 302 20 "-" "Mozilla/5.0 (compatible; Googlebot/2.1; +http://www.google.com/bot.html)"
66.249.71.168 - - [19/Jun/2010:10:24:13 +0200] "GET /v/prensa/fotos/0000--090817---1027--rally_a_mali---pioneros--mali--alejandro_cabezon---rutas_y_retos--version--p1160943.jpg.html HTTP/1.1" 404 457 "-" "Mozilla/5.0 (compatible; Googlebot/2.1; +http://www.google.com/bot.html)"
66.249.71.168 - - [19/Jun/2010:11:43:54 +0200] "GET /main.php?g2_view=ecard.SendEcard&g2_itemId=3753&g2_return=%2Fv%2Fprensa%2Ffotos%2F0000--090810---1907--rally_a_mali---pioneros--mali---encendios_solidarios_al_aire--betis_rally_team--version--img_3781.jpg.html HTTP/1.1" 302 20 "-" "Mozilla/5.0 (compatible; Googlebot/2.1; +http://www.google.com/bot.html)"
66.249.71.168 - - [19/Jun/2010:11:43:56 +0200] "GET /main.php?g2_view=core.UserAdmin&g2_subView=core.UserLogin&g2_return=%2Fmain.php%3Fg2_view%3Decard.SendEcard%26g2_itemId%3D3753 HTTP/1.1" 200 1413 "-" "Mozilla/5.0 (compatible; Googlebot/2.1; +http://www.google.com/bot.html)"
95.108.246.252 - - [19/Jun/2010:11:45:46 +0200] "GET /v/prensa/fotos/0000--090802---1850--rally_a_mali---pioneros--spain--spanishbullfighters--version--dsc_3699.jpg.html HTTP/1.1" 404 457 "-" "Yandex/1.01.001 (compatible; Win16; I)"
66.249.71.168 - - [19/Jun/2010:12:23:51 +0200] "GET /main.php?g2_controller=exif.SwitchDetailMode&g2_mode=detailed&g2_return=%2Fv%2Fprensa%2Ffotos%2FDSC_4200.JPG.html HTTP/1.1" 302 20 "-" "Mozilla/5.0 (compatible; Googlebot/2.1; +http://www.google.com/bot.html)"
66.249.71.168 - - [19/Jun/2010:12:23:51 +0200] "GET /v/prensa/fotos/DSC_4200.JPG.html HTTP/1.1" 404 457 "-" "Mozilla/5.0 (compatible; Googlebot/2.1; +http://www.google.com/bot.html)"
66.249.66.174 - - [19/Jun/2010:13:03:37 +0200] "GET /robots.txt HTTP/1.1" 404 261 "-" "Mozilla/5.0 (compatible; Googlebot/2.1; +http://www.google.com/bot.html)"
66.249.66.174 - - [19/Jun/2010:13:03:37 +0200] "GET /v/pioneros/seleccion/eventos/?g2_highlightId=680 HTTP/1.1" 404 457 "-" "Mozilla/5.0 (compatible; Googlebot/2.1; +http://www.google.com/bot.html)"
66.249.66.174 - - [19/Jun/2010:14:17:46 +0200] "GET /main.php?g2_view=ecard.SendEcard&g2_itemId=3762&g2_return=%2Fv%2Fprensa%2Ffotos%2F0000--090812---1028--rally_a_mali---pioneros--mali--osona_pandilleros--version--cimg2036.jpg.html HTTP/1.1" 302 20 "-" "Mozilla/5.0 (compatible; Googlebot/2.1; +http://www.google.com/bot.html)"
66.249.66.174 - - [19/Jun/2010:14:17:47 +0200] "GET /main.php?g2_view=core.UserAdmin&g2_subView=core.UserLogin&g2_return=%2Fmain.php%3Fg2_view%3Decard.SendEcard%26g2_itemId%3D3762 HTTP/1.1" 200 1414 "-" "Mozilla/5.0 (compatible; Googlebot/2.1; +http://www.google.com/bot.html)"
95.108.246.252 - - [19/Jun/2010:14:51:17 +0200] "GET /v/prensa/fotos/0000--090813---1716--rally_a_mali---pioneros--mali--gregbol--version--img_2133.jpg.html HTTP/1.1" 404 457 "-" "Yandex/1.01.001 (compatible; Win16; I)"
66.249.66.174 - - [19/Jun/2010:14:54:42 +0200] "GET /v/prensa/fotos/0000--090801---1254--rally_a_mali---pioneros--salida--osona_pandilleros--version--pic00025.jpg.html HTTP/1.1" 404 457 "-" "Mozilla/5.0 (compatible; Googlebot/2.1; +http://www.google.com/bot.html)"
123.125.66.109 - - [19/Jun/2010:15:07:56 +0200] "GET /robots.txt HTTP/1.1" 404 261 "-" "Baiduspider+(+http://www.baidu.com/search/spider.htm)"
66.249.66.174 - - [19/Jun/2010:15:31:58 +0200] "GET /main.php?g2_view=ecard.SendEcard&g2_itemId=3747&g2_return=%2Fv%2Fprensa%2Ffotos%2F0000--090810---1656--rally_a_mali---pioneros--mali--spanishbullfighters---alberto_gomez-borrero--version--mali-22.jpg.html HTTP/1.1" 302 20 "-" "Mozilla/5.0 (compatible; Googlebot/2.1; +http://www.google.com/bot.html)"
66.249.66.174 - - [19/Jun/2010:15:31:59 +0200] "GET /main.php?g2_view=core.UserAdmin&g2_subView=core.UserLogin&g2_return=%2Fmain.php%3Fg2_view%3Decard.SendEcard%26g2_itemId%3D3747 HTTP/1.1" 200 1415 "-" "Mozilla/5.0 (compatible; Googlebot/2.1; +http://www.google.com/bot.html)"
66.249.66.174 - - [19/Jun/2010:16:06:09 +0200] "GET /v/prensa/fotos/0000--090817---1027--rally_a_mali---pioneros--mali--alejandro_cabezon---rutas_y_retos--version--p1160943.jpg.html HTTP/1.1" 404 457 "-" "Mozilla/5.0 (compatible; Googlebot/2.1; +http://www.google.com/bot.html)"
66.249.66.174 - - [19/Jun/2010:16:43:29 +0200] "GET /main.php?g2_controller=exif.SwitchDetailMode&g2_mode=detailed&g2_return=%2Fv%2Fprensa%2Ffotos%2F0000--090816---1744--rally_a_mali---pioneros--mali--alejandro_cabezon---rutas_y_retos--version--p1160724.jpg.html HTTP/1.1" 302 20 "-" "Mozilla/5.0 (compatible; Googlebot/2.1; +http://www.google.com/bot.html)"
66.249.66.174 - - [19/Jun/2010:16:43:29 +0200] "GET /v/prensa/fotos/0000--090816---1744--rally_a_mali---pioneros--mali--alejandro_cabezon---rutas_y_retos--version--p1160724.jpg.html HTTP/1.1" 404 457 "-" "Mozilla/5.0 (compatible; Googlebot/2.1; +http://www.google.com/bot.html)"
66.249.66.174 - - [19/Jun/2010:17:21:12 +0200] "GET /main.php?g2_controller=exif.SwitchDetailMode&g2_mode=detailed&g2_return=%2Fv%2Fprensa%2Ffotos%2F0000--090818---1154--rally_a_mali---pioneros--mali--alejandro_cabezon---rutas_y_retos--version--p1170081.jpg.html HTTP/1.1" 302 20 "-" "Mozilla/5.0 (compatible; Googlebot/2.1; +http://www.google.com/bot.html)"
66.249.66.174 - - [19/Jun/2010:17:21:13 +0200] "GET /v/prensa/fotos/0000--090818---1154--rally_a_mali---pioneros--mali--alejandro_cabezon---rutas_y_retos--version--p1170081.jpg.html HTTP/1.1" 404 457 "-" "Mozilla/5.0 (compatible; Googlebot/2.1; +http://www.google.com/bot.html)"
66.249.66.174 - - [19/Jun/2010:17:58:41 +0200] "GET /main.php?g2_view=ecard.SendEcard&g2_itemId=3831&g2_return=%2Fv%2Fprensa%2Ffotos%2F0000--090814---1102--rally_a_mali---pioneros--mali--alejandro_cabezon---rutas_y_retos--version--p1150814.jpg.html HTTP/1.1" 302 20 "-" "Mozilla/5.0 (compatible; Googlebot/2.1; +http://www.google.com/bot.html)"
66.249.66.174 - - [19/Jun/2010:17:58:41 +0200] "GET /main.php?g2_view=core.UserAdmin&g2_subView=core.UserLogin&g2_return=%2Fmain.php%3Fg2_view%3Decard.SendEcard%26g2_itemId%3D3831 HTTP/1.1" 200 1415 "-" "Mozilla/5.0 (compatible; Googlebot/2.1; +http://www.google.com/bot.html)"
66.249.66.174 - - [19/Jun/2010:18:35:42 +0200] "GET /main.php?g2_view=ecard.SendEcard&g2_itemId=3750&g2_return=%2Fv%2Fprensa%2Ffotos%2F0000--090810---1718--rally_a_mali---pioneros--mali---encendios_solidarios_en_gasolinera--betis_rally_team--version--img_3743.jpg.html HTTP/1.1" 302 20 "-" "Mozilla/5.0 (compatible; Googlebot/2.1; +http://www.google.com/bot.html)"
66.249.66.174 - - [19/Jun/2010:18:35:42 +0200] "GET /main.php?g2_view=core.UserAdmin&g2_subView=core.UserLogin&g2_return=%2Fmain.php%3Fg2_view%3Decard.SendEcard%26g2_itemId%3D3750 HTTP/1.1" 200 1415 "-" "Mozilla/5.0 (compatible; Googlebot/2.1; +http://www.google.com/bot.html)"
207.46.13.50 - - [19/Jun/2010:18:36:34 +0200] "GET /robots.txt HTTP/1.1" 404 320 "-" "msnbot/2.0b (+http://search.msn.com/msnbot.htm)"
207.46.13.50 - - [19/Jun/2010:18:37:33 +0200] "GET /v/pioneros/seleccion/aventura_en_ruta/espagna/ HTTP/1.1" 404 457 "-" "msnbot/2.0b (+http://search.msn.com/msnbot.htm)"
66.249.66.174 - - [19/Jun/2010:19:13:07 +0200] "GET /main.php?g2_view=ecard.SendEcard&g2_itemId=3843&g2_return=%2Fv%2Fprensa%2Ffotos%2F0000--090814---1510--rally_a_mali---pioneros--mali---betis_y_encendios_en_cartel_hombori--betis_rally_team--version--img_407.jpg.html HTTP/1.1" 302 20 "-" "Mozilla/5.0 (compatible; Googlebot/2.1; +http://www.google.com/bot.html)"
66.249.66.174 - - [19/Jun/2010:19:13:08 +0200] "GET /main.php?g2_view=core.UserAdmin&g2_subView=core.UserLogin&g2_return=%2Fmain.php%3Fg2_view%3Decard.SendEcard%26g2_itemId%3D3843 HTTP/1.1" 200 1414 "-" "Mozilla/5.0 (compatible; Googlebot/2.1; +http://www.google.com/bot.html)"
66.249.66.174 - - [19/Jun/2010:19:50:54 +0200] "GET /main.php?g2_view=ecard.SendEcard&g2_itemId=4108&g2_return=%2Fv%2Fprensa%2Ffotos%2FDSC_1203.JPG.html HTTP/1.1" 302 20 "-" "Mozilla/5.0 (compatible; Googlebot/2.1; +http://www.google.com/bot.html)"
66.249.66.174 - - [19/Jun/2010:19:50:55 +0200] "GET /main.php?g2_view=core.UserAdmin&g2_subView=core.UserLogin&g2_return=%2Fmain.php%3Fg2_view%3Decard.SendEcard%26g2_itemId%3D4108 HTTP/1.1" 200 1414 "-" "Mozilla/5.0 (compatible; Googlebot/2.1; +http://www.google.com/bot.html)"
95.108.246.252 - - [19/Jun/2010:20:28:03 +0200] "GET /robots.txt HTTP/1.1" 404 320 "-" "Yandex/1.01.001 (compatible; Win16; I)"
66.249.66.174 - - [19/Jun/2010:20:28:13 +0200] "GET /main.php?g2_view=ecard.SendEcard&g2_itemId=3852&g2_return=%2Fv%2Fprensa%2Ffotos%2F0000--090814---1810--rally_a_mali---pioneros--mali--spanishbullfighters---alberto_gomez-borrero--version--mali-275.jpg.html HTTP/1.1" 302 20 "-" "Mozilla/5.0 (compatible; Googlebot/2.1; +http://www.google.com/bot.html)"
66.249.66.174 - - [19/Jun/2010:20:28:14 +0200] "GET /main.php?g2_view=core.UserAdmin&g2_subView=core.UserLogin&g2_return=%2Fmain.php%3Fg2_view%3Decard.SendEcard%26g2_itemId%3D3852 HTTP/1.1" 200 1415 "-" "Mozilla/5.0 (compatible; Googlebot/2.1; +http://www.google.com/bot.html)"
66.249.66.174 - - [19/Jun/2010:21:06:08 +0200] "GET /main.php?g2_controller=exif.SwitchDetailMode&g2_mode=detailed&g2_return=%2Fv%2Fprensa%2Ffotos%2FDSC_0671.JPG.html HTTP/1.1" 302 20 "-" "Mozilla/5.0 (compatible; Googlebot/2.1; +http://www.google.com/bot.html)"
66.249.66.174 - - [19/Jun/2010:21:06:08 +0200] "GET /v/prensa/fotos/DSC_0671.JPG.html HTTP/1.1" 404 457 "-" "Mozilla/5.0 (compatible; Googlebot/2.1; +http://www.google.com/bot.html)"
220.181.7.85 - - [19/Jun/2010:21:38:47 +0200] "GET / HTTP/1.1" 200 15 "-" "Baiduspider+(+http://www.baidu.com/search/spider.htm)"
123.125.66.59 - - [19/Jun/2010:21:39:17 +0200] "GET / HTTP/1.1" 200 15 "-" "Baiduspider+(+http://www.baidu.com/search/spider.htm)"
66.249.66.174 - - [19/Jun/2010:21:43:52 +0200] "GET /main.php?g2_controller=exif.SwitchDetailMode&g2_mode=detailed&g2_return=%2Fv%2Fprensa%2Ffotos%2F0000--090803---1126--rally_a_mali---pioneros--marruecos--spanishbullfighters--version--csc_3905.jpg.html HTTP/1.1" 302 20 "-" "Mozilla/5.0 (compatible; Googlebot/2.1; +http://www.google.com/bot.html)"
66.249.66.174 - - [19/Jun/2010:21:43:52 +0200] "GET /v/prensa/fotos/0000--090803---1126--rally_a_mali---pioneros--marruecos--spanishbullfighters--version--csc_3905.jpg.html HTTP/1.1" 404 457 "-" "Mozilla/5.0 (compatible; Googlebot/2.1; +http://www.google.com/bot.html)"
220.181.7.88 - - [19/Jun/2010:23:43:54 +0200] "GET / HTTP/1.1" 200 15 "-" "Baiduspider+(+http://www.baidu.com/search/spider.htm)"
123.125.66.74 - - [19/Jun/2010:23:44:48 +0200] "GET / HTTP/1.1" 200 15 "-" "Baiduspider+(+http://www.baidu.com/search/spider.htm)"
95.108.246.252 - - [20/Jun/2010:00:17:19 +0200] "GET /v/clipping/tv/ HTTP/1.1" 404 457 "-" "Yandex/1.01.001 (compatible; Win16; I)"
66.249.66.174 - - [20/Jun/2010:01:15:46 +0200] "GET /robots.txt HTTP/1.1" 404 261 "-" "Mozilla/5.0 (compatible; Googlebot/2.1; +http://www.google.com/bot.html)"
66.249.66.174 - - [20/Jun/2010:01:15:46 +0200] "GET /v/prensa/fotos/0000--090810---1656--rally_a_mali---pioneros--mali--spanishbullfighters---alberto_gomez-borrero--version--mali-22.jpg.html HTTP/1.1" 404 457 "-" "Mozilla/5.0 (compatible; Googlebot/2.1; +http://www.google.com/bot.html)"
207.46.12.170 - - [20/Jun/2010:01:32:58 +0200] "GET /v/pioneros/seleccion/solidaridad_en_ruta/mali-bamako-salesianos/0000--090810---2115--rally_a_mali---pioneros--mali-solidaridad-salesianos_de_bamako--spanishbullfighters---alberto_gomez-bor.jpg.html HTTP/1.1" 404 504 "-" "Mozilla/4.0 (compatible; MSIE 6.0; Windows NT 5.1; SLCC1; .NET CLR 1.1.4322)"
66.249.66.174 - - [20/Jun/2010:01:58:43 +0200] "GET /v/prensa/fotos/0000--090814---1510--rally_a_mali---pioneros--mali---betis_y_encendios_en_cartel_hombori--betis_rally_team--version--img_407.jpg.html HTTP/1.1" 404 457 "-" "Mozilla/5.0 (compatible; Googlebot/2.1; +http://www.google.com/bot.html)"
208.80.193.34 - - [20/Jun/2010:02:36:56 +0200] "GET / HTTP/1.0" 200 15 "-" "Mozilla/4.0 (compatible; MSIE 7.0; America Online Browser 1.1; rev1.2; Windows NT 5.1; .NET CLR 2.0.50727; .NET CLR 1.1.4322; IEMB3; ZangoToolbar 4.8.2; IEMB3)"
119.63.198.23 - - [20/Jun/2010:04:00:49 +0200] "GET /robots.txt HTTP/1.1" 404 261 "-" "Baiduspider+(+http://www.baidu.com/search/spider.htm)"
66.249.66.174 - - [20/Jun/2010:04:07:18 +0200] "GET /v/prensa/fotos/0000--090816---1747--rally_a_mali---pioneros--mali--alejandro_cabezon---rutas_y_retos--version--p1160742.jpg.html HTTP/1.1" 404 457 "-" "Mozilla/5.0 (compatible; Googlebot/2.1; +http://www.google.com/bot.html)"
95.108.246.252 - - [20/Jun/2010:04:09:42 +0200] "GET /v/clipping/ HTTP/1.1" 404 457 "-" "Yandex/1.01.001 (compatible; Win16; I)"
66.249.66.174 - - [20/Jun/2010:04:48:30 +0200] "GET /v/prensa/fotos/0000--090810---1718--rally_a_mali---pioneros--mali---encendios_solidarios_en_gasolinera--betis_rally_team--version--img_3743.jpg.html HTTP/1.1" 404 457 "-" "Mozilla/5.0 (compatible; Googlebot/2.1; +http://www.google.com/bot.html)"
66.249.66.174 - - [20/Jun/2010:05:29:45 +0200] "GET /v/pioneros/seleccion/eventos/salida/?g2_highlightId=278 HTTP/1.1" 404 457 "-" "Mozilla/5.0 (compatible; Googlebot/2.1; +http://www.google.com/bot.html)"
95.108.246.252 - - [20/Jun/2010:05:47:58 +0200] "GET /v/clipping/tv/?g2_highlightId=4514 HTTP/1.1" 404 457 "-" "Yandex/1.01.001 (compatible; Win16; I)"
66.249.66.174 - - [20/Jun/2010:06:11:06 +0200] "GET /v/pioneros/seleccion/eventos/salida/?g2_highlightId=392 HTTP/1.1" 404 457 "-" "Mozilla/5.0 (compatible; Googlebot/2.1; +http://www.google.com/bot.html)"
123.125.66.58 - - [20/Jun/2010:06:33:22 +0200] "GET / HTTP/1.1" 200 15 "-" "Baiduspider+(+http://www.baidu.com/search/spider.htm)"
66.249.66.174 - - [20/Jun/2010:06:52:10 +0200] "GET /v/pioneros/seleccion/eventos/?g2_highlightId=2234 HTTP/1.1" 404 457 "-" "Mozilla/5.0 (compatible; Googlebot/2.1; +http://www.google.com/bot.html)"
207.46.195.237 - - [20/Jun/2010:07:04:52 +0200] "GET /robots.txt HTTP/1.1" 404 320 "-" "msnbot/2.0b (+http://search.msn.com/msnbot.htm)"
207.46.195.237 - - [20/Jun/2010:07:05:41 +0200] "GET /v/prensa/fotos/ HTTP/1.1" 404 457 "-" "msnbot/2.0b (+http://search.msn.com/msnbot.htm)"
66.249.66.174 - - [20/Jun/2010:07:31:37 +0200] "GET /v/prensa/fotos/0000--090814---1640--rally_a_mali---pioneros--mali--spanishsiesta--version--img_0878.jpg.html HTTP/1.1" 404 457 "-" "Mozilla/5.0 (compatible; Googlebot/2.1; +http://www.google.com/bot.html)"
95.108.246.252 - - [20/Jun/2010:07:42:27 +0200] "GET /v/prensa/fotos/0000--090806---2038--rally_a_mali---pioneros--mauritania--spanishbullfighters--version--dsc_0599.jpg.html HTTP/1.1" 404 457 "-" "Yandex/1.01.001 (compatible; Win16; I)"
66.249.66.174 - - [20/Jun/2010:08:11:12 +0200] "GET /v/clipping/tv/0000--090801---1448---000213--rally_a_mali---pioneros--cuatro---noticias_cuatro_1--version--Vi023420090801144804145017000001.wmv.html HTTP/1.1" 404 457 "-" "Mozilla/5.0 (compatible; Googlebot/2.1; +http://www.google.com/bot.html)"
67.195.115.170 - - [20/Jun/2010:08:58:13 +0200] "GET /robots.txt HTTP/1.0" 404 261 "-" "Mozilla/5.0 (compatible; Yahoo! Slurp; http://help.yahoo.com/help/us/ysearch/slurp)"
67.195.115.170 - - [20/Jun/2010:08:58:13 +0200] "GET /SlurpConfirm404/edboard/menutrk.htm HTTP/1.0" 404 278 "-" "Mozilla/5.0 (compatible; Yahoo! Slurp/3.0; http://help.yahoo.com/help/us/ysearch/slurp)"
119.63.198.93 - - [20/Jun/2010:09:16:29 +0200] "GET / HTTP/1.1" 200 30 "-" "Baiduspider+(+http://www.baidu.jp/spider/)"
66.249.66.174 - - [20/Jun/2010:10:09:26 +0200] "GET /v/pioneros/seleccion/eventos/salida/?g2_highlightId=428 HTTP/1.1" 404 457 "-" "Mozilla/5.0 (compatible; Googlebot/2.1; +http://www.google.com/bot.html)"
66.249.66.174 - - [20/Jun/2010:10:48:43 +0200] "GET /main.php?g2_controller=exif.SwitchDetailMode&g2_mode=detailed&g2_return=%2Fv%2Fprensa%2Ffotos%2F0000--090812---1739--rally_a_mali---pioneros--mali--spanishbullfighters--version--csc_0115.jpg.html HTTP/1.1" 302 20 "-" "Mozilla/5.0 (compatible; Googlebot/2.1; +http://www.google.com/bot.html)"
66.249.66.174 - - [20/Jun/2010:10:48:44 +0200] "GET /v/prensa/fotos/0000--090812---1739--rally_a_mali---pioneros--mali--spanishbullfighters--version--csc_0115.jpg.html HTTP/1.1" 404 457 "-" "Mozilla/5.0 (compatible; Googlebot/2.1; +http://www.google.com/bot.html)"
89.128.94.135 - - [20/Jun/2010:11:04:35 +0200] "GET /v/clipping/tv/ HTTP/1.1" 404 504 "-" "Mozilla/4.0 (compatible; MSIE 7.0; Windows NT 5.1; InfoPath.1; .NET CLR 1.1.4322; .NET CLR 2.0.50727; OfficeLiveConnector.1.3; OfficeLivePatch.0.0)"
89.128.94.135 - - [20/Jun/2010:11:04:36 +0200] "GET /lib/javascript/BlockToggle.js HTTP/1.1" 200 1359 "http://fotos.rallyamali.com/v/clipping/tv/" "Mozilla/4.0 (compatible; MSIE 7.0; Windows NT 5.1; InfoPath.1; .NET CLR 1.1.4322; .NET CLR 2.0.50727; OfficeLiveConnector.1.3; OfficeLivePatch.0.0)"
89.128.94.135 - - [20/Jun/2010:11:04:36 +0200] "GET /themes/matrix/theme.css HTTP/1.1" 200 12501 "http://fotos.rallyamali.com/v/clipping/tv/" "Mozilla/4.0 (compatible; MSIE 7.0; Windows NT 5.1; InfoPath.1; .NET CLR 1.1.4322; .NET CLR 2.0.50727; OfficeLiveConnector.1.3; OfficeLivePatch.0.0)"
89.128.94.135 - - [20/Jun/2010:11:04:43 +0200] "GET /main.php?g2_GALLERYSID=TMP_SESSION_ID_DI_NOISSES_PMT HTTP/1.1" 200 2215 "http://fotos.rallyamali.com/v/clipping/tv/" "Mozilla/4.0 (compatible; MSIE 7.0; Windows NT 5.1; InfoPath.1; .NET CLR 1.1.4322; .NET CLR 2.0.50727; OfficeLiveConnector.1.3; OfficeLivePatch.0.0)"
89.128.94.135 - - [20/Jun/2010:11:04:47 +0200] "GET /modules/core/data/gallery.css HTTP/1.1" 200 10174 "http://fotos.rallyamali.com/main.php?g2_GALLERYSID=TMP_SESSION_ID_DI_NOISSES_PMT" "Mozilla/4.0 (compatible; MSIE 7.0; Windows NT 5.1; InfoPath.1; .NET CLR 1.1.4322; .NET CLR 2.0.50727; OfficeLiveConnector.1.3; OfficeLivePatch.0.0)"
89.128.94.135 - - [20/Jun/2010:11:04:47 +0200] "GET /modules/icons/iconpacks/silk/icons.css HTTP/1.1" 200 11271 "http://fotos.rallyamali.com/main.php?g2_GALLERYSID=TMP_SESSION_ID_DI_NOISSES_PMT" "Mozilla/4.0 (compatible; MSIE 7.0; Windows NT 5.1; InfoPath.1; .NET CLR 1.1.4322; .NET CLR 2.0.50727; OfficeLiveConnector.1.3; OfficeLivePatch.0.0)"
89.128.94.135 - - [20/Jun/2010:11:04:47 +0200] "GET /main.php?g2_view=core.CombinedJavascript&g2_key=6f4128736939e89bb5962446d0fad789 HTTP/1.1" 200 338 "http://fotos.rallyamali.com/main.php?g2_GALLERYSID=TMP_SESSION_ID_DI_NOISSES_PMT" "Mozilla/4.0 (compatible; MSIE 7.0; Windows NT 5.1; InfoPath.1; .NET CLR 1.1.4322; .NET CLR 2.0.50727; OfficeLiveConnector.1.3; OfficeLivePatch.0.0)"
89.128.94.135 - - [20/Jun/2010:11:04:48 +0200] "GET /main.php?g2_view=slideshow.DownloadPicLens&g2_file=js&g2_v=1.3.1.14221 HTTP/1.1" 200 21750 "http://fotos.rallyamali.com/main.php?g2_GALLERYSID=TMP_SESSION_ID_DI_NOISSES_PMT" "Mozilla/4.0 (compatible; MSIE 7.0; Windows NT 5.1; InfoPath.1; .NET CLR 1.1.4322; .NET CLR 2.0.50727; OfficeLiveConnector.1.3; OfficeLivePatch.0.0)"
89.128.94.135 - - [20/Jun/2010:11:04:49 +0200] "GET /images/galleryLogo_sm.gif HTTP/1.1" 200 3488 "http://fotos.rallyamali.com/main.php?g2_GALLERYSID=TMP_SESSION_ID_DI_NOISSES_PMT" "Mozilla/4.0 (compatible; MSIE 7.0; Windows NT 5.1; InfoPath.1; .NET CLR 1.1.4322; .NET CLR 2.0.50727; OfficeLiveConnector.1.3; OfficeLivePatch.0.0)"
89.128.94.135 - - [20/Jun/2010:11:04:49 +0200] "GET /modules/icons/iconpacks/silk/advanced_search.png HTTP/1.1" 200 615 "http://fotos.rallyamali.com/main.php?g2_GALLERYSID=TMP_SESSION_ID_DI_NOISSES_PMT" "Mozilla/4.0 (compatible; MSIE 7.0; Windows NT 5.1; InfoPath.1; .NET CLR 1.1.4322; .NET CLR 2.0.50727; OfficeLiveConnector.1.3; OfficeLivePatch.0.0)"
89.128.94.135 - - [20/Jun/2010:11:04:49 +0200] "GET /modules/icons/iconpacks/silk/cart_add.png HTTP/1.1" 200 711 "http://fotos.rallyamali.com/main.php?g2_GALLERYSID=TMP_SESSION_ID_DI_NOISSES_PMT" "Mozilla/4.0 (compatible; MSIE 7.0; Windows NT 5.1; InfoPath.1; .NET CLR 1.1.4322; .NET CLR 2.0.50727; OfficeLiveConnector.1.3; OfficeLivePatch.0.0)"
89.128.94.135 - - [20/Jun/2010:11:04:49 +0200] "GET /modules/icons/iconpacks/silk/rss_feed.png HTTP/1.1" 200 589 "http://fotos.rallyamali.com/main.php?g2_GALLERYSID=TMP_SESSION_ID_DI_NOISSES_PMT" "Mozilla/4.0 (compatible; MSIE 7.0; Windows NT 5.1; InfoPath.1; .NET CLR 1.1.4322; .NET CLR 2.0.50727; OfficeLiveConnector.1.3; OfficeLivePatch.0.0)"
89.128.94.135 - - [20/Jun/2010:11:04:49 +0200] "GET /modules/icons/iconpacks/silk/folder_picture.png HTTP/1.1" 200 713 "http://fotos.rallyamali.com/main.php?g2_GALLERYSID=TMP_SESSION_ID_DI_NOISSES_PMT" "Mozilla/4.0 (compatible; MSIE 7.0; Windows NT 5.1; InfoPath.1; .NET CLR 1.1.4322; .NET CLR 2.0.50727; OfficeLiveConnector.1.3; OfficeLivePatch.0.0)"
89.128.94.135 - - [20/Jun/2010:11:04:49 +0200] "GET /images/gallery.gif HTTP/1.1" 200 1180 "http://fotos.rallyamali.com/main.php?g2_GALLERYSID=TMP_SESSION_ID_DI_NOISSES_PMT" "Mozilla/4.0 (compatible; MSIE 7.0; Windows NT 5.1; InfoPath.1; .NET CLR 1.1.4322; .NET CLR 2.0.50727; OfficeLiveConnector.1.3; OfficeLivePatch.0.0)"
89.128.94.135 - - [20/Jun/2010:11:04:49 +0200] "GET /d/4827-3/0000--090801---1448---000213--rally_a_mali---pioneros--cuatro---noticias_cuatro_1--version--Vi023420090801144804145017000001.gif HTTP/1.1" 200 3868 "http://fotos.rallyamali.com/main.php?g2_GALLERYSID=TMP_SESSION_ID_DI_NOISSES_PMT" "Mozilla/4.0 (compatible; MSIE 7.0; Windows NT 5.1; InfoPath.1; .NET CLR 1.1.4322; .NET CLR 2.0.50727; OfficeLiveConnector.1.3; OfficeLivePatch.0.0)"
89.128.94.135 - - [20/Jun/2010:11:04:49 +0200] "GET /d/4831-3/0000--090801---2110---000033--rally_a_mali---pioneros--la_sexta---la_sexta_noticias_tarde--version--Vi0240200908012110562111.gif HTTP/1.1" 200 4092 "http://fotos.rallyamali.com/main.php?g2_GALLERYSID=TMP_SESSION_ID_DI_NOISSES_PMT" "Mozilla/4.0 (compatible; MSIE 7.0; Windows NT 5.1; InfoPath.1; .NET CLR 1.1.4322; .NET CLR 2.0.50727; OfficeLiveConnector.1.3; OfficeLivePatch.0.0)"
89.128.94.135 - - [20/Jun/2010:11:04:49 +0200] "GET /d/4834-3/0000--090801---2127---000135--rally_a_mali---pioneros--telemadrid---telenoticias_fin_de_semana--version--Vi00142009080121270.gif HTTP/1.1" 200 4092 "http://fotos.rallyamali.com/main.php?g2_GALLERYSID=TMP_SESSION_ID_DI_NOISSES_PMT" "Mozilla/4.0 (compatible; MSIE 7.0; Windows NT 5.1; InfoPath.1; .NET CLR 1.1.4322; .NET CLR 2.0.50727; OfficeLiveConnector.1.3; OfficeLivePatch.0.0)"
89.128.94.135 - - [20/Jun/2010:11:04:53 +0200] "GET /favicon.ico HTTP/1.1" 404 262 "-" "Mozilla/4.0 (compatible; MSIE 7.0; Windows NT 5.1; InfoPath.1; .NET CLR 1.1.4322; .NET CLR 2.0.50727; OfficeLiveConnector.1.3; OfficeLivePatch.0.0)"
66.249.66.174 - - [20/Jun/2010:11:28:24 +0200] "GET /v/prensa/fotos/MARRUECOS+_197_.JPG.html HTTP/1.1" 404 457 "-" "Mozilla/5.0 (compatible; Googlebot/2.1; +http://www.google.com/bot.html)"
66.249.66.174 - - [20/Jun/2010:12:07:53 +0200] "GET /main.php?g2_controller=exif.SwitchDetailMode&g2_mode=detailed&g2_return=%2Fv%2Fprensa%2Ffotos%2FMARRUECOS%2B_197_.JPG.html HTTP/1.1" 302 20 "-" "Mozilla/5.0 (compatible; Googlebot/2.1; +http://www.google.com/bot.html)"
95.108.246.252 - - [20/Jun/2010:12:25:44 +0200] "GET /v/pioneros/seleccion/ HTTP/1.1" 404 457 "-" "Yandex/1.01.001 (compatible; Win16; I)"
66.249.66.174 - - [20/Jun/2010:12:47:03 +0200] "GET /main.php?g2_controller=exif.SwitchDetailMode&g2_mode=detailed&g2_return=%2Fv%2Fprensa%2Ffotos%2F0000--090814---1510--rally_a_mali---pioneros--mali---betis_y_encendios_en_cartel_hombori--betis_rally_team--version--img_407.jpg.html HTTP/1.1" 302 20 "-" "Mozilla/5.0 (compatible; Googlebot/2.1; +http://www.google.com/bot.html)"
80.58.205.50 - - [20/Jun/2010:12:52:03 +0200] "GET / HTTP/1.1" 200 30 "http://www.rallyamali.com/www.rallyamali.com/index.html" "Mozilla/4.0 (compatible; MSIE 7.0; Windows NT 5.1; GTB6.5; .NET CLR 1.1.4322; .NET CLR 2.0.50727; .NET CLR 3.0.4506.2152; .NET CLR 3.5.30729; InfoPath.2)"
80.58.205.50 - - [20/Jun/2010:12:52:05 +0200] "GET /favicon.ico HTTP/1.1" 404 262 "-" "Mozilla/4.0 (compatible; MSIE 7.0; Windows NT 5.1; GTB6.5; .NET CLR 1.1.4322; .NET CLR 2.0.50727; .NET CLR 3.0.4506.2152; .NET CLR 3.5.30729; InfoPath.2)"
66.249.66.174 - - [20/Jun/2010:12:57:57 +0200] "GET /d/1695-2/mali-bandiagara-hermanas_del_santo_angel.jpg HTTP/1.1" 304 - "-" "Googlebot-Image/1.0"
66.249.66.174 - - [20/Jun/2010:13:26:45 +0200] "GET /robots.txt HTTP/1.1" 404 261 "-" "Mozilla/5.0 (compatible; Googlebot/2.1; +http://www.google.com/bot.html)"
66.249.66.174 - - [20/Jun/2010:13:26:45 +0200] "GET /main.php?g2_view=ecard.SendEcard&g2_itemId=3717&g2_return=%2Fv%2Fprensa%2Ffotos%2F0000--090807---1744--rally_a_mali---pioneros--mauritania--spanishbullfighters--version--csc_1014.jpg.html HTTP/1.1" 302 20 "-" "Mozilla/5.0 (compatible; Googlebot/2.1; +http://www.google.com/bot.html)"
66.249.66.174 - - [20/Jun/2010:13:26:47 +0200] "GET /main.php?g2_view=core.UserAdmin&g2_subView=core.UserLogin&g2_return=%2Fmain.php%3Fg2_view%3Decard.SendEcard%26g2_itemId%3D3717 HTTP/1.1" 200 1415 "-" "Mozilla/5.0 (compatible; Googlebot/2.1; +http://www.google.com/bot.html)"
123.125.66.66 - - [20/Jun/2010:13:41:39 +0200] "GET / HTTP/1.1" 200 15 "-" "Baiduspider+(+http://www.baidu.com/search/spider.htm)"
220.181.7.92 - - [20/Jun/2010:13:50:06 +0200] "GET / HTTP/1.1" 200 15 "-" "Baiduspider+(+http://www.baidu.com/search/spider.htm)"
66.249.67.212 - - [20/Jun/2010:14:06:11 +0200] "GET /robots.txt HTTP/1.1" 404 261 "-" "Mozilla/5.0 (compatible; Googlebot/2.1; +http://www.google.com/bot.html)"
66.249.67.212 - - [20/Jun/2010:14:06:11 +0200] "GET /main.php?g2_view=ecard.SendEcard&g2_itemId=3924&g2_return=%2Fv%2Fprensa%2Ffotos%2F0000--090817---1412--rally_a_mali---pioneros--mali--alejandro_cabezon---rutas_y_retos--version--p1170011.jpg.html HTTP/1.1" 302 20 "-" "Mozilla/5.0 (compatible; Googlebot/2.1; +http://www.google.com/bot.html)"
66.249.67.212 - - [20/Jun/2010:14:06:11 +0200] "GET /main.php?g2_view=core.UserAdmin&g2_subView=core.UserLogin&g2_return=%2Fmain.php%3Fg2_view%3Decard.SendEcard%26g2_itemId%3D3924 HTTP/1.1" 200 1416 "-" "Mozilla/5.0 (compatible; Googlebot/2.1; +http://www.google.com/bot.html)"
123.125.66.21 - - [20/Jun/2010:14:44:56 +0200] "GET /robots.txt HTTP/1.1" 404 261 "-" "Baiduspider+(+http://www.baidu.com/search/spider.htm)"
66.249.67.212 - - [20/Jun/2010:14:45:18 +0200] "GET /v/prensa/fotos/0000--090810---0530--rally_a_mali---pioneros--mali--tdl_torrederos--version--dscf0424.jpg.html HTTP/1.1" 404 457 "-" "Mozilla/5.0 (compatible; Googlebot/2.1; +http://www.google.com/bot.html)"
66.249.67.212 - - [20/Jun/2010:15:25:07 +0200] "GET /v/pioneros/seleccion/eventos/salida/?g2_highlightId=290 HTTP/1.1" 404 457 "-" "Mozilla/5.0 (compatible; Googlebot/2.1; +http://www.google.com/bot.html)"
66.249.67.212 - - [20/Jun/2010:16:04:25 +0200] "GET /main.php?g2_view=ecard.SendEcard&g2_itemId=3756&g2_return=%2Fv%2Fprensa%2Ffotos%2F0000--090811---0758--rally_a_mali---pioneros--mali---desayuno--angeles_del_desierto--version--p1000146.jpg.html HTTP/1.1" 302 20 "-" "Mozilla/5.0 (compatible; Googlebot/2.1; +http://www.google.com/bot.html)"
66.249.67.212 - - [20/Jun/2010:16:04:25 +0200] "GET /main.php?g2_view=core.UserAdmin&g2_subView=core.UserLogin&g2_return=%2Fmain.php%3Fg2_view%3Decard.SendEcard%26g2_itemId%3D3756 HTTP/1.1" 200 1415 "-" "Mozilla/5.0 (compatible; Googlebot/2.1; +http://www.google.com/bot.html)"
67.218.116.167 - - [20/Jun/2010:16:29:49 +0200] "GET /robots.txt HTTP/1.1" 404 261 "-" "Mozilla/5.0 (Twiceler-0.9 http://www.cuil.com/twiceler/robot.html)"
66.249.67.212 - - [20/Jun/2010:16:43:39 +0200] "GET /main.php?g2_controller=exif.SwitchDetailMode&g2_mode=detailed&g2_return=%2Fv%2Fprensa%2Ffotos%2F0000--090817---1412--rally_a_mali---pioneros--mali--alejandro_cabezon---rutas_y_retos--version--p1170011.jpg.html HTTP/1.1" 302 20 "-" "Mozilla/5.0 (compatible; Googlebot/2.1; +http://www.google.com/bot.html)"
66.249.67.212 - - [20/Jun/2010:16:43:40 +0200] "GET /v/prensa/fotos/0000--090817---1412--rally_a_mali---pioneros--mali--alejandro_cabezon---rutas_y_retos--version--p1170011.jpg.html HTTP/1.1" 404 457 "-" "Mozilla/5.0 (compatible; Googlebot/2.1; +http://www.google.com/bot.html)"
67.195.115.170 - - [20/Jun/2010:17:08:34 +0200] "GET /v/prensa/fotos/0000--090801---1223--rally_a_mali---pioneros--salida--raul_garcia--version--p1110120.jpg.html HTTP/1.0" 404 457 "-" "Mozilla/5.0 (compatible; Yahoo! Slurp/3.0; http://help.yahoo.com/help/us/ysearch/slurp)"
67.195.115.170 - - [20/Jun/2010:17:08:34 +0200] "GET /themes/matrix/theme.css HTTP/1.0" 200 12501 "http://fotos.rallyamali.com/v/prensa/fotos/0000--090801---1223--rally_a_mali---pioneros--salida--raul_garcia--version--p1110120.jpg.html" "Mozilla/5.0 (compatible; Yahoo! Slurp/3.0; http://help.yahoo.com/help/us/ysearch/slurp)"
66.249.67.212 - - [20/Jun/2010:17:23:05 +0200] "GET /v/clipping/tv/0000--090801---2127---000135--rally_a_mali---pioneros--telemadrid---telenoticias_fin_de_semana--version--Vi00142009080121270.wmv.html HTTP/1.1" 404 457 "-" "Mozilla/5.0 (compatible; Googlebot/2.1; +http://www.google.com/bot.html)"
66.249.67.212 - - [20/Jun/2010:18:03:03 +0200] "GET /main.php?g2_view=ecard.SendEcard&g2_itemId=3738&g2_return=%2Fv%2Fprensa%2Ffotos%2F0000--090809---1446--rally_a_mali---pioneros--mali--spanishbullfighters--version--dsc_1192.jpg.html HTTP/1.1" 302 20 "-" "Mozilla/5.0 (compatible; Googlebot/2.1; +http://www.google.com/bot.html)"
66.249.67.212 - - [20/Jun/2010:18:03:04 +0200] "GET /main.php?g2_view=core.UserAdmin&g2_subView=core.UserLogin&g2_return=%2Fmain.php%3Fg2_view%3Decard.SendEcard%26g2_itemId%3D3738 HTTP/1.1" 200 1413 "-" "Mozilla/5.0 (compatible; Googlebot/2.1; +http://www.google.com/bot.html)"
66.249.67.212 - - [20/Jun/2010:18:32:29 +0200] "GET /d/3667-13/0000--090806---0000--rally_a_mali---pioneros--marruecos---spanishsiesta_y_murcia_mali_ole--angeles_del_desierto--version--p1.jpg HTTP/1.1" 304 - "-" "Googlebot-Image/1.0"
66.249.67.212 - - [20/Jun/2010:18:42:29 +0200] "GET /main.php?g2_controller=exif.SwitchDetailMode&g2_mode=detailed&g2_return=%2Fv%2Fprensa%2Ffotos%2F0000--090812---1028--rally_a_mali---pioneros--mali--osona_pandilleros--version--cimg2036.jpg.html HTTP/1.1" 302 20 "-" "Mozilla/5.0 (compatible; Googlebot/2.1; +http://www.google.com/bot.html)"
66.249.67.212 - - [20/Jun/2010:18:42:30 +0200] "GET /v/prensa/fotos/0000--090812---1028--rally_a_mali---pioneros--mali--osona_pandilleros--version--cimg2036.jpg.html HTTP/1.1" 404 457 "-" "Mozilla/5.0 (compatible; Googlebot/2.1; +http://www.google.com/bot.html)"
66.249.67.212 - - [20/Jun/2010:19:21:30 +0200] "GET /main.php?g2_controller=exif.SwitchDetailMode&g2_mode=detailed&g2_return=%2Fv%2Fprensa%2Ffotos%2F0000--090801---1254--rally_a_mali---pioneros--salida--osona_pandilleros--version--pic00025.jpg.html HTTP/1.1" 302 20 "-" "Mozilla/5.0 (compatible; Googlebot/2.1; +http://www.google.com/bot.html)"
66.249.67.212 - - [20/Jun/2010:19:21:30 +0200] "GET /v/prensa/fotos/0000--090801---1254--rally_a_mali---pioneros--salida--osona_pandilleros--version--pic00025.jpg.html HTTP/1.1" 404 457 "-" "Mozilla/5.0 (compatible; Googlebot/2.1; +http://www.google.com/bot.html)"
67.195.115.170 - - [20/Jun/2010:19:33:25 +0200] "GET /robots.txt HTTP/1.0" 404 261 "-" "Mozilla/5.0 (compatible; Yahoo! Slurp; http://help.yahoo.com/help/us/ysearch/slurp)"
67.195.115.170 - - [20/Jun/2010:19:33:25 +0200] "GET /v/pioneros/seleccion/preparativos/0000--090731---1438--rally_a_mali---pioneros--preparativos--spanishbullfighters---alberto_gomez-borrero--version--dsc_3597.jpg.html HTTP/1.0" 404 457 "-" "Mozilla/5.0 (compatible; Yahoo! Slurp/3.0; http://help.yahoo.com/help/us/ysearch/slurp)"
67.195.115.170 - - [20/Jun/2010:19:33:26 +0200] "GET /themes/matrix/theme.css HTTP/1.0" 200 12501 "http://fotos.rallyamali.com/v/pioneros/seleccion/preparativos/0000--090731---1438--rally_a_mali---pioneros--preparativos--spanishbullfighters---alberto_gomez-borrero--version--dsc_3597.jpg.html" "Mozilla/5.0 (compatible; Yahoo! Slurp/3.0; http://help.yahoo.com/help/us/ysearch/slurp)"
66.249.67.212 - - [20/Jun/2010:20:01:33 +0200] "GET /main.php?g2_view=ecard.SendEcard&g2_itemId=3720&g2_return=%2Fv%2Fprensa%2Ffotos%2F0000--090807---1925--rally_a_mali---pioneros--mauritania--spanishbullfighters--version--csc_1012.jpg.html HTTP/1.1" 302 20 "-" "Mozilla/5.0 (compatible; Googlebot/2.1; +http://www.google.com/bot.html)"
66.249.67.212 - - [20/Jun/2010:20:01:36 +0200] "GET /main.php?g2_view=core.UserAdmin&g2_subView=core.UserLogin&g2_return=%2Fmain.php%3Fg2_view%3Decard.SendEcard%26g2_itemId%3D3720 HTTP/1.1" 200 1414 "-" "Mozilla/5.0 (compatible; Googlebot/2.1; +http://www.google.com/bot.html)"
66.249.67.212 - - [20/Jun/2010:20:40:39 +0200] "GET /main.php?g2_controller=exif.SwitchDetailMode&g2_mode=detailed&g2_return=%2Fv%2Fprensa%2Ffotos%2F0000--090809---1446--rally_a_mali---pioneros--mali--spanishbullfighters--version--dsc_1192.jpg.html HTTP/1.1" 302 20 "-" "Mozilla/5.0 (compatible; Googlebot/2.1; +http://www.google.com/bot.html)"
