67.195.111.52 - - [28/Sep/2010:04:32:21 +0200] "GET /robots.txt HTTP/1.0" 404 261 "-" "Mozilla/5.0 (compatible; Yahoo! Slurp; http://help.yahoo.com/help/us/ysearch/slurp)"
67.195.111.52 - - [28/Sep/2010:04:32:21 +0200] "GET /v/prensa/fotos/0000--090806---2038--rally_a_mali---pioneros--mauritania--spanishbullfighters--version--dsc_0599.jpg.html HTTP/1.0" 404 464 "-" "Mozilla/5.0 (compatible; Yahoo! Slurp/3.0; http://help.yahoo.com/help/us/ysearch/slurp)"
67.195.111.52 - - [28/Sep/2010:04:32:23 +0200] "GET /themes/matrix/theme.css HTTP/1.0" 304 - "http://fotos.rallyamali.com/v/prensa/fotos/0000--090806---2038--rally_a_mali---pioneros--mauritania--spanishbullfighters--version--dsc_0599.jpg.html" "Mozilla/5.0 (compatible; Yahoo! Slurp/3.0; http://help.yahoo.com/help/us/ysearch/slurp)"
66.249.71.151 - - [28/Sep/2010:04:46:41 +0200] "GET /d/3655-13/0000--090805---1509--rally_a_mali---pioneros--marruecos--osona_pandilleros--version--pic00063.jpg HTTP/1.1" 304 - "-" "Googlebot-Image/1.0"
207.46.13.87 - - [28/Sep/2010:04:52:52 +0200] "GET /robots.txt HTTP/1.1" 404 320 "-" "msnbot/2.0b (+http://search.msn.com/msnbot.htm)"
207.46.13.87 - - [28/Sep/2010:05:30:13 +0200] "GET / HTTP/1.1" 304 - "-" "msnbot/2.0b (+http://search.msn.com/msnbot.htm)"
66.249.71.151 - - [28/Sep/2010:06:22:56 +0200] "GET /d/3901-11/0000--090816---1747--rally_a_mali---pioneros--mali--alejandro_cabezon---rutas_y_retos--version--p1160742.jpg HTTP/1.1" 304 - "-" "Googlebot-Image/1.0"
66.249.71.151 - - [28/Sep/2010:10:06:55 +0200] "GET /main.php?g2_view=rss.SimpleRender&g2_itemId=4833 HTTP/1.1" 500 65 "-" "Mozilla/5.0 (compatible; Googlebot/2.1; +http://www.google.com/bot.html)"
65.52.51.180 - - [28/Sep/2010:11:35:37 +0200] "GET /robots.txt HTTP/1.1" 404 320 "-" "msnbot/2.0b (+http://search.msn.com/msnbot.htm)"
66.249.71.151 - - [28/Sep/2010:16:59:09 +0200] "GET /robots.txt HTTP/1.1" 404 261 "-" "Mozilla/5.0 (compatible; Googlebot/2.1; +http://www.google.com/bot.html)"
66.249.71.151 - - [28/Sep/2010:16:59:09 +0200] "GET /v/pioneros/seleccion/eventos/salida/?g2_highlightId=275 HTTP/1.1" 404 464 "-" "Mozilla/5.0 (compatible; Googlebot/2.1; +http://www.google.com/bot.html)"
65.52.51.180 - - [28/Sep/2010:18:35:18 +0200] "GET /robots.txt HTTP/1.1" 404 320 "-" "msnbot/2.0b (+http://search.msn.com/msnbot.htm)"
88.131.106.1 - - [28/Sep/2010:19:41:26 +0200] "GET /robots.txt HTTP/1.0" 404 261 "-" "Mozilla/5.0 (Windows; U; Windows NT 5.1; en-US) Speedy Spider (http://www.entireweb.com/about/search_tech/speedy_spider/)"
88.131.106.4 - - [28/Sep/2010:19:41:26 +0200] "GET /v/pioneros/seleccion/ HTTP/1.0" 404 505 "-" "Mozilla/5.0 (Windows; U; Windows NT 5.1; en-US) Speedy Spider (http://www.entireweb.com/about/search_tech/speedy_spider/)"
67.195.111.52 - - [28/Sep/2010:19:47:23 +0200] "GET /robots.txt HTTP/1.0" 404 261 "-" "Mozilla/5.0 (compatible; Yahoo! Slurp; http://help.yahoo.com/help/us/ysearch/slurp)"
67.195.111.52 - - [28/Sep/2010:19:47:23 +0200] "GET /main.php?g2_view=slideshow.SlideshowMediaRss&g2_itemId=3696 HTTP/1.0" 404 488 "-" "Mozilla/5.0 (compatible; Yahoo! Slurp/3.0; http://help.yahoo.com/help/us/ysearch/slurp)"
67.195.111.52 - - [28/Sep/2010:19:47:25 +0200] "GET /themes/matrix/theme.css HTTP/1.0" 200 12501 "http://fotos.rallyamali.com/main.php?g2_view=slideshow.SlideshowMediaRss&g2_itemId=3696" "Mozilla/5.0 (compatible; Yahoo! Slurp/3.0; http://help.yahoo.com/help/us/ysearch/slurp)"
66.249.71.151 - - [28/Sep/2010:19:52:14 +0200] "GET /main.php?g2_view=rss.SimpleRender&g2_itemId=4833 HTTP/1.1" 500 65 "-" "Mozilla/5.0 (compatible; Googlebot/2.1; +http://www.google.com/bot.html)"
207.46.199.180 - - [28/Sep/2010:21:42:18 +0200] "GET /robots.txt HTTP/1.1" 404 320 "-" "msnbot/2.0b (+http://search.msn.com/msnbot.htm)"
207.46.199.200 - - [29/Sep/2010:03:12:43 +0200] "GET /robots.txt HTTP/1.1" 404 320 "-" "msnbot/2.0b (+http://search.msn.com/msnbot.htm)"
66.249.71.151 - - [29/Sep/2010:06:29:08 +0200] "GET /robots.txt HTTP/1.1" 404 261 "-" "Mozilla/5.0 (compatible; Googlebot/2.1; +http://www.google.com/bot.html)"
66.249.71.151 - - [29/Sep/2010:06:29:08 +0200] "GET /v/0000--090801---2110---000033--rally_a_mali---pioneros--la_sexta---la_sexta_noticias_tarde--version--Vi0240200908012110562111.wmv.html HTTP/1.1" 200 2341 "-" "Mozilla/5.0 (compatible; Googlebot/2.1; +http://www.google.com/bot.html)"
207.46.199.177 - - [29/Sep/2010:07:42:28 +0200] "GET /robots.txt HTTP/1.1" 404 320 "-" "msnbot/2.0b (+http://search.msn.com/msnbot.htm)"
207.46.199.184 - - [29/Sep/2010:08:19:10 +0200] "GET /robots.txt HTTP/1.1" 404 320 "-" "msnbot/2.0b (+http://search.msn.com/msnbot.htm)"
66.249.71.151 - - [29/Sep/2010:09:17:39 +0200] "GET /main.php?g2_view=rss.SimpleRender&g2_itemId=4833 HTTP/1.1" 500 65 "-" "Mozilla/5.0 (compatible; Googlebot/2.1; +http://www.google.com/bot.html)"
207.46.13.47 - - [29/Sep/2010:12:16:17 +0200] "GET /robots.txt HTTP/1.1" 404 320 "-" "msnbot/2.0b (+http://search.msn.com/msnbot.htm)"
207.46.13.47 - - [29/Sep/2010:13:12:49 +0200] "GET / HTTP/1.1" 304 - "-" "msnbot/2.0b (+http://search.msn.com/msnbot.htm)"
66.249.71.151 - - [29/Sep/2010:14:03:42 +0200] "GET /d/3922-11/0000--090817---1358--rally_a_mali---pioneros--mali--alejandro_cabezon---rutas_y_retos--version--p1160984.jpg HTTP/1.1" 304 - "-" "Googlebot-Image/1.0"
66.249.71.151 - - [29/Sep/2010:14:22:42 +0200] "GET /v/pioneros/seleccion/eventos/salida/?g2_highlightId=264 HTTP/1.1" 404 464 "-" "Mozilla/5.0 (compatible; Googlebot/2.1; +http://www.google.com/bot.html)"
66.249.71.151 - - [29/Sep/2010:14:42:20 +0200] "GET /d/288-2/0000--090801---0634--rally_a_mali---pioneros--salida--maria_del_carre--version--rally_mali_jul_09+337.jpg HTTP/1.1" 304 - "-" "Googlebot-Image/1.0"
66.249.71.151 - - [29/Sep/2010:16:38:29 +0200] "GET /d/4094-7/DSC_0003.JPG HTTP/1.1" 304 - "-" "Googlebot-Image/1.0"
207.46.199.201 - - [30/Sep/2010:08:49:48 +0200] "GET /robots.txt HTTP/1.1" 404 320 "-" "msnbot/2.0b (+http://search.msn.com/msnbot.htm)"
207.46.199.177 - - [30/Sep/2010:13:58:50 +0200] "GET /robots.txt HTTP/1.1" 404 320 "-" "msnbot/2.0b (+http://search.msn.com/msnbot.htm)"
66.249.71.151 - - [30/Sep/2010:14:13:18 +0200] "GET /robots.txt HTTP/1.1" 404 261 "-" "Googlebot-Image/1.0"
66.249.71.151 - - [30/Sep/2010:14:13:18 +0200] "GET /d/387-2/0000--090801---1213--rally_a_mali---pioneros--salida--raul_garcia--version--p1110083.jpg HTTP/1.1" 304 - "-" "Googlebot-Image/1.0"
66.249.71.151 - - [30/Sep/2010:17:20:18 +0200] "GET /d/3637-13/0000--090801---1350--rally_a_mali---pioneros--salida--last_lap--version--salida8.jpg HTTP/1.1" 304 - "-" "Googlebot-Image/1.0"
65.52.49.76 - - [01/Oct/2010:02:19:20 +0200] "GET /robots.txt HTTP/1.1" 404 320 "-" "msnbot/2.0b (+http://search.msn.com/msnbot.htm)"
67.195.111.52 - - [01/Oct/2010:02:45:59 +0200] "GET /robots.txt HTTP/1.0" 404 261 "-" "Mozilla/5.0 (compatible; Yahoo! Slurp; http://help.yahoo.com/help/us/ysearch/slurp)"
67.195.111.52 - - [01/Oct/2010:02:45:59 +0200] "GET / HTTP/1.0" 200 30 "-" "Mozilla/5.0 (compatible; Yahoo! Slurp/3.0; http://help.yahoo.com/help/us/ysearch/slurp)"
207.46.199.180 - - [01/Oct/2010:07:47:32 +0200] "GET /robots.txt HTTP/1.1" 404 320 "-" "msnbot/2.0b (+http://search.msn.com/msnbot.htm)"
65.52.53.243 - - [01/Oct/2010:08:13:36 +0200] "GET /robots.txt HTTP/1.1" 404 320 "-" "msnbot/2.0b (+http://search.msn.com/msnbot.htm)"
66.249.71.197 - - [01/Oct/2010:11:17:14 +0200] "GET /robots.txt HTTP/1.1" 404 261 "-" "Mozilla/5.0 (compatible; Googlebot/2.1; +http://www.google.com/bot.html)"
66.249.71.197 - - [01/Oct/2010:11:17:14 +0200] "GET /v/0000--090801---2110---000033--rally_a_mali---pioneros--la_sexta---la_sexta_noticias_tarde--version--Vi0240200908012110562111.wmv.html HTTP/1.1" 200 2343 "-" "Mozilla/5.0 (compatible; Googlebot/2.1; +http://www.google.com/bot.html)"
66.249.71.197 - - [01/Oct/2010:13:48:37 +0200] "GET /d/3661-13/0000--090805---1831--rally_a_mali---pioneros--marruecos--osona_pandilleros--version--pic00067.jpg HTTP/1.1" 304 - "-" "Googlebot-Image/1.0"
207.46.199.201 - - [01/Oct/2010:16:16:19 +0200] "GET /robots.txt HTTP/1.1" 404 320 "-" "msnbot/2.0b (+http://search.msn.com/msnbot.htm)"
95.108.246.252 - - [01/Oct/2010:17:14:31 +0200] "GET /robots.txt HTTP/1.1" 404 320 "-" "Mozilla/5.0 (compatible; YandexBot/3.0; +http://yandex.com/bots)"
95.108.246.252 - - [01/Oct/2010:21:00:49 +0200] "GET /main.php?g2_view=search.SearchScan&g2_form%5BuseDefaultSettings%5D=1&g2_return=%2Fw%2F%3Fg2_originalPath%3D%252F HTTP/1.1" 200 2151 "-" "Mozilla/5.0 (compatible; YandexBot/3.0; +http://yandex.com/bots)"
66.249.71.197 - - [01/Oct/2010:22:23:45 +0200] "GET /v/0000--090801---2110---000033--rally_a_mali---pioneros--la_sexta---la_sexta_noticias_tarde--version--Vi0240200908012110562111.wmv.html HTTP/1.1" 200 2343 "-" "Mozilla/5.0 (compatible; Googlebot/2.1; +http://www.google.com/bot.html)"
95.125.218.190 - - [01/Oct/2010:22:45:49 +0200] "GET / HTTP/1.1" 200 30 "http://www.rallyamali.com/www.rallyamali.com/index.html" "Mozilla/4.0 (compatible; MSIE 8.0; Windows NT 5.1; Trident/4.0; InfoPath.1)"
95.125.218.190 - - [01/Oct/2010:22:45:49 +0200] "GET /favicon.ico HTTP/1.1" 404 262 "-" "Mozilla/4.0 (compatible; MSIE 8.0; Windows NT 5.1; Trident/4.0; InfoPath.1)"
95.125.218.190 - - [01/Oct/2010:22:51:06 +0200] "GET / HTTP/1.1" 304 - "http://www.rallyamali.com/www.rallyamali.com/index.html" "Mozilla/4.0 (compatible; MSIE 8.0; Windows NT 5.1; Trident/4.0; InfoPath.1)"
95.125.218.190 - - [01/Oct/2010:22:51:06 +0200] "GET /favicon.ico HTTP/1.1" 404 262 "-" "Mozilla/4.0 (compatible; MSIE 8.0; Windows NT 5.1; Trident/4.0; InfoPath.1)"
207.46.199.185 - - [02/Oct/2010:00:06:50 +0200] "GET /robots.txt HTTP/1.1" 404 320 "-" "msnbot/2.0b (+http://search.msn.com/msnbot.htm)"
207.46.204.231 - - [02/Oct/2010:02:30:33 +0200] "GET /robots.txt HTTP/1.1" 404 320 "-" "msnbot/2.0b (+http://search.msn.com/msnbot.htm)"
207.46.204.231 - - [02/Oct/2010:02:38:11 +0200] "GET / HTTP/1.1" 304 - "-" "msnbot/2.0b (+http://search.msn.com/msnbot.htm)"
95.108.246.252 - - [02/Oct/2010:14:16:57 +0200] "GET /robots.txt HTTP/1.1" 404 320 "-" "Mozilla/5.0 (compatible; YandexBot/3.0; +http://yandex.com/bots)"
95.108.246.252 - - [02/Oct/2010:14:16:59 +0200] "GET / HTTP/1.1" 200 30 "-" "Mozilla/5.0 (compatible; YandexBot/3.0; +http://yandex.com/bots)"
67.195.111.52 - - [02/Oct/2010:14:28:54 +0200] "GET /robots.txt HTTP/1.0" 404 261 "-" "Mozilla/5.0 (compatible; Yahoo! Slurp; http://help.yahoo.com/help/us/ysearch/slurp)"
67.195.111.52 - - [02/Oct/2010:14:28:54 +0200] "GET /v/pioneros/seleccion/ HTTP/1.0" 404 464 "-" "Mozilla/5.0 (compatible; Yahoo! Slurp/3.0; http://help.yahoo.com/help/us/ysearch/slurp)"
67.195.111.52 - - [02/Oct/2010:14:28:58 +0200] "GET /themes/matrix/theme.css HTTP/1.0" 200 12501 "http://fotos.rallyamali.com/v/pioneros/seleccion/" "Mozilla/5.0 (compatible; Yahoo! Slurp/3.0; http://help.yahoo.com/help/us/ysearch/slurp)"
67.195.111.52 - - [02/Oct/2010:16:00:13 +0200] "GET /robots.txt HTTP/1.0" 404 261 "-" "Mozilla/5.0 (compatible; Yahoo! Slurp; http://help.yahoo.com/help/us/ysearch/slurp)"
67.195.111.52 - - [02/Oct/2010:16:00:14 +0200] "GET /v/prensa/fotos/0000--090802---1850--rally_a_mali---pioneros--spain--spanishbullfighters--version--dsc_3699.jpg.html HTTP/1.0" 404 464 "-" "Mozilla/5.0 (compatible; Yahoo! Slurp/3.0; http://help.yahoo.com/help/us/ysearch/slurp)"
95.108.246.252 - - [02/Oct/2010:19:21:18 +0200] "GET /v/pioneros/seleccion/ HTTP/1.1" 404 464 "-" "Mozilla/5.0 (compatible; YandexBot/3.0; +http://yandex.com/bots)"
220.181.108.86 - - [02/Oct/2010:22:47:22 +0200] "GET / HTTP/1.1" 200 30 "-" "Baiduspider+(+http://www.baidu.com/search/spider.htm)"
220.181.108.91 - - [03/Oct/2010:05:50:57 +0200] "GET / HTTP/1.1" 200 30 "-" "Baiduspider+(+http://www.baidu.com/search/spider.htm)"
65.52.51.180 - - [03/Oct/2010:05:53:57 +0200] "GET /robots.txt HTTP/1.1" 404 320 "-" "msnbot/2.0b (+http://search.msn.com/msnbot.htm)"
207.46.199.200 - - [03/Oct/2010:09:02:48 +0200] "GET /robots.txt HTTP/1.1" 404 320 "-" "msnbot/2.0b (+http://search.msn.com/msnbot.htm)"
65.52.53.245 - - [03/Oct/2010:11:47:57 +0200] "GET /robots.txt HTTP/1.1" 404 320 "-" "msnbot/2.0b (+http://search.msn.com/msnbot.htm)"
84.120.114.86 - - [03/Oct/2010:13:37:38 +0200] "GET /v/pioneros/seleccion/ HTTP/1.1" 404 511 "http://www.rallyamali.com/www.rallyamali.com/zona-de-ralliers.html" "Mozilla/4.0 (compatible; MSIE 7.0; Windows NT 6.0; GTB6.5; SLCC1; .NET CLR 2.0.50727; Media Center PC 5.0; OfficeLiveConnector.1.3; OfficeLivePatch.0.0; .NET CLR 3.5.30729; .NET CLR 3.0.30618)"
84.120.114.86 - - [03/Oct/2010:13:37:39 +0200] "GET /lib/javascript/BlockToggle.js HTTP/1.1" 200 1359 "http://fotos.rallyamali.com/v/pioneros/seleccion/" "Mozilla/4.0 (compatible; MSIE 7.0; Windows NT 6.0; GTB6.5; SLCC1; .NET CLR 2.0.50727; Media Center PC 5.0; OfficeLiveConnector.1.3; OfficeLivePatch.0.0; .NET CLR 3.5.30729; .NET CLR 3.0.30618)"
84.120.114.86 - - [03/Oct/2010:13:37:39 +0200] "GET /themes/matrix/theme.css HTTP/1.1" 200 12501 "http://fotos.rallyamali.com/v/pioneros/seleccion/" "Mozilla/4.0 (compatible; MSIE 7.0; Windows NT 6.0; GTB6.5; SLCC1; .NET CLR 2.0.50727; Media Center PC 5.0; OfficeLiveConnector.1.3; OfficeLivePatch.0.0; .NET CLR 3.5.30729; .NET CLR 3.0.30618)"
84.120.114.86 - - [03/Oct/2010:13:37:40 +0200] "GET /favicon.ico HTTP/1.1" 404 262 "-" "Mozilla/5.0 (compatible; Google Desktop/5.9.1005.12335; http://desktop.google.com/)"
67.195.111.52 - - [03/Oct/2010:14:05:19 +0200] "GET /robots.txt HTTP/1.0" 404 261 "-" "Mozilla/5.0 (compatible; Yahoo! Slurp; http://help.yahoo.com/help/us/ysearch/slurp)"
67.195.111.52 - - [03/Oct/2010:14:05:20 +0200] "GET /main.php?g2_view=slideshow.SlideshowMediaRss&g2_itemId=2210 HTTP/1.0" 404 488 "-" "Mozilla/5.0 (compatible; Yahoo! Slurp/3.0; http://help.yahoo.com/help/us/ysearch/slurp)"
67.195.111.52 - - [03/Oct/2010:14:05:20 +0200] "GET /themes/matrix/theme.css HTTP/1.0" 200 12501 "http://fotos.rallyamali.com/main.php?g2_view=slideshow.SlideshowMediaRss&g2_itemId=2210" "Mozilla/5.0 (compatible; Yahoo! Slurp/3.0; http://help.yahoo.com/help/us/ysearch/slurp)"
207.46.13.86 - - [03/Oct/2010:15:50:45 +0200] "GET /robots.txt HTTP/1.1" 404 320 "-" "msnbot/2.0b (+http://search.msn.com/msnbot.htm)"
207.46.13.86 - - [03/Oct/2010:16:02:44 +0200] "GET /v/pioneros/seleccion/ HTTP/1.1" 404 464 "-" "msnbot/2.0b (+http://search.msn.com/msnbot.htm)"
91.117.85.81 - - [03/Oct/2010:16:06:22 +0200] "GET /v/pioneros/seleccion/ HTTP/1.1" 404 512 "http://www.rallyamali.com/www.rallyamali.com/zona-de-ralliers.html" "Mozilla/5.0 (Windows; U; Windows NT 5.1; es-ES; rv:1.9.2.10) Gecko/20100914 AskTbBAV5/3.8.0.12217 Firefox/3.6.10"
91.117.85.81 - - [03/Oct/2010:16:06:22 +0200] "GET /lib/javascript/BlockToggle.js HTTP/1.1" 200 1359 "http://fotos.rallyamali.com/v/pioneros/seleccion/" "Mozilla/5.0 (Windows; U; Windows NT 5.1; es-ES; rv:1.9.2.10) Gecko/20100914 AskTbBAV5/3.8.0.12217 Firefox/3.6.10"
91.117.85.81 - - [03/Oct/2010:16:06:22 +0200] "GET /themes/matrix/theme.css HTTP/1.1" 200 12501 "http://fotos.rallyamali.com/v/pioneros/seleccion/" "Mozilla/5.0 (Windows; U; Windows NT 5.1; es-ES; rv:1.9.2.10) Gecko/20100914 AskTbBAV5/3.8.0.12217 Firefox/3.6.10"
91.117.85.81 - - [03/Oct/2010:16:06:23 +0200] "GET /favicon.ico HTTP/1.1" 404 262 "-" "Mozilla/5.0 (Windows; U; Windows NT 5.1; es-ES; rv:1.9.2.10) Gecko/20100914 AskTbBAV5/3.8.0.12217 Firefox/3.6.10"
91.117.85.81 - - [03/Oct/2010:16:06:26 +0200] "GET /favicon.ico HTTP/1.1" 404 262 "-" "Mozilla/5.0 (Windows; U; Windows NT 5.1; es-ES; rv:1.9.2.10) Gecko/20100914 AskTbBAV5/3.8.0.12217 Firefox/3.6.10"
69.28.58.22 - - [03/Oct/2010:18:32:08 +0200] "GET /robots.txt HTTP/1.0" 404 320 "-" "page_test (larbin2.6.3@unspecified.mail)"
69.28.58.22 - - [03/Oct/2010:18:32:08 +0200] "GET / HTTP/1.0" 200 15 "-" "page_test larbin2.6.3@unspecified.mail"
95.108.246.252 - - [03/Oct/2010:20:43:19 +0200] "GET /robots.txt HTTP/1.1" 404 320 "-" "Mozilla/5.0 (compatible; YandexBot/3.0; +http://yandex.com/bots)"
95.108.246.252 - - [03/Oct/2010:22:56:22 +0200] "GET /v/0000--090801---1448---000213--rally_a_mali---pioneros--cuatro---noticias_cuatro_1--version--Vi023420090801144804145017000001.wmv.html HTTP/1.1" 200 2312 "-" "Mozilla/5.0 (compatible; YandexBot/3.0; +http://yandex.com/bots)"
207.46.199.201 - - [04/Oct/2010:03:01:54 +0200] "GET /robots.txt HTTP/1.1" 404 320 "-" "msnbot/2.0b (+http://search.msn.com/msnbot.htm)"
207.46.199.198 - - [04/Oct/2010:07:11:46 +0200] "GET /robots.txt HTTP/1.1" 404 320 "-" "msnbot/2.0b (+http://search.msn.com/msnbot.htm)"
207.46.199.184 - - [04/Oct/2010:13:44:05 +0200] "GET /robots.txt HTTP/1.1" 404 320 "-" "msnbot/2.0b (+http://search.msn.com/msnbot.htm)"
220.181.108.93 - - [04/Oct/2010:14:15:04 +0200] "GET / HTTP/1.1" 200 30 "-" "Baiduspider+(+http://www.baidu.com/search/spider.htm)"
65.52.49.139 - - [04/Oct/2010:16:31:07 +0200] "GET /robots.txt HTTP/1.1" 404 320 "-" "msnbot/2.0b (+http://search.msn.com/msnbot.htm)"
67.195.111.52 - - [04/Oct/2010:19:14:23 +0200] "GET /robots.txt HTTP/1.0" 404 261 "-" "Mozilla/5.0 (compatible; Yahoo! Slurp; http://help.yahoo.com/help/us/ysearch/slurp)"
67.195.111.52 - - [04/Oct/2010:19:14:23 +0200] "GET /main.php?g2_view=slideshow.SlideshowMediaRss&g2_itemId=1738 HTTP/1.0" 404 488 "-" "Mozilla/5.0 (compatible; Yahoo! Slurp/3.0; http://help.yahoo.com/help/us/ysearch/slurp)"
67.195.111.52 - - [04/Oct/2010:19:14:25 +0200] "GET /themes/matrix/theme.css HTTP/1.0" 200 12501 "http://fotos.rallyamali.com/main.php?g2_view=slideshow.SlideshowMediaRss&g2_itemId=1738" "Mozilla/5.0 (compatible; Yahoo! Slurp/3.0; http://help.yahoo.com/help/us/ysearch/slurp)"
220.181.108.86 - - [05/Oct/2010:00:45:47 +0200] "GET / HTTP/1.1" 200 30 "-" "Baiduspider+(+http://www.baidu.com/search/spider.htm)"
207.46.199.193 - - [05/Oct/2010:01:17:08 +0200] "GET /robots.txt HTTP/1.1" 404 320 "-" "msnbot/2.0b (+http://search.msn.com/msnbot.htm)"
207.46.199.184 - - [05/Oct/2010:02:18:19 +0200] "GET /robots.txt HTTP/1.1" 404 320 "-" "msnbot/2.0b (+http://search.msn.com/msnbot.htm)"
208.115.111.249 - - [05/Oct/2010:02:19:47 +0200] "GET /robots.txt HTTP/1.1" 404 261 "-" "Mozilla/5.0 (compatible; DotBot/1.1; http://www.dotnetdotcom.org/, crawler@dotnetdotcom.org)"
208.115.111.249 - - [05/Oct/2010:04:20:48 +0200] "GET /main.php?g2_highlightId=4833 HTTP/1.1" 302 20 "-" "Mozilla/5.0 (compatible; DotBot/1.1; http://www.dotnetdotcom.org/, crawler@dotnetdotcom.org)"
208.115.111.249 - - [05/Oct/2010:04:20:52 +0200] "GET /main.php?g2_view=rss.SimpleRender&g2_itemId=4833 HTTP/1.1" 500 65 "-" "Mozilla/5.0 (compatible; DotBot/1.1; http://www.dotnetdotcom.org/, crawler@dotnetdotcom.org)"
208.115.111.249 - - [05/Oct/2010:04:21:57 +0200] "GET /main.php?g2_view=rss.SimpleRender&g2_itemId=4833 HTTP/1.1" 500 65 "-" "Mozilla/5.0 (compatible; DotBot/1.1; http://www.dotnetdotcom.org/, crawler@dotnetdotcom.org)"
208.115.111.249 - - [05/Oct/2010:04:30:18 +0200] "GET /main.php?g2_view=rss.SimpleRender&g2_itemId=4833 HTTP/1.1" 500 65 "-" "Mozilla/5.0 (compatible; DotBot/1.1; http://www.dotnetdotcom.org/, crawler@dotnetdotcom.org)"
208.115.111.249 - - [05/Oct/2010:04:38:39 +0200] "GET /main.php?g2_view=rss.SimpleRender&g2_itemId=4833 HTTP/1.1" 500 65 "-" "Mozilla/5.0 (compatible; DotBot/1.1; http://www.dotnetdotcom.org/, crawler@dotnetdotcom.org)"
123.125.66.106 - - [05/Oct/2010:05:49:49 +0200] "GET /robots.txt HTTP/1.1" 404 261 "-" "Baiduspider+(+http://www.baidu.com/search/spider.htm)"
208.115.111.249 - - [05/Oct/2010:07:25:01 +0200] "GET /robots.txt HTTP/1.1" 404 261 "-" "Mozilla/5.0 (compatible; DotBot/1.1; http://www.dotnetdotcom.org/, crawler@dotnetdotcom.org)"
65.52.53.243 - - [05/Oct/2010:08:18:27 +0200] "GET /robots.txt HTTP/1.1" 404 320 "-" "msnbot/2.0b (+http://search.msn.com/msnbot.htm)"
205.251.121.5 - - [05/Oct/2010:10:49:01 +0200] "GET /robots.txt HTTP/1.1" 404 320 "-" "panscient.com"
205.251.121.5 - - [05/Oct/2010:10:49:05 +0200] "GET / HTTP/1.1" 200 30 "-" "panscient.com"
205.251.121.5 - - [05/Oct/2010:10:50:05 +0200] "GET /robots.txt HTTP/1.1" 404 320 "-" "panscient.com"
205.251.121.5 - - [05/Oct/2010:10:50:40 +0200] "GET /robots.txt HTTP/1.1" 404 320 "-" "panscient.com"
205.251.121.5 - - [05/Oct/2010:10:50:46 +0200] "GET / HTTP/1.1" 200 30 "-" "panscient.com"
205.251.121.5 - - [05/Oct/2010:10:51:03 +0200] "GET /robots.txt HTTP/1.1" 404 320 "-" "panscient.com"
205.251.121.5 - - [05/Oct/2010:10:51:04 +0200] "GET /v/pioneros/seleccion/ HTTP/1.1" 404 505 "-" "panscient.com"
208.115.111.249 - - [05/Oct/2010:10:57:53 +0200] "GET /robots.txt HTTP/1.1" 404 261 "-" "Mozilla/5.0 (compatible; DotBot/1.1; http://www.dotnetdotcom.org/, crawler@dotnetdotcom.org)"
207.46.199.47 - - [05/Oct/2010:11:16:20 +0200] "GET /robots.txt HTTP/1.1" 404 320 "-" "msnbot/2.0b (+http://search.msn.com/msnbot.htm)"
208.115.111.249 - - [05/Oct/2010:11:21:50 +0200] "GET / HTTP/1.1" 200 30 "-" "Mozilla/5.0 (compatible; DotBot/1.1; http://www.dotnetdotcom.org/, crawler@dotnetdotcom.org)"
220.181.108.83 - - [05/Oct/2010:12:08:15 +0200] "GET / HTTP/1.1" 200 30 "-" "Baiduspider+(+http://www.baidu.com/search/spider.htm)"
207.46.199.47 - - [05/Oct/2010:12:43:02 +0200] "GET / HTTP/1.1" 304 - "-" "msnbot/2.0b (+http://search.msn.com/msnbot.htm)"
65.52.53.243 - - [05/Oct/2010:13:21:35 +0200] "GET /robots.txt HTTP/1.1" 404 320 "-" "msnbot/2.0b (+http://search.msn.com/msnbot.htm)"
208.115.111.249 - - [05/Oct/2010:14:36:33 +0200] "GET /robots.txt HTTP/1.1" 404 261 "-" "Mozilla/5.0 (compatible; DotBot/1.1; http://www.dotnetdotcom.org/, crawler@dotnetdotcom.org)"
208.115.111.249 - - [05/Oct/2010:15:01:28 +0200] "GET /main.php?g2_view=core.UserAdmin&g2_subView=core.UserLogin&g2_return=%2Fmain.php%3Fg2_view%3Dcore.UserAdmin%26g2_subView%3Dregister.UserSelfRegistration%26g2_GALLERYSID%3D119021581cad1aaef3bd99f95e598ac0 HTTP/1.1" 200 1488 "-" "Mozilla/5.0 (compatible; DotBot/1.1; http://www.dotnetdotcom.org/, crawler@dotnetdotcom.org)"
208.115.111.249 - - [05/Oct/2010:15:01:42 +0200] "GET /main.php?g2_view=core.UserAdmin&g2_subView=register.UserSelfRegistration&g2_return=%2Fmain.php%3Fg2_view%3Dcore.UserAdmin%26g2_subView%3Dregister.UserSelfRegistration%26g2_GALLERYSID%3D119021581cad1aaef3bd99f95e598ac0 HTTP/1.1" 200 1590 "-" "Mozilla/5.0 (compatible; DotBot/1.1; http://www.dotnetdotcom.org/, crawler@dotnetdotcom.org)"
208.115.111.249 - - [05/Oct/2010:18:21:42 +0200] "GET /robots.txt HTTP/1.1" 404 261 "-" "Mozilla/5.0 (compatible; DotBot/1.1; http://www.dotnetdotcom.org/, crawler@dotnetdotcom.org)"
208.115.111.249 - - [05/Oct/2010:18:50:33 +0200] "GET /main.php?g2_controller=cart.AddToCart&g2_itemId=4826&g2_return=%2Fmain.php%3F HTTP/1.1" 302 20 "-" "Mozilla/5.0 (compatible; DotBot/1.1; http://www.dotnetdotcom.org/, crawler@dotnetdotcom.org)"
208.115.111.249 - - [05/Oct/2010:18:50:37 +0200] "GET /main.php?g2_controller=cart.AddToCart&g2_itemId=4830&g2_return=%2Fmain.php%3F HTTP/1.1" 302 20 "-" "Mozilla/5.0 (compatible; DotBot/1.1; http://www.dotnetdotcom.org/, crawler@dotnetdotcom.org)"
208.115.111.249 - - [05/Oct/2010:18:50:42 +0200] "GET /main.php?g2_controller=cart.AddToCart&g2_itemId=4833&g2_return=%2Fmain.php%3F HTTP/1.1" 302 20 "-" "Mozilla/5.0 (compatible; DotBot/1.1; http://www.dotnetdotcom.org/, crawler@dotnetdotcom.org)"
208.115.111.249 - - [05/Oct/2010:18:50:47 +0200] "GET /main.php?g2_controller=cart.AddToCart&g2_itemId=7&g2_return=%2Fmain.php%3F HTTP/1.1" 302 20 "-" "Mozilla/5.0 (compatible; DotBot/1.1; http://www.dotnetdotcom.org/, crawler@dotnetdotcom.org)"
208.115.111.249 - - [05/Oct/2010:18:50:52 +0200] "GET /main.php?g2_view=core.UserAdmin&g2_subView=core.UserLogin&g2_return=%2Fmain.php%3F HTTP/1.1" 200 1448 "-" "Mozilla/5.0 (compatible; DotBot/1.1; http://www.dotnetdotcom.org/, crawler@dotnetdotcom.org)"
208.115.111.249 - - [05/Oct/2010:18:50:57 +0200] "GET /main.php?g2_view=core.UserAdmin&g2_subView=register.UserSelfRegistration&g2_return=%2Fmain.php%3F HTTP/1.1" 200 1562 "-" "Mozilla/5.0 (compatible; DotBot/1.1; http://www.dotnetdotcom.org/, crawler@dotnetdotcom.org)"
208.115.111.249 - - [05/Oct/2010:18:51:02 +0200] "GET /main.php?g2_view=search.SearchScan&g2_form%5BuseDefaultSettings%5D=1&g2_return=%2Fmain.php%3F HTTP/1.1" 200 2141 "-" "Mozilla/5.0 (compatible; DotBot/1.1; http://www.dotnetdotcom.org/, crawler@dotnetdotcom.org)"
66.249.65.151 - - [05/Oct/2010:20:44:42 +0200] "GET /robots.txt HTTP/1.1" 404 261 "-" "Googlebot-Image/1.0"
66.249.65.151 - - [05/Oct/2010:20:44:43 +0200] "GET /d/291-2/0000--090801---0636--rally_a_mali---pioneros--salida--maria_del_carre--version--rally_mali_jul_09+344.jpg HTTP/1.1" 304 - "-" "Googlebot-Image/1.0"
95.108.246.252 - - [05/Oct/2010:20:46:10 +0200] "GET /robots.txt HTTP/1.1" 404 320 "-" "Mozilla/5.0 (compatible; YandexBot/3.0; +http://yandex.com/bots)"
207.46.199.180 - - [05/Oct/2010:21:04:56 +0200] "GET /robots.txt HTTP/1.1" 404 320 "-" "msnbot/2.0b (+http://search.msn.com/msnbot.htm)"
207.46.199.201 - - [05/Oct/2010:22:18:08 +0200] "GET /robots.txt HTTP/1.1" 404 320 "-" "msnbot/2.0b (+http://search.msn.com/msnbot.htm)"
208.115.111.249 - - [05/Oct/2010:22:27:42 +0200] "GET /main.php?g2_view=core.UserAdmin&g2_subView=core.UserLogin&g2_return=%2Fmain.php%3Fg2_view%3Dcore.UserAdmin%26g2_subView%3Dcore.UserRecoverPassword%26g2_GALLERYSID%3Dd56cff50ce614a7ab243d6f1deaf161c HTTP/1.1" 200 1495 "-" "Mozilla/5.0 (compatible; DotBot/1.1; http://www.dotnetdotcom.org/, crawler@dotnetdotcom.org)"
208.115.111.249 - - [05/Oct/2010:22:27:45 +0200] "GET /main.php?g2_view=core.UserAdmin&g2_subView=core.UserLogin&g2_return=%2Fmain.php%3Fg2_view%3Dcore.UserAdmin%26g2_subView%3Dregister.UserSelfRegistration%26g2_GALLERYSID%3D99b8b74c94137d79db020aad7cdacdd6 HTTP/1.1" 200 1488 "-" "Mozilla/5.0 (compatible; DotBot/1.1; http://www.dotnetdotcom.org/, crawler@dotnetdotcom.org)"
208.115.111.249 - - [05/Oct/2010:22:27:50 +0200] "GET /main.php?g2_view=core.UserAdmin&g2_subView=core.UserLogin&g2_return=%2Fmain.php%3Fg2_view%3Dcore.UserAdmin%26g2_subView%3Dregister.UserSelfRegistration%26g2_GALLERYSID%3Dafc67662f236b0300cb77c586349b599 HTTP/1.1" 200 1490 "-" "Mozilla/5.0 (compatible; DotBot/1.1; http://www.dotnetdotcom.org/, crawler@dotnetdotcom.org)"
208.115.111.249 - - [05/Oct/2010:22:27:56 +0200] "GET /main.php?g2_view=core.UserAdmin&g2_subView=register.UserSelfRegistration&g2_return=%2Fmain.php%3Fg2_view%3Dcore.UserAdmin%26g2_subView%3Dcore.UserRecoverPassword%26g2_GALLERYSID%3Dd56cff50ce614a7ab243d6f1deaf161c HTTP/1.1" 200 1600 "-" "Mozilla/5.0 (compatible; DotBot/1.1; http://www.dotnetdotcom.org/, crawler@dotnetdotcom.org)"
208.115.111.249 - - [05/Oct/2010:22:28:01 +0200] "GET /main.php?g2_view=core.UserAdmin&g2_subView=register.UserSelfRegistration&g2_return=%2Fmain.php%3Fg2_view%3Dcore.UserAdmin%26g2_subView%3Dregister.UserSelfRegistration%26g2_GALLERYSID%3D99b8b74c94137d79db020aad7cdacdd6 HTTP/1.1" 200 1589 "-" "Mozilla/5.0 (compatible; DotBot/1.1; http://www.dotnetdotcom.org/, crawler@dotnetdotcom.org)"
208.115.111.249 - - [05/Oct/2010:22:28:09 +0200] "GET /main.php?g2_view=core.UserAdmin&g2_subView=register.UserSelfRegistration&g2_return=%2Fmain.php%3Fg2_view%3Dcore.UserAdmin%26g2_subView%3Dregister.UserSelfRegistration%26g2_GALLERYSID%3Dafc67662f236b0300cb77c586349b599 HTTP/1.1" 200 1588 "-" "Mozilla/5.0 (compatible; DotBot/1.1; http://www.dotnetdotcom.org/, crawler@dotnetdotcom.org)"
208.115.111.249 - - [05/Oct/2010:22:28:11 +0200] "GET /main.php?g2_view=rss.SimpleRender&g2_itemId=7 HTTP/1.1" 200 710 "-" "Mozilla/5.0 (compatible; DotBot/1.1; http://www.dotnetdotcom.org/, crawler@dotnetdotcom.org)"
208.115.111.249 - - [05/Oct/2010:22:28:23 +0200] "GET /main.php?g2_view=webdav.WebDavMount&g2_itemId=7 HTTP/1.1" 200 1800 "-" "Mozilla/5.0 (compatible; DotBot/1.1; http://www.dotnetdotcom.org/, crawler@dotnetdotcom.org)"
207.46.13.40 - - [05/Oct/2010:23:22:02 +0200] "GET /robots.txt HTTP/1.1" 404 320 "-" "msnbot/2.0b (+http://search.msn.com/msnbot.htm)"
95.108.246.252 - - [05/Oct/2010:23:40:44 +0200] "GET /v/0000--090801---2110---000033--rally_a_mali---pioneros--la_sexta---la_sexta_noticias_tarde--version--Vi0240200908012110562111.wmv.html HTTP/1.1" 200 2343 "-" "Mozilla/5.0 (compatible; YandexBot/3.0; +http://yandex.com/bots)"
207.46.13.40 - - [05/Oct/2010:23:42:34 +0200] "GET / HTTP/1.1" 304 - "-" "msnbot/2.0b (+http://search.msn.com/msnbot.htm)"
208.115.111.249 - - [06/Oct/2010:01:36:41 +0200] "GET /robots.txt HTTP/1.1" 404 261 "-" "Mozilla/5.0 (compatible; DotBot/1.1; http://www.dotnetdotcom.org/, crawler@dotnetdotcom.org)"
66.249.65.166 - - [06/Oct/2010:12:10:46 +0200] "GET /robots.txt HTTP/1.1" 404 261 "-" "Mozilla/5.0 (compatible; Googlebot/2.1; +http://www.google.com/bot.html)"
66.249.65.166 - - [06/Oct/2010:12:10:46 +0200] "GET /main.php?g2_view=rss.SimpleRender&g2_itemId=4826 HTTP/1.1" 500 65 "-" "Mozilla/5.0 (compatible; Googlebot/2.1; +http://www.google.com/bot.html)"
123.125.66.111 - - [06/Oct/2010:12:17:21 +0200] "GET /robots.txt HTTP/1.1" 404 261 "-" "Baiduspider+(+http://www.baidu.com/search/spider.htm)"
67.195.111.52 - - [06/Oct/2010:14:05:29 +0200] "GET /robots.txt HTTP/1.0" 404 261 "-" "Mozilla/5.0 (compatible; Yahoo! Slurp; http://help.yahoo.com/help/us/ysearch/slurp)"
67.195.111.52 - - [06/Oct/2010:14:05:29 +0200] "GET /v/pioneros/seleccion/eventos/ HTTP/1.0" 404 464 "-" "Mozilla/5.0 (compatible; Yahoo! Slurp/3.0; http://help.yahoo.com/help/us/ysearch/slurp)"
67.195.111.52 - - [06/Oct/2010:14:05:32 +0200] "GET /themes/matrix/theme.css HTTP/1.0" 200 12501 "http://fotos.rallyamali.com/v/pioneros/seleccion/eventos/" "Mozilla/5.0 (compatible; Yahoo! Slurp/3.0; http://help.yahoo.com/help/us/ysearch/slurp)"
66.249.65.166 - - [06/Oct/2010:15:46:50 +0200] "GET /d/1713-2/mali-bamako-religiosas_de_maria_inmaculada.jpg HTTP/1.1" 304 - "-" "Googlebot-Image/1.0"
66.249.66.101 - - [06/Oct/2010:18:12:16 +0200] "GET /robots.txt HTTP/1.1" 404 261 "-" "Mozilla/5.0 (compatible; Googlebot/2.1; +http://www.google.com/bot.html)"
66.249.66.101 - - [06/Oct/2010:18:12:16 +0200] "GET /main.php?g2_view=rss.SimpleRender&g2_itemId=4830 HTTP/1.1" 500 65 "-" "Mozilla/5.0 (compatible; Googlebot/2.1; +http://www.google.com/bot.html)"
66.249.66.101 - - [06/Oct/2010:18:56:14 +0200] "GET /d/3895-11/0000--090816---1744--rally_a_mali---pioneros--mali--alejandro_cabezon---rutas_y_retos--version--p1160724.jpg HTTP/1.1" 304 - "-" "Googlebot-Image/1.0"
66.249.66.101 - - [06/Oct/2010:20:30:10 +0200] "GET /main.php?g2_view=rss.SimpleRender&g2_itemId=4826 HTTP/1.1" 500 65 "-" "Mozilla/5.0 (compatible; Googlebot/2.1; +http://www.google.com/bot.html)"
207.46.199.184 - - [06/Oct/2010:21:36:46 +0200] "GET /robots.txt HTTP/1.1" 404 320 "-" "msnbot/2.0b (+http://search.msn.com/msnbot.htm)"
65.52.49.140 - - [06/Oct/2010:23:36:38 +0200] "GET /robots.txt HTTP/1.1" 404 320 "-" "msnbot/2.0b (+http://search.msn.com/msnbot.htm)"
66.249.66.101 - - [07/Oct/2010:00:28:50 +0200] "GET /main.php?g2_view=rss.SimpleRender&g2_itemId=4833 HTTP/1.1" 500 65 "-" "Mozilla/5.0 (compatible; Googlebot/2.1; +http://www.google.com/bot.html)"
207.46.199.193 - - [07/Oct/2010:00:36:23 +0200] "GET /robots.txt HTTP/1.1" 404 320 "-" "msnbot/2.0b (+http://search.msn.com/msnbot.htm)"
220.181.108.85 - - [07/Oct/2010:00:53:04 +0200] "GET / HTTP/1.1" 200 30 "-" "Baiduspider+(+http://www.baidu.com/search/spider.htm)"
66.249.66.101 - - [07/Oct/2010:02:49:09 +0200] "GET /main.php?g2_view=rss.SimpleRender&g2_itemId=4830 HTTP/1.1" 500 65 "-" "Mozilla/5.0 (compatible; Googlebot/2.1; +http://www.google.com/bot.html)"
65.52.51.180 - - [07/Oct/2010:02:55:46 +0200] "GET /robots.txt HTTP/1.1" 404 320 "-" "msnbot/2.0b (+http://search.msn.com/msnbot.htm)"
207.46.199.178 - - [07/Oct/2010:03:15:38 +0200] "GET /robots.txt HTTP/1.1" 404 320 "-" "msnbot/2.0b (+http://search.msn.com/msnbot.htm)"
207.46.199.180 - - [07/Oct/2010:03:58:40 +0200] "GET /robots.txt HTTP/1.1" 404 320 "-" "msnbot/2.0b (+http://search.msn.com/msnbot.htm)"
66.249.66.101 - - [07/Oct/2010:08:17:41 +0200] "GET /robots.txt HTTP/1.1" 404 261 "-" "Mozilla/5.0 (compatible; Googlebot/2.1; +http://www.google.com/bot.html)"
66.249.66.101 - - [07/Oct/2010:08:17:41 +0200] "GET /main.php?g2_view=rss.SimpleRender&g2_itemId=4833 HTTP/1.1" 500 65 "-" "Mozilla/5.0 (compatible; Googlebot/2.1; +http://www.google.com/bot.html)"
66.249.66.101 - - [07/Oct/2010:09:04:08 +0200] "GET /main.php?g2_view=rss.SimpleRender&g2_itemId=4826 HTTP/1.1" 500 65 "-" "Mozilla/5.0 (compatible; Googlebot/2.1; +http://www.google.com/bot.html)"
207.46.199.184 - - [07/Oct/2010:09:24:36 +0200] "GET /robots.txt HTTP/1.1" 404 320 "-" "msnbot/2.0b (+http://search.msn.com/msnbot.htm)"
220.181.108.78 - - [07/Oct/2010:12:47:33 +0200] "GET / HTTP/1.1" 200 30 "-" "Baiduspider+(+http://www.baidu.com/search/spider.htm)"
208.115.111.249 - - [07/Oct/2010:13:03:10 +0200] "GET /robots.txt HTTP/1.1" 404 261 "-" "Mozilla/5.0 (compatible; DotBot/1.1; http://www.dotnetdotcom.org/, crawler@dotnetdotcom.org)"
66.249.66.101 - - [07/Oct/2010:14:46:18 +0200] "GET /main.php?g2_view=rss.SimpleRender&g2_itemId=4830 HTTP/1.1" 500 65 "-" "Mozilla/5.0 (compatible; Googlebot/2.1; +http://www.google.com/bot.html)"
66.249.71.197 - - [07/Oct/2010:15:32:42 +0200] "GET /robots.txt HTTP/1.1" 404 261 "-" "Mozilla/5.0 (compatible; Googlebot/2.1; +http://www.google.com/bot.html)"
66.249.71.197 - - [07/Oct/2010:15:32:42 +0200] "GET /main.php?g2_view=rss.SimpleRender&g2_itemId=4833 HTTP/1.1" 500 65 "-" "Mozilla/5.0 (compatible; Googlebot/2.1; +http://www.google.com/bot.html)"
208.115.111.249 - - [07/Oct/2010:17:19:38 +0200] "GET /v/clipping/?g2_highlightId=4475 HTTP/1.1" 404 505 "-" "Mozilla/5.0 (compatible; DotBot/1.1; http://www.dotnetdotcom.org/, crawler@dotnetdotcom.org)"
66.249.71.197 - - [07/Oct/2010:18:51:45 +0200] "GET /robots.txt HTTP/1.1" 404 261 "-" "Mozilla/5.0 (compatible; Googlebot/2.1; +http://www.google.com/bot.html)"
66.249.71.197 - - [07/Oct/2010:18:51:45 +0200] "GET /main.php?g2_view=webdav.WebDavMount&g2_itemId=7 HTTP/1.1" 200 1793 "-" "Mozilla/5.0 (compatible; Googlebot/2.1; +http://www.google.com/bot.html)"
66.249.71.197 - - [07/Oct/2010:21:17:37 +0200] "GET /main.php?g2_view=cart.ViewCart&g2_itemId=4833 HTTP/1.1" 200 1690 "-" "Mozilla/5.0 (compatible; Googlebot/2.1; +http://www.google.com/bot.html)"
207.46.199.184 - - [07/Oct/2010:22:52:44 +0200] "GET /robots.txt HTTP/1.1" 404 320 "-" "msnbot/2.0b (+http://search.msn.com/msnbot.htm)"
184.72.64.70 - - [07/Oct/2010:23:05:05 +0200] "GET / HTTP/1.0" 200 15 "-" "Mozilla/5.0 (compatible; NetcraftSurveyAgent/1.0; +info@netcraft.com)"
123.125.66.15 - - [08/Oct/2010:00:19:22 +0200] "GET /robots.txt HTTP/1.1" 404 261 "-" "Baiduspider+(+http://www.baidu.com/search/spider.htm)"
208.115.111.249 - - [08/Oct/2010:04:51:54 +0200] "GET /robots.txt HTTP/1.1" 404 261 "-" "Mozilla/5.0 (compatible; DotBot/1.1; http://www.dotnetdotcom.org/, crawler@dotnetdotcom.org)"
220.181.108.81 - - [08/Oct/2010:07:22:47 +0200] "GET / HTTP/1.1" 200 30 "-" "Baiduspider+(+http://www.baidu.com/search/spider.htm)"
65.52.53.245 - - [08/Oct/2010:07:29:08 +0200] "GET /robots.txt HTTP/1.1" 404 320 "-" "msnbot/2.0b (+http://search.msn.com/msnbot.htm)"
208.115.111.249 - - [08/Oct/2010:08:28:17 +0200] "GET /robots.txt HTTP/1.1" 404 261 "-" "Mozilla/5.0 (compatible; DotBot/1.1; http://www.dotnetdotcom.org/, crawler@dotnetdotcom.org)"
208.115.111.249 - - [08/Oct/2010:08:53:37 +0200] "GET /v/pioneros/?g2_highlightId=96 HTTP/1.1" 404 505 "-" "Mozilla/5.0 (compatible; DotBot/1.1; http://www.dotnetdotcom.org/, crawler@dotnetdotcom.org)"
208.115.111.249 - - [08/Oct/2010:08:53:41 +0200] "GET /v/pioneros/seleccion/eventos/ HTTP/1.1" 404 505 "-" "Mozilla/5.0 (compatible; DotBot/1.1; http://www.dotnetdotcom.org/, crawler@dotnetdotcom.org)"
67.195.111.52 - - [08/Oct/2010:10:01:07 +0200] "GET /robots.txt HTTP/1.0" 404 261 "-" "Mozilla/5.0 (compatible; Yahoo! Slurp; http://help.yahoo.com/help/us/ysearch/slurp)"
67.195.111.52 - - [08/Oct/2010:10:01:08 +0200] "GET / HTTP/1.0" 200 30 "-" "Mozilla/5.0 (compatible; Yahoo! Slurp/3.0; http://help.yahoo.com/help/us/ysearch/slurp)"
208.115.111.249 - - [08/Oct/2010:11:58:24 +0200] "GET /robots.txt HTTP/1.1" 404 261 "-" "Mozilla/5.0 (compatible; DotBot/1.1; http://www.dotnetdotcom.org/, crawler@dotnetdotcom.org)"
207.46.199.198 - - [08/Oct/2010:11:58:31 +0200] "GET /robots.txt HTTP/1.1" 404 320 "-" "msnbot/2.0b (+http://search.msn.com/msnbot.htm)"
66.249.71.197 - - [08/Oct/2010:12:21:45 +0200] "GET /robots.txt HTTP/1.1" 404 261 "-" "Mozilla/5.0 (compatible; Googlebot/2.1; +http://www.google.com/bot.html)"
66.249.71.197 - - [08/Oct/2010:12:21:46 +0200] "GET /main.php?g2_view=rss.SimpleRender&g2_itemId=4826 HTTP/1.1" 500 65 "-" "Mozilla/5.0 (compatible; Googlebot/2.1; +http://www.google.com/bot.html)"
208.115.111.249 - - [08/Oct/2010:12:27:12 +0200] "GET /v/prensa/?g2_highlightId=3603 HTTP/1.1" 404 505 "-" "Mozilla/5.0 (compatible; DotBot/1.1; http://www.dotnetdotcom.org/, crawler@dotnetdotcom.org)"
65.52.53.244 - - [08/Oct/2010:13:21:26 +0200] "GET /robots.txt HTTP/1.1" 404 320 "-" "msnbot/2.0b (+http://search.msn.com/msnbot.htm)"
207.46.199.184 - - [08/Oct/2010:14:52:59 +0200] "GET /robots.txt HTTP/1.1" 404 320 "-" "msnbot/2.0b (+http://search.msn.com/msnbot.htm)"
208.115.111.249 - - [08/Oct/2010:15:38:15 +0200] "GET /robots.txt HTTP/1.1" 404 261 "-" "Mozilla/5.0 (compatible; DotBot/1.1; http://www.dotnetdotcom.org/, crawler@dotnetdotcom.org)"
208.115.111.249 - - [08/Oct/2010:16:04:37 +0200] "GET /main.php?g2_highlightId=27 HTTP/1.1" 302 20 "-" "Mozilla/5.0 (compatible; DotBot/1.1; http://www.dotnetdotcom.org/, crawler@dotnetdotcom.org)"
208.115.111.249 - - [08/Oct/2010:16:04:41 +0200] "GET /main.php?g2_highlightId=3110 HTTP/1.1" 302 20 "-" "Mozilla/5.0 (compatible; DotBot/1.1; http://www.dotnetdotcom.org/, crawler@dotnetdotcom.org)"
208.115.111.249 - - [08/Oct/2010:16:04:46 +0200] "GET /main.php?g2_highlightId=4469 HTTP/1.1" 302 20 "-" "Mozilla/5.0 (compatible; DotBot/1.1; http://www.dotnetdotcom.org/, crawler@dotnetdotcom.org)"
208.115.111.249 - - [08/Oct/2010:16:04:50 +0200] "GET /v/pioneros/seleccion/ HTTP/1.1" 404 505 "-" "Mozilla/5.0 (compatible; DotBot/1.1; http://www.dotnetdotcom.org/, crawler@dotnetdotcom.org)"
208.115.111.249 - - [08/Oct/2010:16:04:56 +0200] "GET /v/prensa/fotos/?g2_page=2 HTTP/1.1" 404 505 "-" "Mozilla/5.0 (compatible; DotBot/1.1; http://www.dotnetdotcom.org/, crawler@dotnetdotcom.org)"
208.115.111.249 - - [08/Oct/2010:16:05:01 +0200] "GET /v/prensa/fotos/?g2_page=3 HTTP/1.1" 404 505 "-" "Mozilla/5.0 (compatible; DotBot/1.1; http://www.dotnetdotcom.org/, crawler@dotnetdotcom.org)"
208.115.111.249 - - [08/Oct/2010:16:05:06 +0200] "GET /v/prensa/fotos/?g2_page=4 HTTP/1.1" 404 505 "-" "Mozilla/5.0 (compatible; DotBot/1.1; http://www.dotnetdotcom.org/, crawler@dotnetdotcom.org)"
220.181.108.78 - - [08/Oct/2010:16:35:07 +0200] "GET / HTTP/1.1" 200 30 "-" "Baiduspider+(+http://www.baidu.com/search/spider.htm)"
66.249.65.186 - - [08/Oct/2010:17:02:55 +0200] "GET /robots.txt HTTP/1.1" 404 261 "-" "Mozilla/5.0 (compatible; Googlebot/2.1; +http://www.google.com/bot.html)"
66.249.65.186 - - [08/Oct/2010:17:02:55 +0200] "GET /v/0000--090801---2127---000135--rally_a_mali---pioneros--telemadrid---telenoticias_fin_de_semana--version--Vi00142009080121270.wmv.html HTTP/1.1" 200 2302 "-" "Mozilla/5.0 (compatible; Googlebot/2.1; +http://www.google.com/bot.html)"
66.249.65.186 - - [08/Oct/2010:18:44:04 +0200] "GET /d/4833-1/0000--090801---2127---000135--rally_a_mali---pioneros--telemadrid---telenoticias_fin_de_semana--version--Vi00142009080121270.wmv HTTP/1.1" 200 2240 "-" "Googlebot-Video/1.0"
208.115.111.249 - - [08/Oct/2010:19:19:19 +0200] "GET /robots.txt HTTP/1.1" 404 261 "-" "Mozilla/5.0 (compatible; DotBot/1.1; http://www.dotnetdotcom.org/, crawler@dotnetdotcom.org)"
208.115.111.249 - - [08/Oct/2010:19:43:18 +0200] "GET /v/clipping/ HTTP/1.1" 404 505 "-" "Mozilla/5.0 (compatible; DotBot/1.1; http://www.dotnetdotcom.org/, crawler@dotnetdotcom.org)"
208.115.111.249 - - [08/Oct/2010:19:43:23 +0200] "GET /v/clipping/tv/ HTTP/1.1" 404 505 "-" "Mozilla/5.0 (compatible; DotBot/1.1; http://www.dotnetdotcom.org/, crawler@dotnetdotcom.org)"
208.115.111.249 - - [08/Oct/2010:19:43:28 +0200] "GET /v/prensa/fotos/ HTTP/1.1" 404 505 "-" "Mozilla/5.0 (compatible; DotBot/1.1; http://www.dotnetdotcom.org/, crawler@dotnetdotcom.org)"
207.46.199.185 - - [08/Oct/2010:20:26:25 +0200] "GET /robots.txt HTTP/1.1" 404 320 "-" "msnbot/2.0b (+http://search.msn.com/msnbot.htm)"
123.125.66.51 - - [08/Oct/2010:20:29:10 +0200] "GET /robots.txt HTTP/1.1" 404 261 "-" "Baiduspider+(+http://www.baidu.com/search/spider.htm)"
207.46.199.191 - - [08/Oct/2010:23:11:16 +0200] "GET /robots.txt HTTP/1.1" 404 320 "-" "msnbot/2.0b (+http://search.msn.com/msnbot.htm)"
208.115.111.249 - - [08/Oct/2010:23:13:59 +0200] "GET /v/pioneros/ HTTP/1.1" 404 505 "-" "Mozilla/5.0 (compatible; DotBot/1.1; http://www.dotnetdotcom.org/, crawler@dotnetdotcom.org)"
208.115.111.249 - - [08/Oct/2010:23:14:02 +0200] "GET /v/prensa/ HTTP/1.1" 404 505 "-" "Mozilla/5.0 (compatible; DotBot/1.1; http://www.dotnetdotcom.org/, crawler@dotnetdotcom.org)"
66.249.65.175 - - [08/Oct/2010:23:20:37 +0200] "GET /main.php?g2_view=rss.SimpleRender&g2_itemId=4826 HTTP/1.1" 500 65 "-" "Mozilla/5.0 (compatible; Googlebot/2.1; +http://www.google.com/bot.html)"
66.249.65.175 - - [09/Oct/2010:00:55:25 +0200] "GET /main.php?g2_view=rss.SimpleRender&g2_itemId=4830 HTTP/1.1" 500 65 "-" "Mozilla/5.0 (compatible; Googlebot/2.1; +http://www.google.com/bot.html)"
207.46.199.198 - - [09/Oct/2010:02:40:50 +0200] "GET /robots.txt HTTP/1.1" 404 320 "-" "msnbot/2.0b (+http://search.msn.com/msnbot.htm)"
95.108.246.252 - - [09/Oct/2010:03:14:24 +0200] "GET /robots.txt HTTP/1.1" 404 320 "-" "Mozilla/5.0 (compatible; YandexBot/3.0; +http://yandex.com/bots)"
66.249.65.182 - - [09/Oct/2010:06:31:13 +0200] "GET /robots.txt HTTP/1.1" 404 261 "-" "Mozilla/5.0 (compatible; Googlebot/2.1; +http://www.google.com/bot.html)"
66.249.65.182 - - [09/Oct/2010:06:31:13 +0200] "GET /main.php?g2_view=rss.SimpleRender&g2_itemId=4833 HTTP/1.1" 500 65 "-" "Mozilla/5.0 (compatible; Googlebot/2.1; +http://www.google.com/bot.html)"
220.181.108.90 - - [09/Oct/2010:07:03:14 +0200] "GET / HTTP/1.1" 200 30 "-" "Baiduspider+(+http://www.baidu.com/search/spider.htm)"
95.108.246.252 - - [09/Oct/2010:10:04:32 +0200] "GET /v/0000--090801---2127---000135--rally_a_mali---pioneros--telemadrid---telenoticias_fin_de_semana--version--Vi00142009080121270.wmv.html HTTP/1.1" 200 2300 "-" "Mozilla/5.0 (compatible; YandexBot/3.0; +http://yandex.com/bots)"
207.46.199.201 - - [09/Oct/2010:11:21:23 +0200] "GET /robots.txt HTTP/1.1" 404 320 "-" "msnbot/2.0b (+http://search.msn.com/msnbot.htm)"
66.249.65.182 - - [09/Oct/2010:11:31:29 +0200] "GET /main.php?g2_view=rss.SimpleRender&g2_itemId=4830 HTTP/1.1" 500 65 "-" "Mozilla/5.0 (compatible; Googlebot/2.1; +http://www.google.com/bot.html)"
207.46.199.182 - - [09/Oct/2010:11:52:42 +0200] "GET /robots.txt HTTP/1.1" 404 320 "-" "msnbot/2.0b (+http://search.msn.com/msnbot.htm)"
66.249.65.182 - - [09/Oct/2010:12:13:48 +0200] "GET /main.php?g2_view=rss.SimpleRender&g2_itemId=4826 HTTP/1.1" 500 65 "-" "Mozilla/5.0 (compatible; Googlebot/2.1; +http://www.google.com/bot.html)"
65.52.51.179 - - [09/Oct/2010:14:03:06 +0200] "GET /robots.txt HTTP/1.1" 404 320 "-" "msnbot/2.0b (+http://search.msn.com/msnbot.htm)"
66.249.71.177 - - [09/Oct/2010:18:29:59 +0200] "GET /robots.txt HTTP/1.1" 404 261 "-" "Googlebot-Image/1.0"
66.249.71.177 - - [09/Oct/2010:18:29:59 +0200] "GET /d/3613-13/0000--090801---1153--rally_a_mali---pioneros--salida--patricia_ozores--version--p1150183.jpg HTTP/1.1" 304 - "-" "Googlebot-Image/1.0"
66.249.71.177 - - [09/Oct/2010:18:45:12 +0200] "GET /main.php?g2_view=rss.SimpleRender&g2_itemId=4830 HTTP/1.1" 500 65 "-" "Mozilla/5.0 (compatible; Googlebot/2.1; +http://www.google.com/bot.html)"
66.249.71.177 - - [09/Oct/2010:19:32:12 +0200] "GET /main.php?g2_view=rss.SimpleRender&g2_itemId=4833 HTTP/1.1" 500 65 "-" "Mozilla/5.0 (compatible; Googlebot/2.1; +http://www.google.com/bot.html)"
207.46.199.193 - - [09/Oct/2010:20:03:46 +0200] "GET /robots.txt HTTP/1.1" 404 320 "-" "msnbot/2.0b (+http://search.msn.com/msnbot.htm)"
66.249.71.177 - - [09/Oct/2010:20:19:43 +0200] "GET /d/3925-11/0000--090817---1412--rally_a_mali---pioneros--mali--alejandro_cabezon---rutas_y_retos--version--p1170011.jpg HTTP/1.1" 304 - "-" "Googlebot-Image/1.0"
119.63.198.91 - - [09/Oct/2010:22:18:46 +0200] "GET / HTTP/1.1" 200 30 "-" "Baiduspider+(+http://www.baidu.jp/spider/)"
123.125.66.102 - - [10/Oct/2010:00:59:02 +0200] "GET /robots.txt HTTP/1.1" 404 261 "-" "Baiduspider+(+http://www.baidu.com/search/spider.htm)"
66.249.71.177 - - [10/Oct/2010:06:53:12 +0200] "GET /robots.txt HTTP/1.1" 404 261 "-" "Mozilla/5.0 (compatible; Googlebot/2.1; +http://www.google.com/bot.html)"
66.249.71.177 - - [10/Oct/2010:06:53:12 +0200] "GET /main.php?g2_view=rss.SimpleRender&g2_itemId=4833 HTTP/1.1" 500 65 "-" "Mozilla/5.0 (compatible; Googlebot/2.1; +http://www.google.com/bot.html)"
67.195.111.52 - - [10/Oct/2010:07:01:49 +0200] "GET /robots.txt HTTP/1.0" 404 261 "-" "Mozilla/5.0 (compatible; Yahoo! Slurp; http://help.yahoo.com/help/us/ysearch/slurp)"
67.195.111.52 - - [10/Oct/2010:07:01:50 +0200] "GET /main.php?g2_view=core.UserAdmin&g2_subView=core.UserLogin&g2_return=%2Fmain.php%3Fg2_view%3Dcore.UserAdmin%26g2_subView%3Dcore.UserLogin HTTP/1.0" 200 1445 "-" "Mozilla/5.0 (compatible; Yahoo! Slurp/3.0; http://help.yahoo.com/help/us/ysearch/slurp)"
67.195.111.52 - - [10/Oct/2010:07:01:53 +0200] "GET /modules/core/data/gallery.css HTTP/1.0" 200 10174 "http://fotos.rallyamali.com/main.php?g2_view=core.UserAdmin&g2_subView=core.UserLogin&g2_return=%2Fmain.php%3Fg2_view%3Dcore.UserAdmin%26g2_subView%3Dcore.UserLogin" "Mozilla/5.0 (compatible; Yahoo! Slurp/3.0; http://help.yahoo.com/help/us/ysearch/slurp)"
67.195.111.52 - - [10/Oct/2010:07:01:54 +0200] "GET /modules/icons/iconpacks/silk/icons.css HTTP/1.0" 200 11271 "http://fotos.rallyamali.com/main.php?g2_view=core.UserAdmin&g2_subView=core.UserLogin&g2_return=%2Fmain.php%3Fg2_view%3Dcore.UserAdmin%26g2_subView%3Dcore.UserLogin" "Mozilla/5.0 (compatible; Yahoo! Slurp/3.0; http://help.yahoo.com/help/us/ysearch/slurp)"
67.195.111.52 - - [10/Oct/2010:07:01:56 +0200] "GET /themes/matrix/theme.css HTTP/1.0" 200 12501 "http://fotos.rallyamali.com/main.php?g2_view=core.UserAdmin&g2_subView=core.UserLogin&g2_return=%2Fmain.php%3Fg2_view%3Dcore.UserAdmin%26g2_subView%3Dcore.UserLogin" "Mozilla/5.0 (compatible; Yahoo! Slurp/3.0; http://help.yahoo.com/help/us/ysearch/slurp)"
95.108.246.252 - - [10/Oct/2010:08:39:02 +0200] "GET /robots.txt HTTP/1.1" 404 320 "-" "Mozilla/5.0 (compatible; YandexBot/3.0; +http://yandex.com/bots)"
119.63.198.98 - - [10/Oct/2010:10:07:02 +0200] "GET / HTTP/1.1" 200 30 "-" "Baiduspider+(+http://www.baidu.jp/spider/)"
220.181.108.87 - - [10/Oct/2010:10:07:48 +0200] "GET / HTTP/1.1" 200 30 "-" "Baiduspider+(+http://www.baidu.com/search/spider.htm)"
207.46.199.51 - - [10/Oct/2010:12:02:56 +0200] "GET /robots.txt HTTP/1.1" 404 320 "-" "msnbot/2.0b (+http://search.msn.com/msnbot.htm)"
207.46.199.51 - - [10/Oct/2010:13:04:00 +0200] "GET / HTTP/1.1" 200 30 "-" "msnbot/2.0b (+http://search.msn.com/msnbot.htm)"
95.108.246.252 - - [10/Oct/2010:13:18:58 +0200] "GET /v/0000--090801---2110---000033--rally_a_mali---pioneros--la_sexta---la_sexta_noticias_tarde--version--Vi0240200908012110562111.wmv.html HTTP/1.1" 200 2341 "-" "Mozilla/5.0 (compatible; YandexBot/3.0; +http://yandex.com/bots)"
66.249.71.177 - - [10/Oct/2010:16:31:39 +0200] "GET /d/4512-4/0000--090801---2110---000033--rally_a_mali---pioneros--la_sexta---la_sexta_noticias_tarde--version--Vi0240200908012110562111.jpg HTTP/1.1" 304 - "-" "Googlebot-Image/1.0"
220.181.108.85 - - [10/Oct/2010:17:41:37 +0200] "GET / HTTP/1.1" 200 30 "-" "Baiduspider+(+http://www.baidu.com/search/spider.htm)"
123.125.66.28 - - [10/Oct/2010:20:04:12 +0200] "GET /robots.txt HTTP/1.1" 404 261 "-" "Baiduspider+(+http://www.baidu.com/search/spider.htm)"
65.55.3.140 - - [10/Oct/2010:20:04:51 +0200] "GET /robots.txt HTTP/1.1" 404 261 "-" "msnbot/2.0b (+http://search.msn.com/msnbot.htm)._"
65.55.3.140 - - [10/Oct/2010:20:04:52 +0200] "GET /v/pioneros/seleccion/eventos/meeting_day/0000--000000---0000--rally_a_mali---pioneros--meeting_day-paintball--alejandro_cabezon---rutas_y_retos--version--p1140263.jpg.html HTTP/1.1" 404 464 "-" "msnbot/2.0b (+http://search.msn.com/msnbot.htm)._"
65.55.3.140 - - [10/Oct/2010:21:39:45 +0200] "GET /v/pioneros/seleccion/eventos/meta_hombori/0000--090814---2354--rally_a_mali---pioneros--fiesta_hombori--alejandro_cabezon---rutas_y_retos--version--p1160204.jpg.html HTTP/1.1" 404 464 "-" "msnbot/2.0b (+http://search.msn.com/msnbot.htm)._"
65.52.53.243 - - [11/Oct/2010:00:03:54 +0200] "GET /robots.txt HTTP/1.1" 404 320 "-" "msnbot/2.0b (+http://search.msn.com/msnbot.htm)"
65.55.3.140 - - [11/Oct/2010:01:22:05 +0200] "GET /robots.txt HTTP/1.1" 404 261 "-" "msnbot/2.0b (+http://search.msn.com/msnbot.htm)._"
65.55.3.140 - - [11/Oct/2010:01:22:06 +0200] "GET /v/pioneros/seleccion/eventos/salida/0000--090801---1207--rally_a_mali---pioneros--salida--patricia_ozores--version--p1150218.jpg.html HTTP/1.1" 404 464 "-" "msnbot/2.0b (+http://search.msn.com/msnbot.htm)._"
65.55.3.140 - - [11/Oct/2010:03:39:03 +0200] "GET /v/pioneros/seleccion/eventos/fiesta_tras_aventura/0000--090911---2216--rally_a_mali---pioneros--fiesta_tras_aventura--alejandro_cabezon---rutas_y_retos--version--p1170926.jpg.html HTTP/1.1" 404 464 "-" "msnbot/2.0b (+http://search.msn.com/msnbot.htm)._"
65.52.51.179 - - [11/Oct/2010:05:06:11 +0200] "GET /robots.txt HTTP/1.1" 404 320 "-" "msnbot/2.0b (+http://search.msn.com/msnbot.htm)"
66.249.71.177 - - [11/Oct/2010:07:00:09 +0200] "GET /robots.txt HTTP/1.1" 404 261 "-" "Mozilla/5.0 (compatible; Googlebot/2.1; +http://www.google.com/bot.html)"
