208.115.111.249 - - [29/Oct/2010:18:01:57 +0200] "GET /v/prensa/fotos/ HTTP/1.1" 404 505 "-" "Mozilla/5.0 (compatible; DotBot/1.1; http://www.dotnetdotcom.org/, crawler@dotnetdotcom.org)"
66.249.67.244 - - [29/Oct/2010:19:55:53 +0200] "GET /robots.txt HTTP/1.1" 404 261 "-" "Mozilla/5.0 (compatible; Googlebot/2.1; +http://www.google.com/bot.html)"
66.249.67.244 - - [29/Oct/2010:19:55:53 +0200] "GET /main.php?g2_view=rss.SimpleRender&g2_itemId=4826 HTTP/1.1" 500 65 "-" "Mozilla/5.0 (compatible; Googlebot/2.1; +http://www.google.com/bot.html)"
95.108.246.252 - - [29/Oct/2010:21:08:22 +0200] "GET /robots.txt HTTP/1.1" 404 320 "-" "Mozilla/5.0 (compatible; YandexBot/3.0; +http://yandex.com/bots)"
95.108.246.252 - - [29/Oct/2010:21:29:01 +0200] "GET / HTTP/1.1" 200 30 "-" "Mozilla/5.0 (compatible; YandexBot/3.0; +http://yandex.com/bots)"
208.115.111.249 - - [29/Oct/2010:21:39:41 +0200] "GET /v/pioneros/ HTTP/1.1" 404 505 "-" "Mozilla/5.0 (compatible; DotBot/1.1; http://www.dotnetdotcom.org/, crawler@dotnetdotcom.org)"
208.115.111.249 - - [29/Oct/2010:21:39:45 +0200] "GET /v/prensa/ HTTP/1.1" 404 505 "-" "Mozilla/5.0 (compatible; DotBot/1.1; http://www.dotnetdotcom.org/, crawler@dotnetdotcom.org)"
123.125.66.45 - - [30/Oct/2010:00:52:07 +0200] "GET /robots.txt HTTP/1.1" 404 261 "-" "Baiduspider+(+http://www.baidu.com/search/spider.htm)"
66.249.67.244 - - [30/Oct/2010:01:07:56 +0200] "GET /main.php?g2_view=rss.SimpleRender&g2_itemId=4830 HTTP/1.1" 500 65 "-" "Mozilla/5.0 (compatible; Googlebot/2.1; +http://www.google.com/bot.html)"
207.46.199.179 - - [30/Oct/2010:06:41:30 +0200] "GET /robots.txt HTTP/1.1" 404 320 "-" "Mozilla/5.0 (compatible; bingbot/2.0; +http://www.bing.com/bingbot.htm)"
66.249.67.244 - - [30/Oct/2010:06:58:14 +0200] "GET /main.php?g2_view=rss.SimpleRender&g2_itemId=4833 HTTP/1.1" 500 65 "-" "Mozilla/5.0 (compatible; Googlebot/2.1; +http://www.google.com/bot.html)"
220.181.108.84 - - [30/Oct/2010:07:14:01 +0200] "GET / HTTP/1.1" 200 30 "-" "Baiduspider+(+http://www.baidu.com/search/spider.htm)"
207.46.199.184 - - [30/Oct/2010:07:55:56 +0200] "GET /robots.txt HTTP/1.1" 404 320 "-" "Mozilla/5.0 (compatible; bingbot/2.0; +http://www.bing.com/bingbot.htm)"
66.249.67.244 - - [30/Oct/2010:08:19:02 +0200] "GET /robots.txt HTTP/1.1" 404 261 "-" "Mozilla/5.0 (compatible; Googlebot/2.1; +http://www.google.com/bot.html)"
66.249.67.244 - - [30/Oct/2010:08:19:02 +0200] "GET /main.php?g2_view=rss.SimpleRender&g2_itemId=4826 HTTP/1.1" 500 65 "-" "Mozilla/5.0 (compatible; Googlebot/2.1; +http://www.google.com/bot.html)"
67.195.111.52 - - [30/Oct/2010:09:09:42 +0200] "GET /robots.txt HTTP/1.0" 404 261 "-" "Mozilla/5.0 (compatible; Yahoo! Slurp; http://help.yahoo.com/help/us/ysearch/slurp)"
67.195.111.52 - - [30/Oct/2010:09:09:43 +0200] "GET /v/prensa/fotos/0000--090806---2038--rally_a_mali---pioneros--mauritania--spanishbullfighters--version--dsc_0599.jpg.html HTTP/1.0" 404 464 "-" "Mozilla/5.0 (compatible; Yahoo! Slurp/3.0; http://help.yahoo.com/help/us/ysearch/slurp)"
67.195.111.52 - - [30/Oct/2010:09:09:45 +0200] "GET /themes/matrix/theme.css HTTP/1.0" 200 12501 "http://fotos.rallyamali.com/v/prensa/fotos/0000--090806---2038--rally_a_mali---pioneros--mauritania--spanishbullfighters--version--dsc_0599.jpg.html" "Mozilla/5.0 (compatible; Yahoo! Slurp/3.0; http://help.yahoo.com/help/us/ysearch/slurp)"
207.46.199.200 - - [30/Oct/2010:09:50:42 +0200] "GET /robots.txt HTTP/1.1" 404 320 "-" "Mozilla/5.0 (compatible; bingbot/2.0; +http://www.bing.com/bingbot.htm)"
207.46.199.198 - - [30/Oct/2010:10:35:41 +0200] "GET /robots.txt HTTP/1.1" 404 320 "-" "Mozilla/5.0 (compatible; bingbot/2.0; +http://www.bing.com/bingbot.htm)"
66.249.67.244 - - [30/Oct/2010:16:09:59 +0200] "GET /main.php?g2_view=rss.SimpleRender&g2_itemId=4830 HTTP/1.1" 500 65 "-" "Mozilla/5.0 (compatible; Googlebot/2.1; +http://www.google.com/bot.html)"
66.249.67.244 - - [30/Oct/2010:16:51:38 +0200] "GET /main.php?g2_view=rss.SimpleRender&g2_itemId=4833 HTTP/1.1" 500 65 "-" "Mozilla/5.0 (compatible; Googlebot/2.1; +http://www.google.com/bot.html)"
207.46.199.179 - - [30/Oct/2010:19:13:41 +0200] "GET /robots.txt HTTP/1.1" 404 320 "-" "Mozilla/5.0 (compatible; bingbot/2.0; +http://www.bing.com/bingbot.htm)"
95.108.246.252 - - [30/Oct/2010:20:36:49 +0200] "GET /robots.txt HTTP/1.1" 404 320 "-" "Mozilla/5.0 (compatible; YandexBot/3.0; +http://yandex.com/bots)"
123.125.66.55 - - [30/Oct/2010:20:39:19 +0200] "GET /robots.txt HTTP/1.1" 404 261 "-" "Baiduspider+(+http://www.baidu.com/search/spider.htm)"
66.249.71.183 - - [30/Oct/2010:21:44:14 +0200] "GET /robots.txt HTTP/1.1" 404 261 "-" "Mozilla/5.0 (compatible; Googlebot/2.1; +http://www.google.com/bot.html)"
66.249.71.183 - - [30/Oct/2010:21:44:14 +0200] "GET /main.php?g2_view=rss.SimpleRender&g2_itemId=4826 HTTP/1.1" 500 65 "-" "Mozilla/5.0 (compatible; Googlebot/2.1; +http://www.google.com/bot.html)"
65.52.49.139 - - [30/Oct/2010:22:14:17 +0200] "GET /robots.txt HTTP/1.1" 404 320 "-" "msnbot/2.0b (+http://search.msn.com/msnbot.htm)"
207.46.199.193 - - [31/Oct/2010:01:42:42 +0200] "GET /robots.txt HTTP/1.1" 404 320 "-" "Mozilla/5.0 (compatible; bingbot/2.0; +http://www.bing.com/bingbot.htm)"
95.108.246.252 - - [31/Oct/2010:02:38:33 +0100] "GET /v/0000--090801---1448---000213--rally_a_mali---pioneros--cuatro---noticias_cuatro_1--version--Vi023420090801144804145017000001.wmv.html HTTP/1.1" 200 2313 "-" "Mozilla/5.0 (compatible; YandexBot/3.0; +http://yandex.com/bots)"
66.249.71.183 - - [31/Oct/2010:02:53:50 +0100] "GET /main.php?g2_view=rss.SimpleRender&g2_itemId=4830 HTTP/1.1" 500 65 "-" "Mozilla/5.0 (compatible; Googlebot/2.1; +http://www.google.com/bot.html)"
66.249.71.183 - - [31/Oct/2010:03:32:03 +0100] "GET /main.php?g2_view=rss.SimpleRender&g2_itemId=4833 HTTP/1.1" 500 65 "-" "Mozilla/5.0 (compatible; Googlebot/2.1; +http://www.google.com/bot.html)"
207.46.199.201 - - [31/Oct/2010:07:28:54 +0100] "GET /robots.txt HTTP/1.1" 404 320 "-" "Mozilla/5.0 (compatible; bingbot/2.0; +http://www.bing.com/bingbot.htm)"
67.195.111.52 - - [31/Oct/2010:08:06:38 +0100] "GET /robots.txt HTTP/1.0" 404 261 "-" "Mozilla/5.0 (compatible; Yahoo! Slurp; http://help.yahoo.com/help/us/ysearch/slurp)"
67.195.111.52 - - [31/Oct/2010:08:06:39 +0100] "GET / HTTP/1.0" 200 30 "-" "Mozilla/5.0 (compatible; Yahoo! Slurp/3.0; http://help.yahoo.com/help/us/ysearch/slurp)"
65.55.3.141 - - [31/Oct/2010:09:11:12 +0100] "GET /robots.txt HTTP/1.1" 404 261 "-" "msnbot/2.0b (+http://search.msn.com/msnbot.htm)._"
65.55.3.141 - - [31/Oct/2010:09:11:12 +0100] "GET /logs/ HTTP/1.1" 404 258 "-" "msnbot/2.0b (+http://search.msn.com/msnbot.htm)._"
220.181.108.95 - - [31/Oct/2010:10:27:36 +0100] "GET / HTTP/1.1" 200 30 "-" "Baiduspider+(+http://www.baidu.com/search/spider.htm)"
65.52.49.76 - - [31/Oct/2010:12:37:50 +0100] "GET /robots.txt HTTP/1.1" 404 320 "-" "msnbot/2.0b (+http://search.msn.com/msnbot.htm)"
207.46.199.193 - - [31/Oct/2010:15:00:56 +0100] "GET /robots.txt HTTP/1.1" 404 320 "-" "Mozilla/5.0 (compatible; bingbot/2.0; +http://www.bing.com/bingbot.htm)"
65.52.53.244 - - [31/Oct/2010:18:26:16 +0100] "GET /robots.txt HTTP/1.1" 404 320 "-" "msnbot/2.0b (+http://search.msn.com/msnbot.htm)"
207.46.199.178 - - [01/Nov/2010:02:45:10 +0100] "GET /robots.txt HTTP/1.1" 404 320 "-" "Mozilla/5.0 (compatible; bingbot/2.0; +http://www.bing.com/bingbot.htm)"
195.127.173.171 - - [01/Nov/2010:14:27:32 +0100] "GET /robots.txt HTTP/1.1" 404 320 "-" "oBot"
195.127.173.171 - - [01/Nov/2010:14:27:32 +0100] "HEAD /d/196-2/eventos.jpg HTTP/1.1" 404 - "-" "oBot"
195.127.173.171 - - [01/Nov/2010:14:27:38 +0100] "HEAD /d/1696-2/solidaridad_en_ruta.jpg HTTP/1.1" 404 - "-" "oBot"
195.127.173.171 - - [01/Nov/2010:14:27:45 +0100] "HEAD /d/1749-14/aventura_en_ruta.jpg HTTP/1.1" 404 - "-" "oBot"
195.127.173.171 - - [01/Nov/2010:14:27:48 +0100] "HEAD /d/108-4/preparativos.jpg HTTP/1.1" 404 - "-" "oBot"
67.195.111.52 - - [01/Nov/2010:16:58:51 +0100] "GET /robots.txt HTTP/1.0" 404 261 "-" "Mozilla/5.0 (compatible; Yahoo! Slurp; http://help.yahoo.com/help/us/ysearch/slurp)"
67.195.111.52 - - [01/Nov/2010:16:58:52 +0100] "GET /v/prensa/fotos/0000--090805---1831--rally_a_mali---pioneros--marruecos--osona_pandilleros--version--pic00067.jpg.html HTTP/1.0" 404 464 "-" "Mozilla/5.0 (compatible; Yahoo! Slurp/3.0; http://help.yahoo.com/help/us/ysearch/slurp)"
67.195.111.52 - - [01/Nov/2010:16:58:53 +0100] "GET /themes/matrix/theme.css HTTP/1.0" 200 12501 "http://fotos.rallyamali.com/v/prensa/fotos/0000--090805---1831--rally_a_mali---pioneros--marruecos--osona_pandilleros--version--pic00067.jpg.html" "Mozilla/5.0 (compatible; Yahoo! Slurp/3.0; http://help.yahoo.com/help/us/ysearch/slurp)"
207.46.199.198 - - [01/Nov/2010:17:05:58 +0100] "GET /robots.txt HTTP/1.1" 404 320 "-" "Mozilla/5.0 (compatible; bingbot/2.0; +http://www.bing.com/bingbot.htm)"
67.195.111.52 - - [01/Nov/2010:18:29:49 +0100] "GET /v/pioneros/seleccion/eventos/salida/ HTTP/1.0" 404 464 "-" "Mozilla/5.0 (compatible; Yahoo! Slurp/3.0; http://help.yahoo.com/help/us/ysearch/slurp)"
66.249.71.183 - - [01/Nov/2010:18:45:39 +0100] "GET /robots.txt HTTP/1.1" 404 261 "-" "Mozilla/5.0 (compatible; Googlebot/2.1; +http://www.google.com/bot.html)"
66.249.71.183 - - [01/Nov/2010:18:45:39 +0100] "GET /main.php?g2_view=rss.SimpleRender&g2_itemId=4826 HTTP/1.1" 500 65 "-" "Mozilla/5.0 (compatible; Googlebot/2.1; +http://www.google.com/bot.html)"
67.195.111.52 - - [01/Nov/2010:18:46:49 +0100] "GET /v/prensa/fotos/0000--090807---1317--rally_a_mali---pioneros--mauritania--spanishbullfighters---alberto_gomez-borrero--version---mauritania-.jpg.html HTTP/1.0" 404 464 "-" "Mozilla/5.0 (compatible; Yahoo! Slurp/3.0; http://help.yahoo.com/help/us/ysearch/slurp)"
65.55.3.141 - - [01/Nov/2010:19:50:45 +0100] "GET /robots.txt HTTP/1.1" 404 261 "-" "msnbot/2.0b (+http://search.msn.com/msnbot.htm)._"
65.55.3.141 - - [01/Nov/2010:19:50:46 +0100] "GET /v/pioneros/seleccion/eventos/charla_deviaje/ HTTP/1.1" 404 464 "-" "msnbot/2.0b (+http://search.msn.com/msnbot.htm)._"
95.108.246.252 - - [01/Nov/2010:20:45:57 +0100] "GET /robots.txt HTTP/1.1" 404 320 "-" "Mozilla/5.0 (compatible; YandexBot/3.0; +http://yandex.com/bots)"
66.249.71.183 - - [02/Nov/2010:00:48:36 +0100] "GET /main.php?g2_view=rss.SimpleRender&g2_itemId=4830 HTTP/1.1" 500 65 "-" "Mozilla/5.0 (compatible; Googlebot/2.1; +http://www.google.com/bot.html)"
65.52.51.178 - - [02/Nov/2010:01:02:46 +0100] "GET /robots.txt HTTP/1.1" 404 320 "-" "msnbot/2.0b (+http://search.msn.com/msnbot.htm)"
95.108.246.252 - - [02/Nov/2010:01:03:19 +0100] "GET / HTTP/1.1" 200 30 "-" "Mozilla/5.0 (compatible; YandexBot/3.0; +http://yandex.com/bots)"
195.127.173.172 - - [02/Nov/2010:02:08:49 +0100] "GET /robots.txt HTTP/1.1" 404 320 "-" "oBot"
195.127.173.172 - - [02/Nov/2010:02:08:49 +0100] "HEAD /d/196-2/eventos.jpg HTTP/1.1" 404 - "-" "oBot"
195.127.173.172 - - [02/Nov/2010:02:08:51 +0100] "HEAD /d/1696-2/solidaridad_en_ruta.jpg HTTP/1.1" 404 - "-" "oBot"
195.127.173.172 - - [02/Nov/2010:02:08:52 +0100] "HEAD /d/1749-14/aventura_en_ruta.jpg HTTP/1.1" 404 - "-" "oBot"
195.127.173.172 - - [02/Nov/2010:02:08:54 +0100] "HEAD /d/108-4/preparativos.jpg HTTP/1.1" 404 - "-" "oBot"
95.108.246.252 - - [02/Nov/2010:02:50:46 +0100] "GET /main.php?g2_view=search.SearchScan&g2_form%5BuseDefaultSettings%5D=1&g2_return=%2Fv%2F0000--090801---2110---000033--rally_a_mali---pioneros--la_sexta---la_sexta_noticias_tarde--version--Vi0240200908012110562111.wmv.html HTTP/1.1" 200 2185 "-" "Mozilla/5.0 (compatible; YandexBot/3.0; +http://yandex.com/bots)"
207.46.199.198 - - [02/Nov/2010:03:56:41 +0100] "GET /robots.txt HTTP/1.1" 404 320 "-" "Mozilla/5.0 (compatible; bingbot/2.0; +http://www.bing.com/bingbot.htm)"
66.249.71.183 - - [02/Nov/2010:06:10:24 +0100] "GET /main.php?g2_view=rss.SimpleRender&g2_itemId=4826 HTTP/1.1" 500 65 "-" "Mozilla/5.0 (compatible; Googlebot/2.1; +http://www.google.com/bot.html)"
220.181.108.78 - - [02/Nov/2010:06:16:45 +0100] "GET / HTTP/1.1" 200 30 "-" "Baiduspider+(+http://www.baidu.com/search/spider.htm)"
208.115.111.249 - - [02/Nov/2010:06:29:51 +0100] "GET /robots.txt HTTP/1.1" 404 261 "-" "Mozilla/5.0 (compatible; DotBot/1.1; http://www.dotnetdotcom.org/, crawler@dotnetdotcom.org)"
66.249.71.183 - - [02/Nov/2010:07:31:10 +0100] "GET /robots.txt HTTP/1.1" 404 261 "-" "Mozilla/5.0 (compatible; Googlebot/2.1; +http://www.google.com/bot.html)"
66.249.71.183 - - [02/Nov/2010:07:31:10 +0100] "GET /main.php?g2_view=rss.SimpleRender&g2_itemId=4833 HTTP/1.1" 500 65 "-" "Mozilla/5.0 (compatible; Googlebot/2.1; +http://www.google.com/bot.html)"
65.52.49.139 - - [02/Nov/2010:08:03:58 +0100] "GET /robots.txt HTTP/1.1" 404 320 "-" "msnbot/2.0b (+http://search.msn.com/msnbot.htm)"
208.115.111.249 - - [02/Nov/2010:10:09:18 +0100] "GET /robots.txt HTTP/1.1" 404 261 "-" "Mozilla/5.0 (compatible; DotBot/1.1; http://www.dotnetdotcom.org/, crawler@dotnetdotcom.org)"
95.108.246.252 - - [02/Nov/2010:10:31:17 +0100] "GET /main.php?g2_view=search.SearchScan&g2_form%5BuseDefaultSettings%5D=1&g2_return=%2Fmain.php%3Fg2_view%3Dcart.ViewCart%26g2_itemId%3D4830 HTTP/1.1" 200 2154 "-" "Mozilla/5.0 (compatible; YandexBot/3.0; +http://yandex.com/bots)"
208.115.111.249 - - [02/Nov/2010:10:37:25 +0100] "GET /main.php?g2_view=core.UserAdmin&g2_subView=core.UserLogin&g2_return=%2Fmain.php%3Fg2_view%3Dwebdav.WebDavMount%26g2_itemId%3D7%26 HTTP/1.1" 200 1471 "-" "Mozilla/5.0 (compatible; DotBot/1.1; http://www.dotnetdotcom.org/, crawler@dotnetdotcom.org)"
208.115.111.249 - - [02/Nov/2010:10:37:29 +0100] "GET /main.php?g2_view=core.UserAdmin&g2_subView=register.UserSelfRegistration&g2_return=%2Fmain.php%3Fg2_view%3Dwebdav.WebDavMount%26g2_itemId%3D7%26 HTTP/1.1" 200 1585 "-" "Mozilla/5.0 (compatible; DotBot/1.1; http://www.dotnetdotcom.org/, crawler@dotnetdotcom.org)"
208.115.111.249 - - [02/Nov/2010:10:37:34 +0100] "GET /main.php?g2_view=search.SearchScan&g2_form%5BuseDefaultSettings%5D=1&g2_return=%2Fmain.php%3Fg2_view%3Dwebdav.WebDavMount%26g2_itemId%3D7%26 HTTP/1.1" 200 2164 "-" "Mozilla/5.0 (compatible; DotBot/1.1; http://www.dotnetdotcom.org/, crawler@dotnetdotcom.org)"
208.115.111.249 - - [02/Nov/2010:10:37:39 +0100] "GET /main.php?g2_view=webdav.DownloadDavMount&g2_itemId=7 HTTP/1.1" 200 117 "-" "Mozilla/5.0 (compatible; DotBot/1.1; http://www.dotnetdotcom.org/, crawler@dotnetdotcom.org)"
208.115.111.249 - - [02/Nov/2010:10:37:44 +0100] "GET /w/ HTTP/1.1" 200 2323 "-" "Mozilla/5.0 (compatible; DotBot/1.1; http://www.dotnetdotcom.org/, crawler@dotnetdotcom.org)"
194.30.92.130 - - [02/Nov/2010:13:08:07 +0100] "GET / HTTP/1.1" 200 30 "http://www.rallyamali.com/www.rallyamali.com/index.html" "Mozilla/4.0 (compatible; MSIE 6.0; Windows NT 5.1; SV1; .NET CLR 1.1.4322; .NET CLR 2.0.50727; .NET CLR 3.0.04506.30)"
66.249.71.183 - - [02/Nov/2010:13:20:52 +0100] "GET /main.php?g2_view=rss.SimpleRender&g2_itemId=4830 HTTP/1.1" 500 65 "-" "Mozilla/5.0 (compatible; Googlebot/2.1; +http://www.google.com/bot.html)"
208.115.111.249 - - [02/Nov/2010:13:50:26 +0100] "GET /robots.txt HTTP/1.1" 404 261 "-" "Mozilla/5.0 (compatible; DotBot/1.1; http://www.dotnetdotcom.org/, crawler@dotnetdotcom.org)"
66.249.71.183 - - [02/Nov/2010:13:58:45 +0100] "GET /main.php?g2_view=rss.SimpleRender&g2_itemId=4826 HTTP/1.1" 500 65 "-" "Mozilla/5.0 (compatible; Googlebot/2.1; +http://www.google.com/bot.html)"
208.115.111.249 - - [02/Nov/2010:14:22:09 +0100] "GET /main.php?g2_view=core.UserAdmin&g2_subView=core.UserLogin&g2_return=%2Fmain.php%3Fg2_view%3Dcore.UserAdmin%26g2_subView%3Dregister.UserSelfRegistration%26g2_GALLERYSID%3D79b306e7be8f1adb15f9db4931681e8b HTTP/1.1" 200 1491 "-" "Mozilla/5.0 (compatible; DotBot/1.1; http://www.dotnetdotcom.org/, crawler@dotnetdotcom.org)"
208.115.111.249 - - [02/Nov/2010:14:22:14 +0100] "GET /main.php?g2_view=core.UserAdmin&g2_subView=register.UserSelfRegistration&g2_return=%2Fmain.php%3Fg2_view%3Dcore.UserAdmin%26g2_subView%3Dregister.UserSelfRegistration%26g2_GALLERYSID%3D79b306e7be8f1adb15f9db4931681e8b HTTP/1.1" 200 1591 "-" "Mozilla/5.0 (compatible; DotBot/1.1; http://www.dotnetdotcom.org/, crawler@dotnetdotcom.org)"
207.46.204.236 - - [02/Nov/2010:17:08:32 +0100] "GET /robots.txt HTTP/1.1" 404 320 "-" "Mozilla/5.0 (compatible; bingbot/2.0; +http://www.bing.com/bingbot.htm)"
208.115.111.249 - - [02/Nov/2010:17:38:16 +0100] "GET /robots.txt HTTP/1.1" 404 261 "-" "Mozilla/5.0 (compatible; DotBot/1.1; http://www.dotnetdotcom.org/, crawler@dotnetdotcom.org)"
208.115.111.249 - - [02/Nov/2010:18:15:03 +0100] "GET /main.php?g2_controller=cart.AddToCart&g2_itemId=4826&g2_return=%2Fv%2F0000--090801---1448---000213--rally_a_mali---pioneros--cuatro---noticias_cuatro_1--version--Vi023420090801144804145017000001.wmv.html%3F HTTP/1.1" 302 20 "-" "Mozilla/5.0 (compatible; DotBot/1.1; http://www.dotnetdotcom.org/, crawler@dotnetdotcom.org)"
208.115.111.249 - - [02/Nov/2010:18:15:07 +0100] "GET /main.php?g2_view=core.UserAdmin&g2_subView=core.UserLogin&g2_return=%2Fv%2F0000--090801---1448---000213--rally_a_mali---pioneros--cuatro---noticias_cuatro_1--version--Vi023420090801144804145017000001.wmv.html%3F HTTP/1.1" 200 1537 "-" "Mozilla/5.0 (compatible; DotBot/1.1; http://www.dotnetdotcom.org/, crawler@dotnetdotcom.org)"
208.115.111.249 - - [02/Nov/2010:18:15:12 +0100] "GET /main.php?g2_view=core.UserAdmin&g2_subView=register.UserSelfRegistration&g2_return=%2Fv%2F0000--090801---1448---000213--rally_a_mali---pioneros--cuatro---noticias_cuatro_1--version--Vi023420090801144804145017000001.wmv.html%3F HTTP/1.1" 200 1643 "-" "Mozilla/5.0 (compatible; DotBot/1.1; http://www.dotnetdotcom.org/, crawler@dotnetdotcom.org)"
208.115.111.249 - - [02/Nov/2010:18:15:18 +0100] "GET /main.php?g2_view=rss.SimpleRender&g2_itemId=4826 HTTP/1.1" 500 65 "-" "Mozilla/5.0 (compatible; DotBot/1.1; http://www.dotnetdotcom.org/, crawler@dotnetdotcom.org)"
208.115.111.249 - - [02/Nov/2010:18:15:23 +0100] "GET /main.php?g2_view=search.SearchScan&g2_form%5BuseDefaultSettings%5D=1&g2_return=%2Fv%2F0000--090801---1448---000213--rally_a_mali---pioneros--cuatro---noticias_cuatro_1--version--Vi023420090801144804145017000001.wmv.html%3F HTTP/1.1" 200 2196 "-" "Mozilla/5.0 (compatible; DotBot/1.1; http://www.dotnetdotcom.org/, crawler@dotnetdotcom.org)"
208.115.111.249 - - [02/Nov/2010:18:15:37 +0100] "GET /main.php?g2_view=rss.SimpleRender&g2_itemId=4826 HTTP/1.1" 500 65 "-" "Mozilla/5.0 (compatible; DotBot/1.1; http://www.dotnetdotcom.org/, crawler@dotnetdotcom.org)"
208.115.111.249 - - [02/Nov/2010:18:23:59 +0100] "GET /main.php?g2_view=rss.SimpleRender&g2_itemId=4826 HTTP/1.1" 500 65 "-" "Mozilla/5.0 (compatible; DotBot/1.1; http://www.dotnetdotcom.org/, crawler@dotnetdotcom.org)"
207.46.204.236 - - [02/Nov/2010:18:29:34 +0100] "GET / HTTP/1.1" 304 - "-" "Mozilla/5.0 (compatible; bingbot/2.0; +http://www.bing.com/bingbot.htm)"
208.115.111.249 - - [02/Nov/2010:18:32:20 +0100] "GET /main.php?g2_view=rss.SimpleRender&g2_itemId=4826 HTTP/1.1" 500 65 "-" "Mozilla/5.0 (compatible; DotBot/1.1; http://www.dotnetdotcom.org/, crawler@dotnetdotcom.org)"
66.249.71.183 - - [02/Nov/2010:19:25:34 +0100] "GET /main.php?g2_view=rss.SimpleRender&g2_itemId=4833 HTTP/1.1" 500 65 "-" "Mozilla/5.0 (compatible; Googlebot/2.1; +http://www.google.com/bot.html)"
89.141.101.134 - - [02/Nov/2010:19:39:15 +0100] "GET /v/pioneros/seleccion/ HTTP/1.1" 404 512 "http://www.rallyamali.com/www.rallyamali.com/zona-de-ralliers.html" "Mozilla/5.0 (Windows; U; Windows NT 5.1; es-ES; rv:1.9.2.12) Gecko/20101026 Firefox/3.6.12 ( .NET CLR 3.5.30729)"
89.141.101.134 - - [02/Nov/2010:19:39:18 +0100] "GET /lib/javascript/BlockToggle.js HTTP/1.1" 200 1359 "http://fotos.rallyamali.com/v/pioneros/seleccion/" "Mozilla/5.0 (Windows; U; Windows NT 5.1; es-ES; rv:1.9.2.12) Gecko/20101026 Firefox/3.6.12 ( .NET CLR 3.5.30729)"
89.141.101.134 - - [02/Nov/2010:19:39:19 +0100] "GET /themes/matrix/theme.css HTTP/1.1" 200 12501 "http://fotos.rallyamali.com/v/pioneros/seleccion/" "Mozilla/5.0 (Windows; U; Windows NT 5.1; es-ES; rv:1.9.2.12) Gecko/20101026 Firefox/3.6.12 ( .NET CLR 3.5.30729)"
89.141.101.134 - - [02/Nov/2010:19:39:19 +0100] "GET /favicon.ico HTTP/1.1" 404 262 "-" "Mozilla/5.0 (Windows; U; Windows NT 5.1; es-ES; rv:1.9.2.12) Gecko/20101026 Firefox/3.6.12 ( .NET CLR 3.5.30729)"
89.141.101.134 - - [02/Nov/2010:19:39:22 +0100] "GET /favicon.ico HTTP/1.1" 404 262 "-" "Mozilla/5.0 (Windows; U; Windows NT 5.1; es-ES; rv:1.9.2.12) Gecko/20101026 Firefox/3.6.12 ( .NET CLR 3.5.30729)"
89.141.101.134 - - [02/Nov/2010:19:40:49 +0100] "GET / HTTP/1.1" 200 30 "-" "Mozilla/5.0 (Windows; U; Windows NT 5.1; es-ES; rv:1.9.2.12) Gecko/20101026 Firefox/3.6.12 ( .NET CLR 3.5.30729)"
89.141.101.134 - - [02/Nov/2010:19:45:24 +0100] "GET /index.php HTTP/1.1" 302 20 "-" "Mozilla/5.0 (Windows; U; Windows NT 5.1; es-ES; rv:1.9.2.12) Gecko/20101026 Firefox/3.6.12 ( .NET CLR 3.5.30729)"
89.141.101.134 - - [02/Nov/2010:19:45:24 +0100] "GET /main.php HTTP/1.1" 200 2298 "-" "Mozilla/5.0 (Windows; U; Windows NT 5.1; es-ES; rv:1.9.2.12) Gecko/20101026 Firefox/3.6.12 ( .NET CLR 3.5.30729)"
89.141.101.134 - - [02/Nov/2010:19:45:25 +0100] "GET /modules/core/data/gallery.css HTTP/1.1" 200 10174 "http://fotos.rallyamali.com/main.php" "Mozilla/5.0 (Windows; U; Windows NT 5.1; es-ES; rv:1.9.2.12) Gecko/20101026 Firefox/3.6.12 ( .NET CLR 3.5.30729)"
89.141.101.134 - - [02/Nov/2010:19:45:26 +0100] "GET /modules/icons/iconpacks/silk/icons.css HTTP/1.1" 200 11271 "http://fotos.rallyamali.com/main.php" "Mozilla/5.0 (Windows; U; Windows NT 5.1; es-ES; rv:1.9.2.12) Gecko/20101026 Firefox/3.6.12 ( .NET CLR 3.5.30729)"
89.141.101.134 - - [02/Nov/2010:19:45:26 +0100] "GET /d/4827-3/0000--090801---1448---000213--rally_a_mali---pioneros--cuatro---noticias_cuatro_1--version--Vi023420090801144804145017000001.gif HTTP/1.1" 200 1589 "http://fotos.rallyamali.com/main.php" "Mozilla/5.0 (Windows; U; Windows NT 5.1; es-ES; rv:1.9.2.12) Gecko/20101026 Firefox/3.6.12 ( .NET CLR 3.5.30729)"
89.141.101.134 - - [02/Nov/2010:19:45:26 +0100] "GET /main.php?g2_view=slideshow.DownloadPicLens&g2_file=js&g2_v=1.3.1.14221 HTTP/1.1" 200 21750 "http://fotos.rallyamali.com/main.php" "Mozilla/5.0 (Windows; U; Windows NT 5.1; es-ES; rv:1.9.2.12) Gecko/20101026 Firefox/3.6.12 ( .NET CLR 3.5.30729)"
89.141.101.134 - - [02/Nov/2010:19:45:26 +0100] "GET /d/4831-3/0000--090801---2110---000033--rally_a_mali---pioneros--la_sexta---la_sexta_noticias_tarde--version--Vi0240200908012110562111.gif HTTP/1.1" 200 1589 "http://fotos.rallyamali.com/main.php" "Mozilla/5.0 (Windows; U; Windows NT 5.1; es-ES; rv:1.9.2.12) Gecko/20101026 Firefox/3.6.12 ( .NET CLR 3.5.30729)"
89.141.101.134 - - [02/Nov/2010:19:45:26 +0100] "GET /images/galleryLogo_sm.gif HTTP/1.1" 200 3488 "http://fotos.rallyamali.com/main.php" "Mozilla/5.0 (Windows; U; Windows NT 5.1; es-ES; rv:1.9.2.12) Gecko/20101026 Firefox/3.6.12 ( .NET CLR 3.5.30729)"
89.141.101.134 - - [02/Nov/2010:19:45:26 +0100] "GET /main.php?g2_view=core.CombinedJavascript&g2_key=6f4128736939e89bb5962446d0fad789 HTTP/1.1" 200 338 "http://fotos.rallyamali.com/main.php" "Mozilla/5.0 (Windows; U; Windows NT 5.1; es-ES; rv:1.9.2.12) Gecko/20101026 Firefox/3.6.12 ( .NET CLR 3.5.30729)"
89.141.101.134 - - [02/Nov/2010:19:45:26 +0100] "GET /modules/icons/iconpacks/silk/cart_add.png HTTP/1.1" 200 711 "http://fotos.rallyamali.com/modules/icons/iconpacks/silk/icons.css" "Mozilla/5.0 (Windows; U; Windows NT 5.1; es-ES; rv:1.9.2.12) Gecko/20101026 Firefox/3.6.12 ( .NET CLR 3.5.30729)"
89.141.101.134 - - [02/Nov/2010:19:45:26 +0100] "GET /modules/icons/iconpacks/silk/advanced_search.png HTTP/1.1" 200 615 "http://fotos.rallyamali.com/modules/icons/iconpacks/silk/icons.css" "Mozilla/5.0 (Windows; U; Windows NT 5.1; es-ES; rv:1.9.2.12) Gecko/20101026 Firefox/3.6.12 ( .NET CLR 3.5.30729)"
89.141.101.134 - - [02/Nov/2010:19:45:26 +0100] "GET /modules/icons/iconpacks/silk/rss_feed.png HTTP/1.1" 200 589 "http://fotos.rallyamali.com/modules/icons/iconpacks/silk/icons.css" "Mozilla/5.0 (Windows; U; Windows NT 5.1; es-ES; rv:1.9.2.12) Gecko/20101026 Firefox/3.6.12 ( .NET CLR 3.5.30729)"
89.141.101.134 - - [02/Nov/2010:19:45:26 +0100] "GET /modules/icons/iconpacks/silk/folder_picture.png HTTP/1.1" 200 713 "http://fotos.rallyamali.com/modules/icons/iconpacks/silk/icons.css" "Mozilla/5.0 (Windows; U; Windows NT 5.1; es-ES; rv:1.9.2.12) Gecko/20101026 Firefox/3.6.12 ( .NET CLR 3.5.30729)"
89.141.101.134 - - [02/Nov/2010:19:45:26 +0100] "GET /images/gallery.gif HTTP/1.1" 200 1180 "http://fotos.rallyamali.com/main.php" "Mozilla/5.0 (Windows; U; Windows NT 5.1; es-ES; rv:1.9.2.12) Gecko/20101026 Firefox/3.6.12 ( .NET CLR 3.5.30729)"
89.141.101.134 - - [02/Nov/2010:19:45:26 +0100] "GET /main.php?g2_view=slideshow.SlideshowMediaRss&g2_itemId=7 HTTP/1.1" 200 223 "-" "Mozilla/5.0 (Windows; U; Windows NT 5.1; es-ES; rv:1.9.2.12) Gecko/20101026 Firefox/3.6.12 ( .NET CLR 3.5.30729)"
89.141.101.134 - - [02/Nov/2010:19:45:27 +0100] "GET /d/4834-3/0000--090801---2127---000135--rally_a_mali---pioneros--telemadrid---telenoticias_fin_de_semana--version--Vi00142009080121270.gif HTTP/1.1" 200 1589 "http://fotos.rallyamali.com/main.php" "Mozilla/5.0 (Windows; U; Windows NT 5.1; es-ES; rv:1.9.2.12) Gecko/20101026 Firefox/3.6.12 ( .NET CLR 3.5.30729)"
89.141.101.134 - - [02/Nov/2010:19:45:31 +0100] "GET /v/0000--090801---1448---000213--rally_a_mali---pioneros--cuatro---noticias_cuatro_1--version--Vi023420090801144804145017000001.wmv.html HTTP/1.1" 200 2324 "http://fotos.rallyamali.com/main.php" "Mozilla/5.0 (Windows; U; Windows NT 5.1; es-ES; rv:1.9.2.12) Gecko/20101026 Firefox/3.6.12 ( .NET CLR 3.5.30729)"
89.141.101.134 - - [02/Nov/2010:19:45:34 +0100] "GET /themes/matrix/images/icon_path_separator.gif HTTP/1.1" 200 106 "http://fotos.rallyamali.com/themes/matrix/theme.css" "Mozilla/5.0 (Windows; U; Windows NT 5.1; es-ES; rv:1.9.2.12) Gecko/20101026 Firefox/3.6.12 ( .NET CLR 3.5.30729)"
89.141.101.134 - - [02/Nov/2010:19:45:34 +0100] "GET /themes/matrix/images/nav_next.gif HTTP/1.1" 200 133 "http://fotos.rallyamali.com/themes/matrix/theme.css" "Mozilla/5.0 (Windows; U; Windows NT 5.1; es-ES; rv:1.9.2.12) Gecko/20101026 Firefox/3.6.12 ( .NET CLR 3.5.30729)"
89.141.101.134 - - [02/Nov/2010:19:45:34 +0100] "GET /themes/matrix/images/nav_last.gif HTTP/1.1" 200 92 "http://fotos.rallyamali.com/themes/matrix/theme.css" "Mozilla/5.0 (Windows; U; Windows NT 5.1; es-ES; rv:1.9.2.12) Gecko/20101026 Firefox/3.6.12 ( .NET CLR 3.5.30729)"
89.141.101.134 - - [02/Nov/2010:19:45:37 +0100] "GET /d/4826-1/0000--090801---1448---000213--rally_a_mali---pioneros--cuatro---noticias_cuatro_1--version--Vi023420090801144804145017000001.wmv HTTP/1.1" 200 2240 "http://fotos.rallyamali.com/v/0000--090801---1448---000213--rally_a_mali---pioneros--cuatro---noticias_cuatro_1--version--Vi023420090801144804145017000001.wmv.html" "Mozilla/5.0 (Windows; U; Windows NT 5.1; es-ES; rv:1.9.2.12) Gecko/20101026 Firefox/3.6.12 ( .NET CLR 3.5.30729)"
89.141.101.134 - - [02/Nov/2010:19:45:38 +0100] "GET /main.php?g2_view=slideshow.SlideshowMediaRss&g2_itemId=4826 HTTP/1.1" 200 223 "-" "Mozilla/5.0 (Windows; U; Windows NT 5.1; es-ES; rv:1.9.2.12) Gecko/20101026 Firefox/3.6.12 ( .NET CLR 3.5.30729)"
89.141.101.134 - - [02/Nov/2010:19:45:38 +0100] "GET /d/4826-1/0000--090801---1448---000213--rally_a_mali---pioneros--cuatro---noticias_cuatro_1--version--Vi023420090801144804145017000001.wmv HTTP/1.1" 200 2240 "-" "NSPlayer/11.0.5721.5251"
89.141.101.134 - - [02/Nov/2010:19:45:39 +0100] "GET /d/4826-1/0000--090801---1448---000213--rally_a_mali---pioneros--cuatro---noticias_cuatro_1--version--Vi023420090801144804145017000001.wmv HTTP/1.1" 200 2240 "-" "NSPlayer/11.0.5721.5265 WMFSDK/11.0"
89.141.101.134 - - [02/Nov/2010:19:45:41 +0100] "GET /d/4826-1/0000--090801---1448---000213--rally_a_mali---pioneros--cuatro---noticias_cuatro_1--version--Vi023420090801144804145017000001.wmv HTTP/1.1" 200 2240 "-" "Windows-Media-Player/11.0.5721.5268"
89.141.101.134 - - [02/Nov/2010:19:45:49 +0100] "GET /main.php?g2_view=slideshow.SlideshowMediaRss&g2_itemId=7 HTTP/1.1" 200 223 "-" "Mozilla/5.0 (Windows; U; Windows NT 5.1; es-ES; rv:1.9.2.12) Gecko/20101026 Firefox/3.6.12 ( .NET CLR 3.5.30729)"
89.141.101.134 - - [02/Nov/2010:19:51:00 +0100] "GET /index.php HTTP/1.1" 302 20 "-" "Mozilla/5.0 (Windows; U; Windows NT 5.1; es-ES; rv:1.9.2.12) Gecko/20101026 Firefox/3.6.12 ( .NET CLR 3.5.30729)"
89.141.101.134 - - [02/Nov/2010:19:51:01 +0100] "GET /main.php HTTP/1.1" 200 261 "-" "Mozilla/5.0 (Windows; U; Windows NT 5.1; es-ES; rv:1.9.2.12) Gecko/20101026 Firefox/3.6.12 ( .NET CLR 3.5.30729)"
89.141.101.134 - - [02/Nov/2010:19:52:11 +0100] "GET /main.php HTTP/1.1" 302 20 "-" "Mozilla/5.0 (Windows; U; Windows NT 5.1; es-ES; rv:1.9.2.12) Gecko/20101026 Firefox/3.6.12 ( .NET CLR 3.5.30729)"
89.141.101.134 - - [02/Nov/2010:19:52:14 +0100] "GET /upgrade/index.php HTTP/1.1" 200 2302 "-" "Mozilla/5.0 (Windows; U; Windows NT 5.1; es-ES; rv:1.9.2.12) Gecko/20101026 Firefox/3.6.12 ( .NET CLR 3.5.30729)"
89.141.101.134 - - [02/Nov/2010:19:52:15 +0100] "GET /upgrade/upgrade.css HTTP/1.1" 200 7707 "http://fotos.rallyamali.com/upgrade/index.php" "Mozilla/5.0 (Windows; U; Windows NT 5.1; es-ES; rv:1.9.2.12) Gecko/20101026 Firefox/3.6.12 ( .NET CLR 3.5.30729)"
89.141.101.134 - - [02/Nov/2010:19:52:15 +0100] "GET /upgrade/images/g2Logo_upgrade_head.png HTTP/1.1" 200 16698 "http://fotos.rallyamali.com/upgrade/index.php" "Mozilla/5.0 (Windows; U; Windows NT 5.1; es-ES; rv:1.9.2.12) Gecko/20101026 Firefox/3.6.12 ( .NET CLR 3.5.30729)"
89.141.101.134 - - [02/Nov/2010:19:52:16 +0100] "GET /upgrade/images/shade.png HTTP/1.1" 200 156 "http://fotos.rallyamali.com/upgrade/upgrade.css" "Mozilla/5.0 (Windows; U; Windows NT 5.1; es-ES; rv:1.9.2.12) Gecko/20101026 Firefox/3.6.12 ( .NET CLR 3.5.30729)"
89.141.101.134 - - [02/Nov/2010:19:52:16 +0100] "GET /upgrade/images/btn2.png HTTP/1.1" 200 1040 "http://fotos.rallyamali.com/upgrade/upgrade.css" "Mozilla/5.0 (Windows; U; Windows NT 5.1; es-ES; rv:1.9.2.12) Gecko/20101026 Firefox/3.6.12 ( .NET CLR 3.5.30729)"
89.141.101.134 - - [02/Nov/2010:19:56:41 +0100] "GET /index.php HTTP/1.1" 302 20 "-" "Mozilla/5.0 (Windows; U; Windows NT 5.1; es-ES; rv:1.9.2.12) Gecko/20101026 Firefox/3.6.12 ( .NET CLR 3.5.30729)"
89.141.101.134 - - [02/Nov/2010:19:56:41 +0100] "GET /main.php HTTP/1.1" 302 20 "-" "Mozilla/5.0 (Windows; U; Windows NT 5.1; es-ES; rv:1.9.2.12) Gecko/20101026 Firefox/3.6.12 ( .NET CLR 3.5.30729)"
89.141.101.134 - - [02/Nov/2010:19:56:41 +0100] "GET /upgrade/index.php HTTP/1.1" 200 2252 "-" "Mozilla/5.0 (Windows; U; Windows NT 5.1; es-ES; rv:1.9.2.12) Gecko/20101026 Firefox/3.6.12 ( .NET CLR 3.5.30729)"
89.141.101.134 - - [02/Nov/2010:19:57:04 +0100] "GET /main.php HTTP/1.1" 302 20 "-" "Mozilla/5.0 (Windows; U; Windows NT 5.1; es-ES; rv:1.9.2.12) Gecko/20101026 Firefox/3.6.12 ( .NET CLR 3.5.30729)"
89.141.101.134 - - [02/Nov/2010:19:57:04 +0100] "GET /upgrade/index.php HTTP/1.1" 200 2252 "-" "Mozilla/5.0 (Windows; U; Windows NT 5.1; es-ES; rv:1.9.2.12) Gecko/20101026 Firefox/3.6.12 ( .NET CLR 3.5.30729)"
208.80.194.47 - - [02/Nov/2010:20:03:00 +0100] "GET / HTTP/1.0" 200 15 "-" "Mozilla/4.0 (compatible; MSIE 6.0; Windows NT 5.1; SV1; .NET CLR 1.1.4322; InfoPath.1; SpamBlockerUtility 4.8.0)"
208.115.111.249 - - [02/Nov/2010:21:40:09 +0100] "GET /robots.txt HTTP/1.1" 404 261 "-" "Mozilla/5.0 (compatible; DotBot/1.1; http://www.dotnetdotcom.org/, crawler@dotnetdotcom.org)"
208.115.111.249 - - [02/Nov/2010:22:07:23 +0100] "GET /main.php?g2_controller=cart.AddToCart&g2_itemId=4830&g2_return=%2Fv%2F0000--090801---2110---000033--rally_a_mali---pioneros--la_sexta---la_sexta_noticias_tarde--version--Vi0240200908012110562111.wmv.html%3F HTTP/1.1" 302 20 "-" "Mozilla/5.0 (compatible; DotBot/1.1; http://www.dotnetdotcom.org/, crawler@dotnetdotcom.org)"
208.115.111.249 - - [02/Nov/2010:22:07:27 +0100] "GET /main.php?g2_highlightId=4826 HTTP/1.1" 302 20 "-" "Mozilla/5.0 (compatible; DotBot/1.1; http://www.dotnetdotcom.org/, crawler@dotnetdotcom.org)"
208.115.111.249 - - [02/Nov/2010:22:07:34 +0100] "GET /main.php?g2_highlightId=4830 HTTP/1.1" 302 20 "-" "Mozilla/5.0 (compatible; DotBot/1.1; http://www.dotnetdotcom.org/, crawler@dotnetdotcom.org)"
208.115.111.249 - - [02/Nov/2010:22:07:39 +0100] "GET /main.php?g2_view=core.UserAdmin&g2_subView=core.UserLogin&g2_return=%2Fv%2F0000--090801---2110---000033--rally_a_mali---pioneros--la_sexta---la_sexta_noticias_tarde--version--Vi0240200908012110562111.wmv.html%3F HTTP/1.1" 302 20 "-" "Mozilla/5.0 (compatible; DotBot/1.1; http://www.dotnetdotcom.org/, crawler@dotnetdotcom.org)"
208.115.111.249 - - [02/Nov/2010:22:07:44 +0100] "GET /main.php?g2_view=core.UserAdmin&g2_subView=register.UserSelfRegistration&g2_return=%2Fmain.php%3Fg2_view%3Dsearch.SearchScan%26g2_form%255BuseDefaultSettings%255D%3D1%26 HTTP/1.1" 302 20 "-" "Mozilla/5.0 (compatible; DotBot/1.1; http://www.dotnetdotcom.org/, crawler@dotnetdotcom.org)"
208.115.111.249 - - [02/Nov/2010:22:07:49 +0100] "GET /main.php?g2_view=core.UserAdmin&g2_subView=register.UserSelfRegistration&g2_return=%2Fv%2F0000--090801---2110---000033--rally_a_mali---pioneros--la_sexta---la_sexta_noticias_tarde--version--Vi0240200908012110562111.wmv.html%3F HTTP/1.1" 302 20 "-" "Mozilla/5.0 (compatible; DotBot/1.1; http://www.dotnetdotcom.org/, crawler@dotnetdotcom.org)"
208.115.111.249 - - [02/Nov/2010:22:07:54 +0100] "GET /main.php?g2_view=rss.SimpleRender&g2_itemId=4830 HTTP/1.1" 302 20 "-" "Mozilla/5.0 (compatible; DotBot/1.1; http://www.dotnetdotcom.org/, crawler@dotnetdotcom.org)"
208.115.111.249 - - [02/Nov/2010:22:07:59 +0100] "GET /main.php?g2_view=search.SearchScan&g2_form%5BuseDefaultSettings%5D=1&g2_return=%2Fmain.php%3Fg2_view%3Dsearch.SearchScan%26g2_form%255BuseDefaultSettings%255D%3D1%26 HTTP/1.1" 302 20 "-" "Mozilla/5.0 (compatible; DotBot/1.1; http://www.dotnetdotcom.org/, crawler@dotnetdotcom.org)"
208.115.111.249 - - [02/Nov/2010:22:08:04 +0100] "GET /main.php?g2_view=search.SearchScan&g2_form%5BuseDefaultSettings%5D=1&g2_return=%2Fv%2F0000--090801---2110---000033--rally_a_mali---pioneros--la_sexta---la_sexta_noticias_tarde--version--Vi0240200908012110562111.wmv.html%3F HTTP/1.1" 302 20 "-" "Mozilla/5.0 (compatible; DotBot/1.1; http://www.dotnetdotcom.org/, crawler@dotnetdotcom.org)"
220.181.108.92 - - [02/Nov/2010:23:38:42 +0100] "GET / HTTP/1.1" 200 30 "-" "Baiduspider+(+http://www.baidu.com/search/spider.htm)"
207.46.204.231 - - [03/Nov/2010:00:31:20 +0100] "GET /robots.txt HTTP/1.1" 404 320 "-" "Mozilla/5.0 (compatible; bingbot/2.0; +http://www.bing.com/bingbot.htm)"
89.141.101.134 - - [03/Nov/2010:01:03:10 +0100] "GET /fotos/main.php HTTP/1.1" 404 264 "-" "Mozilla/5.0 (Windows; U; Windows NT 5.1; es-ES; rv:1.9.2.12) Gecko/20101026 Firefox/3.6.12 ( .NET CLR 3.5.30729)"
89.141.101.134 - - [03/Nov/2010:01:06:09 +0100] "GET /fotos/main.php HTTP/1.1" 404 264 "-" "Mozilla/5.0 (Windows; U; Windows NT 5.1; es-ES; rv:1.9.2.12) Gecko/20101026 Firefox/3.6.12 ( .NET CLR 3.5.30729)"
89.141.101.134 - - [03/Nov/2010:01:08:54 +0100] "GET /index.php HTTP/1.1" 302 20 "-" "Mozilla/5.0 (Windows; U; Windows NT 5.1; es-ES; rv:1.9.2.12) Gecko/20101026 Firefox/3.6.12 ( .NET CLR 3.5.30729)"
89.141.101.134 - - [03/Nov/2010:01:08:55 +0100] "GET /main.php HTTP/1.1" 302 20 "-" "Mozilla/5.0 (Windows; U; Windows NT 5.1; es-ES; rv:1.9.2.12) Gecko/20101026 Firefox/3.6.12 ( .NET CLR 3.5.30729)"
89.141.101.134 - - [03/Nov/2010:01:08:55 +0100] "GET /upgrade/index.php HTTP/1.1" 200 2252 "-" "Mozilla/5.0 (Windows; U; Windows NT 5.1; es-ES; rv:1.9.2.12) Gecko/20101026 Firefox/3.6.12 ( .NET CLR 3.5.30729)"
89.141.101.134 - - [03/Nov/2010:01:09:39 +0100] "GET /upgrade/index.php?startOver=1 HTTP/1.1" 200 2252 "http://fotos.rallyamali.com/upgrade/index.php" "Mozilla/5.0 (Windows; U; Windows NT 5.1; es-ES; rv:1.9.2.12) Gecko/20101026 Firefox/3.6.12 ( .NET CLR 3.5.30729)"
89.141.101.134 - - [03/Nov/2010:01:09:48 +0100] "GET /upgrade/index.php?step=1 HTTP/1.1" 200 1359 "http://fotos.rallyamali.com/upgrade/index.php?startOver=1" "Mozilla/5.0 (Windows; U; Windows NT 5.1; es-ES; rv:1.9.2.12) Gecko/20101026 Firefox/3.6.12 ( .NET CLR 3.5.30729)"
89.141.101.134 - - [03/Nov/2010:01:09:51 +0100] "GET /upgrade/index.php?step=0 HTTP/1.1" 200 2252 "http://fotos.rallyamali.com/upgrade/index.php?step=1" "Mozilla/5.0 (Windows; U; Windows NT 5.1; es-ES; rv:1.9.2.12) Gecko/20101026 Firefox/3.6.12 ( .NET CLR 3.5.30729)"
89.141.101.134 - - [03/Nov/2010:01:10:32 +0100] "GET / HTTP/1.1" 302 20 "-" "Mozilla/5.0 (Windows; U; Windows NT 5.1; es-ES; rv:1.9.2.12) Gecko/20101026 Firefox/3.6.12 ( .NET CLR 3.5.30729)"
89.141.101.134 - - [03/Nov/2010:01:10:33 +0100] "GET /main.php HTTP/1.1" 302 20 "-" "Mozilla/5.0 (Windows; U; Windows NT 5.1; es-ES; rv:1.9.2.12) Gecko/20101026 Firefox/3.6.12 ( .NET CLR 3.5.30729)"
89.141.101.134 - - [03/Nov/2010:01:10:36 +0100] "GET /upgrade/index.php HTTP/1.1" 200 2252 "-" "Mozilla/5.0 (Windows; U; Windows NT 5.1; es-ES; rv:1.9.2.12) Gecko/20101026 Firefox/3.6.12 ( .NET CLR 3.5.30729)"
89.141.101.134 - - [03/Nov/2010:01:10:36 +0100] "GET /upgrade/upgrade.css HTTP/1.1" 200 7707 "http://fotos.rallyamali.com/upgrade/index.php" "Mozilla/5.0 (Windows; U; Windows NT 5.1; es-ES; rv:1.9.2.12) Gecko/20101026 Firefox/3.6.12 ( .NET CLR 3.5.30729)"
89.141.101.134 - - [03/Nov/2010:01:10:37 +0100] "GET /upgrade/images/g2Logo_upgrade_head.png HTTP/1.1" 200 16698 "http://fotos.rallyamali.com/upgrade/index.php" "Mozilla/5.0 (Windows; U; Windows NT 5.1; es-ES; rv:1.9.2.12) Gecko/20101026 Firefox/3.6.12 ( .NET CLR 3.5.30729)"
89.141.101.134 - - [03/Nov/2010:01:10:37 +0100] "GET /upgrade/images/shade.png HTTP/1.1" 200 156 "http://fotos.rallyamali.com/upgrade/upgrade.css" "Mozilla/5.0 (Windows; U; Windows NT 5.1; es-ES; rv:1.9.2.12) Gecko/20101026 Firefox/3.6.12 ( .NET CLR 3.5.30729)"
89.141.101.134 - - [03/Nov/2010:01:10:37 +0100] "GET /upgrade/images/btn2.png HTTP/1.1" 200 1040 "http://fotos.rallyamali.com/upgrade/upgrade.css" "Mozilla/5.0 (Windows; U; Windows NT 5.1; es-ES; rv:1.9.2.12) Gecko/20101026 Firefox/3.6.12 ( .NET CLR 3.5.30729)"
89.141.101.134 - - [03/Nov/2010:01:17:38 +0100] "GET /index.php HTTP/1.1" 302 20 "-" "Mozilla/5.0 (Windows; U; Windows NT 5.1; es-ES; rv:1.9.2.12) Gecko/20101026 Firefox/3.6.12 ( .NET CLR 3.5.30729)"
89.141.101.134 - - [03/Nov/2010:01:17:39 +0100] "GET /main.php HTTP/1.1" 200 4555 "-" "Mozilla/5.0 (Windows; U; Windows NT 5.1; es-ES; rv:1.9.2.12) Gecko/20101026 Firefox/3.6.12 ( .NET CLR 3.5.30729)"
89.141.101.134 - - [03/Nov/2010:01:17:44 +0100] "GET /themes/x_treme/theme.js HTTP/1.1" 200 13965 "http://fotos.rallyamali.com/main.php" "Mozilla/5.0 (Windows; U; Windows NT 5.1; es-ES; rv:1.9.2.12) Gecko/20101026 Firefox/3.6.12 ( .NET CLR 3.5.30729)"
89.141.101.134 - - [03/Nov/2010:01:17:43 +0100] "GET /main.php?g2_view=imageframe.CSS&g2_frames=shadow%7Cnone HTTP/1.1" 200 889 "http://fotos.rallyamali.com/main.php" "Mozilla/5.0 (Windows; U; Windows NT 5.1; es-ES; rv:1.9.2.12) Gecko/20101026 Firefox/3.6.12 ( .NET CLR 3.5.30729)"
89.141.101.134 - - [03/Nov/2010:01:17:44 +0100] "GET /themes/x_treme/theme.css HTTP/1.1" 200 19958 "http://fotos.rallyamali.com/main.php" "Mozilla/5.0 (Windows; U; Windows NT 5.1; es-ES; rv:1.9.2.12) Gecko/20101026 Firefox/3.6.12 ( .NET CLR 3.5.30729)"
89.141.101.134 - - [03/Nov/2010:01:17:44 +0100] "GET /themes/x_treme/templates/extra/info/imagen_cabecera-3-fondo_transparente.png HTTP/1.1" 200 49784 "http://fotos.rallyamali.com/main.php" "Mozilla/5.0 (Windows; U; Windows NT 5.1; es-ES; rv:1.9.2.12) Gecko/20101026 Firefox/3.6.12 ( .NET CLR 3.5.30729)"
89.141.101.134 - - [03/Nov/2010:01:17:44 +0100] "GET /themes/x_treme/images/blank.gif HTTP/1.1" 200 56 "http://fotos.rallyamali.com/main.php" "Mozilla/5.0 (Windows; U; Windows NT 5.1; es-ES; rv:1.9.2.12) Gecko/20101026 Firefox/3.6.12 ( .NET CLR 3.5.30729)"
89.141.101.134 - - [03/Nov/2010:01:17:44 +0100] "GET /themes/x_treme/images/x_treme.gif HTTP/1.1" 200 279 "http://fotos.rallyamali.com/main.php" "Mozilla/5.0 (Windows; U; Windows NT 5.1; es-ES; rv:1.9.2.12) Gecko/20101026 Firefox/3.6.12 ( .NET CLR 3.5.30729)"
89.141.101.134 - - [03/Nov/2010:01:17:44 +0100] "GET /themes/x_treme/images/icons/default/info_expand.gif HTTP/1.1" 200 97 "http://fotos.rallyamali.com/main.php" "Mozilla/5.0 (Windows; U; Windows NT 5.1; es-ES; rv:1.9.2.12) Gecko/20101026 Firefox/3.6.12 ( .NET CLR 3.5.30729)"
89.141.101.134 - - [03/Nov/2010:01:17:44 +0100] "GET /themes/x_treme/images/icons/default/close.gif HTTP/1.1" 200 84 "http://fotos.rallyamali.com/main.php" "Mozilla/5.0 (Windows; U; Windows NT 5.1; es-ES; rv:1.9.2.12) Gecko/20101026 Firefox/3.6.12 ( .NET CLR 3.5.30729)"
89.141.101.134 - - [03/Nov/2010:01:17:44 +0100] "GET /main.php?g2_view=slideshow.SlideshowMediaRss&g2_itemId=7 HTTP/1.1" 200 223 "-" "Mozilla/5.0 (Windows; U; Windows NT 5.1; es-ES; rv:1.9.2.12) Gecko/20101026 Firefox/3.6.12 ( .NET CLR 3.5.30729)"
89.141.101.134 - - [03/Nov/2010:01:17:51 +0100] "GET /v/0000--090801---1448---000213--rally_a_mali---pioneros--cuatro---noticias_cuatro_1--version--Vi023420090801144804145017000001.wmv.html HTTP/1.1" 200 4735 "http://fotos.rallyamali.com/main.php" "Mozilla/5.0 (Windows; U; Windows NT 5.1; es-ES; rv:1.9.2.12) Gecko/20101026 Firefox/3.6.12 ( .NET CLR 3.5.30729)"
89.141.101.134 - - [03/Nov/2010:01:17:54 +0100] "GET /main.php?g2_view=imageframe.CSS&g2_frames=none HTTP/1.1" 200 171 "http://fotos.rallyamali.com/v/0000--090801---1448---000213--rally_a_mali---pioneros--cuatro---noticias_cuatro_1--version--Vi023420090801144804145017000001.wmv.html" "Mozilla/5.0 (Windows; U; Windows NT 5.1; es-ES; rv:1.9.2.12) Gecko/20101026 Firefox/3.6.12 ( .NET CLR 3.5.30729)"
89.141.101.134 - - [03/Nov/2010:01:17:55 +0100] "GET /themes/x_treme/images/icons/default/ecard.gif HTTP/1.1" 200 92 "http://fotos.rallyamali.com/v/0000--090801---1448---000213--rally_a_mali---pioneros--cuatro---noticias_cuatro_1--version--Vi023420090801144804145017000001.wmv.html" "Mozilla/5.0 (Windows; U; Windows NT 5.1; es-ES; rv:1.9.2.12) Gecko/20101026 Firefox/3.6.12 ( .NET CLR 3.5.30729)"
89.141.101.134 - - [03/Nov/2010:01:17:55 +0100] "GET /themes/x_treme/images/icons/default/nav_next.gif HTTP/1.1" 200 81 "http://fotos.rallyamali.com/v/0000--090801---1448---000213--rally_a_mali---pioneros--cuatro---noticias_cuatro_1--version--Vi023420090801144804145017000001.wmv.html" "Mozilla/5.0 (Windows; U; Windows NT 5.1; es-ES; rv:1.9.2.12) Gecko/20101026 Firefox/3.6.12 ( .NET CLR 3.5.30729)"
89.141.101.134 - - [03/Nov/2010:01:17:55 +0100] "GET /themes/x_treme/images/icons/default/gallery.gif HTTP/1.1" 200 77 "http://fotos.rallyamali.com/v/0000--090801---1448---000213--rally_a_mali---pioneros--cuatro---noticias_cuatro_1--version--Vi023420090801144804145017000001.wmv.html" "Mozilla/5.0 (Windows; U; Windows NT 5.1; es-ES; rv:1.9.2.12) Gecko/20101026 Firefox/3.6.12 ( .NET CLR 3.5.30729)"
89.141.101.134 - - [03/Nov/2010:01:17:55 +0100] "GET /themes/x_treme/images/icons/default/view_slideshow.gif HTTP/1.1" 200 91 "http://fotos.rallyamali.com/v/0000--090801---1448---000213--rally_a_mali---pioneros--cuatro---noticias_cuatro_1--version--Vi023420090801144804145017000001.wmv.html" "Mozilla/5.0 (Windows; U; Windows NT 5.1; es-ES; rv:1.9.2.12) Gecko/20101026 Firefox/3.6.12 ( .NET CLR 3.5.30729)"
89.141.101.134 - - [03/Nov/2010:01:17:55 +0100] "GET /themes/x_treme/images/icons/default/nav_last.gif HTTP/1.1" 200 85 "http://fotos.rallyamali.com/v/0000--090801---1448---000213--rally_a_mali---pioneros--cuatro---noticias_cuatro_1--version--Vi023420090801144804145017000001.wmv.html" "Mozilla/5.0 (Windows; U; Windows NT 5.1; es-ES; rv:1.9.2.12) Gecko/20101026 Firefox/3.6.12 ( .NET CLR 3.5.30729)"
89.141.101.134 - - [03/Nov/2010:01:17:55 +0100] "GET /d/4826-1/0000--090801---1448---000213--rally_a_mali---pioneros--cuatro---noticias_cuatro_1--version--Vi023420090801144804145017000001.wmv HTTP/1.1" 200 2240 "http://fotos.rallyamali.com/v/0000--090801---1448---000213--rally_a_mali---pioneros--cuatro---noticias_cuatro_1--version--Vi023420090801144804145017000001.wmv.html" "Mozilla/5.0 (Windows; U; Windows NT 5.1; es-ES; rv:1.9.2.12) Gecko/20101026 Firefox/3.6.12 ( .NET CLR 3.5.30729)"
89.141.101.134 - - [03/Nov/2010:01:17:55 +0100] "GET /d/4826-1/0000--090801---1448---000213--rally_a_mali---pioneros--cuatro---noticias_cuatro_1--version--Vi023420090801144804145017000001.wmv HTTP/1.1" 200 2240 "-" "NSPlayer/11.0.5721.5251"
89.141.101.134 - - [03/Nov/2010:01:17:55 +0100] "GET /main.php?g2_view=slideshow.SlideshowMediaRss&g2_itemId=4826 HTTP/1.1" 200 223 "-" "Mozilla/5.0 (Windows; U; Windows NT 5.1; es-ES; rv:1.9.2.12) Gecko/20101026 Firefox/3.6.12 ( .NET CLR 3.5.30729)"
89.141.101.134 - - [03/Nov/2010:01:17:55 +0100] "GET /v/favicon.ico HTTP/1.1" 404 482 "-" "Mozilla/5.0 (Windows; U; Windows NT 5.1; es-ES; rv:1.9.2.12) Gecko/20101026 Firefox/3.6.12 ( .NET CLR 3.5.30729)"
89.141.101.134 - - [03/Nov/2010:01:17:56 +0100] "GET /d/4826-1/0000--090801---1448---000213--rally_a_mali---pioneros--cuatro---noticias_cuatro_1--version--Vi023420090801144804145017000001.wmv HTTP/1.1" 200 2240 "-" "NSPlayer/11.0.5721.5265 WMFSDK/11.0"
89.141.101.134 - - [03/Nov/2010:01:17:56 +0100] "GET /d/4826-1/0000--090801---1448---000213--rally_a_mali---pioneros--cuatro---noticias_cuatro_1--version--Vi023420090801144804145017000001.wmv HTTP/1.1" 200 2240 "-" "Windows-Media-Player/11.0.5721.5268"
89.141.101.134 - - [03/Nov/2010:01:17:58 +0100] "GET /v/favicon.ico HTTP/1.1" 404 482 "-" "Mozilla/5.0 (Windows; U; Windows NT 5.1; es-ES; rv:1.9.2.12) Gecko/20101026 Firefox/3.6.12 ( .NET CLR 3.5.30729)"
89.141.101.134 - - [03/Nov/2010:01:18:10 +0100] "GET /v/0000--090801---2110---000033--rally_a_mali---pioneros--la_sexta---la_sexta_noticias_tarde--version--Vi0240200908012110562111.wmv.html HTTP/1.1" 200 4807 "http://fotos.rallyamali.com/v/0000--090801---1448---000213--rally_a_mali---pioneros--cuatro---noticias_cuatro_1--version--Vi023420090801144804145017000001.wmv.html" "Mozilla/5.0 (Windows; U; Windows NT 5.1; es-ES; rv:1.9.2.12) Gecko/20101026 Firefox/3.6.12 ( .NET CLR 3.5.30729)"
89.141.101.134 - - [03/Nov/2010:01:18:11 +0100] "GET /main.php?g2_view=imageframe.CSS&g2_frames=none HTTP/1.1" 304 - "http://fotos.rallyamali.com/v/0000--090801---2110---000033--rally_a_mali---pioneros--la_sexta---la_sexta_noticias_tarde--version--Vi0240200908012110562111.wmv.html" "Mozilla/5.0 (Windows; U; Windows NT 5.1; es-ES; rv:1.9.2.12) Gecko/20101026 Firefox/3.6.12 ( .NET CLR 3.5.30729)"
89.141.101.134 - - [03/Nov/2010:01:18:11 +0100] "GET /themes/x_treme/images/icons/default/nav_first.gif HTTP/1.1" 200 84 "http://fotos.rallyamali.com/v/0000--090801---2110---000033--rally_a_mali---pioneros--la_sexta---la_sexta_noticias_tarde--version--Vi0240200908012110562111.wmv.html" "Mozilla/5.0 (Windows; U; Windows NT 5.1; es-ES; rv:1.9.2.12) Gecko/20101026 Firefox/3.6.12 ( .NET CLR 3.5.30729)"
89.141.101.134 - - [03/Nov/2010:01:18:11 +0100] "GET /themes/x_treme/images/icons/default/nav_back.gif HTTP/1.1" 200 82 "http://fotos.rallyamali.com/v/0000--090801---2110---000033--rally_a_mali---pioneros--la_sexta---la_sexta_noticias_tarde--version--Vi0240200908012110562111.wmv.html" "Mozilla/5.0 (Windows; U; Windows NT 5.1; es-ES; rv:1.9.2.12) Gecko/20101026 Firefox/3.6.12 ( .NET CLR 3.5.30729)"
89.141.101.134 - - [03/Nov/2010:01:18:11 +0100] "GET /d/4830-1/0000--090801---2110---000033--rally_a_mali---pioneros--la_sexta---la_sexta_noticias_tarde--version--Vi0240200908012110562111.wmv HTTP/1.1" 200 2240 "-" "NSPlayer/11.0.5721.5251"
89.141.101.134 - - [03/Nov/2010:01:18:11 +0100] "GET /d/4830-1/0000--090801---2110---000033--rally_a_mali---pioneros--la_sexta---la_sexta_noticias_tarde--version--Vi0240200908012110562111.wmv HTTP/1.1" 200 2240 "http://fotos.rallyamali.com/v/0000--090801---2110---000033--rally_a_mali---pioneros--la_sexta---la_sexta_noticias_tarde--version--Vi0240200908012110562111.wmv.html" "Mozilla/5.0 (Windows; U; Windows NT 5.1; es-ES; rv:1.9.2.12) Gecko/20101026 Firefox/3.6.12 ( .NET CLR 3.5.30729)"
89.141.101.134 - - [03/Nov/2010:01:18:11 +0100] "GET /main.php?g2_view=slideshow.SlideshowMediaRss&g2_itemId=4830 HTTP/1.1" 200 223 "-" "Mozilla/5.0 (Windows; U; Windows NT 5.1; es-ES; rv:1.9.2.12) Gecko/20101026 Firefox/3.6.12 ( .NET CLR 3.5.30729)"
89.141.101.134 - - [03/Nov/2010:01:18:11 +0100] "GET /d/4830-1/0000--090801---2110---000033--rally_a_mali---pioneros--la_sexta---la_sexta_noticias_tarde--version--Vi0240200908012110562111.wmv HTTP/1.1" 200 2240 "-" "NSPlayer/11.0.5721.5265 WMFSDK/11.0"
89.141.101.134 - - [03/Nov/2010:01:18:12 +0100] "GET /d/4830-1/0000--090801---2110---000033--rally_a_mali---pioneros--la_sexta---la_sexta_noticias_tarde--version--Vi0240200908012110562111.wmv HTTP/1.1" 200 2240 "-" "Windows-Media-Player/11.0.5721.5268"
89.141.101.134 - - [03/Nov/2010:01:18:14 +0100] "GET /v/0000--090801---2127---000135--rally_a_mali---pioneros--telemadrid---telenoticias_fin_de_semana--version--Vi00142009080121270.wmv.html HTTP/1.1" 200 4731 "http://fotos.rallyamali.com/v/0000--090801---2110---000033--rally_a_mali---pioneros--la_sexta---la_sexta_noticias_tarde--version--Vi0240200908012110562111.wmv.html" "Mozilla/5.0 (Windows; U; Windows NT 5.1; es-ES; rv:1.9.2.12) Gecko/20101026 Firefox/3.6.12 ( .NET CLR 3.5.30729)"
89.141.101.134 - - [03/Nov/2010:01:18:15 +0100] "GET /main.php?g2_view=imageframe.CSS&g2_frames=none HTTP/1.1" 200 171 "http://fotos.rallyamali.com/v/0000--090801---2127---000135--rally_a_mali---pioneros--telemadrid---telenoticias_fin_de_semana--version--Vi00142009080121270.wmv.html" "Mozilla/5.0 (Windows; U; Windows NT 5.1; es-ES; rv:1.9.2.12) Gecko/20101026 Firefox/3.6.12 ( .NET CLR 3.5.30729)"
89.141.101.134 - - [03/Nov/2010:01:18:22 +0100] "GET /d/4833-1/0000--090801---2127---000135--rally_a_mali---pioneros--telemadrid---telenoticias_fin_de_semana--version--Vi00142009080121270.wmv HTTP/1.1" 200 2240 "-" "NSPlayer/11.0.5721.5251"
