79.109.125.109 - - [16/Jun/2010:00:27:25 +0200] "GET /v/pioneros/seleccion/ HTTP/1.1" 404 504 "http://www.rallyamali.com/www.rallyamali.com/zona-de-ralliers.html" "Mozilla/4.0 (compatible; MSIE 8.0; Windows NT 5.1; Trident/4.0; GTB0.0; InfoPath.1; .NET CLR 2.0.50727; OfficeLiveConnector.1.3; OfficeLivePatch.0.0)"
79.109.125.109 - - [16/Jun/2010:00:27:55 +0200] "GET / HTTP/1.1" 200 30 "-" "Mozilla/4.0 (compatible; MSIE 8.0; Windows NT 5.1; Trident/4.0; GTB0.0; InfoPath.1; .NET CLR 2.0.50727; OfficeLiveConnector.1.3; OfficeLivePatch.0.0)"
79.109.125.109 - - [16/Jun/2010:00:27:55 +0200] "GET /favicon.ico HTTP/1.1" 404 262 "-" "Mozilla/4.0 (compatible; MSIE 8.0; Windows NT 5.1; Trident/4.0; GTB0.0; InfoPath.1; .NET CLR 2.0.50727; OfficeLiveConnector.1.3; OfficeLivePatch.0.0)"
79.109.125.109 - - [16/Jun/2010:00:32:05 +0200] "GET /v/prensa/fotos/0000--090805---1403--rally_a_mali---pioneros--marruecos--spanishbullfighters---alberto_gomez-borrero--version--marruecos-159.jpg.html HTTP/1.1" 404 504 "http://www.google.es/search?sourceid=navclient&hl=es&ie=UTF-8&rlz=1T4GFRE_esES364ES364&q=Spanishbullfighters" "Mozilla/4.0 (compatible; MSIE 8.0; Windows NT 5.1; Trident/4.0; GTB0.0; InfoPath.1; .NET CLR 2.0.50727; OfficeLiveConnector.1.3; OfficeLivePatch.0.0)"
79.109.125.109 - - [16/Jun/2010:00:32:05 +0200] "GET /lib/javascript/BlockToggle.js HTTP/1.1" 304 - "http://fotos.rallyamali.com/v/prensa/fotos/0000--090805---1403--rally_a_mali---pioneros--marruecos--spanishbullfighters---alberto_gomez-borrero--version--marruecos-159.jpg.html" "Mozilla/4.0 (compatible; MSIE 8.0; Windows NT 5.1; Trident/4.0; GTB0.0; InfoPath.1; .NET CLR 2.0.50727; OfficeLiveConnector.1.3; OfficeLivePatch.0.0)"
79.109.125.109 - - [16/Jun/2010:00:32:05 +0200] "GET /themes/matrix/theme.css HTTP/1.1" 304 - "http://fotos.rallyamali.com/v/prensa/fotos/0000--090805---1403--rally_a_mali---pioneros--marruecos--spanishbullfighters---alberto_gomez-borrero--version--marruecos-159.jpg.html" "Mozilla/4.0 (compatible; MSIE 8.0; Windows NT 5.1; Trident/4.0; GTB0.0; InfoPath.1; .NET CLR 2.0.50727; OfficeLiveConnector.1.3; OfficeLivePatch.0.0)"
79.109.125.109 - - [16/Jun/2010:00:32:05 +0200] "GET /themes/matrix/theme.css HTTP/1.1" 304 - "http://fotos.rallyamali.com/v/prensa/fotos/0000--090805---1403--rally_a_mali---pioneros--marruecos--spanishbullfighters---alberto_gomez-borrero--version--marruecos-159.jpg.html" "Mozilla/4.0 (compatible; MSIE 8.0; Windows NT 5.1; Trident/4.0; GTB0.0; InfoPath.1; .NET CLR 2.0.50727; OfficeLiveConnector.1.3; OfficeLivePatch.0.0)"
79.109.125.109 - - [16/Jun/2010:00:33:46 +0200] "GET /v/prensa/fotos/0000--090814---1810--rally_a_mali---pioneros--mali--spanishbullfighters---alberto_gomez-borrero--version--mali-275.jpg.html HTTP/1.1" 404 504 "http://www.google.es/search?sourceid=navclient&hl=es&ie=UTF-8&rlz=1T4GFRE_esES364ES364&q=Spanishbullfighters" "Mozilla/4.0 (compatible; MSIE 8.0; Windows NT 5.1; Trident/4.0; GTB0.0; InfoPath.1; .NET CLR 2.0.50727; OfficeLiveConnector.1.3; OfficeLivePatch.0.0)"
123.125.66.77 - - [16/Jun/2010:00:41:44 +0200] "GET / HTTP/1.1" 200 15 "-" "Baiduspider+(+http://www.baidu.com/search/spider.htm)"
220.181.7.117 - - [16/Jun/2010:00:43:01 +0200] "GET / HTTP/1.1" 200 15 "-" "Baiduspider+(+http://www.baidu.com/search/spider.htm)"
95.108.246.252 - - [16/Jun/2010:00:58:24 +0200] "GET /v/clipping/tv/?g2_highlightId=4505 HTTP/1.1" 404 457 "-" "Yandex/1.01.001 (compatible; Win16; I)"
67.195.115.170 - - [16/Jun/2010:02:30:25 +0200] "GET /robots.txt HTTP/1.0" 404 261 "-" "Mozilla/5.0 (compatible; Yahoo! Slurp; http://help.yahoo.com/help/us/ysearch/slurp)"
67.195.115.170 - - [16/Jun/2010:02:30:26 +0200] "GET /main.php?g2_view=core.UserAdmin&g2_subView=register.UserSelfRegistration&g2_return=%2Fmain.php%3Fg2_view%3Dcore.UserAdmin%26g2_subView%3Dcore.UserLogin HTTP/1.0" 200 1435 "-" "Mozilla/5.0 (compatible; Yahoo! Slurp/3.0; http://help.yahoo.com/help/us/ysearch/slurp)"
67.195.115.170 - - [16/Jun/2010:02:30:27 +0200] "GET /modules/core/data/gallery.css HTTP/1.0" 200 10174 "http://fotos.rallyamali.com/main.php?g2_view=core.UserAdmin&g2_subView=register.UserSelfRegistration&g2_return=%2Fmain.php%3Fg2_view%3Dcore.UserAdmin%26g2_subView%3Dcore.UserLogin" "Mozilla/5.0 (compatible; Yahoo! Slurp/3.0; http://help.yahoo.com/help/us/ysearch/slurp)"
67.195.115.170 - - [16/Jun/2010:02:30:28 +0200] "GET /modules/icons/iconpacks/silk/icons.css HTTP/1.0" 200 11271 "http://fotos.rallyamali.com/main.php?g2_view=core.UserAdmin&g2_subView=register.UserSelfRegistration&g2_return=%2Fmain.php%3Fg2_view%3Dcore.UserAdmin%26g2_subView%3Dcore.UserLogin" "Mozilla/5.0 (compatible; Yahoo! Slurp/3.0; http://help.yahoo.com/help/us/ysearch/slurp)"
67.195.115.170 - - [16/Jun/2010:02:30:29 +0200] "GET /themes/matrix/theme.css HTTP/1.0" 304 - "http://fotos.rallyamali.com/main.php?g2_view=core.UserAdmin&g2_subView=register.UserSelfRegistration&g2_return=%2Fmain.php%3Fg2_view%3Dcore.UserAdmin%26g2_subView%3Dcore.UserLogin" "Mozilla/5.0 (compatible; Yahoo! Slurp/3.0; http://help.yahoo.com/help/us/ysearch/slurp)"
207.46.199.178 - - [16/Jun/2010:04:42:57 +0200] "GET /robots.txt HTTP/1.1" 404 320 "-" "msnbot/2.0b (+http://search.msn.com/msnbot.htm)"
208.80.193.27 - - [16/Jun/2010:05:06:53 +0200] "GET / HTTP/1.0" 200 15 "-" "Mozilla/4.0 (compatible; MSIE 7.0; Windows NT 5.1; iebar; acc=jocker; .NET CLR 1.1.4322)"
207.46.199.177 - - [16/Jun/2010:05:36:35 +0200] "GET /robots.txt HTTP/1.1" 404 320 "-" "msnbot/2.0b (+http://search.msn.com/msnbot.htm)"
95.108.246.252 - - [16/Jun/2010:06:52:14 +0200] "GET /robots.txt HTTP/1.1" 404 320 "-" "Yandex/1.01.001 (compatible; Win16; I)"
123.125.66.75 - - [16/Jun/2010:07:40:47 +0200] "GET / HTTP/1.1" 200 15 "-" "Baiduspider+(+http://www.baidu.com/search/spider.htm)"
89.141.101.134 - - [16/Jun/2010:08:58:11 +0200] "GET / HTTP/1.1" 304 - "-" "Mozilla/5.0 (Windows; U; Windows NT 5.1; en-US) AppleWebKit/533.4 (KHTML, like Gecko) Chrome/5.0.375.70 Safari/533.4"
89.141.101.134 - - [16/Jun/2010:08:58:12 +0200] "GET /favicon.ico HTTP/1.1" 404 262 "-" "Mozilla/5.0 (Windows; U; Windows NT 5.1; en-US) AppleWebKit/533.4 (KHTML, like Gecko) Chrome/5.0.375.70 Safari/533.4"
89.141.101.134 - - [16/Jun/2010:08:59:20 +0200] "GET /index.php HTTP/1.1" 302 20 "-" "Mozilla/5.0 (Windows; U; Windows NT 5.1; en-US) AppleWebKit/533.4 (KHTML, like Gecko) Chrome/5.0.375.70 Safari/533.4"
89.141.101.134 - - [16/Jun/2010:08:59:20 +0200] "GET /main.php HTTP/1.1" 200 2213 "-" "Mozilla/5.0 (Windows; U; Windows NT 5.1; en-US) AppleWebKit/533.4 (KHTML, like Gecko) Chrome/5.0.375.70 Safari/533.4"
89.141.101.134 - - [16/Jun/2010:08:59:22 +0200] "GET /modules/icons/iconpacks/silk/icons.css HTTP/1.1" 304 - "http://fotos.rallyamali.com/main.php" "Mozilla/5.0 (Windows; U; Windows NT 5.1; en-US) AppleWebKit/533.4 (KHTML, like Gecko) Chrome/5.0.375.70 Safari/533.4"
89.141.101.134 - - [16/Jun/2010:08:59:22 +0200] "GET /themes/matrix/theme.css HTTP/1.1" 200 12501 "http://fotos.rallyamali.com/main.php" "Mozilla/5.0 (Windows; U; Windows NT 5.1; en-US) AppleWebKit/533.4 (KHTML, like Gecko) Chrome/5.0.375.70 Safari/533.4"
89.141.101.134 - - [16/Jun/2010:08:59:22 +0200] "GET /main.php?g2_view=core.CombinedJavascript&g2_key=6f4128736939e89bb5962446d0fad789 HTTP/1.1" 200 338 "http://fotos.rallyamali.com/main.php" "Mozilla/5.0 (Windows; U; Windows NT 5.1; en-US) AppleWebKit/533.4 (KHTML, like Gecko) Chrome/5.0.375.70 Safari/533.4"
89.141.101.134 - - [16/Jun/2010:08:59:22 +0200] "GET /modules/core/data/gallery.css HTTP/1.1" 304 - "http://fotos.rallyamali.com/main.php" "Mozilla/5.0 (Windows; U; Windows NT 5.1; en-US) AppleWebKit/533.4 (KHTML, like Gecko) Chrome/5.0.375.70 Safari/533.4"
89.141.101.134 - - [16/Jun/2010:08:59:22 +0200] "GET /images/galleryLogo_sm.gif HTTP/1.1" 200 3488 "http://fotos.rallyamali.com/main.php" "Mozilla/5.0 (Windows; U; Windows NT 5.1; en-US) AppleWebKit/533.4 (KHTML, like Gecko) Chrome/5.0.375.70 Safari/533.4"
89.141.101.134 - - [16/Jun/2010:08:59:22 +0200] "GET /modules/icons/iconpacks/silk/bullet.png HTTP/1.1" 304 - "http://fotos.rallyamali.com/main.php" "Mozilla/5.0 (Windows; U; Windows NT 5.1; en-US) AppleWebKit/533.4 (KHTML, like Gecko) Chrome/5.0.375.70 Safari/533.4"
89.141.101.134 - - [16/Jun/2010:08:59:22 +0200] "GET /themes/matrix/images/icon_path_separator.gif HTTP/1.1" 200 106 "http://fotos.rallyamali.com/main.php" "Mozilla/5.0 (Windows; U; Windows NT 5.1; en-US) AppleWebKit/533.4 (KHTML, like Gecko) Chrome/5.0.375.70 Safari/533.4"
89.141.101.134 - - [16/Jun/2010:08:59:23 +0200] "GET /modules/icons/iconpacks/silk/cart_add.png HTTP/1.1" 200 711 "http://fotos.rallyamali.com/main.php" "Mozilla/5.0 (Windows; U; Windows NT 5.1; en-US) AppleWebKit/533.4 (KHTML, like Gecko) Chrome/5.0.375.70 Safari/533.4"
89.141.101.134 - - [16/Jun/2010:08:59:23 +0200] "GET /modules/icons/iconpacks/silk/advanced_search.png HTTP/1.1" 200 615 "http://fotos.rallyamali.com/main.php" "Mozilla/5.0 (Windows; U; Windows NT 5.1; en-US) AppleWebKit/533.4 (KHTML, like Gecko) Chrome/5.0.375.70 Safari/533.4"
89.141.101.134 - - [16/Jun/2010:08:59:23 +0200] "GET /modules/icons/iconpacks/silk/folder_picture.png HTTP/1.1" 200 713 "http://fotos.rallyamali.com/main.php" "Mozilla/5.0 (Windows; U; Windows NT 5.1; en-US) AppleWebKit/533.4 (KHTML, like Gecko) Chrome/5.0.375.70 Safari/533.4"
89.141.101.134 - - [16/Jun/2010:08:59:23 +0200] "GET /modules/icons/iconpacks/silk/rss_feed.png HTTP/1.1" 200 589 "http://fotos.rallyamali.com/main.php" "Mozilla/5.0 (Windows; U; Windows NT 5.1; en-US) AppleWebKit/533.4 (KHTML, like Gecko) Chrome/5.0.375.70 Safari/533.4"
89.141.101.134 - - [16/Jun/2010:08:59:23 +0200] "GET /d/4827-3/0000--090801---1448---000213--rally_a_mali---pioneros--cuatro---noticias_cuatro_1--version--Vi023420090801144804145017000001.gif HTTP/1.1" 200 1589 "http://fotos.rallyamali.com/main.php" "Mozilla/5.0 (Windows; U; Windows NT 5.1; en-US) AppleWebKit/533.4 (KHTML, like Gecko) Chrome/5.0.375.70 Safari/533.4"
89.141.101.134 - - [16/Jun/2010:08:59:23 +0200] "GET /d/4831-3/0000--090801---2110---000033--rally_a_mali---pioneros--la_sexta---la_sexta_noticias_tarde--version--Vi0240200908012110562111.gif HTTP/1.1" 200 1589 "http://fotos.rallyamali.com/main.php" "Mozilla/5.0 (Windows; U; Windows NT 5.1; en-US) AppleWebKit/533.4 (KHTML, like Gecko) Chrome/5.0.375.70 Safari/533.4"
89.141.101.134 - - [16/Jun/2010:08:59:23 +0200] "GET /d/4834-3/0000--090801---2127---000135--rally_a_mali---pioneros--telemadrid---telenoticias_fin_de_semana--version--Vi00142009080121270.gif HTTP/1.1" 200 1589 "http://fotos.rallyamali.com/main.php" "Mozilla/5.0 (Windows; U; Windows NT 5.1; en-US) AppleWebKit/533.4 (KHTML, like Gecko) Chrome/5.0.375.70 Safari/533.4"
89.141.101.134 - - [16/Jun/2010:08:59:23 +0200] "GET /images/gallery.gif HTTP/1.1" 304 - "http://fotos.rallyamali.com/main.php" "Mozilla/5.0 (Windows; U; Windows NT 5.1; en-US) AppleWebKit/533.4 (KHTML, like Gecko) Chrome/5.0.375.70 Safari/533.4"
89.141.101.134 - - [16/Jun/2010:08:59:23 +0200] "GET /favicon.ico HTTP/1.1" 404 262 "-" "Mozilla/5.0 (Windows; U; Windows NT 5.1; en-US) AppleWebKit/533.4 (KHTML, like Gecko) Chrome/5.0.375.70 Safari/533.4"
89.141.101.134 - - [16/Jun/2010:08:59:29 +0200] "GET /v/0000--090801---1448---000213--rally_a_mali---pioneros--cuatro---noticias_cuatro_1--version--Vi023420090801144804145017000001.wmv.html HTTP/1.1" 200 2251 "http://fotos.rallyamali.com/main.php" "Mozilla/5.0 (Windows; U; Windows NT 5.1; en-US) AppleWebKit/533.4 (KHTML, like Gecko) Chrome/5.0.375.70 Safari/533.4"
89.141.101.134 - - [16/Jun/2010:08:59:29 +0200] "GET /themes/matrix/images/nav_next.gif HTTP/1.1" 200 133 "http://fotos.rallyamali.com/v/0000--090801---1448---000213--rally_a_mali---pioneros--cuatro---noticias_cuatro_1--version--Vi023420090801144804145017000001.wmv.html" "Mozilla/5.0 (Windows; U; Windows NT 5.1; en-US) AppleWebKit/533.4 (KHTML, like Gecko) Chrome/5.0.375.70 Safari/533.4"
89.141.101.134 - - [16/Jun/2010:08:59:29 +0200] "GET /themes/matrix/images/nav_last.gif HTTP/1.1" 200 92 "http://fotos.rallyamali.com/v/0000--090801---1448---000213--rally_a_mali---pioneros--cuatro---noticias_cuatro_1--version--Vi023420090801144804145017000001.wmv.html" "Mozilla/5.0 (Windows; U; Windows NT 5.1; en-US) AppleWebKit/533.4 (KHTML, like Gecko) Chrome/5.0.375.70 Safari/533.4"
89.141.101.134 - - [16/Jun/2010:08:59:30 +0200] "GET /favicon.ico HTTP/1.1" 404 262 "-" "Mozilla/5.0 (Windows; U; Windows NT 5.1; en-US) AppleWebKit/533.4 (KHTML, like Gecko) Chrome/5.0.375.70 Safari/533.4"
89.141.101.134 - - [16/Jun/2010:08:59:30 +0200] "GET /d/4826-1/0000--090801---1448---000213--rally_a_mali---pioneros--cuatro---noticias_cuatro_1--version--Vi023420090801144804145017000001.wmv HTTP/1.1" 200 2231 "http://fotos.rallyamali.com/v/0000--090801---1448---000213--rally_a_mali---pioneros--cuatro---noticias_cuatro_1--version--Vi023420090801144804145017000001.wmv.html" "Mozilla/5.0 (Windows; U; Windows NT 5.1; en-US) AppleWebKit/533.4 (KHTML, like Gecko) Chrome/5.0.375.70 Safari/533.4"
89.141.101.134 - - [16/Jun/2010:08:59:32 +0200] "GET /d/4826-1/0000--090801---1448---000213--rally_a_mali---pioneros--cuatro---noticias_cuatro_1--version--Vi023420090801144804145017000001.wmv HTTP/1.1" 200 2231 "-" "NSPlayer/11.0.5721.5251"
89.141.101.134 - - [16/Jun/2010:08:59:32 +0200] "GET /d/4826-1/0000--090801---1448---000213--rally_a_mali---pioneros--cuatro---noticias_cuatro_1--version--Vi023420090801144804145017000001.wmv HTTP/1.1" 200 2231 "-" "NSPlayer/11.0.5721.5265 WMFSDK/11.0"
89.141.101.134 - - [16/Jun/2010:08:59:33 +0200] "GET /d/4826-1/0000--090801---1448---000213--rally_a_mali---pioneros--cuatro---noticias_cuatro_1--version--Vi023420090801144804145017000001.wmv HTTP/1.1" 200 2231 "-" "Windows-Media-Player/11.0.5721.5268"
89.141.101.134 - - [16/Jun/2010:08:59:38 +0200] "GET /main.php?g2_highlightId=4826 HTTP/1.1" 302 20 "http://fotos.rallyamali.com/v/0000--090801---1448---000213--rally_a_mali---pioneros--cuatro---noticias_cuatro_1--version--Vi023420090801144804145017000001.wmv.html" "Mozilla/5.0 (Windows; U; Windows NT 5.1; en-US) AppleWebKit/533.4 (KHTML, like Gecko) Chrome/5.0.375.70 Safari/533.4"
89.141.101.134 - - [16/Jun/2010:08:59:38 +0200] "GET /main.php HTTP/1.1" 200 2218 "http://fotos.rallyamali.com/v/0000--090801---1448---000213--rally_a_mali---pioneros--cuatro---noticias_cuatro_1--version--Vi023420090801144804145017000001.wmv.html" "Mozilla/5.0 (Windows; U; Windows NT 5.1; en-US) AppleWebKit/533.4 (KHTML, like Gecko) Chrome/5.0.375.70 Safari/533.4"
89.141.101.134 - - [16/Jun/2010:08:59:39 +0200] "GET /favicon.ico HTTP/1.1" 404 262 "-" "Mozilla/5.0 (Windows; U; Windows NT 5.1; en-US) AppleWebKit/533.4 (KHTML, like Gecko) Chrome/5.0.375.70 Safari/533.4"
95.108.246.252 - - [16/Jun/2010:10:36:04 +0200] "GET /v/clipping/tv/?g2_highlightId=4514 HTTP/1.1" 404 457 "-" "Yandex/1.01.001 (compatible; Win16; I)"
67.195.115.170 - - [16/Jun/2010:11:00:44 +0200] "GET /main.php?g2_view=imageframe.CSS&g2_frames=shadow%7Cnone HTTP/1.0" 200 889 "-" "Mozilla/5.0 (compatible; Yahoo! Slurp/3.0; http://help.yahoo.com/help/us/ysearch/slurp)"
67.195.115.170 - - [16/Jun/2010:11:30:07 +0200] "GET /v/clipping/tv/0000--090801---2127---000135--rally_a_mali---pioneros--telemadrid---telenoticias_fin_de_semana--version--Vi00142009080121270.wmv.html HTTP/1.0" 404 457 "-" "Mozilla/5.0 (compatible; Yahoo! Slurp/3.0; http://help.yahoo.com/help/us/ysearch/slurp)"
67.195.115.170 - - [16/Jun/2010:11:30:07 +0200] "GET /themes/matrix/theme.css HTTP/1.0" 304 - "http://fotos.rallyamali.com/v/clipping/tv/0000--090801---2127---000135--rally_a_mali---pioneros--telemadrid---telenoticias_fin_de_semana--version--Vi00142009080121270.wmv.html" "Mozilla/5.0 (compatible; Yahoo! Slurp/3.0; http://help.yahoo.com/help/us/ysearch/slurp)"
66.249.71.136 - - [16/Jun/2010:12:03:14 +0200] "GET /robots.txt HTTP/1.1" 404 261 "-" "Googlebot-Image/1.0"
66.249.71.136 - - [16/Jun/2010:12:03:14 +0200] "GET /d/4058-7/MARRUECOS+_197_.JPG HTTP/1.1" 304 - "-" "Googlebot-Image/1.0"
95.108.246.252 - - [16/Jun/2010:14:19:58 +0200] "GET /v/prensa/fotos/MARRUECOS+_197_.JPG.html HTTP/1.1" 404 457 "-" "Yandex/1.01.001 (compatible; Win16; I)"
207.46.195.214 - - [16/Jun/2010:14:27:40 +0200] "GET /v/pioneros/seleccion/eventos/salida/ HTTP/1.1" 404 504 "-" "Mozilla/4.0 (compatible; MSIE 6.0; Windows NT 5.2; SLCC1; .NET CLR 1.1.4325; .NET CLR 2.0.50727; .NET CLR 3.0.04506.648)"
220.181.7.124 - - [16/Jun/2010:14:40:55 +0200] "GET / HTTP/1.1" 200 15 "-" "Baiduspider+(+http://www.baidu.com/search/spider.htm)"
123.125.66.127 - - [16/Jun/2010:14:42:22 +0200] "GET / HTTP/1.1" 200 15 "-" "Baiduspider+(+http://www.baidu.com/search/spider.htm)"
123.125.66.22 - - [16/Jun/2010:15:11:43 +0200] "GET /robots.txt HTTP/1.1" 404 261 "-" "Baiduspider+(+http://www.baidu.com/search/spider.htm)"
208.115.111.249 - - [16/Jun/2010:15:11:49 +0200] "GET /robots.txt HTTP/1.1" 404 261 "-" "Mozilla/5.0 (compatible; DotBot/1.1; http://www.dotnetdotcom.org/, crawler@dotnetdotcom.org)"
66.249.71.136 - - [16/Jun/2010:16:16:41 +0200] "GET /d/3871-11/0000--090816---1446--rally_a_mali---pioneros--mali--alejandro_cabezon---rutas_y_retos--version--p1160571.jpg HTTP/1.1" 304 - "-" "Googlebot-Image/1.0"
207.46.199.191 - - [16/Jun/2010:16:25:32 +0200] "GET /robots.txt HTTP/1.1" 404 320 "-" "msnbot/2.0b (+http://search.msn.com/msnbot.htm)"
67.218.116.167 - - [16/Jun/2010:16:33:31 +0200] "GET /robots.txt HTTP/1.1" 404 261 "-" "Mozilla/5.0 (Twiceler-0.9 http://www.cuil.com/twiceler/robot.html)"
95.108.246.252 - - [16/Jun/2010:16:39:14 +0200] "GET /v/prensa/fotos/0000--090807---1744--rally_a_mali---pioneros--mauritania--spanishbullfighters--version--csc_1014.jpg.html HTTP/1.1" 404 457 "-" "Yandex/1.01.001 (compatible; Win16; I)"
208.115.111.249 - - [16/Jun/2010:18:52:22 +0200] "GET /robots.txt HTTP/1.1" 404 261 "-" "Mozilla/5.0 (compatible; DotBot/1.1; http://www.dotnetdotcom.org/, crawler@dotnetdotcom.org)"
67.195.115.170 - - [16/Jun/2010:19:14:00 +0200] "GET /robots.txt HTTP/1.0" 404 261 "-" "Mozilla/5.0 (compatible; Yahoo! Slurp; http://help.yahoo.com/help/us/ysearch/slurp)"
67.195.115.170 - - [16/Jun/2010:19:14:01 +0200] "GET /v/prensa/fotos/0000--090809---1448--rally_a_mali---pioneros--mali--spanishbullfighters--version--dsc_1197.jpg.html HTTP/1.0" 404 457 "-" "Mozilla/5.0 (compatible; Yahoo! Slurp/3.0; http://help.yahoo.com/help/us/ysearch/slurp)"
67.195.115.170 - - [16/Jun/2010:19:14:02 +0200] "GET /themes/matrix/theme.css HTTP/1.0" 304 - "http://fotos.rallyamali.com/v/prensa/fotos/0000--090809---1448--rally_a_mali---pioneros--mali--spanishbullfighters--version--dsc_1197.jpg.html" "Mozilla/5.0 (compatible; Yahoo! Slurp/3.0; http://help.yahoo.com/help/us/ysearch/slurp)"
208.115.111.249 - - [16/Jun/2010:19:26:29 +0200] "GET /main.php?g2_view=core.UserAdmin&g2_subView=core.UserLogin&g2_return=%2Fv%2Fpioneros%2Fseleccion%2F%3F HTTP/1.1" 200 1409 "-" "Mozilla/5.0 (compatible; DotBot/1.1; http://www.dotnetdotcom.org/, crawler@dotnetdotcom.org)"
208.115.111.249 - - [16/Jun/2010:19:26:34 +0200] "GET /v/pioneros/?g2_highlightId=96 HTTP/1.1" 404 497 "-" "Mozilla/5.0 (compatible; DotBot/1.1; http://www.dotnetdotcom.org/, crawler@dotnetdotcom.org)"
208.115.111.249 - - [16/Jun/2010:19:26:39 +0200] "GET /v/pioneros/seleccion/aventura_en_ruta/ HTTP/1.1" 404 497 "-" "Mozilla/5.0 (compatible; DotBot/1.1; http://www.dotnetdotcom.org/, crawler@dotnetdotcom.org)"
208.115.111.249 - - [16/Jun/2010:19:26:44 +0200] "GET /v/pioneros/seleccion/eventos/ HTTP/1.1" 404 497 "-" "Mozilla/5.0 (compatible; DotBot/1.1; http://www.dotnetdotcom.org/, crawler@dotnetdotcom.org)"
208.115.111.249 - - [16/Jun/2010:19:26:49 +0200] "GET /v/pioneros/seleccion/preparativos/ HTTP/1.1" 404 497 "-" "Mozilla/5.0 (compatible; DotBot/1.1; http://www.dotnetdotcom.org/, crawler@dotnetdotcom.org)"
208.115.111.249 - - [16/Jun/2010:19:26:54 +0200] "GET /v/pioneros/seleccion/solidaridad_en_ruta/ HTTP/1.1" 404 497 "-" "Mozilla/5.0 (compatible; DotBot/1.1; http://www.dotnetdotcom.org/, crawler@dotnetdotcom.org)"
67.195.115.170 - - [16/Jun/2010:19:28:43 +0200] "GET /v/prensa/fotos/DSC_4200.JPG.html HTTP/1.0" 404 457 "-" "Mozilla/5.0 (compatible; Yahoo! Slurp/3.0; http://help.yahoo.com/help/us/ysearch/slurp)"
66.249.71.168 - - [16/Jun/2010:20:30:15 +0200] "GET /robots.txt HTTP/1.1" 404 261 "-" "Googlebot-Image/1.0"
66.249.71.168 - - [16/Jun/2010:20:30:15 +0200] "GET /d/3649-13/0000--090804---1613--rally_a_mali---pioneros--marruecos--osona_pandilleros--version--pic00070.jpg HTTP/1.1" 304 - "-" "Googlebot-Image/1.0"
95.108.246.252 - - [16/Jun/2010:21:38:56 +0200] "GET /v/prensa/fotos/rally_a_mali-pioneros-alejandro_cabezon-P1150865.JPG.html HTTP/1.1" 404 457 "-" "Yandex/1.01.001 (compatible; Win16; I)"
67.195.115.170 - - [16/Jun/2010:21:44:42 +0200] "GET /v/pioneros/seleccion/eventos/salida/0000--090801---1348--rally_a_mali---pioneros--salida--last_lap--version--salida2.jpg.html HTTP/1.0" 404 457 "-" "Mozilla/5.0 (compatible; Yahoo! Slurp/3.0; http://help.yahoo.com/help/us/ysearch/slurp)"
67.195.115.170 - - [16/Jun/2010:21:44:43 +0200] "GET /themes/matrix/theme.css HTTP/1.0" 304 - "http://fotos.rallyamali.com/v/pioneros/seleccion/eventos/salida/0000--090801---1348--rally_a_mali---pioneros--salida--last_lap--version--salida2.jpg.html" "Mozilla/5.0 (compatible; Yahoo! Slurp/3.0; http://help.yahoo.com/help/us/ysearch/slurp)"
123.125.66.58 - - [16/Jun/2010:22:34:58 +0200] "GET / HTTP/1.1" 200 15 "-" "Baiduspider+(+http://www.baidu.com/search/spider.htm)"
220.181.7.74 - - [16/Jun/2010:22:39:00 +0200] "GET / HTTP/1.1" 200 15 "-" "Baiduspider+(+http://www.baidu.com/search/spider.htm)"
119.63.198.37 - - [16/Jun/2010:23:07:44 +0200] "GET /robots.txt HTTP/1.1" 404 261 "-" "Baiduspider+(+http://www.baidu.com/search/spider.htm)"
208.115.111.249 - - [16/Jun/2010:23:08:52 +0200] "GET /main.php?g2_view=core.UserAdmin&g2_subView=core.UserLogin&g2_return=%2Fmain.php%3F HTTP/1.1" 200 1396 "-" "Mozilla/5.0 (compatible; DotBot/1.1; http://www.dotnetdotcom.org/, crawler@dotnetdotcom.org)"
208.115.111.249 - - [16/Jun/2010:23:08:56 +0200] "GET /v/clipping/ HTTP/1.1" 404 497 "-" "Mozilla/5.0 (compatible; DotBot/1.1; http://www.dotnetdotcom.org/, crawler@dotnetdotcom.org)"
208.115.111.249 - - [16/Jun/2010:23:09:01 +0200] "GET /v/pioneros/ HTTP/1.1" 404 497 "-" "Mozilla/5.0 (compatible; DotBot/1.1; http://www.dotnetdotcom.org/, crawler@dotnetdotcom.org)"
208.115.111.249 - - [16/Jun/2010:23:09:06 +0200] "GET /v/prensa/ HTTP/1.1" 404 497 "-" "Mozilla/5.0 (compatible; DotBot/1.1; http://www.dotnetdotcom.org/, crawler@dotnetdotcom.org)"
220.181.7.56 - - [16/Jun/2010:23:44:18 +0200] "GET / HTTP/1.1" 200 30 "-" "Baiduspider+(+http://www.baidu.com/search/spider.htm)"
67.195.115.170 - - [16/Jun/2010:23:47:13 +0200] "GET /main.php?g2_highlightId=27 HTTP/1.0" 302 20 "-" "Mozilla/5.0 (compatible; Yahoo! Slurp/3.0; http://help.yahoo.com/help/us/ysearch/slurp)"
67.195.115.170 - - [16/Jun/2010:23:47:14 +0200] "GET /main.php HTTP/1.0" 200 2206 "-" "Mozilla/5.0 (compatible; Yahoo! Slurp/3.0; http://help.yahoo.com/help/us/ysearch/slurp)"
67.195.115.170 - - [16/Jun/2010:23:47:16 +0200] "GET /modules/core/data/gallery.css HTTP/1.0" 304 - "http://fotos.rallyamali.com/main.php" "Mozilla/5.0 (compatible; Yahoo! Slurp/3.0; http://help.yahoo.com/help/us/ysearch/slurp)"
67.195.115.170 - - [16/Jun/2010:23:47:17 +0200] "GET /modules/icons/iconpacks/silk/icons.css HTTP/1.0" 304 - "http://fotos.rallyamali.com/main.php" "Mozilla/5.0 (compatible; Yahoo! Slurp/3.0; http://help.yahoo.com/help/us/ysearch/slurp)"
67.195.115.170 - - [16/Jun/2010:23:47:18 +0200] "GET /themes/matrix/theme.css HTTP/1.0" 304 - "http://fotos.rallyamali.com/main.php" "Mozilla/5.0 (compatible; Yahoo! Slurp/3.0; http://help.yahoo.com/help/us/ysearch/slurp)"
95.108.246.252 - - [17/Jun/2010:00:21:51 +0200] "GET /v/clipping/tv/ HTTP/1.1" 404 457 "-" "Yandex/1.01.001 (compatible; Win16; I)"
95.108.246.252 - - [17/Jun/2010:01:06:52 +0200] "GET /v/prensa/fotos/0000--090816---1517--rally_a_mali---pioneros--mali--spanishsiesta--version--img_1059.jpg.html HTTP/1.1" 404 457 "-" "Yandex/1.01.001 (compatible; Win16; I)"
95.108.246.252 - - [17/Jun/2010:04:23:58 +0200] "GET /v/prensa/fotos/0000--090812---1208--rally_a_mali---pioneros--mali--spanishbullfighters---alberto_gomez-borrero--version--mali-106.jpg.html HTTP/1.1" 404 457 "-" "Yandex/1.01.001 (compatible; Win16; I)"
69.58.178.27 - - [17/Jun/2010:05:16:17 +0200] "GET /robots.txt HTTP/1.1" 404 320 "-" "Mozilla/5.0 (X11; U; Linux i686; en-US; rv:1.9.1.3; ips-agent) Gecko/20090824 Fedora/1.0.7-1.1.fc4 Firefox/3.5.3"
69.58.178.27 - - [17/Jun/2010:05:16:18 +0200] "GET / HTTP/1.1" 200 15 "-" "Mozilla/5.0 (X11; U; Linux i686; en-US; rv:1.9.1.3; ips-agent) Gecko/20090824 Fedora/1.0.7-1.1.fc4 Firefox/3.5.3"
123.125.66.132 - - [17/Jun/2010:05:37:39 +0200] "GET / HTTP/1.1" 200 15 "-" "Baiduspider+(+http://www.baidu.com/search/spider.htm)"
220.181.7.85 - - [17/Jun/2010:05:40:48 +0200] "GET / HTTP/1.1" 200 15 "-" "Baiduspider+(+http://www.baidu.com/search/spider.htm)"
208.115.111.249 - - [17/Jun/2010:05:43:00 +0200] "GET /robots.txt HTTP/1.1" 404 261 "-" "Mozilla/5.0 (compatible; DotBot/1.1; http://www.dotnetdotcom.org/, crawler@dotnetdotcom.org)"
67.195.115.170 - - [17/Jun/2010:06:57:34 +0200] "GET /robots.txt HTTP/1.0" 404 261 "-" "Mozilla/5.0 (compatible; Yahoo! Slurp; http://help.yahoo.com/help/us/ysearch/slurp)"
67.195.115.170 - - [17/Jun/2010:06:57:35 +0200] "GET /v/pioneros/seleccion/aventura_en_ruta/mali/0000--090811---1941--rally_a_mali---pioneros--mali--spanishbullfighters---alberto_gomez-borrero--version--mali-55.jpg.html HTTP/1.0" 404 457 "-" "Mozilla/5.0 (compatible; Yahoo! Slurp/3.0; http://help.yahoo.com/help/us/ysearch/slurp)"
67.195.115.170 - - [17/Jun/2010:06:57:36 +0200] "GET /themes/matrix/theme.css HTTP/1.0" 304 - "http://fotos.rallyamali.com/v/pioneros/seleccion/aventura_en_ruta/mali/0000--090811---1941--rally_a_mali---pioneros--mali--spanishbullfighters---alberto_gomez-borrero--version--mali-55.jpg.html" "Mozilla/5.0 (compatible; Yahoo! Slurp/3.0; http://help.yahoo.com/help/us/ysearch/slurp)"
207.46.204.239 - - [17/Jun/2010:07:13:09 +0200] "GET /robots.txt HTTP/1.1" 404 320 "-" "msnbot/2.0b (+http://search.msn.com/msnbot.htm)"
207.46.204.239 - - [17/Jun/2010:07:14:20 +0200] "GET /v/pioneros/seleccion/ HTTP/1.1" 404 457 "-" "msnbot/2.0b (+http://search.msn.com/msnbot.htm)"
67.218.116.167 - - [17/Jun/2010:07:15:24 +0200] "GET /v/pioneros/seleccion/ HTTP/1.1" 404 497 "-" "Mozilla/5.0 (Twiceler-0.9 http://www.cuil.com/twiceler/robot.html)"
66.249.71.168 - - [17/Jun/2010:08:15:24 +0200] "GET /v/prensa/fotos/0000--090805---1831--rally_a_mali---pioneros--marruecos--osona_pandilleros--version--pic00067.jpg.html HTTP/1.1" 404 457 "-" "Mozilla/5.0 (compatible; Googlebot/2.1; +http://www.google.com/bot.html)"
208.115.111.249 - - [17/Jun/2010:09:55:05 +0200] "GET /robots.txt HTTP/1.1" 404 261 "-" "Mozilla/5.0 (compatible; DotBot/1.1; http://www.dotnetdotcom.org/, crawler@dotnetdotcom.org)"
208.80.193.35 - - [17/Jun/2010:09:56:05 +0200] "GET / HTTP/1.0" 200 15 "-" "Mozilla/4.0 (compatible; MSIE 6.0; Windows NT 5.1; SV1; Tablet PC 1.7; .NET CLR 1.0.3705; .NET CLR 1.1.4322; ZangoToolbar 4.8.3)"
208.115.111.249 - - [17/Jun/2010:10:32:36 +0200] "GET /main.php?g2_highlightId=3110 HTTP/1.1" 302 20 "-" "Mozilla/5.0 (compatible; DotBot/1.1; http://www.dotnetdotcom.org/, crawler@dotnetdotcom.org)"
208.115.111.249 - - [17/Jun/2010:10:32:39 +0200] "GET /main.php?g2_highlightId=4469 HTTP/1.1" 302 20 "-" "Mozilla/5.0 (compatible; DotBot/1.1; http://www.dotnetdotcom.org/, crawler@dotnetdotcom.org)"
208.115.111.249 - - [17/Jun/2010:10:32:45 +0200] "GET /main.php?g2_view=core.UserAdmin&g2_subView=core.UserLogin&g2_return=%2Fmain.php%3Fg2_view%3Dcore.UserAdmin%26g2_subView%3Dcore.UserLogin%26 HTTP/1.1" 200 1397 "-" "Mozilla/5.0 (compatible; DotBot/1.1; http://www.dotnetdotcom.org/, crawler@dotnetdotcom.org)"
208.115.111.249 - - [17/Jun/2010:10:32:50 +0200] "GET /main.php?g2_view=core.UserAdmin&g2_subView=core.UserLogin&g2_return=%2Fv%2Fclipping%2F%3F HTTP/1.1" 200 1401 "-" "Mozilla/5.0 (compatible; DotBot/1.1; http://www.dotnetdotcom.org/, crawler@dotnetdotcom.org)"
208.115.111.249 - - [17/Jun/2010:10:32:55 +0200] "GET /main.php?g2_view=core.UserAdmin&g2_subView=core.UserLogin&g2_return=%2Fv%2Fpioneros%2F%3F HTTP/1.1" 200 1399 "-" "Mozilla/5.0 (compatible; DotBot/1.1; http://www.dotnetdotcom.org/, crawler@dotnetdotcom.org)"
208.115.111.249 - - [17/Jun/2010:10:33:00 +0200] "GET /main.php?g2_view=core.UserAdmin&g2_subView=core.UserLogin&g2_return=%2Fv%2Fprensa%2F%3F HTTP/1.1" 200 1399 "-" "Mozilla/5.0 (compatible; DotBot/1.1; http://www.dotnetdotcom.org/, crawler@dotnetdotcom.org)"
208.115.111.249 - - [17/Jun/2010:10:33:05 +0200] "GET /main.php?g2_view=core.UserAdmin&g2_subView=core.UserRecoverPassword&g2_return=%2Fmain.php%3Fg2_view%3Dcore.UserAdmin%26g2_subView%3Dcore.UserLogin%26 HTTP/1.1" 200 1753 "-" "Mozilla/5.0 (compatible; DotBot/1.1; http://www.dotnetdotcom.org/, crawler@dotnetdotcom.org)"
208.115.111.249 - - [17/Jun/2010:10:33:11 +0200] "GET /v/clipping/tv/ HTTP/1.1" 404 497 "-" "Mozilla/5.0 (compatible; DotBot/1.1; http://www.dotnetdotcom.org/, crawler@dotnetdotcom.org)"
208.115.111.249 - - [17/Jun/2010:10:33:16 +0200] "GET /v/pioneros/seleccion/ HTTP/1.1" 404 497 "-" "Mozilla/5.0 (compatible; DotBot/1.1; http://www.dotnetdotcom.org/, crawler@dotnetdotcom.org)"
208.115.111.249 - - [17/Jun/2010:10:33:21 +0200] "GET /v/prensa/fotos/ HTTP/1.1" 404 497 "-" "Mozilla/5.0 (compatible; DotBot/1.1; http://www.dotnetdotcom.org/, crawler@dotnetdotcom.org)"
220.181.7.87 - - [17/Jun/2010:10:38:26 +0200] "GET / HTTP/1.1" 200 15 "-" "Baiduspider+(+http://www.baidu.com/search/spider.htm)"
123.125.66.74 - - [17/Jun/2010:10:39:05 +0200] "GET / HTTP/1.1" 200 15 "-" "Baiduspider+(+http://www.baidu.com/search/spider.htm)"
95.108.246.252 - - [17/Jun/2010:11:06:01 +0200] "GET /robots.txt HTTP/1.1" 404 320 "-" "Yandex/1.01.001 (compatible; Win16; I)"
95.108.246.252 - - [17/Jun/2010:12:34:46 +0200] "GET /v/prensa/fotos/0000--090807---1222--rally_a_mali---pioneros--mauritania--osona_pandilleros--version--pic00136.jpg.html HTTP/1.1" 404 457 "-" "Yandex/1.01.001 (compatible; Win16; I)"
123.125.66.71 - - [17/Jun/2010:12:46:16 +0200] "GET / HTTP/1.1" 200 15 "-" "Baiduspider+(+http://www.baidu.com/search/spider.htm)"
220.181.7.63 - - [17/Jun/2010:12:47:12 +0200] "GET / HTTP/1.1" 200 15 "-" "Baiduspider+(+http://www.baidu.com/search/spider.htm)"
95.108.246.252 - - [17/Jun/2010:14:42:12 +0200] "GET /v/prensa/fotos/0000--090806---0000--rally_a_mali---pioneros--marruecos---vialix--angeles_del_desierto--version--p1000015.jpg.html HTTP/1.1" 404 457 "-" "Yandex/1.01.001 (compatible; Win16; I)"
67.195.115.170 - - [17/Jun/2010:14:44:38 +0200] "GET /robots.txt HTTP/1.0" 404 261 "-" "Mozilla/5.0 (compatible; Yahoo! Slurp; http://help.yahoo.com/help/us/ysearch/slurp)"
67.195.115.170 - - [17/Jun/2010:14:44:38 +0200] "GET /v/prensa/fotos/0000--090801---1254--rally_a_mali---pioneros--salida--osona_pandilleros--version--pic00025.jpg.html HTTP/1.0" 404 457 "-" "Mozilla/5.0 (compatible; Yahoo! Slurp/3.0; http://help.yahoo.com/help/us/ysearch/slurp)"
67.195.115.170 - - [17/Jun/2010:14:44:39 +0200] "GET /themes/matrix/theme.css HTTP/1.0" 200 12501 "http://fotos.rallyamali.com/v/prensa/fotos/0000--090801---1254--rally_a_mali---pioneros--salida--osona_pandilleros--version--pic00025.jpg.html" "Mozilla/5.0 (compatible; Yahoo! Slurp/3.0; http://help.yahoo.com/help/us/ysearch/slurp)"
208.115.111.249 - - [17/Jun/2010:14:48:51 +0200] "GET /main.php HTTP/1.1" 200 2212 "-" "Mozilla/5.0 (compatible; DotBot/1.1; http://www.dotnetdotcom.org/, crawler@dotnetdotcom.org)"
207.46.204.188 - - [17/Jun/2010:15:11:36 +0200] "GET /robots.txt HTTP/1.1" 404 320 "-" "msnbot/2.0b (+http://search.msn.com/msnbot.htm)"
207.46.204.188 - - [17/Jun/2010:15:12:47 +0200] "GET /v/pioneros/seleccion/eventos/ HTTP/1.1" 404 457 "-" "msnbot/2.0b (+http://search.msn.com/msnbot.htm)"
123.125.66.34 - - [17/Jun/2010:15:21:38 +0200] "GET /robots.txt HTTP/1.1" 404 261 "-" "Baiduspider+(+http://www.baidu.com/search/spider.htm)"
67.195.115.170 - - [17/Jun/2010:16:15:42 +0200] "GET /v/prensa/fotos/0000--090807---1744--rally_a_mali---pioneros--mauritania--spanishbullfighters--version--csc_1014.jpg.html HTTP/1.0" 404 457 "-" "Mozilla/5.0 (compatible; Yahoo! Slurp/3.0; http://help.yahoo.com/help/us/ysearch/slurp)"
66.249.65.240 - - [17/Jun/2010:16:26:59 +0200] "GET /robots.txt HTTP/1.1" 404 261 "-" "Mozilla/5.0 (compatible; Googlebot/2.1; +http://www.google.com/bot.html)"
66.249.65.240 - - [17/Jun/2010:16:26:59 +0200] "GET /main.php?g2_controller=exif.SwitchDetailMode&g2_mode=detailed&g2_return=%2Fv%2Fprensa%2Ffotos%2F0000--090815---1738--rally_a_mali---pioneros--mali--spanishsiesta--version--img_0991.jpg.html HTTP/1.1" 302 20 "-" "Mozilla/5.0 (compatible; Googlebot/2.1; +http://www.google.com/bot.html)"
66.249.65.240 - - [17/Jun/2010:16:27:00 +0200] "GET /v/prensa/fotos/0000--090815---1738--rally_a_mali---pioneros--mali--spanishsiesta--version--img_0991.jpg.html HTTP/1.1" 404 457 "-" "Mozilla/5.0 (compatible; Googlebot/2.1; +http://www.google.com/bot.html)"
67.218.116.167 - - [17/Jun/2010:16:40:21 +0200] "GET /robots.txt HTTP/1.1" 404 261 "-" "Mozilla/5.0 (Twiceler-0.9 http://www.cuil.com/twiceler/robot.html)"
95.108.246.252 - - [17/Jun/2010:16:43:43 +0200] "GET /v/prensa/fotos/0000--090806---0817--rally_a_mali---pioneros--marruecos--gregbol--version--img_1537.jpg.html HTTP/1.1" 404 457 "-" "Yandex/1.01.001 (compatible; Win16; I)"
66.249.65.240 - - [17/Jun/2010:16:50:12 +0200] "GET /d/393-2/0000--090801---1215--rally_a_mali---pioneros--salida--raul_garcia--version--p1110093.jpg HTTP/1.1" 304 - "-" "Googlebot-Image/1.0"
208.115.111.249 - - [17/Jun/2010:17:59:44 +0200] "GET /robots.txt HTTP/1.1" 404 261 "-" "Mozilla/5.0 (compatible; DotBot/1.1; http://www.dotnetdotcom.org/, crawler@dotnetdotcom.org)"
79.228.79.180 - - [17/Jun/2010:18:18:41 +0200] "GET /v/clipping/tv/ HTTP/1.1" 404 505 "-" "Mozilla/5.0 (Windows; U; Windows NT 5.1; de; rv:1.9.2.2) Gecko/20100316 Firefox/3.6.2"
79.228.79.180 - - [17/Jun/2010:18:18:43 +0200] "GET /lib/javascript/BlockToggle.js HTTP/1.1" 200 1359 "http://fotos.rallyamali.com/v/clipping/tv/" "Mozilla/5.0 (Windows; U; Windows NT 5.1; de; rv:1.9.2.2) Gecko/20100316 Firefox/3.6.2"
79.228.79.180 - - [17/Jun/2010:18:18:44 +0200] "GET /themes/matrix/theme.css HTTP/1.1" 200 12501 "http://fotos.rallyamali.com/v/clipping/tv/" "Mozilla/5.0 (Windows; U; Windows NT 5.1; de; rv:1.9.2.2) Gecko/20100316 Firefox/3.6.2"
79.228.79.180 - - [17/Jun/2010:18:18:44 +0200] "GET /favicon.ico HTTP/1.1" 404 262 "-" "Mozilla/5.0 (Windows; U; Windows NT 5.1; de; rv:1.9.2.2) Gecko/20100316 Firefox/3.6.2"
79.228.79.180 - - [17/Jun/2010:18:18:47 +0200] "GET /favicon.ico HTTP/1.1" 404 262 "-" "Mozilla/5.0 (Windows; U; Windows NT 5.1; de; rv:1.9.2.2) Gecko/20100316 Firefox/3.6.2"
79.228.79.180 - - [17/Jun/2010:18:18:50 +0200] "GET /v/prensa/fotos/ HTTP/1.1" 404 505 "-" "Mozilla/5.0 (Windows; U; Windows NT 5.1; de; rv:1.9.2.2) Gecko/20100316 Firefox/3.6.2"
67.195.115.170 - - [17/Jun/2010:18:37:30 +0200] "GET /v/pioneros/seleccion/aventura_en_ruta/mauritania/0000--090807---1739--rally_a_mali---pioneros--mauritania--spanishbullfighters---alberto_gomez-borrero--version---mauritania-.jpg.html HTTP/1.0" 404 457 "-" "Mozilla/5.0 (compatible; Yahoo! Slurp/3.0; http://help.yahoo.com/help/us/ysearch/slurp)"
67.195.115.170 - - [17/Jun/2010:18:37:31 +0200] "GET /themes/matrix/theme.css HTTP/1.0" 304 - "http://fotos.rallyamali.com/v/pioneros/seleccion/aventura_en_ruta/mauritania/0000--090807---1739--rally_a_mali---pioneros--mauritania--spanishbullfighters---alberto_gomez-borrero--version---mauritania-.jpg.html" "Mozilla/5.0 (compatible; Yahoo! Slurp/3.0; http://help.yahoo.com/help/us/ysearch/slurp)"
220.181.7.63 - - [17/Jun/2010:18:44:47 +0200] "GET / HTTP/1.1" 200 15 "-" "Baiduspider+(+http://www.baidu.com/search/spider.htm)"
123.125.66.93 - - [17/Jun/2010:18:45:07 +0200] "GET / HTTP/1.1" 200 15 "-" "Baiduspider+(+http://www.baidu.com/search/spider.htm)"
66.249.65.240 - - [17/Jun/2010:18:51:47 +0200] "GET /d/405-2/0000--090801---1225--rally_a_mali---pioneros--salida--raul_garcia--version--p1110129.jpg HTTP/1.1" 304 - "-" "Googlebot-Image/1.0"
66.249.65.240 - - [17/Jun/2010:19:10:58 +0200] "GET /v/pioneros/seleccion/eventos/salida/?g2_highlightId=264 HTTP/1.1" 404 457 "-" "Mozilla/5.0 (compatible; Googlebot/2.1; +http://www.google.com/bot.html)"
66.249.65.240 - - [17/Jun/2010:20:53:56 +0200] "GET /d/408-2/0000--090801---1225--rally_a_mali---pioneros--salida--raul_garcia--version--p1110131.jpg HTTP/1.1" 304 - "-" "Googlebot-Image/1.0"
95.108.246.252 - - [17/Jun/2010:22:15:38 +0200] "GET /robots.txt HTTP/1.1" 404 320 "-" "Yandex/1.01.001 (compatible; Win16; I)"
208.115.111.249 - - [17/Jun/2010:22:17:20 +0200] "GET /main.php?g2_highlightId=27 HTTP/1.1" 302 20 "-" "Mozilla/5.0 (compatible; DotBot/1.1; http://www.dotnetdotcom.org/, crawler@dotnetdotcom.org)"
207.46.199.51 - - [18/Jun/2010:00:01:13 +0200] "GET /robots.txt HTTP/1.1" 404 320 "-" "msnbot/2.0b (+http://search.msn.com/msnbot.htm)"
207.46.199.51 - - [18/Jun/2010:00:01:49 +0200] "GET /v/pioneros/seleccion/aventura_en_ruta/mali/?g2_page=4 HTTP/1.1" 404 457 "-" "msnbot/2.0b (+http://search.msn.com/msnbot.htm)"
123.125.66.58 - - [18/Jun/2010:03:41:41 +0200] "GET / HTTP/1.1" 200 15 "-" "Baiduspider+(+http://www.baidu.com/search/spider.htm)"
220.181.7.94 - - [18/Jun/2010:03:42:48 +0200] "GET / HTTP/1.1" 200 15 "-" "Baiduspider+(+http://www.baidu.com/search/spider.htm)"
95.108.246.252 - - [18/Jun/2010:03:56:42 +0200] "GET /v/prensa/fotos/rally_a_mali-pioneros-alejandro_cabezon-P1170096.JPG.html HTTP/1.1" 404 457 "-" "Yandex/1.01.001 (compatible; Win16; I)"
119.63.198.18 - - [18/Jun/2010:04:00:01 +0200] "GET /robots.txt HTTP/1.1" 404 261 "-" "Baiduspider+(+http://www.baidu.com/search/spider.htm)"
67.195.115.170 - - [18/Jun/2010:04:00:29 +0200] "GET /robots.txt HTTP/1.0" 404 261 "-" "Mozilla/5.0 (compatible; Yahoo! Slurp; http://help.yahoo.com/help/us/ysearch/slurp)"
67.195.115.170 - - [18/Jun/2010:04:00:29 +0200] "GET /v/prensa/fotos/0000--090806---0000--rally_a_mali---pioneros--marruecos---vialix--angeles_del_desierto--version--p1000015.jpg.html HTTP/1.0" 404 457 "-" "Mozilla/5.0 (compatible; Yahoo! Slurp/3.0; http://help.yahoo.com/help/us/ysearch/slurp)"
67.195.115.170 - - [18/Jun/2010:04:00:30 +0200] "GET /themes/matrix/theme.css HTTP/1.0" 304 - "http://fotos.rallyamali.com/v/prensa/fotos/0000--090806---0000--rally_a_mali---pioneros--marruecos---vialix--angeles_del_desierto--version--p1000015.jpg.html" "Mozilla/5.0 (compatible; Yahoo! Slurp/3.0; http://help.yahoo.com/help/us/ysearch/slurp)"
207.46.195.234 - - [18/Jun/2010:04:42:14 +0200] "GET /robots.txt HTTP/1.1" 404 320 "-" "msnbot/2.0b (+http://search.msn.com/msnbot.htm)"
207.46.195.234 - - [18/Jun/2010:04:42:55 +0200] "GET /v/clipping/tv/0000--090801---1448---000213--rally_a_mali---pioneros--cuatro---noticias_cuatro_1--version--Vi023420090801144804145017000001.wmv.html HTTP/1.1" 404 457 "-" "msnbot/2.0b (+http://search.msn.com/msnbot.htm)"
220.181.7.71 - - [18/Jun/2010:04:48:43 +0200] "GET / HTTP/1.1" 200 30 "-" "Baiduspider+(+http://www.baidu.com/search/spider.htm)"
66.249.65.240 - - [18/Jun/2010:08:41:21 +0200] "GET /robots.txt HTTP/1.1" 404 261 "-" "Mozilla/5.0 (compatible; Googlebot/2.1; +http://www.google.com/bot.html)"
66.249.65.240 - - [18/Jun/2010:08:41:22 +0200] "GET /v/clipping/ HTTP/1.1" 404 457 "-" "Mozilla/5.0 (compatible; Googlebot/2.1; +http://www.google.com/bot.html)"
81.37.164.111 - - [18/Jun/2010:10:56:59 +0200] "GET / HTTP/1.1" 200 30 "http://www.rallyamali.com/www.rallyamali.com/index.html" "Mozilla/5.0 (Windows; U; Windows NT 5.1; en-US) AppleWebKit/533.4 (KHTML, like Gecko) Chrome/5.0.375.70 Safari/533.4"
81.37.164.111 - - [18/Jun/2010:10:56:59 +0200] "GET /favicon.ico HTTP/1.1" 404 262 "-" "Mozilla/5.0 (Windows; U; Windows NT 5.1; en-US) AppleWebKit/533.4 (KHTML, like Gecko) Chrome/5.0.375.70 Safari/533.4"
81.37.164.111 - - [18/Jun/2010:10:58:44 +0200] "GET / HTTP/1.1" 304 - "http://www.rallyamali.com/www.rallyamali.com/index.html" "Mozilla/5.0 (Windows; U; Windows NT 5.1; en-US) AppleWebKit/533.4 (KHTML, like Gecko) Chrome/5.0.375.70 Safari/533.4"
81.37.164.111 - - [18/Jun/2010:10:58:45 +0200] "GET /favicon.ico HTTP/1.1" 404 262 "-" "Mozilla/5.0 (Windows; U; Windows NT 5.1; en-US) AppleWebKit/533.4 (KHTML, like Gecko) Chrome/5.0.375.70 Safari/533.4"
81.37.164.111 - - [18/Jun/2010:11:05:01 +0200] "GET / HTTP/1.1" 304 - "http://www.rallyamali.com/www.rallyamali.com/index.html" "Mozilla/5.0 (Windows; U; Windows NT 5.1; en-US) AppleWebKit/533.4 (KHTML, like Gecko) Chrome/5.0.375.70 Safari/533.4"
81.37.164.111 - - [18/Jun/2010:11:05:02 +0200] "GET /favicon.ico HTTP/1.1" 404 262 "-" "Mozilla/5.0 (Windows; U; Windows NT 5.1; en-US) AppleWebKit/533.4 (KHTML, like Gecko) Chrome/5.0.375.70 Safari/533.4"
66.249.65.240 - - [18/Jun/2010:11:09:25 +0200] "GET /d/3919-11/0000--090817---1027--rally_a_mali---pioneros--mali--alejandro_cabezon---rutas_y_retos--version--p1160943.jpg HTTP/1.1" 304 - "-" "Googlebot-Image/1.0"
95.108.246.252 - - [18/Jun/2010:11:58:49 +0200] "GET /v/prensa/fotos/0000--090806---1647--rally_a_mali---pioneros--mauritania--spanishbullfighters--version--dsc_0545.jpg.html HTTP/1.1" 404 457 "-" "Yandex/1.01.001 (compatible; Win16; I)"
67.195.115.170 - - [18/Jun/2010:13:48:22 +0200] "GET /robots.txt HTTP/1.0" 404 261 "-" "Mozilla/5.0 (compatible; Yahoo! Slurp; http://help.yahoo.com/help/us/ysearch/slurp)"
67.195.115.170 - - [18/Jun/2010:13:48:22 +0200] "GET /SlurpConfirm404/esp/saab/zgmain.htm HTTP/1.0" 404 279 "-" "Mozilla/5.0 (compatible; Yahoo! Slurp/3.0; http://help.yahoo.com/help/us/ysearch/slurp)"
66.249.65.240 - - [18/Jun/2010:13:53:34 +0200] "GET /main.php?g2_view=ecard.SendEcard&g2_itemId=3792&g2_return=%2Fv%2Fprensa%2Ffotos%2F0000--090812---1739--rally_a_mali---pioneros--mali--spanishbullfighters--version--csc_0115.jpg.html HTTP/1.1" 302 20 "-" "Mozilla/5.0 (compatible; Googlebot/2.1; +http://www.google.com/bot.html)"
66.249.65.240 - - [18/Jun/2010:13:53:34 +0200] "GET /main.php?g2_view=core.UserAdmin&g2_subView=core.UserLogin&g2_return=%2Fmain.php%3Fg2_view%3Decard.SendEcard%26g2_itemId%3D3792 HTTP/1.1" 200 1413 "-" "Mozilla/5.0 (compatible; Googlebot/2.1; +http://www.google.com/bot.html)"
207.46.199.198 - - [18/Jun/2010:14:31:04 +0200] "GET /robots.txt HTTP/1.1" 404 320 "-" "msnbot/2.0b (+http://search.msn.com/msnbot.htm)"
123.125.66.110 - - [18/Jun/2010:15:26:53 +0200] "GET /robots.txt HTTP/1.1" 404 261 "-" "Baiduspider+(+http://www.baidu.com/search/spider.htm)"
207.46.199.37 - - [18/Jun/2010:15:38:21 +0200] "GET /robots.txt HTTP/1.1" 404 320 "-" "msnbot/2.0b (+http://search.msn.com/msnbot.htm)"
207.46.199.37 - - [18/Jun/2010:15:39:23 +0200] "GET /v/pioneros/ HTTP/1.1" 404 457 "-" "msnbot/2.0b (+http://search.msn.com/msnbot.htm)"
67.195.115.170 - - [18/Jun/2010:16:16:46 +0200] "GET /SlurpConfirm404.htm HTTP/1.0" 404 267 "-" "Mozilla/5.0 (compatible; Yahoo! Slurp/3.0; http://help.yahoo.com/help/us/ysearch/slurp)"
67.218.116.167 - - [18/Jun/2010:16:33:58 +0200] "GET /robots.txt HTTP/1.1" 404 261 "-" "Mozilla/5.0 (Twiceler-0.9 http://www.cuil.com/twiceler/robot.html)"
208.80.193.121 - - [18/Jun/2010:16:44:57 +0200] "GET / HTTP/1.0" 200 15 "-" "Mozilla/4.0 (compatible; MSIE 7.0; Windows NT 5.1; Mailinfo [669195]; .NET CLR 1.1.4322)"
66.249.71.168 - - [18/Jun/2010:17:26:54 +0200] "GET /robots.txt HTTP/1.1" 404 261 "-" "Mozilla/5.0 (compatible; Googlebot/2.1; +http://www.google.com/bot.html)"
66.249.71.168 - - [18/Jun/2010:17:26:54 +0200] "GET /main.php?g2_view=ecard.SendEcard&g2_itemId=2318&g2_return=%2Fv%2Fpioneros%2Fseleccion%2Feventos%2Fsalida%2F0000--090801---1343--rally_a_mali---pioneros--salida--last_lap--version--salida4.jpg.html HTTP/1.1" 302 20 "-" "Mozilla/5.0 (compatible; Googlebot/2.1; +http://www.google.com/bot.html)"
66.249.71.168 - - [18/Jun/2010:17:26:54 +0200] "GET /main.php?g2_view=core.UserAdmin&g2_subView=core.UserLogin&g2_return=%2Fmain.php%3Fg2_view%3Decard.SendEcard%26g2_itemId%3D2318 HTTP/1.1" 200 1414 "-" "Mozilla/5.0 (compatible; Googlebot/2.1; +http://www.google.com/bot.html)"
67.195.115.170 - - [18/Jun/2010:17:28:19 +0200] "GET /v/pioneros/seleccion/eventos/ HTTP/1.0" 404 457 "-" "Mozilla/5.0 (compatible; Yahoo! Slurp/3.0; http://help.yahoo.com/help/us/ysearch/slurp)"
67.195.115.170 - - [18/Jun/2010:17:28:20 +0200] "GET /themes/matrix/theme.css HTTP/1.0" 304 - "http://fotos.rallyamali.com/v/pioneros/seleccion/eventos/" "Mozilla/5.0 (compatible; Yahoo! Slurp/3.0; http://help.yahoo.com/help/us/ysearch/slurp)"
67.195.115.170 - - [18/Jun/2010:18:07:24 +0200] "GET /v/pioneros/seleccion/preparativos/0000--090728---1927--rally_a_mali---pioneros--preparativos--spanishbullfighters---alberto_gomez-borrero--version--dsc_3582.jpg.html HTTP/1.0" 404 457 "-" "Mozilla/5.0 (compatible; Yahoo! Slurp/3.0; http://help.yahoo.com/help/us/ysearch/slurp)"
66.249.71.168 - - [18/Jun/2010:18:56:34 +0200] "GET /main.php?g2_view=ecard.SendEcard&g2_itemId=2318&g2_return=%2Fv%2Fpioneros%2Fseleccion%2Feventos%2Fsalida%2F0000--090801---1343--rally_a_mali---pioneros--salida--last_lap--version--salida4.jpg.html HTTP/1.1" 302 20 "-" "Mozilla/5.0 (compatible; Googlebot/2.1; +http://www.google.com/bot.html)"
207.46.204.232 - - [18/Jun/2010:19:01:29 +0200] "GET /robots.txt HTTP/1.1" 404 320 "-" "msnbot/2.0b (+http://search.msn.com/msnbot.htm)"
207.46.204.232 - - [18/Jun/2010:19:02:26 +0200] "GET /v/clipping/tv/ HTTP/1.1" 404 457 "-" "msnbot/2.0b (+http://search.msn.com/msnbot.htm)"
67.195.115.170 - - [18/Jun/2010:19:20:25 +0200] "GET /SlurpConfirm404/picasso.htm HTTP/1.0" 404 272 "-" "Mozilla/5.0 (compatible; Yahoo! Slurp/3.0; http://help.yahoo.com/help/us/ysearch/slurp)"
66.249.71.168 - - [18/Jun/2010:20:09:15 +0200] "GET /d/4097-7/DSC_4200.JPG HTTP/1.1" 304 - "-" "Googlebot-Image/1.0"
66.249.71.168 - - [18/Jun/2010:20:13:04 +0200] "GET /v/pioneros/seleccion/eventos/salida/?g2_highlightId=275 HTTP/1.1" 404 457 "-" "Mozilla/5.0 (compatible; Googlebot/2.1; +http://www.google.com/bot.html)"
67.195.115.170 - - [18/Jun/2010:20:13:35 +0200] "GET /SlurpConfirm404/amen.htm HTTP/1.0" 404 270 "-" "Mozilla/5.0 (compatible; Yahoo! Slurp/3.0; http://help.yahoo.com/help/us/ysearch/slurp)"
67.195.115.170 - - [18/Jun/2010:20:59:56 +0200] "GET /robots.txt HTTP/1.0" 404 261 "-" "Mozilla/5.0 (compatible; Yahoo! Slurp; http://help.yahoo.com/help/us/ysearch/slurp)"
67.195.115.170 - - [18/Jun/2010:20:59:57 +0200] "GET /SlurpConfirm404/MichaelandLisa/Society.htm HTTP/1.0" 404 284 "-" "Mozilla/5.0 (compatible; Yahoo! Slurp/3.0; http://help.yahoo.com/help/us/ysearch/slurp)"
67.195.115.170 - - [18/Jun/2010:21:36:01 +0200] "GET /SlurpConfirm404/KIOS/sitequestion/table17u.htm HTTP/1.0" 404 285 "-" "Mozilla/5.0 (compatible; Yahoo! Slurp/3.0; http://help.yahoo.com/help/us/ysearch/slurp)"
67.195.115.170 - - [18/Jun/2010:21:46:52 +0200] "GET /SlurpConfirm404/mufc/collect/vom210499cr.htm HTTP/1.0" 404 285 "-" "Mozilla/5.0 (compatible; Yahoo! Slurp/3.0; http://help.yahoo.com/help/us/ysearch/slurp)"
95.108.246.252 - - [18/Jun/2010:21:52:49 +0200] "GET /robots.txt HTTP/1.1" 404 320 "-" "Yandex/1.01.001 (compatible; Win16; I)"
67.195.115.170 - - [18/Jun/2010:22:29:17 +0200] "GET / HTTP/1.0" 200 30 "-" "Mozilla/5.0 (compatible; Yahoo! Slurp/3.0; http://help.yahoo.com/help/us/ysearch/slurp)"
67.195.115.170 - - [18/Jun/2010:22:35:57 +0200] "GET /SlurpConfirm404/Adfaustino/units.htm HTTP/1.0" 404 279 "-" "Mozilla/5.0 (compatible; Yahoo! Slurp/3.0; http://help.yahoo.com/help/us/ysearch/slurp)"
85.48.36.253 - - [18/Jun/2010:23:07:53 +0200] "GET /v/clipping/tv/0000--090801---2127---000135--rally_a_mali---pioneros--telemadrid---telenoticias_fin_de_semana--version--Vi00142009080121270.wmv.html HTTP/1.1" 404 504 "http://www.google.es/search?q=LA+SEXTA+RALLY+A+MALI&hl=es&sa=2" "Mozilla/4.0 (compatible; MSIE 7.0; Windows NT 5.1; Trident/4.0; .NET CLR 2.0.50727; .NET CLR 3.0.04506.648; .NET CLR 3.5.21022; OfficeLiveConnector.1.3; OfficeLivePatch.0.0; .NET CLR 3.0.4506.2152; .NET CLR 3.5.30729; InfoPath.2)"
85.48.36.253 - - [18/Jun/2010:23:07:53 +0200] "GET /lib/javascript/BlockToggle.js HTTP/1.1" 304 - "http://fotos.rallyamali.com/v/clipping/tv/0000--090801---2127---000135--rally_a_mali---pioneros--telemadrid---telenoticias_fin_de_semana--version--Vi00142009080121270.wmv.html" "Mozilla/4.0 (compatible; MSIE 7.0; Windows NT 5.1; Trident/4.0; .NET CLR 2.0.50727; .NET CLR 3.0.04506.648; .NET CLR 3.5.21022; OfficeLiveConnector.1.3; OfficeLivePatch.0.0; .NET CLR 3.0.4506.2152; .NET CLR 3.5.30729; InfoPath.2)"
85.48.36.253 - - [18/Jun/2010:23:07:54 +0200] "GET /themes/matrix/theme.css HTTP/1.1" 304 - "http://fotos.rallyamali.com/v/clipping/tv/0000--090801---2127---000135--rally_a_mali---pioneros--telemadrid---telenoticias_fin_de_semana--version--Vi00142009080121270.wmv.html" "Mozilla/4.0 (compatible; MSIE 7.0; Windows NT 5.1; Trident/4.0; .NET CLR 2.0.50727; .NET CLR 3.0.04506.648; .NET CLR 3.5.21022; OfficeLiveConnector.1.3; OfficeLivePatch.0.0; .NET CLR 3.0.4506.2152; .NET CLR 3.5.30729; InfoPath.2)"
85.48.36.253 - - [18/Jun/2010:23:07:54 +0200] "GET /themes/matrix/theme.css HTTP/1.1" 304 - "http://fotos.rallyamali.com/v/clipping/tv/0000--090801---2127---000135--rally_a_mali---pioneros--telemadrid---telenoticias_fin_de_semana--version--Vi00142009080121270.wmv.html" "Mozilla/4.0 (compatible; MSIE 7.0; Windows NT 5.1; Trident/4.0; .NET CLR 2.0.50727; .NET CLR 3.0.04506.648; .NET CLR 3.5.21022; OfficeLiveConnector.1.3; OfficeLivePatch.0.0; .NET CLR 3.0.4506.2152; .NET CLR 3.5.30729; InfoPath.2)"
