67.195.111.52 - - [16/Oct/2010:09:15:29 +0200] "GET / HTTP/1.0" 200 30 "-" "Mozilla/5.0 (compatible; Yahoo! Slurp/3.0; http://help.yahoo.com/help/us/ysearch/slurp)"
207.46.195.224 - - [16/Oct/2010:12:23:49 +0200] "GET /robots.txt HTTP/1.1" 404 320 "-" "Mozilla/5.0 (compatible; bingbot/2.0; +http://www.bing.com/bingbot.htm)"
207.46.195.224 - - [16/Oct/2010:12:28:20 +0200] "GET /v/pioneros/seleccion/ HTTP/1.1" 404 464 "-" "msnbot/2.0b (+http://search.msn.com/msnbot.htm)"
207.46.199.199 - - [16/Oct/2010:12:33:02 +0200] "GET /robots.txt HTTP/1.1" 404 320 "-" "msnbot/2.0b (+http://search.msn.com/msnbot.htm)"
220.181.108.97 - - [16/Oct/2010:13:46:49 +0200] "GET / HTTP/1.1" 200 30 "-" "Baiduspider+(+http://www.baidu.com/search/spider.htm)"
123.125.66.54 - - [17/Oct/2010:00:54:03 +0200] "GET /robots.txt HTTP/1.1" 404 261 "-" "Baiduspider+(+http://www.baidu.com/search/spider.htm)"
66.249.65.87 - - [17/Oct/2010:02:07:28 +0200] "GET /robots.txt HTTP/1.1" 404 261 "-" "Mozilla/5.0 (compatible; Googlebot/2.1; +http://www.google.com/bot.html)"
66.249.65.87 - - [17/Oct/2010:02:07:28 +0200] "GET /main.php?g2_view=cart.ViewCart&g2_itemId=7 HTTP/1.1" 200 1672 "-" "Mozilla/5.0 (compatible; Googlebot/2.1; +http://www.google.com/bot.html)"
66.249.65.106 - - [17/Oct/2010:10:53:39 +0200] "GET /d/408-2/0000--090801---1225--rally_a_mali---pioneros--salida--raul_garcia--version--p1110131.jpg HTTP/1.1" 304 - "-" "Googlebot-Image/1.0"
69.58.178.28 - - [17/Oct/2010:16:25:48 +0200] "GET /robots.txt HTTP/1.1" 404 320 "-" "Mozilla/5.0 (X11; U; Linux i686; en-US; rv:1.9.1.3; ips-agent) Gecko/20090824 Fedora/1.0.7-1.1.fc4 Firefox/3.5.3"
69.58.178.28 - - [17/Oct/2010:16:25:49 +0200] "GET / HTTP/1.1" 200 15 "-" "Mozilla/5.0 (X11; U; Linux i686; en-US; rv:1.9.1.3; ips-agent) Gecko/20090824 Fedora/1.0.7-1.1.fc4 Firefox/3.5.3"
65.52.51.179 - - [17/Oct/2010:17:11:28 +0200] "GET /robots.txt HTTP/1.1" 404 320 "-" "msnbot/2.0b (+http://search.msn.com/msnbot.htm)"
65.52.49.140 - - [17/Oct/2010:19:30:00 +0200] "GET /robots.txt HTTP/1.1" 404 320 "-" "msnbot/2.0b (+http://search.msn.com/msnbot.htm)"
207.46.199.198 - - [17/Oct/2010:20:19:03 +0200] "GET /robots.txt HTTP/1.1" 404 320 "-" "msnbot/2.0b (+http://search.msn.com/msnbot.htm)"
95.108.246.252 - - [17/Oct/2010:20:21:27 +0200] "GET /robots.txt HTTP/1.1" 404 320 "-" "Mozilla/5.0 (compatible; YandexBot/3.0; +http://yandex.com/bots)"
65.55.3.141 - - [17/Oct/2010:21:00:10 +0200] "GET /robots.txt HTTP/1.1" 404 261 "-" "msnbot/2.0b (+http://search.msn.com/msnbot.htm)._"
65.55.3.141 - - [17/Oct/2010:21:00:11 +0200] "GET /v/pioneros/seleccion/eventos/meta_hombori/0000--090814---2344--rally_a_mali---pioneros--fiesta_hombori--alejandro_cabezon---rutas_y_retos--version--p1160159.jpg.html HTTP/1.1" 404 464 "-" "msnbot/2.0b (+http://search.msn.com/msnbot.htm)._"
207.46.204.193 - - [18/Oct/2010:00:08:43 +0200] "GET /robots.txt HTTP/1.1" 404 320 "-" "Mozilla/5.0 (compatible; bingbot/2.0; +http://www.bing.com/bingbot.htm)"
207.46.204.193 - - [18/Oct/2010:00:15:26 +0200] "GET / HTTP/1.1" 304 - "-" "msnbot/2.0b (+http://search.msn.com/msnbot.htm)"
207.46.199.184 - - [18/Oct/2010:02:31:40 +0200] "GET /robots.txt HTTP/1.1" 404 320 "-" "msnbot/2.0b (+http://search.msn.com/msnbot.htm)"
66.249.67.139 - - [18/Oct/2010:03:13:32 +0200] "GET /robots.txt HTTP/1.1" 404 261 "-" "Mozilla/5.0 (compatible; Googlebot/2.1; +http://www.google.com/bot.html)"
66.249.67.139 - - [18/Oct/2010:03:13:32 +0200] "GET /main.php?g2_view=rss.SimpleRender&g2_itemId=4826 HTTP/1.1" 500 65 "-" "Mozilla/5.0 (compatible; Googlebot/2.1; +http://www.google.com/bot.html)"
95.108.246.252 - - [18/Oct/2010:03:49:44 +0200] "GET /main.php?g2_view=search.SearchScan&g2_form%5BuseDefaultSettings%5D=1&g2_return=%2Fmain.php%3Fg2_view%3Dwebdav.WebDavMount%26g2_itemId%3D7 HTTP/1.1" 200 2159 "-" "Mozilla/5.0 (compatible; YandexBot/3.0; +http://yandex.com/bots)"
123.125.66.108 - - [18/Oct/2010:08:30:28 +0200] "GET /robots.txt HTTP/1.1" 404 261 "-" "Baiduspider+(+http://www.baidu.com/search/spider.htm)"
66.249.65.102 - - [18/Oct/2010:09:25:34 +0200] "GET /robots.txt HTTP/1.1" 404 261 "-" "Mozilla/5.0 (compatible; Googlebot/2.1; +http://www.google.com/bot.html)"
66.249.65.102 - - [18/Oct/2010:09:25:34 +0200] "GET /main.php?g2_view=rss.SimpleRender&g2_itemId=4830 HTTP/1.1" 500 65 "-" "Mozilla/5.0 (compatible; Googlebot/2.1; +http://www.google.com/bot.html)"
220.181.108.91 - - [18/Oct/2010:09:38:48 +0200] "GET / HTTP/1.1" 200 30 "-" "Baiduspider+(+http://www.baidu.com/search/spider.htm)"
207.46.199.185 - - [18/Oct/2010:10:52:33 +0200] "GET /robots.txt HTTP/1.1" 404 320 "-" "msnbot/2.0b (+http://search.msn.com/msnbot.htm)"
66.249.65.102 - - [18/Oct/2010:11:35:32 +0200] "GET /themes/matrix/theme.css HTTP/1.1" 200 12501 "-" "Mozilla/5.0 (compatible; Googlebot/2.1; +http://www.google.com/bot.html)"
66.249.65.102 - - [18/Oct/2010:11:35:33 +0200] "GET /modules/core/data/gallery.css HTTP/1.1" 200 10174 "-" "Mozilla/5.0 (compatible; Googlebot/2.1; +http://www.google.com/bot.html)"
66.249.65.102 - - [18/Oct/2010:11:35:33 +0200] "GET /modules/icons/iconpacks/silk/icons.css HTTP/1.1" 200 11271 "-" "Mozilla/5.0 (compatible; Googlebot/2.1; +http://www.google.com/bot.html)"
66.249.66.78 - - [18/Oct/2010:15:23:46 +0200] "GET /robots.txt HTTP/1.1" 404 261 "-" "Mozilla/5.0 (compatible; Googlebot/2.1; +http://www.google.com/bot.html)"
66.249.66.78 - - [18/Oct/2010:15:23:46 +0200] "GET /main.php?g2_view=rss.SimpleRender&g2_itemId=4833 HTTP/1.1" 500 65 "-" "Mozilla/5.0 (compatible; Googlebot/2.1; +http://www.google.com/bot.html)"
66.249.66.78 - - [18/Oct/2010:18:53:35 +0200] "GET /main.php?g2_view=rss.SimpleRender&g2_itemId=4830 HTTP/1.1" 500 65 "-" "Mozilla/5.0 (compatible; Googlebot/2.1; +http://www.google.com/bot.html)"
65.52.53.243 - - [18/Oct/2010:19:57:41 +0200] "GET /robots.txt HTTP/1.1" 404 320 "-" "msnbot/2.0b (+http://search.msn.com/msnbot.htm)"
207.46.199.180 - - [18/Oct/2010:20:27:22 +0200] "GET /robots.txt HTTP/1.1" 404 320 "-" "msnbot/2.0b (+http://search.msn.com/msnbot.htm)"
95.108.246.252 - - [18/Oct/2010:21:14:29 +0200] "GET /robots.txt HTTP/1.1" 404 320 "-" "Mozilla/5.0 (compatible; YandexBot/3.0; +http://yandex.com/bots)"
66.249.66.78 - - [18/Oct/2010:22:38:33 +0200] "GET /d/3625-13/0000--090801---1223--rally_a_mali---pioneros--salida--raul_garcia--version--p1110120.jpg HTTP/1.1" 404 490 "-" "Googlebot-Image/1.0"
66.249.66.78 - - [18/Oct/2010:23:21:12 +0200] "GET /d/402-2/0000--090801---1223--rally_a_mali---pioneros--salida--raul_garcia--version--p1110120.jpg HTTP/1.1" 404 490 "-" "Googlebot-Image/1.0"
95.108.246.252 - - [18/Oct/2010:23:22:55 +0200] "GET /main.php?g2_view=search.SearchScan&g2_form%5BuseDefaultSettings%5D=1&g2_return=%2Fmain.php HTTP/1.1" 200 2138 "-" "Mozilla/5.0 (compatible; YandexBot/3.0; +http://yandex.com/bots)"
66.249.66.78 - - [18/Oct/2010:23:30:23 +0200] "GET /main.php?g2_view=rss.SimpleRender&g2_itemId=4833 HTTP/1.1" 500 65 "-" "Mozilla/5.0 (compatible; Googlebot/2.1; +http://www.google.com/bot.html)"
65.52.51.178 - - [18/Oct/2010:23:43:58 +0200] "GET /robots.txt HTTP/1.1" 404 320 "-" "msnbot/2.0b (+http://search.msn.com/msnbot.htm)"
66.249.66.78 - - [19/Oct/2010:00:14:13 +0200] "GET /main.php?g2_view=rss.SimpleRender&g2_itemId=4826 HTTP/1.1" 500 65 "-" "Mozilla/5.0 (compatible; Googlebot/2.1; +http://www.google.com/bot.html)"
67.195.111.52 - - [19/Oct/2010:01:56:31 +0200] "GET /robots.txt HTTP/1.0" 404 261 "-" "Mozilla/5.0 (compatible; Yahoo! Slurp; http://help.yahoo.com/help/us/ysearch/slurp)"
67.195.111.52 - - [19/Oct/2010:01:56:31 +0200] "GET /main.php?g2_view=slideshow.SlideshowMediaRss&g2_itemId=4469 HTTP/1.0" 404 488 "-" "Mozilla/5.0 (compatible; Yahoo! Slurp/3.0; http://help.yahoo.com/help/us/ysearch/slurp)"
67.195.111.52 - - [19/Oct/2010:01:56:32 +0200] "GET /themes/matrix/theme.css HTTP/1.0" 200 12501 "http://fotos.rallyamali.com/main.php?g2_view=slideshow.SlideshowMediaRss&g2_itemId=4469" "Mozilla/5.0 (compatible; Yahoo! Slurp/3.0; http://help.yahoo.com/help/us/ysearch/slurp)"
65.52.51.178 - - [19/Oct/2010:02:45:35 +0200] "GET /robots.txt HTTP/1.1" 404 320 "-" "msnbot/2.0b (+http://search.msn.com/msnbot.htm)"
123.125.66.27 - - [19/Oct/2010:03:41:37 +0200] "GET /robots.txt HTTP/1.1" 404 261 "-" "Baiduspider+(+http://www.baidu.com/search/spider.htm)"
95.108.246.252 - - [19/Oct/2010:04:53:11 +0200] "GET /main.php?g2_view=search.SearchScan&g2_form%5BuseDefaultSettings%5D=1&g2_return=%2Fmain.php%3Fg2_view%3Dcart.ViewCart%26g2_itemId%3D4826 HTTP/1.1" 200 2154 "-" "Mozilla/5.0 (compatible; YandexBot/3.0; +http://yandex.com/bots)"
95.108.246.252 - - [19/Oct/2010:06:04:19 +0200] "GET /main.php?g2_view=search.SearchScan&g2_form%5BuseDefaultSettings%5D=1&g2_return=%2Fmain.php%3Fg2_view%3Dcart.ViewCart%26g2_itemId%3D7 HTTP/1.1" 200 2149 "-" "Mozilla/5.0 (compatible; YandexBot/3.0; +http://yandex.com/bots)"
95.108.246.252 - - [19/Oct/2010:06:04:26 +0200] "GET /main.php?g2_view=search.SearchScan&g2_form%5BuseDefaultSettings%5D=1&g2_return=%2Fmain.php%3Fg2_view%3Dcart.ViewCart%26g2_itemId%3D4833 HTTP/1.1" 200 2152 "-" "Mozilla/5.0 (compatible; YandexBot/3.0; +http://yandex.com/bots)"
66.249.66.78 - - [19/Oct/2010:06:11:43 +0200] "GET /robots.txt HTTP/1.1" 404 261 "-" "Mozilla/5.0 (compatible; Googlebot/2.1; +http://www.google.com/bot.html)"
66.249.66.78 - - [19/Oct/2010:06:11:43 +0200] "GET /main.php?g2_view=rss.SimpleRender&g2_itemId=4830 HTTP/1.1" 500 65 "-" "Mozilla/5.0 (compatible; Googlebot/2.1; +http://www.google.com/bot.html)"
66.249.66.78 - - [19/Oct/2010:06:54:01 +0200] "GET /main.php?g2_view=rss.SimpleRender&g2_itemId=4833 HTTP/1.1" 500 65 "-" "Mozilla/5.0 (compatible; Googlebot/2.1; +http://www.google.com/bot.html)"
207.46.13.46 - - [19/Oct/2010:10:22:43 +0200] "GET /robots.txt HTTP/1.1" 404 320 "-" "Mozilla/5.0 (compatible; bingbot/2.0; +http://www.bing.com/bingbot.htm)"
207.46.13.46 - - [19/Oct/2010:10:29:10 +0200] "GET / HTTP/1.1" 304 - "-" "Mozilla/5.0 (compatible; bingbot/2.0; +http://www.bing.com/bingbot.htm)"
66.249.66.78 - - [19/Oct/2010:10:58:05 +0200] "GET /d/2429-4/MAURITANIA-NOUADHIBOU-FUNDACIONCEAR.jpg HTTP/1.1" 304 - "-" "Googlebot-Image/1.0"
207.46.199.193 - - [19/Oct/2010:16:06:34 +0200] "GET /robots.txt HTTP/1.1" 404 320 "-" "Mozilla/5.0 (compatible; bingbot/2.0; +http://www.bing.com/bingbot.htm)"
66.249.66.78 - - [19/Oct/2010:19:14:34 +0200] "GET /robots.txt HTTP/1.1" 404 261 "-" "Mozilla/5.0 (compatible; Googlebot/2.1; +http://www.google.com/bot.html)"
66.249.66.78 - - [19/Oct/2010:19:14:35 +0200] "GET /main.php?g2_view=rss.SimpleRender&g2_itemId=4833 HTTP/1.1" 500 65 "-" "Mozilla/5.0 (compatible; Googlebot/2.1; +http://www.google.com/bot.html)"
67.195.111.52 - - [19/Oct/2010:21:05:03 +0200] "GET /robots.txt HTTP/1.0" 404 261 "-" "Mozilla/5.0 (compatible; Yahoo! Slurp; http://help.yahoo.com/help/us/ysearch/slurp)"
67.195.111.52 - - [19/Oct/2010:21:05:04 +0200] "GET /v/pioneros/seleccion/ HTTP/1.0" 404 464 "-" "Mozilla/5.0 (compatible; Yahoo! Slurp/3.0; http://help.yahoo.com/help/us/ysearch/slurp)"
67.195.111.52 - - [19/Oct/2010:21:05:05 +0200] "GET /themes/matrix/theme.css HTTP/1.0" 200 12501 "http://fotos.rallyamali.com/v/pioneros/seleccion/" "Mozilla/5.0 (compatible; Yahoo! Slurp/3.0; http://help.yahoo.com/help/us/ysearch/slurp)"
207.46.199.179 - - [19/Oct/2010:22:43:42 +0200] "GET /robots.txt HTTP/1.1" 404 320 "-" "Mozilla/5.0 (compatible; bingbot/2.0; +http://www.bing.com/bingbot.htm)"
207.46.199.177 - - [20/Oct/2010:01:44:46 +0200] "GET /robots.txt HTTP/1.1" 404 320 "-" "Mozilla/5.0 (compatible; bingbot/2.0; +http://www.bing.com/bingbot.htm)"
66.249.65.65 - - [20/Oct/2010:03:42:11 +0200] "GET /robots.txt HTTP/1.1" 404 261 "-" "Mozilla/5.0 (compatible; Googlebot/2.1; +http://www.google.com/bot.html)"
66.249.65.65 - - [20/Oct/2010:03:42:12 +0200] "GET /main.php?g2_view=rss.SimpleRender&g2_itemId=4826 HTTP/1.1" 500 65 "-" "Mozilla/5.0 (compatible; Googlebot/2.1; +http://www.google.com/bot.html)"
207.46.199.199 - - [20/Oct/2010:03:44:43 +0200] "GET /robots.txt HTTP/1.1" 404 320 "-" "Mozilla/5.0 (compatible; bingbot/2.0; +http://www.bing.com/bingbot.htm)"
65.52.51.179 - - [20/Oct/2010:08:15:54 +0200] "GET /robots.txt HTTP/1.1" 404 320 "-" "msnbot/2.0b (+http://search.msn.com/msnbot.htm)"
123.125.66.34 - - [20/Oct/2010:08:54:17 +0200] "GET /robots.txt HTTP/1.1" 404 261 "-" "Baiduspider+(+http://www.baidu.com/search/spider.htm)"
65.52.49.77 - - [20/Oct/2010:10:34:23 +0200] "GET /robots.txt HTTP/1.1" 404 320 "-" "msnbot/2.0b (+http://search.msn.com/msnbot.htm)"
95.129.216.175 - - [20/Oct/2010:12:40:27 +0200] "GET /v/pioneros/seleccion/ HTTP/1.1" 404 511 "http://www.rallyamali.com/www.rallyamali.com/zona-de-ralliers.html" "Mozilla/4.0 (compatible; MSIE 6.0; Windows NT 5.0; .NET CLR 2.0.50727)"
207.46.13.85 - - [20/Oct/2010:14:07:23 +0200] "GET /robots.txt HTTP/1.1" 404 320 "-" "Mozilla/5.0 (compatible; bingbot/2.0; +http://www.bing.com/bingbot.htm)"
207.46.199.184 - - [20/Oct/2010:14:11:26 +0200] "GET /robots.txt HTTP/1.1" 404 320 "-" "Mozilla/5.0 (compatible; bingbot/2.0; +http://www.bing.com/bingbot.htm)"
207.46.13.85 - - [20/Oct/2010:14:28:41 +0200] "GET / HTTP/1.1" 304 - "-" "msnbot/2.0b (+http://search.msn.com/msnbot.htm)"
66.249.65.83 - - [20/Oct/2010:15:40:02 +0200] "GET /main.php?g2_view=rss.SimpleRender&g2_itemId=4826 HTTP/1.1" 500 65 "-" "Mozilla/5.0 (compatible; Googlebot/2.1; +http://www.google.com/bot.html)"
66.249.65.83 - - [20/Oct/2010:16:18:13 +0200] "GET /robots.txt HTTP/1.1" 404 261 "-" "Mozilla/5.0 (compatible; Googlebot/2.1; +http://www.google.com/bot.html)"
66.249.65.83 - - [20/Oct/2010:16:18:13 +0200] "GET /main.php?g2_view=rss.SimpleRender&g2_itemId=4830 HTTP/1.1" 500 65 "-" "Mozilla/5.0 (compatible; Googlebot/2.1; +http://www.google.com/bot.html)"
207.46.199.180 - - [20/Oct/2010:19:51:59 +0200] "GET /robots.txt HTTP/1.1" 404 320 "-" "Mozilla/5.0 (compatible; bingbot/2.0; +http://www.bing.com/bingbot.htm)"
65.52.51.179 - - [20/Oct/2010:20:37:05 +0200] "GET /robots.txt HTTP/1.1" 404 320 "-" "msnbot/2.0b (+http://search.msn.com/msnbot.htm)"
66.249.66.165 - - [20/Oct/2010:21:55:11 +0200] "GET /main.php?g2_view=rss.SimpleRender&g2_itemId=4833 HTTP/1.1" 500 65 "-" "Mozilla/5.0 (compatible; Googlebot/2.1; +http://www.google.com/bot.html)"
95.108.246.252 - - [20/Oct/2010:22:19:21 +0200] "GET /robots.txt HTTP/1.1" 404 320 "-" "Mozilla/5.0 (compatible; YandexBot/3.0; +http://yandex.com/bots)"
220.181.108.95 - - [20/Oct/2010:23:22:35 +0200] "GET / HTTP/1.1" 200 30 "-" "Baiduspider+(+http://www.baidu.com/search/spider.htm)"
66.249.65.67 - - [21/Oct/2010:04:15:30 +0200] "GET /main.php?g2_view=rss.SimpleRender&g2_itemId=4830 HTTP/1.1" 500 65 "-" "Mozilla/5.0 (compatible; Googlebot/2.1; +http://www.google.com/bot.html)"
66.249.65.67 - - [21/Oct/2010:04:57:42 +0200] "GET /robots.txt HTTP/1.1" 404 261 "-" "Mozilla/5.0 (compatible; Googlebot/2.1; +http://www.google.com/bot.html)"
66.249.65.67 - - [21/Oct/2010:04:57:42 +0200] "GET /main.php?g2_view=rss.SimpleRender&g2_itemId=4826 HTTP/1.1" 500 65 "-" "Mozilla/5.0 (compatible; Googlebot/2.1; +http://www.google.com/bot.html)"
207.46.199.184 - - [21/Oct/2010:07:23:15 +0200] "GET /robots.txt HTTP/1.1" 404 320 "-" "Mozilla/5.0 (compatible; bingbot/2.0; +http://www.bing.com/bingbot.htm)"
95.108.246.252 - - [21/Oct/2010:08:15:41 +0200] "GET /main.php?g2_view=search.SearchScan&g2_form%5BuseDefaultSettings%5D=1&g2_return=%2Fv%2F0000--090801---2127---000135--rally_a_mali---pioneros--telemadrid---telenoticias_fin_de_semana--version--Vi00142009080121270.wmv.html HTTP/1.1" 200 2143 "-" "Mozilla/5.0 (compatible; YandexBot/3.0; +http://yandex.com/bots)"
66.249.65.83 - - [21/Oct/2010:10:10:01 +0200] "GET /main.php?g2_view=rss.SimpleRender&g2_itemId=4833 HTTP/1.1" 500 65 "-" "Mozilla/5.0 (compatible; Googlebot/2.1; +http://www.google.com/bot.html)"
66.249.65.83 - - [21/Oct/2010:11:46:35 +0200] "GET /v/0000--090801---2127---000135--rally_a_mali---pioneros--telemadrid---telenoticias_fin_de_semana--version--Vi00142009080121270.wmv.html HTTP/1.1" 200 2309 "-" "Mozilla/5.0 (compatible; Googlebot/2.1; +http://www.google.com/bot.html)"
65.52.49.139 - - [21/Oct/2010:12:32:24 +0200] "GET /robots.txt HTTP/1.1" 404 320 "-" "msnbot/2.0b (+http://search.msn.com/msnbot.htm)"
207.46.199.199 - - [21/Oct/2010:16:12:07 +0200] "GET /robots.txt HTTP/1.1" 404 320 "-" "Mozilla/5.0 (compatible; bingbot/2.0; +http://www.bing.com/bingbot.htm)"
66.249.65.65 - - [21/Oct/2010:18:04:17 +0200] "GET /robots.txt HTTP/1.1" 404 261 "-" "Mozilla/5.0 (compatible; Googlebot/2.1; +http://www.google.com/bot.html)"
66.249.65.65 - - [21/Oct/2010:18:04:17 +0200] "GET /main.php?g2_view=rss.SimpleRender&g2_itemId=4830 HTTP/1.1" 500 65 "-" "Mozilla/5.0 (compatible; Googlebot/2.1; +http://www.google.com/bot.html)"
65.52.49.140 - - [21/Oct/2010:18:22:08 +0200] "GET /robots.txt HTTP/1.1" 404 320 "-" "msnbot/2.0b (+http://search.msn.com/msnbot.htm)"
66.249.65.65 - - [21/Oct/2010:18:48:20 +0200] "GET /main.php?g2_view=rss.SimpleRender&g2_itemId=4833 HTTP/1.1" 500 65 "-" "Mozilla/5.0 (compatible; Googlebot/2.1; +http://www.google.com/bot.html)"
220.181.108.77 - - [21/Oct/2010:19:27:00 +0200] "GET / HTTP/1.1" 200 30 "-" "Baiduspider+(+http://www.baidu.com/search/spider.htm)"
207.46.199.182 - - [21/Oct/2010:23:21:10 +0200] "GET /robots.txt HTTP/1.1" 404 320 "-" "Mozilla/5.0 (compatible; bingbot/2.0; +http://www.bing.com/bingbot.htm)"
66.249.65.65 - - [22/Oct/2010:03:56:38 +0200] "GET /main.php?g2_view=rss.SimpleRender&g2_itemId=4826 HTTP/1.1" 500 65 "-" "Mozilla/5.0 (compatible; Googlebot/2.1; +http://www.google.com/bot.html)"
67.195.111.52 - - [22/Oct/2010:06:55:13 +0200] "GET /robots.txt HTTP/1.0" 404 261 "-" "Mozilla/5.0 (compatible; Yahoo! Slurp; http://help.yahoo.com/help/us/ysearch/slurp)"
67.195.111.52 - - [22/Oct/2010:06:55:14 +0200] "GET /v/prensa/fotos/0000--090806---2038--rally_a_mali---pioneros--mauritania--spanishbullfighters--version--dsc_0599.jpg.html HTTP/1.0" 404 464 "-" "Mozilla/5.0 (compatible; Yahoo! Slurp/3.0; http://help.yahoo.com/help/us/ysearch/slurp)"
67.195.111.52 - - [22/Oct/2010:06:55:17 +0200] "GET /themes/matrix/theme.css HTTP/1.0" 200 12501 "http://fotos.rallyamali.com/v/prensa/fotos/0000--090806---2038--rally_a_mali---pioneros--mauritania--spanishbullfighters--version--dsc_0599.jpg.html" "Mozilla/5.0 (compatible; Yahoo! Slurp/3.0; http://help.yahoo.com/help/us/ysearch/slurp)"
220.181.108.83 - - [22/Oct/2010:07:40:13 +0200] "GET / HTTP/1.1" 200 30 "-" "Baiduspider+(+http://www.baidu.com/search/spider.htm)"
66.249.65.87 - - [22/Oct/2010:12:29:07 +0200] "GET /robots.txt HTTP/1.1" 404 261 "-" "Mozilla/5.0 (compatible; Googlebot/2.1; +http://www.google.com/bot.html)"
66.249.65.87 - - [22/Oct/2010:12:29:07 +0200] "GET /main.php?g2_view=rss.SimpleRender&g2_itemId=4826 HTTP/1.1" 500 65 "-" "Mozilla/5.0 (compatible; Googlebot/2.1; +http://www.google.com/bot.html)"
66.249.65.87 - - [22/Oct/2010:14:55:38 +0200] "GET /d/3685-13/0000--090806---1647--rally_a_mali---pioneros--mauritania--spanishbullfighters--version--dsc_0545.jpg HTTP/1.1" 304 - "-" "Googlebot-Image/1.0"
66.249.65.87 - - [22/Oct/2010:15:58:10 +0200] "GET /main.php?g2_view=rss.SimpleRender&g2_itemId=4830 HTTP/1.1" 500 65 "-" "Mozilla/5.0 (compatible; Googlebot/2.1; +http://www.google.com/bot.html)"
66.249.71.183 - - [22/Oct/2010:19:31:33 +0200] "GET /robots.txt HTTP/1.1" 404 261 "-" "Mozilla/5.0 (compatible; Googlebot/2.1; +http://www.google.com/bot.html)"
66.249.71.183 - - [22/Oct/2010:19:31:33 +0200] "GET /main.php?g2_view=rss.SimpleRender&g2_itemId=4826 HTTP/1.1" 500 65 "-" "Mozilla/5.0 (compatible; Googlebot/2.1; +http://www.google.com/bot.html)"
66.249.71.183 - - [22/Oct/2010:22:27:30 +0200] "GET /main.php?g2_view=rss.SimpleRender&g2_itemId=4833 HTTP/1.1" 500 65 "-" "Mozilla/5.0 (compatible; Googlebot/2.1; +http://www.google.com/bot.html)"
65.52.53.244 - - [22/Oct/2010:23:07:29 +0200] "GET /robots.txt HTTP/1.1" 404 320 "-" "msnbot/2.0b (+http://search.msn.com/msnbot.htm)"
66.249.71.183 - - [23/Oct/2010:01:12:20 +0200] "GET /main.php?g2_view=rss.SimpleRender&g2_itemId=4830 HTTP/1.1" 500 65 "-" "Mozilla/5.0 (compatible; Googlebot/2.1; +http://www.google.com/bot.html)"
207.46.199.178 - - [23/Oct/2010:04:05:08 +0200] "GET /robots.txt HTTP/1.1" 404 320 "-" "Mozilla/5.0 (compatible; bingbot/2.0; +http://www.bing.com/bingbot.htm)"
207.46.199.200 - - [23/Oct/2010:05:46:51 +0200] "GET /robots.txt HTTP/1.1" 404 320 "-" "Mozilla/5.0 (compatible; bingbot/2.0; +http://www.bing.com/bingbot.htm)"
207.46.199.182 - - [23/Oct/2010:06:06:21 +0200] "GET /robots.txt HTTP/1.1" 404 320 "-" "Mozilla/5.0 (compatible; bingbot/2.0; +http://www.bing.com/bingbot.htm)"
207.46.199.182 - - [23/Oct/2010:07:25:56 +0200] "GET /robots.txt HTTP/1.1" 404 320 "-" "Mozilla/5.0 (compatible; bingbot/2.0; +http://www.bing.com/bingbot.htm)"
220.181.108.96 - - [23/Oct/2010:07:26:45 +0200] "GET / HTTP/1.1" 200 30 "-" "Baiduspider+(+http://www.baidu.com/search/spider.htm)"
66.249.71.183 - - [23/Oct/2010:07:39:37 +0200] "GET /robots.txt HTTP/1.1" 404 261 "-" "Mozilla/5.0 (compatible; Googlebot/2.1; +http://www.google.com/bot.html)"
66.249.71.183 - - [23/Oct/2010:07:39:38 +0200] "GET /main.php?g2_view=rss.SimpleRender&g2_itemId=4830 HTTP/1.1" 500 65 "-" "Mozilla/5.0 (compatible; Googlebot/2.1; +http://www.google.com/bot.html)"
207.46.199.200 - - [23/Oct/2010:08:03:35 +0200] "GET /robots.txt HTTP/1.1" 404 320 "-" "Mozilla/5.0 (compatible; bingbot/2.0; +http://www.bing.com/bingbot.htm)"
66.249.71.183 - - [23/Oct/2010:08:22:06 +0200] "GET /main.php?g2_view=rss.SimpleRender&g2_itemId=4833 HTTP/1.1" 500 65 "-" "Mozilla/5.0 (compatible; Googlebot/2.1; +http://www.google.com/bot.html)"
67.195.111.52 - - [23/Oct/2010:09:27:15 +0200] "GET /robots.txt HTTP/1.0" 404 261 "-" "Mozilla/5.0 (compatible; Yahoo! Slurp; http://help.yahoo.com/help/us/ysearch/slurp)"
67.195.111.52 - - [23/Oct/2010:09:27:15 +0200] "GET /main.php?g2_view=ecard.SendEcard&g2_itemId=142&g2_return=%2Fv%2Fpioneros%2Fseleccion%2Fpreparativos%2F0000--090731---1354--rally_a_mali---pioneros--preparativos--spanishbullfighters---alberto_gomez-borrero--version--dsc_3591.jpg.html HTTP/1.0" 302 20 "-" "Mozilla/5.0 (compatible; Yahoo! Slurp/3.0; http://help.yahoo.com/help/us/ysearch/slurp)"
67.195.111.52 - - [23/Oct/2010:09:27:17 +0200] "GET /main.php?g2_view=core.UserAdmin&g2_subView=core.UserLogin&g2_return=%2Fmain.php%3Fg2_view%3Decard.SendEcard%26g2_itemId%3D142 HTTP/1.0" 200 1466 "-" "Mozilla/5.0 (compatible; Yahoo! Slurp/3.0; http://help.yahoo.com/help/us/ysearch/slurp)"
67.195.111.52 - - [23/Oct/2010:09:27:19 +0200] "GET /modules/core/data/gallery.css HTTP/1.0" 200 10174 "http://fotos.rallyamali.com/main.php?g2_view=core.UserAdmin&g2_subView=core.UserLogin&g2_return=%2Fmain.php%3Fg2_view%3Decard.SendEcard%26g2_itemId%3D142" "Mozilla/5.0 (compatible; Yahoo! Slurp/3.0; http://help.yahoo.com/help/us/ysearch/slurp)"
67.195.111.52 - - [23/Oct/2010:09:27:21 +0200] "GET /modules/icons/iconpacks/silk/icons.css HTTP/1.0" 200 11271 "http://fotos.rallyamali.com/main.php?g2_view=core.UserAdmin&g2_subView=core.UserLogin&g2_return=%2Fmain.php%3Fg2_view%3Decard.SendEcard%26g2_itemId%3D142" "Mozilla/5.0 (compatible; Yahoo! Slurp/3.0; http://help.yahoo.com/help/us/ysearch/slurp)"
67.195.111.52 - - [23/Oct/2010:09:27:22 +0200] "GET /themes/matrix/theme.css HTTP/1.0" 200 12501 "http://fotos.rallyamali.com/main.php?g2_view=core.UserAdmin&g2_subView=core.UserLogin&g2_return=%2Fmain.php%3Fg2_view%3Decard.SendEcard%26g2_itemId%3D142" "Mozilla/5.0 (compatible; Yahoo! Slurp/3.0; http://help.yahoo.com/help/us/ysearch/slurp)"
220.181.108.78 - - [23/Oct/2010:15:57:57 +0200] "GET / HTTP/1.1" 200 30 "-" "Baiduspider+(+http://www.baidu.com/search/spider.htm)"
87.219.222.193 - - [23/Oct/2010:16:11:18 +0200] "GET / HTTP/1.1" 200 30 "http://www.rallyamali.com/www.rallyamali.com/index.html" "Mozilla/4.0 (compatible; MSIE 8.0; Windows NT 6.1; Trident/4.0; SLCC2; .NET CLR 2.0.50727; .NET CLR 3.5.30729; .NET CLR 3.0.30729; Media Center PC 6.0; InfoPath.2; Tablet PC 2.0)"
87.219.222.193 - - [23/Oct/2010:16:11:18 +0200] "GET /favicon.ico HTTP/1.1" 404 262 "-" "Mozilla/4.0 (compatible; MSIE 8.0; Windows NT 6.1; Trident/4.0; SLCC2; .NET CLR 2.0.50727; .NET CLR 3.5.30729; .NET CLR 3.0.30729; Media Center PC 6.0; InfoPath.2; Tablet PC 2.0)"
207.46.199.184 - - [23/Oct/2010:16:53:21 +0200] "GET /robots.txt HTTP/1.1" 404 320 "-" "Mozilla/5.0 (compatible; bingbot/2.0; +http://www.bing.com/bingbot.htm)"
66.249.71.183 - - [23/Oct/2010:20:19:40 +0200] "GET /robots.txt HTTP/1.1" 404 261 "-" "Mozilla/5.0 (compatible; Googlebot/2.1; +http://www.google.com/bot.html)"
66.249.71.183 - - [23/Oct/2010:20:19:40 +0200] "GET /main.php?g2_view=rss.SimpleRender&g2_itemId=4833 HTTP/1.1" 500 65 "-" "Mozilla/5.0 (compatible; Googlebot/2.1; +http://www.google.com/bot.html)"
95.108.246.252 - - [23/Oct/2010:21:10:42 +0200] "GET /robots.txt HTTP/1.1" 404 320 "-" "Mozilla/5.0 (compatible; YandexBot/3.0; +http://yandex.com/bots)"
95.108.246.252 - - [23/Oct/2010:21:10:57 +0200] "GET / HTTP/1.1" 200 30 "-" "Mozilla/5.0 (compatible; YandexBot/3.0; +http://yandex.com/bots)"
66.249.71.183 - - [23/Oct/2010:21:35:46 +0200] "GET /d/3628-13/0000--090801---1254--rally_a_mali---pioneros--salida--osona_pandilleros--version--pic00025.jpg HTTP/1.1" 304 - "-" "Googlebot-Image/1.0"
207.46.199.193 - - [23/Oct/2010:22:17:41 +0200] "GET /robots.txt HTTP/1.1" 404 320 "-" "Mozilla/5.0 (compatible; bingbot/2.0; +http://www.bing.com/bingbot.htm)"
207.46.199.179 - - [23/Oct/2010:22:49:08 +0200] "GET /robots.txt HTTP/1.1" 404 320 "-" "Mozilla/5.0 (compatible; bingbot/2.0; +http://www.bing.com/bingbot.htm)"
66.249.71.183 - - [23/Oct/2010:23:17:24 +0200] "GET /v/pioneros/seleccion/ HTTP/1.1" 404 464 "-" "Mozilla/5.0 (compatible; Googlebot/2.1; +http://www.google.com/bot.html)"
207.46.199.199 - - [24/Oct/2010:00:57:46 +0200] "GET /robots.txt HTTP/1.1" 404 320 "-" "Mozilla/5.0 (compatible; bingbot/2.0; +http://www.bing.com/bingbot.htm)"
67.195.111.52 - - [24/Oct/2010:01:19:41 +0200] "GET /robots.txt HTTP/1.0" 404 261 "-" "Mozilla/5.0 (compatible; Yahoo! Slurp; http://help.yahoo.com/help/us/ysearch/slurp)"
67.195.111.52 - - [24/Oct/2010:01:19:42 +0200] "GET / HTTP/1.0" 200 30 "-" "Mozilla/5.0 (compatible; Yahoo! Slurp/3.0; http://help.yahoo.com/help/us/ysearch/slurp)"
207.46.199.182 - - [24/Oct/2010:01:27:25 +0200] "GET /robots.txt HTTP/1.1" 404 320 "-" "Mozilla/5.0 (compatible; bingbot/2.0; +http://www.bing.com/bingbot.htm)"
220.181.108.93 - - [24/Oct/2010:04:14:39 +0200] "GET / HTTP/1.1" 200 30 "-" "Baiduspider+(+http://www.baidu.com/search/spider.htm)"
66.249.71.183 - - [24/Oct/2010:06:08:47 +0200] "GET /main.php?g2_view=rss.SimpleRender&g2_itemId=4826 HTTP/1.1" 500 65 "-" "Mozilla/5.0 (compatible; Googlebot/2.1; +http://www.google.com/bot.html)"
65.52.51.180 - - [24/Oct/2010:07:06:10 +0200] "GET /robots.txt HTTP/1.1" 404 320 "-" "Mozilla/5.0 (compatible; bingbot/2.0; +http://www.bing.com/bingbot.htm)"
207.46.199.193 - - [24/Oct/2010:07:10:16 +0200] "GET /robots.txt HTTP/1.1" 404 320 "-" "Mozilla/5.0 (compatible; bingbot/2.0; +http://www.bing.com/bingbot.htm)"
207.46.199.178 - - [24/Oct/2010:08:03:16 +0200] "GET /robots.txt HTTP/1.1" 404 320 "-" "Mozilla/5.0 (compatible; bingbot/2.0; +http://www.bing.com/bingbot.htm)"
65.52.49.76 - - [24/Oct/2010:10:53:37 +0200] "GET /robots.txt HTTP/1.1" 404 320 "-" "Mozilla/5.0 (compatible; bingbot/2.0; +http://www.bing.com/bingbot.htm)"
66.249.71.183 - - [24/Oct/2010:15:04:24 +0200] "GET /robots.txt HTTP/1.1" 404 261 "-" "Mozilla/5.0 (compatible; Googlebot/2.1; +http://www.google.com/bot.html)"
66.249.71.183 - - [24/Oct/2010:15:04:24 +0200] "GET /main.php?g2_view=rss.SimpleRender&g2_itemId=4826 HTTP/1.1" 500 65 "-" "Mozilla/5.0 (compatible; Googlebot/2.1; +http://www.google.com/bot.html)"
66.249.71.183 - - [24/Oct/2010:16:34:19 +0200] "GET /main.php?g2_view=cart.ViewCart&g2_itemId=7 HTTP/1.1" 200 1673 "-" "Mozilla/5.0 (compatible; Googlebot/2.1; +http://www.google.com/bot.html)"
66.249.71.183 - - [24/Oct/2010:18:58:16 +0200] "GET /main.php?g2_view=search.SearchScan&g2_form%5BuseDefaultSettings%5D=1&g2_return=%2Fmain.php HTTP/1.1" 200 2139 "-" "Mozilla/5.0 (compatible; Googlebot/2.1; +http://www.google.com/bot.html)"
66.249.71.183 - - [24/Oct/2010:21:53:55 +0200] "GET /main.php?g2_view=rss.SimpleRender&g2_itemId=4826 HTTP/1.1" 500 65 "-" "Mozilla/5.0 (compatible; Googlebot/2.1; +http://www.google.com/bot.html)"
123.125.66.32 - - [25/Oct/2010:04:52:04 +0200] "GET /robots.txt HTTP/1.1" 404 261 "-" "Baiduspider+(+http://www.baidu.com/search/spider.htm)"
66.249.71.183 - - [25/Oct/2010:05:28:46 +0200] "GET /robots.txt HTTP/1.1" 404 261 "-" "Mozilla/5.0 (compatible; Googlebot/2.1; +http://www.google.com/bot.html)"
66.249.71.183 - - [25/Oct/2010:05:28:46 +0200] "GET /main.php?g2_view=rss.SimpleRender&g2_itemId=4826 HTTP/1.1" 500 65 "-" "Mozilla/5.0 (compatible; Googlebot/2.1; +http://www.google.com/bot.html)"
207.46.199.177 - - [25/Oct/2010:06:43:17 +0200] "GET /robots.txt HTTP/1.1" 404 320 "-" "Mozilla/5.0 (compatible; bingbot/2.0; +http://www.bing.com/bingbot.htm)"
207.46.199.177 - - [25/Oct/2010:09:52:18 +0200] "GET /robots.txt HTTP/1.1" 404 320 "-" "Mozilla/5.0 (compatible; bingbot/2.0; +http://www.bing.com/bingbot.htm)"
67.195.111.52 - - [25/Oct/2010:10:17:42 +0200] "GET /robots.txt HTTP/1.0" 404 261 "-" "Mozilla/5.0 (compatible; Yahoo! Slurp; http://help.yahoo.com/help/us/ysearch/slurp)"
67.195.111.52 - - [25/Oct/2010:10:17:42 +0200] "GET /main.php?g2_view=slideshow.SlideshowMediaRss&g2_itemId=2210 HTTP/1.0" 404 488 "-" "Mozilla/5.0 (compatible; Yahoo! Slurp/3.0; http://help.yahoo.com/help/us/ysearch/slurp)"
67.195.111.52 - - [25/Oct/2010:10:17:43 +0200] "GET /themes/matrix/theme.css HTTP/1.0" 200 12501 "http://fotos.rallyamali.com/main.php?g2_view=slideshow.SlideshowMediaRss&g2_itemId=2210" "Mozilla/5.0 (compatible; Yahoo! Slurp/3.0; http://help.yahoo.com/help/us/ysearch/slurp)"
220.181.108.82 - - [25/Oct/2010:12:19:17 +0200] "GET / HTTP/1.1" 200 30 "-" "Baiduspider+(+http://www.baidu.com/search/spider.htm)"
207.46.199.193 - - [25/Oct/2010:12:50:22 +0200] "GET /robots.txt HTTP/1.1" 404 320 "-" "Mozilla/5.0 (compatible; bingbot/2.0; +http://www.bing.com/bingbot.htm)"
207.46.199.200 - - [25/Oct/2010:16:01:55 +0200] "GET /robots.txt HTTP/1.1" 404 320 "-" "Mozilla/5.0 (compatible; bingbot/2.0; +http://www.bing.com/bingbot.htm)"
207.46.13.84 - - [25/Oct/2010:16:42:16 +0200] "GET /robots.txt HTTP/1.1" 404 320 "-" "Mozilla/5.0 (compatible; bingbot/2.0; +http://www.bing.com/bingbot.htm)"
207.46.13.84 - - [25/Oct/2010:16:43:51 +0200] "GET / HTTP/1.1" 304 - "-" "msnbot/2.0b (+http://search.msn.com/msnbot.htm)"
66.249.71.183 - - [25/Oct/2010:17:43:22 +0200] "GET /robots.txt HTTP/1.1" 404 261 "-" "Mozilla/5.0 (compatible; Googlebot/2.1; +http://www.google.com/bot.html)"
66.249.71.183 - - [25/Oct/2010:17:43:22 +0200] "GET /main.php?g2_view=search.SearchScan&g2_form%5BuseDefaultSettings%5D=1&g2_return=%2Fw%2F%3Fg2_originalPath%3D%252F HTTP/1.1" 200 2155 "-" "Mozilla/5.0 (compatible; Googlebot/2.1; +http://www.google.com/bot.html)"
220.181.108.76 - - [25/Oct/2010:19:16:58 +0200] "GET / HTTP/1.1" 200 30 "-" "Baiduspider+(+http://www.baidu.com/search/spider.htm)"
65.52.53.245 - - [25/Oct/2010:19:56:29 +0200] "GET /robots.txt HTTP/1.1" 404 320 "-" "msnbot/2.0b (+http://search.msn.com/msnbot.htm)"
65.52.53.243 - - [25/Oct/2010:20:56:10 +0200] "GET /robots.txt HTTP/1.1" 404 320 "-" "msnbot/2.0b (+http://search.msn.com/msnbot.htm)"
66.249.71.183 - - [25/Oct/2010:21:28:37 +0200] "GET /d/390-2/0000--090801---1214--rally_a_mali---pioneros--salida--raul_garcia--version--p1110088.jpg HTTP/1.1" 304 - "-" "Googlebot-Image/1.0"
95.108.246.252 - - [25/Oct/2010:21:37:37 +0200] "GET /robots.txt HTTP/1.1" 404 320 "-" "Mozilla/5.0 (compatible; YandexBot/3.0; +http://yandex.com/bots)"
220.181.108.83 - - [26/Oct/2010:05:55:46 +0200] "GET / HTTP/1.1" 200 30 "-" "Baiduspider+(+http://www.baidu.com/search/spider.htm)"
95.108.246.252 - - [26/Oct/2010:06:56:38 +0200] "GET /v/0000--090801---2127---000135--rally_a_mali---pioneros--telemadrid---telenoticias_fin_de_semana--version--Vi00142009080121270.wmv.html HTTP/1.1" 200 2302 "-" "Mozilla/5.0 (compatible; YandexBot/3.0; +http://yandex.com/bots)"
67.195.111.52 - - [26/Oct/2010:09:43:45 +0200] "GET /robots.txt HTTP/1.0" 404 261 "-" "Mozilla/5.0 (compatible; Yahoo! Slurp; http://help.yahoo.com/help/us/ysearch/slurp)"
67.195.111.52 - - [26/Oct/2010:09:43:45 +0200] "GET /v/pioneros/seleccion/eventos/fiesta_tras_aventura/0000--090911---2213--rally_a_mali---pioneros--fiesta_tras_aventura--alejandro_cabezon---rutas_y_retos--version--p1170914.jpg.html HTTP/1.0" 404 464 "-" "Mozilla/5.0 (compatible; Yahoo! Slurp/3.0; http://help.yahoo.com/help/us/ysearch/slurp)"
67.195.111.52 - - [26/Oct/2010:09:43:47 +0200] "GET /themes/matrix/theme.css HTTP/1.0" 200 12501 "http://fotos.rallyamali.com/v/pioneros/seleccion/eventos/fiesta_tras_aventura/0000--090911---2213--rally_a_mali---pioneros--fiesta_tras_aventura--alejandro_cabezon---rutas_y_retos--version--p1170914.jpg.html" "Mozilla/5.0 (compatible; Yahoo! Slurp/3.0; http://help.yahoo.com/help/us/ysearch/slurp)"
65.52.53.245 - - [26/Oct/2010:10:51:54 +0200] "GET /robots.txt HTTP/1.1" 404 320 "-" "msnbot/2.0b (+http://search.msn.com/msnbot.htm)"
207.46.204.227 - - [26/Oct/2010:11:44:40 +0200] "GET /robots.txt HTTP/1.1" 404 320 "-" "Mozilla/5.0 (compatible; bingbot/2.0; +http://www.bing.com/bingbot.htm)"
207.46.204.227 - - [26/Oct/2010:11:45:51 +0200] "GET /v/pioneros/seleccion/solidaridad_en_ruta/ HTTP/1.1" 404 505 "-" "Mozilla/5.0 (compatible; bingbot/2.0; +http://www.bing.com/bingbot.htm)"
220.181.7.31 - - [26/Oct/2010:12:00:22 +0200] "GET /robots.txt HTTP/1.1" 404 261 "-" "Baiduspider+(+http://www.baidu.com/search/spider.htm)"
67.195.111.52 - - [26/Oct/2010:12:22:02 +0200] "GET /v/pioneros/seleccion/preparativos/0000--090731---1356--rally_a_mali---pioneros--preparativos--spanishbullfighters---alberto_gomez-borrero--version--dsc_3593.jpg.html HTTP/1.0" 404 464 "-" "Mozilla/5.0 (compatible; Yahoo! Slurp/3.0; http://help.yahoo.com/help/us/ysearch/slurp)"
67.195.111.52 - - [26/Oct/2010:12:22:03 +0200] "GET /themes/matrix/theme.css HTTP/1.0" 304 - "http://fotos.rallyamali.com/v/pioneros/seleccion/preparativos/0000--090731---1356--rally_a_mali---pioneros--preparativos--spanishbullfighters---alberto_gomez-borrero--version--dsc_3593.jpg.html" "Mozilla/5.0 (compatible; Yahoo! Slurp/3.0; http://help.yahoo.com/help/us/ysearch/slurp)"
65.52.49.139 - - [26/Oct/2010:13:32:53 +0200] "GET /robots.txt HTTP/1.1" 404 320 "-" "msnbot/2.0b (+http://search.msn.com/msnbot.htm)"
66.249.71.183 - - [27/Oct/2010:00:21:22 +0200] "GET /robots.txt HTTP/1.1" 404 261 "-" "Mozilla/5.0 (compatible; Googlebot/2.1; +http://www.google.com/bot.html)"
66.249.71.183 - - [27/Oct/2010:00:21:22 +0200] "GET /main.php?g2_view=rss.SimpleRender&g2_itemId=4826 HTTP/1.1" 500 65 "-" "Mozilla/5.0 (compatible; Googlebot/2.1; +http://www.google.com/bot.html)"
66.249.71.183 - - [27/Oct/2010:02:37:46 +0200] "GET /v/pioneros/seleccion/eventos/salida/?g2_highlightId=264 HTTP/1.1" 404 464 "-" "Mozilla/5.0 (compatible; Googlebot/2.1; +http://www.google.com/bot.html)"
207.46.199.201 - - [27/Oct/2010:04:20:57 +0200] "GET /robots.txt HTTP/1.1" 404 320 "-" "Mozilla/5.0 (compatible; bingbot/2.0; +http://www.bing.com/bingbot.htm)"
66.249.71.183 - - [27/Oct/2010:06:33:12 +0200] "GET /main.php?g2_view=rss.SimpleRender&g2_itemId=4830 HTTP/1.1" 500 65 "-" "Mozilla/5.0 (compatible; Googlebot/2.1; +http://www.google.com/bot.html)"
66.249.71.183 - - [27/Oct/2010:07:51:33 +0200] "GET /main.php?g2_view=rss.SimpleRender&g2_itemId=4826 HTTP/1.1" 500 65 "-" "Mozilla/5.0 (compatible; Googlebot/2.1; +http://www.google.com/bot.html)"
66.249.71.183 - - [27/Oct/2010:12:42:07 +0200] "GET /robots.txt HTTP/1.1" 404 261 "-" "Mozilla/5.0 (compatible; Googlebot/2.1; +http://www.google.com/bot.html)"
66.249.71.183 - - [27/Oct/2010:12:42:07 +0200] "GET /main.php?g2_view=rss.SimpleRender&g2_itemId=4833 HTTP/1.1" 500 65 "-" "Mozilla/5.0 (compatible; Googlebot/2.1; +http://www.google.com/bot.html)"
207.46.199.182 - - [27/Oct/2010:13:57:40 +0200] "GET /robots.txt HTTP/1.1" 404 320 "-" "Mozilla/5.0 (compatible; bingbot/2.0; +http://www.bing.com/bingbot.htm)"
66.249.71.183 - - [27/Oct/2010:14:05:09 +0200] "GET /main.php?g2_view=rss.SimpleRender&g2_itemId=4830 HTTP/1.1" 500 65 "-" "Mozilla/5.0 (compatible; Googlebot/2.1; +http://www.google.com/bot.html)"
220.181.108.84 - - [27/Oct/2010:14:18:49 +0200] "GET / HTTP/1.1" 200 30 "-" "Baiduspider+(+http://www.baidu.com/search/spider.htm)"
66.249.71.183 - - [27/Oct/2010:15:29:09 +0200] "GET /main.php?g2_view=rss.SimpleRender&g2_itemId=4826 HTTP/1.1" 500 65 "-" "Mozilla/5.0 (compatible; Googlebot/2.1; +http://www.google.com/bot.html)"
212.231.234.223 - - [27/Oct/2010:18:55:07 +0200] "GET / HTTP/1.1" 200 30 "http://www.rallyamali.com/www.rallyamali.com/index.html" "Mozilla/4.0 (compatible; MSIE 8.0; Windows NT 5.1; Trident/4.0; GTB6.5; .NET CLR 1.0.3705; .NET CLR 2.0.50727; .NET CLR 1.1.4322; .NET CLR 3.0.4506.2152; .NET CLR 3.5.30729)"
212.231.234.223 - - [27/Oct/2010:18:55:07 +0200] "GET /favicon.ico HTTP/1.1" 404 262 "-" "Mozilla/4.0 (compatible; MSIE 8.0; Windows NT 5.1; Trident/4.0; GTB6.5; .NET CLR 1.0.3705; .NET CLR 2.0.50727; .NET CLR 1.1.4322; .NET CLR 3.0.4506.2152; .NET CLR 3.5.30729)"
66.249.71.183 - - [27/Oct/2010:20:11:03 +0200] "GET /main.php?g2_view=rss.SimpleRender&g2_itemId=4833 HTTP/1.1" 500 65 "-" "Mozilla/5.0 (compatible; Googlebot/2.1; +http://www.google.com/bot.html)"
95.108.246.252 - - [27/Oct/2010:21:55:35 +0200] "GET /robots.txt HTTP/1.1" 404 320 "-" "Mozilla/5.0 (compatible; YandexBot/3.0; +http://yandex.com/bots)"
207.46.199.185 - - [27/Oct/2010:23:22:26 +0200] "GET /robots.txt HTTP/1.1" 404 320 "-" "Mozilla/5.0 (compatible; bingbot/2.0; +http://www.bing.com/bingbot.htm)"
65.52.51.180 - - [27/Oct/2010:23:33:02 +0200] "GET /robots.txt HTTP/1.1" 404 320 "-" "msnbot/2.0b (+http://search.msn.com/msnbot.htm)"
207.46.199.184 - - [28/Oct/2010:02:38:22 +0200] "GET /robots.txt HTTP/1.1" 404 320 "-" "Mozilla/5.0 (compatible; bingbot/2.0; +http://www.bing.com/bingbot.htm)"
66.249.71.183 - - [28/Oct/2010:02:53:37 +0200] "GET /robots.txt HTTP/1.1" 404 261 "-" "Mozilla/5.0 (compatible; Googlebot/2.1; +http://www.google.com/bot.html)"
66.249.71.183 - - [28/Oct/2010:02:53:37 +0200] "GET /main.php?g2_view=rss.SimpleRender&g2_itemId=4830 HTTP/1.1" 500 65 "-" "Mozilla/5.0 (compatible; Googlebot/2.1; +http://www.google.com/bot.html)"
65.52.51.178 - - [28/Oct/2010:03:02:15 +0200] "GET /robots.txt HTTP/1.1" 404 320 "-" "msnbot/2.0b (+http://search.msn.com/msnbot.htm)"
66.249.71.183 - - [28/Oct/2010:04:00:02 +0200] "GET /main.php?g2_view=rss.SimpleRender&g2_itemId=4830 HTTP/1.1" 500 65 "-" "Mozilla/5.0 (compatible; Googlebot/2.1; +http://www.google.com/bot.html)"
67.195.111.52 - - [28/Oct/2010:04:23:55 +0200] "GET /robots.txt HTTP/1.0" 404 261 "-" "Mozilla/5.0 (compatible; Yahoo! Slurp; http://help.yahoo.com/help/us/ysearch/slurp)"
67.195.111.52 - - [28/Oct/2010:04:23:56 +0200] "GET /v/pioneros/seleccion/ HTTP/1.0" 404 464 "-" "Mozilla/5.0 (compatible; Yahoo! Slurp/3.0; http://help.yahoo.com/help/us/ysearch/slurp)"
67.195.111.52 - - [28/Oct/2010:04:23:57 +0200] "GET /themes/matrix/theme.css HTTP/1.0" 200 12501 "http://fotos.rallyamali.com/v/pioneros/seleccion/" "Mozilla/5.0 (compatible; Yahoo! Slurp/3.0; http://help.yahoo.com/help/us/ysearch/slurp)"
66.249.71.183 - - [28/Oct/2010:04:39:43 +0200] "GET /main.php?g2_view=rss.SimpleRender&g2_itemId=4833 HTTP/1.1" 500 65 "-" "Mozilla/5.0 (compatible; Googlebot/2.1; +http://www.google.com/bot.html)"
220.181.108.113 - - [28/Oct/2010:08:54:15 +0200] "GET / HTTP/1.1" 200 30 "-" "Baiduspider+(+http://www.baidu.com/search/spider.htm)"
95.108.246.252 - - [28/Oct/2010:09:19:48 +0200] "GET / HTTP/1.1" 200 30 "-" "Mozilla/5.0 (compatible; YandexBot/3.0; +http://yandex.com/bots)"
208.115.111.249 - - [28/Oct/2010:11:53:04 +0200] "GET /robots.txt HTTP/1.1" 404 261 "-" "Mozilla/5.0 (compatible; DotBot/1.1; http://www.dotnetdotcom.org/, crawler@dotnetdotcom.org)"
208.115.111.249 - - [28/Oct/2010:16:24:30 +0200] "GET /v/clipping/?g2_highlightId=4475 HTTP/1.1" 404 505 "-" "Mozilla/5.0 (compatible; DotBot/1.1; http://www.dotnetdotcom.org/, crawler@dotnetdotcom.org)"
123.125.66.19 - - [28/Oct/2010:21:57:14 +0200] "GET /robots.txt HTTP/1.1" 404 261 "-" "Baiduspider+(+http://www.baidu.com/search/spider.htm)"
66.249.71.183 - - [28/Oct/2010:22:27:19 +0200] "GET /robots.txt HTTP/1.1" 404 261 "-" "Googlebot-Image/1.0"
66.249.71.183 - - [28/Oct/2010:22:27:19 +0200] "GET /d/1695-2/mali-bandiagara-hermanas_del_santo_angel.jpg HTTP/1.1" 304 - "-" "Googlebot-Image/1.0"
66.249.71.183 - - [28/Oct/2010:22:41:58 +0200] "GET /d/3625-13/0000--090801---1223--rally_a_mali---pioneros--salida--raul_garcia--version--p1110120.jpg HTTP/1.1" 304 - "-" "Googlebot-Image/1.0"
66.249.71.183 - - [28/Oct/2010:22:45:38 +0200] "GET /d/3643-13/0000--090803---1126--rally_a_mali---pioneros--marruecos--spanishbullfighters--version--csc_3905.jpg HTTP/1.1" 304 - "-" "Googlebot-Image/1.0"
95.108.246.252 - - [28/Oct/2010:22:48:47 +0200] "GET /robots.txt HTTP/1.1" 404 320 "-" "Mozilla/5.0 (compatible; YandexBot/3.0; +http://yandex.com/bots)"
66.249.71.183 - - [28/Oct/2010:22:49:18 +0200] "GET /d/3667-13/0000--090806---0000--rally_a_mali---pioneros--marruecos---spanishsiesta_y_murcia_mali_ole--angeles_del_desierto--version--p1.jpg HTTP/1.1" 304 - "-" "Googlebot-Image/1.0"
66.249.71.183 - - [28/Oct/2010:22:52:58 +0200] "GET /d/4058-7/MARRUECOS+_197_.JPG HTTP/1.1" 304 - "-" "Googlebot-Image/1.0"
66.249.71.183 - - [28/Oct/2010:22:56:38 +0200] "GET /d/4100-7/DSC_0122.JPG HTTP/1.1" 304 - "-" "Googlebot-Image/1.0"
66.249.71.183 - - [29/Oct/2010:00:20:58 +0200] "GET /d/3919-11/0000--090817---1027--rally_a_mali---pioneros--mali--alejandro_cabezon---rutas_y_retos--version--p1160943.jpg HTTP/1.1" 304 - "-" "Googlebot-Image/1.0"
66.249.71.183 - - [29/Oct/2010:00:24:38 +0200] "GET /d/3880-11/0000--090816---1517--rally_a_mali---pioneros--mali--spanishsiesta--version--img_1059.jpg HTTP/1.1" 304 - "-" "Googlebot-Image/1.0"
66.249.71.183 - - [29/Oct/2010:00:28:18 +0200] "GET /d/3871-11/0000--090816---1446--rally_a_mali---pioneros--mali--alejandro_cabezon---rutas_y_retos--version--p1160571.jpg HTTP/1.1" 304 - "-" "Googlebot-Image/1.0"
66.249.71.183 - - [29/Oct/2010:00:31:58 +0200] "GET /d/3916-11/0000--090817---0759--rally_a_mali---pioneros--mali--alejandro_cabezon---rutas_y_retos--version--p1160900.jpg HTTP/1.1" 304 - "-" "Googlebot-Image/1.0"
66.249.71.183 - - [29/Oct/2010:00:35:38 +0200] "GET /d/402-2/0000--090801---1223--rally_a_mali---pioneros--salida--raul_garcia--version--p1110120.jpg HTTP/1.1" 304 - "-" "Googlebot-Image/1.0"
66.249.71.183 - - [29/Oct/2010:00:39:18 +0200] "GET /d/393-2/0000--090801---1215--rally_a_mali---pioneros--salida--raul_garcia--version--p1110093.jpg HTTP/1.1" 304 - "-" "Googlebot-Image/1.0"
66.249.71.183 - - [29/Oct/2010:00:42:58 +0200] "GET /d/285-2/0000--090801---0616--rally_a_mali---pioneros--salida--maria_del_carre--version--rally_mali_jul_09+207.jpg HTTP/1.1" 304 - "-" "Googlebot-Image/1.0"
65.52.49.76 - - [29/Oct/2010:02:08:06 +0200] "GET /robots.txt HTTP/1.1" 404 320 "-" "msnbot/2.0b (+http://search.msn.com/msnbot.htm)"
207.46.199.184 - - [29/Oct/2010:02:15:37 +0200] "GET /robots.txt HTTP/1.1" 404 320 "-" "Mozilla/5.0 (compatible; bingbot/2.0; +http://www.bing.com/bingbot.htm)"
66.249.71.183 - - [29/Oct/2010:02:59:27 +0200] "GET /main.php?g2_view=search.SearchScan&g2_form%5BuseDefaultSettings%5D=1&g2_return=%2Fmain.php%3Fg2_view%3Dcart.ViewCart%26g2_itemId%3D7 HTTP/1.1" 200 2151 "-" "Mozilla/5.0 (compatible; Googlebot/2.1; +http://www.google.com/bot.html)"
208.115.111.249 - - [29/Oct/2010:03:06:30 +0200] "GET /robots.txt HTTP/1.1" 404 261 "-" "Mozilla/5.0 (compatible; DotBot/1.1; http://www.dotnetdotcom.org/, crawler@dotnetdotcom.org)"
67.195.111.52 - - [29/Oct/2010:03:08:01 +0200] "GET /robots.txt HTTP/1.0" 404 261 "-" "Mozilla/5.0 (compatible; Yahoo! Slurp; http://help.yahoo.com/help/us/ysearch/slurp)"
67.195.111.52 - - [29/Oct/2010:03:08:01 +0200] "GET /v/pioneros/seleccion/preparativos/0000--090731---1438--rally_a_mali---pioneros--preparativos--spanishbullfighters---alberto_gomez-borrero--version--dsc_3597.jpg.html HTTP/1.0" 404 464 "-" "Mozilla/5.0 (compatible; Yahoo! Slurp/3.0; http://help.yahoo.com/help/us/ysearch/slurp)"
67.195.111.52 - - [29/Oct/2010:03:08:03 +0200] "GET /themes/matrix/theme.css HTTP/1.0" 200 12501 "http://fotos.rallyamali.com/v/pioneros/seleccion/preparativos/0000--090731---1438--rally_a_mali---pioneros--preparativos--spanishbullfighters---alberto_gomez-borrero--version--dsc_3597.jpg.html" "Mozilla/5.0 (compatible; Yahoo! Slurp/3.0; http://help.yahoo.com/help/us/ysearch/slurp)"
66.249.71.183 - - [29/Oct/2010:03:14:09 +0200] "GET /v/pioneros/seleccion/eventos/salida/?g2_highlightId=275 HTTP/1.1" 404 464 "-" "Mozilla/5.0 (compatible; Googlebot/2.1; +http://www.google.com/bot.html)"
95.108.246.252 - - [29/Oct/2010:03:31:25 +0200] "GET /v/0000--090801---2127---000135--rally_a_mali---pioneros--telemadrid---telenoticias_fin_de_semana--version--Vi00142009080121270.wmv.html HTTP/1.1" 200 2302 "-" "Mozilla/5.0 (compatible; YandexBot/3.0; +http://yandex.com/bots)"
207.46.199.199 - - [29/Oct/2010:05:17:33 +0200] "GET /robots.txt HTTP/1.1" 404 320 "-" "Mozilla/5.0 (compatible; bingbot/2.0; +http://www.bing.com/bingbot.htm)"
220.181.108.94 - - [29/Oct/2010:05:41:04 +0200] "GET / HTTP/1.1" 200 30 "-" "Baiduspider+(+http://www.baidu.com/search/spider.htm)"
207.46.13.50 - - [29/Oct/2010:06:05:03 +0200] "GET /robots.txt HTTP/1.1" 404 320 "-" "Mozilla/5.0 (compatible; bingbot/2.0; +http://www.bing.com/bingbot.htm)"
207.46.13.50 - - [29/Oct/2010:06:07:53 +0200] "GET /v/pioneros/seleccion/ HTTP/1.1" 404 505 "-" "Mozilla/5.0 (compatible; bingbot/2.0; +http://www.bing.com/bingbot.htm)"
208.115.111.249 - - [29/Oct/2010:06:39:56 +0200] "GET /robots.txt HTTP/1.1" 404 261 "-" "Mozilla/5.0 (compatible; DotBot/1.1; http://www.dotnetdotcom.org/, crawler@dotnetdotcom.org)"
208.115.111.249 - - [29/Oct/2010:07:05:15 +0200] "GET /v/pioneros/?g2_highlightId=96 HTTP/1.1" 404 505 "-" "Mozilla/5.0 (compatible; DotBot/1.1; http://www.dotnetdotcom.org/, crawler@dotnetdotcom.org)"
208.115.111.249 - - [29/Oct/2010:07:05:20 +0200] "GET /v/pioneros/seleccion/eventos/ HTTP/1.1" 404 505 "-" "Mozilla/5.0 (compatible; DotBot/1.1; http://www.dotnetdotcom.org/, crawler@dotnetdotcom.org)"
208.115.111.249 - - [29/Oct/2010:10:09:43 +0200] "GET /robots.txt HTTP/1.1" 404 261 "-" "Mozilla/5.0 (compatible; DotBot/1.1; http://www.dotnetdotcom.org/, crawler@dotnetdotcom.org)"
207.46.199.179 - - [29/Oct/2010:10:24:12 +0200] "GET /robots.txt HTTP/1.1" 404 320 "-" "Mozilla/5.0 (compatible; bingbot/2.0; +http://www.bing.com/bingbot.htm)"
208.115.111.249 - - [29/Oct/2010:10:38:37 +0200] "GET /v/prensa/?g2_highlightId=3603 HTTP/1.1" 404 505 "-" "Mozilla/5.0 (compatible; DotBot/1.1; http://www.dotnetdotcom.org/, crawler@dotnetdotcom.org)"
65.52.108.60 - - [29/Oct/2010:12:33:18 +0200] "GET /robots.txt HTTP/1.1" 404 320 "-" "Mozilla/5.0 (compatible; bingbot/2.0; +http://www.bing.com/bingbot.htm)"
65.52.108.60 - - [29/Oct/2010:12:57:03 +0200] "GET / HTTP/1.1" 304 - "-" "Mozilla/5.0 (compatible; bingbot/2.0; +http://www.bing.com/bingbot.htm)"
69.28.58.24 - - [29/Oct/2010:13:35:18 +0200] "GET /robots.txt HTTP/1.0" 404 320 "-" "page_test (larbin2.6.3@unspecified.mail)"
69.28.58.24 - - [29/Oct/2010:13:35:19 +0200] "GET / HTTP/1.0" 200 15 "-" "page_test larbin2.6.3@unspecified.mail"
208.115.111.249 - - [29/Oct/2010:13:47:03 +0200] "GET /robots.txt HTTP/1.1" 404 261 "-" "Mozilla/5.0 (compatible; DotBot/1.1; http://www.dotnetdotcom.org/, crawler@dotnetdotcom.org)"
65.52.53.243 - - [29/Oct/2010:13:52:21 +0200] "GET /robots.txt HTTP/1.1" 404 320 "-" "msnbot/2.0b (+http://search.msn.com/msnbot.htm)"
208.115.111.249 - - [29/Oct/2010:14:14:07 +0200] "GET /main.php?g2_highlightId=27 HTTP/1.1" 302 20 "-" "Mozilla/5.0 (compatible; DotBot/1.1; http://www.dotnetdotcom.org/, crawler@dotnetdotcom.org)"
208.115.111.249 - - [29/Oct/2010:14:14:12 +0200] "GET /main.php?g2_highlightId=3110 HTTP/1.1" 302 20 "-" "Mozilla/5.0 (compatible; DotBot/1.1; http://www.dotnetdotcom.org/, crawler@dotnetdotcom.org)"
208.115.111.249 - - [29/Oct/2010:14:14:15 +0200] "GET /main.php?g2_highlightId=4469 HTTP/1.1" 302 20 "-" "Mozilla/5.0 (compatible; DotBot/1.1; http://www.dotnetdotcom.org/, crawler@dotnetdotcom.org)"
208.115.111.249 - - [29/Oct/2010:14:14:20 +0200] "GET /v/pioneros/seleccion/ HTTP/1.1" 404 505 "-" "Mozilla/5.0 (compatible; DotBot/1.1; http://www.dotnetdotcom.org/, crawler@dotnetdotcom.org)"
208.115.111.249 - - [29/Oct/2010:14:14:26 +0200] "GET /v/prensa/fotos/?g2_page=2 HTTP/1.1" 404 505 "-" "Mozilla/5.0 (compatible; DotBot/1.1; http://www.dotnetdotcom.org/, crawler@dotnetdotcom.org)"
208.115.111.249 - - [29/Oct/2010:14:14:31 +0200] "GET /v/prensa/fotos/?g2_page=3 HTTP/1.1" 404 505 "-" "Mozilla/5.0 (compatible; DotBot/1.1; http://www.dotnetdotcom.org/, crawler@dotnetdotcom.org)"
208.115.111.249 - - [29/Oct/2010:14:14:36 +0200] "GET /v/prensa/fotos/?g2_page=4 HTTP/1.1" 404 505 "-" "Mozilla/5.0 (compatible; DotBot/1.1; http://www.dotnetdotcom.org/, crawler@dotnetdotcom.org)"
208.115.111.249 - - [29/Oct/2010:17:27:56 +0200] "GET /robots.txt HTTP/1.1" 404 261 "-" "Mozilla/5.0 (compatible; DotBot/1.1; http://www.dotnetdotcom.org/, crawler@dotnetdotcom.org)"
208.115.111.249 - - [29/Oct/2010:18:01:48 +0200] "GET /v/clipping/ HTTP/1.1" 404 505 "-" "Mozilla/5.0 (compatible; DotBot/1.1; http://www.dotnetdotcom.org/, crawler@dotnetdotcom.org)"
208.115.111.249 - - [29/Oct/2010:18:01:51 +0200] "GET /v/clipping/tv/ HTTP/1.1" 404 505 "-" "Mozilla/5.0 (compatible; DotBot/1.1; http://www.dotnetdotcom.org/, crawler@dotnetdotcom.org)"
